This is the mail archive of the
gcc-testresults@gcc.gnu.org
mailing list for the GCC project.
Results for 4.5.0 20090413 (experimental) [trunk revision 146003] (GCC) testsuite on hppa-unknown-linux-gnu
- From: dave at gsyprf11 dot external dot hp dot com (John David Anglin)
- To: dave dot anglin at nrc-cnrc dot gc dot ca, gcc-testresults at gcc dot gnu dot org
- Date: Tue, 14 Apr 2009 15:50:12 -0700 (PDT)
- Subject: Results for 4.5.0 20090413 (experimental) [trunk revision 146003] (GCC) testsuite on hppa-unknown-linux-gnu
LAST_UPDATED: Mon Apr 13 15:47:28 UTC 2009 (revision 146003)
=== acats tests ===
=== acats Summary ===
# of expected passes 2315
# of unexpected failures 0
Native configuration is hppa-unknown-linux-gnu
=== g++ tests ===
Running target unix
WARNING: program timed out.
FAIL: g++.dg/eh/cleanup1.C (test for excess errors)
=== g++ Summary ===
# of expected passes 19121
# of unexpected failures 1
# of expected failures 142
# of unsupported tests 157
/home/dave/gcc-4.5/objdir/gcc/testsuite/g++/../../g++ version 4.5.0 20090413 (experimental) [trunk revision 146003] (GCC)
=== gcc tests ===
Running target unix
XPASS: gcc.dg/Warray-bounds.c (test for warnings, line 59)
XPASS: gcc.dg/Warray-bounds.c (test for warnings, line 65)
XPASS: gcc.dg/struct/wo_prof_array_through_pointer.c scan-ipa-dump ipa_struct_reorg "Number of structures to transform is 1"
XPASS: gcc.dg/tree-ssa/loop-1.c scan-assembler-times foo 5
ERROR: tcl error sourcing /home/dave/gcc-4.5/gcc/gcc/testsuite/gcc.misc-tests/help.exp.
ERROR: syntax error in expression "\$pattern ne """
=== gcc Summary ===
# of expected passes 50024
# of unexpected successes 4
# of expected failures 72
# of unsupported tests 516
/home/dave/gcc-4.5/objdir/gcc/xgcc version 4.5.0 20090413 (experimental) [trunk revision 146003] (GCC)
=== gfortran tests ===
Running target unix
=== gfortran Summary ===
# of expected passes 29284
# of expected failures 11
# of unsupported tests 255
/home/dave/gcc-4.5/objdir/gcc/testsuite/gfortran/../../gfortran version 4.5.0 20090413 (experimental) [trunk revision 146003] (GCC)
=== gnat tests ===
Running target unix
=== gnat Summary ===
# of expected passes 618
# of expected failures 6
=== obj-c++ tests ===
Running target unix
UNRESOLVED: obj-c++.dg/lookup-2.mm compilation failed to produce executable
UNRESOLVED: obj-c++.dg/try-catch-2.mm compilation failed to produce executable
UNRESOLVED: obj-c++.dg/try-catch-9.mm compilation failed to produce executable
=== obj-c++ Summary ===
# of expected passes 438
# of expected failures 10
# of unresolved testcases 3
# of unsupported tests 13
/home/dave/gcc-4.5/objdir/gcc/testsuite/obj-c++/../../g++ version 4.5.0 20090413 (experimental) [trunk revision 146003] (GCC)
=== objc tests ===
Running target unix
=== objc Summary ===
# of expected passes 1864
# of expected failures 15
# of unsupported tests 24
/home/dave/gcc-4.5/objdir/gcc/xgcc version 4.5.0 20090413 (experimental) [trunk revision 146003] (GCC)
=== libffi tests ===
Running target unix
=== libffi Summary ===
# of expected passes 1389
# of unsupported tests 10
=== libgomp tests ===
Running target unix
FAIL: libgomp.c/pr34513.c execution test
FAIL: libgomp.c++/pr34513.C -O1 execution test
FAIL: libgomp.c++/pr34513.C -O2 execution test
FAIL: libgomp.c++/pr34513.C -O3 -fomit-frame-pointer execution test
FAIL: libgomp.c++/pr34513.C -O3 -fomit-frame-pointer -funroll-loops execution test
FAIL: libgomp.c++/pr34513.C -O3 -fomit-frame-pointer -funroll-all-loops -finline-functions execution test
FAIL: libgomp.c++/pr34513.C -O3 -g execution test
FAIL: libgomp.c++/pr34513.C -Os execution test
=== libgomp Summary ===
# of expected passes 2384
# of unexpected failures 8
# of unsupported tests 7
=== libjava tests ===
Running target unix
FAIL: Process_3 -O3 output - source compiled test
=== libjava Summary ===
# of expected passes 2573
# of unexpected failures 1
=== libmudflap tests ===
Running target unix
FAIL: libmudflap.c++/pass41-frag.cxx execution test
FAIL: libmudflap.c++/pass41-frag.cxx (-static) execution test
FAIL: libmudflap.c++/pass41-frag.cxx (-O2) execution test
FAIL: libmudflap.c++/pass41-frag.cxx (-O3) execution test
=== libmudflap Summary ===
# of expected passes 1890
# of unexpected failures 4
=== libstdc++ tests ===
Running target unix
FAIL: 22_locale/time_get/get_date/wchar_t/4.cc execution test
=== libstdc++ Summary ===
# of expected passes 6708
# of unexpected failures 1
# of expected failures 83
# of unsupported tests 18
Compiler version: 4.5.0 20090413 (experimental) [trunk revision 146003] (GCC)
Platform: hppa-unknown-linux-gnu
configure flags: --with-gnu-as --with-gnu-ld --enable-shared --enable-nls --prefix=/home/dave/opt/gnu/gcc/gcc-4.5.0 --with-local-prefix=/home/dave/opt/gnu --enable-threads=posix --enable-__cxa_atexit --build=hppa-linux --enable-clocale=gnu --enable-java-gc=boehm --enable-java-awt=xlib --disable-libstdcxx-pch --enable-languages=c,c++,objc,fortran,obj-c++,java,ada