This is the mail archive of the
gcc-testresults@gcc.gnu.org
mailing list for the GCC project.
Results for 4.5.0 20090405 (experimental) [trunk revision 145573] (GCC) testsuite on powerpc64-unknown-linux-gnu
- From: Janis Johnson <janis187 at us dot ibm dot com>
- To: gcc-testresults at gcc dot gnu dot org
- Date: Sun, 5 Apr 2009 20:59:45 -0700
- Subject: Results for 4.5.0 20090405 (experimental) [trunk revision 145573] (GCC) testsuite on powerpc64-unknown-linux-gnu
Linux 2.6.5-7.252-pseries64 ppc64
GNU C Library stable release version 2.3.5 (20050720)
GNU ld (GNU Binutils) 2.18.50.20080905
GNU assembler (GNU Binutils) 2.18.50.20080905
GNU Make 3.80
DejaGnu:
Expect version is 5.43.0
Tcl version is 8.4
Framework version is 1.4.4
32-bit biarch default32
SVN branch: trunk
This hardware has VMX instructions.
LAST_UPDATED: Sun Apr 5 21:16:19 UTC 2009 (revision 145573)
Native configuration is powerpc64-unknown-linux-gnu
=== g++ tests ===
Running target unix/-m32
FAIL: g++.dg/template/error39.C (test for excess errors)
=== g++ Summary for unix/-m32 ===
# of expected passes 20020
# of unexpected failures 1
# of expected failures 142
# of unsupported tests 132
Running target unix/-m64
FAIL: g++.dg/template/error39.C (test for excess errors)
=== g++ Summary for unix/-m64 ===
# of expected passes 19986
# of unexpected failures 1
# of expected failures 142
# of unsupported tests 134
=== g++ Summary ===
# of expected passes 40006
# of unexpected failures 2
# of expected failures 284
# of unsupported tests 266
/extra_space/gccbuild/build/nightly/build-gcc-trunk/gcc/testsuite/g++/../../g++ version 4.5.0 20090405 (experimental) [trunk revision 145573] (GCC)
=== gcc tests ===
Running target unix/-m32
FAIL: gcc.dg/and-1.c scan-assembler-not nand
FAIL: gcc.dg/c99-stdint-1.c (test for excess errors)
FAIL: gcc.dg/pr39323-2.c scan-assembler .align[\\\\t ]*268435456
FAIL: gcc.dg/pr39323-3.c scan-assembler .align[\\\\t ]*268435456
FAIL: gcc.dg/tree-ssa/vrp47.c scan-tree-dump-times vrp1 "[xy][^ ]* !=" 0
FAIL: gcc.dg/tree-ssa/vrp47.c scan-tree-dump-times dom1 "x[^ ]* & y" 1
FAIL: gcc.dg/vect/pr35821-altivec.c scan-tree-dump-times vect "vectorized 1 loops" 1
=== gcc Summary for unix/-m32 ===
# of expected passes 54807
# of unexpected failures 7
# of expected failures 144
# of unsupported tests 550
Running target unix/-m64
FAIL: gcc.c-torture/execute/va-arg-trap-1.c compilation, -O2 (internal compiler error)
UNRESOLVED: gcc.c-torture/execute/va-arg-trap-1.c execution, -O2
FAIL: gcc.c-torture/execute/va-arg-trap-1.c compilation, -Os (internal compiler error)
UNRESOLVED: gcc.c-torture/execute/va-arg-trap-1.c execution, -Os
FAIL: gcc.dg/and-1.c scan-assembler-not nand
FAIL: gcc.dg/c99-stdint-1.c (test for excess errors)
FAIL: gcc.dg/pr39323-2.c scan-assembler .align[\\\\t ]*268435456
FAIL: gcc.dg/pr39323-3.c scan-assembler .align[\\\\t ]*268435456
FAIL: gcc.dg/tree-ssa/vrp47.c scan-tree-dump-times vrp1 "[xy][^ ]* !=" 0
FAIL: gcc.dg/tree-ssa/vrp47.c scan-tree-dump-times dom1 "x[^ ]* & y" 1
FAIL: gcc.dg/vect/pr35821-altivec.c scan-tree-dump-times vect "vectorized 1 loops" 1
FAIL: gcc.target/powerpc/ppc64-double-1.c scan-assembler-not stfd
=== gcc Summary for unix/-m64 ===
# of expected passes 54642
# of unexpected failures 10
# of expected failures 147
# of unresolved testcases 2
# of unsupported tests 618
=== gcc Summary ===
# of expected passes 109449
# of unexpected failures 17
# of expected failures 291
# of unresolved testcases 2
# of unsupported tests 1168
/extra_space/gccbuild/build/nightly/build-gcc-trunk/gcc/xgcc version 4.5.0 20090405 (experimental) [trunk revision 145573] (GCC)
=== gfortran tests ===
Running target unix/-m32
FAIL: gfortran.dg/csqrt_2.f -O0 execution test
FAIL: gfortran.dg/csqrt_2.f -O1 execution test
FAIL: gfortran.dg/csqrt_2.f -O2 execution test
FAIL: gfortran.dg/csqrt_2.f -O3 -fomit-frame-pointer execution test
FAIL: gfortran.dg/csqrt_2.f -O3 -fomit-frame-pointer -funroll-loops execution test
FAIL: gfortran.dg/csqrt_2.f -O3 -fomit-frame-pointer -funroll-all-loops -finline-functions execution test
FAIL: gfortran.dg/csqrt_2.f -O3 -g execution test
FAIL: gfortran.dg/csqrt_2.f -Os execution test
=== gfortran Summary for unix/-m32 ===
# of expected passes 29567
# of unexpected failures 8
# of expected failures 12
# of unsupported tests 256
Running target unix/-m64
FAIL: gfortran.dg/csqrt_2.f -O0 execution test
FAIL: gfortran.dg/csqrt_2.f -O1 execution test
FAIL: gfortran.dg/csqrt_2.f -O2 execution test
FAIL: gfortran.dg/csqrt_2.f -O3 -fomit-frame-pointer execution test
FAIL: gfortran.dg/csqrt_2.f -O3 -fomit-frame-pointer -funroll-loops execution test
FAIL: gfortran.dg/csqrt_2.f -O3 -fomit-frame-pointer -funroll-all-loops -finline-functions execution test
FAIL: gfortran.dg/csqrt_2.f -O3 -g execution test
FAIL: gfortran.dg/csqrt_2.f -Os execution test
=== gfortran Summary for unix/-m64 ===
# of expected passes 29716
# of unexpected failures 8
# of expected failures 12
# of unsupported tests 183
=== gfortran Summary ===
# of expected passes 59283
# of unexpected failures 16
# of expected failures 24
# of unsupported tests 439
/extra_space/gccbuild/build/nightly/build-gcc-trunk/gcc/testsuite/gfortran/../../gfortran version 4.5.0 20090405 (experimental) [trunk revision 145573] (GCC)
=== libgomp tests ===
Running target unix/-m32
=== libgomp Summary for unix/-m32 ===
# of expected passes 2390
Running target unix/-m64
=== libgomp Summary for unix/-m64 ===
# of expected passes 2390
=== libgomp Summary ===
# of expected passes 4780
=== libmudflap tests ===
Running target unix/-m32
FAIL: libmudflap.c++/pass41-frag.cxx execution test
FAIL: libmudflap.c++/pass41-frag.cxx (-static) execution test
FAIL: libmudflap.c++/pass41-frag.cxx (-O2) execution test
FAIL: libmudflap.c++/pass41-frag.cxx (-O3) execution test
=== libmudflap Summary for unix/-m32 ===
# of expected passes 1890
# of unexpected failures 4
Running target unix/-m64
FAIL: libmudflap.c++/pass41-frag.cxx execution test
FAIL: libmudflap.c++/pass41-frag.cxx (-static) execution test
FAIL: libmudflap.c++/pass41-frag.cxx (-O2) execution test
FAIL: libmudflap.c++/pass41-frag.cxx (-O3) execution test
WARNING: program timed out.
FAIL: libmudflap.cth/pass37-frag.c execution test
FAIL: libmudflap.cth/pass37-frag.c output pattern test
WARNING: program timed out.
FAIL: libmudflap.cth/pass37-frag.c (rerun 5) execution test
FAIL: libmudflap.cth/pass37-frag.c (rerun 5) output pattern test
WARNING: program timed out.
FAIL: libmudflap.cth/pass37-frag.c (rerun 15) execution test
FAIL: libmudflap.cth/pass37-frag.c (rerun 15) output pattern test
WARNING: program timed out.
FAIL: libmudflap.cth/pass37-frag.c (rerun 17) execution test
FAIL: libmudflap.cth/pass37-frag.c (rerun 17) output pattern test
WARNING: program timed out.
FAIL: libmudflap.cth/pass39-frag.c (rerun 2) execution test
FAIL: libmudflap.cth/pass39-frag.c (rerun 2) output pattern test
WARNING: program timed out.
FAIL: libmudflap.cth/pass39-frag.c (rerun 8) execution test
WARNING: program timed out.
FAIL: libmudflap.cth/pass39-frag.c (rerun 9) execution test
FAIL: libmudflap.cth/pass39-frag.c (rerun 9) output pattern test
WARNING: program timed out.
FAIL: libmudflap.cth/pass39-frag.c (rerun 15) execution test
FAIL: libmudflap.cth/pass39-frag.c (rerun 15) output pattern test
WARNING: program timed out.
FAIL: libmudflap.cth/pass39-frag.c (rerun 16) execution test
FAIL: libmudflap.cth/pass39-frag.c (rerun 16) output pattern test
WARNING: program timed out.
FAIL: libmudflap.cth/pass37-frag.c (-static -DSTATIC) (rerun 10) execution test
FAIL: libmudflap.cth/pass37-frag.c (-static -DSTATIC) (rerun 10) output pattern test
WARNING: program timed out.
FAIL: libmudflap.cth/pass37-frag.c (-static -DSTATIC) (rerun 14) execution test
FAIL: libmudflap.cth/pass37-frag.c (-static -DSTATIC) (rerun 14) output pattern test
WARNING: program timed out.
FAIL: libmudflap.cth/pass37-frag.c (-static -DSTATIC) (rerun 17) execution test
FAIL: libmudflap.cth/pass37-frag.c (-static -DSTATIC) (rerun 17) output pattern test
WARNING: program timed out.
FAIL: libmudflap.cth/pass39-frag.c (-static -DSTATIC) execution test
FAIL: libmudflap.cth/pass39-frag.c (-static -DSTATIC) output pattern test
=== libmudflap Summary for unix/-m64 ===
# of expected passes 1865
# of unexpected failures 29
=== libmudflap Summary ===
# of expected passes 3755
# of unexpected failures 33
=== libstdc++ tests ===
Running target unix/-m32
FAIL: abi_check
FAIL: 17_intro/headers/c++200x/all.cc (test for excess errors)
FAIL: 17_intro/headers/c++200x/all_multiple_inclusion.cc (test for excess errors)
FAIL: 17_intro/using_namespace_std_tr1_neg.cc (test for excess errors)
FAIL: 20_util/shared_ptr/thread/default_weaktoshared.cc (test for excess errors)
WARNING: 20_util/shared_ptr/thread/default_weaktoshared.cc compilation failed to produce executable
FAIL: 20_util/shared_ptr/thread/mutex_weaktoshared.cc (test for excess errors)
WARNING: 20_util/shared_ptr/thread/mutex_weaktoshared.cc compilation failed to produce executable
XPASS: 26_numerics/headers/cmath/c99_classification_macros_c.cc (test for excess errors)
FAIL: 26_numerics/headers/random/types_std_c++0x.cc (test for excess errors)
FAIL: 26_numerics/random/bernoulli_distribution/cons/default.cc (test for excess errors)
WARNING: 26_numerics/random/bernoulli_distribution/cons/default.cc compilation failed to produce executable
FAIL: 26_numerics/random/bernoulli_distribution/cons/parms.cc (test for excess errors)
WARNING: 26_numerics/random/bernoulli_distribution/cons/parms.cc compilation failed to produce executable
FAIL: 26_numerics/random/bernoulli_distribution/operators/serialize.cc (test for excess errors)
WARNING: 26_numerics/random/bernoulli_distribution/operators/serialize.cc compilation failed to produce executable
FAIL: 26_numerics/random/bernoulli_distribution/requirements/typedefs.cc (test for excess errors)
FAIL: 26_numerics/random/binomial_distribution/cons/default.cc (test for excess errors)
WARNING: 26_numerics/random/binomial_distribution/cons/default.cc compilation failed to produce executable
FAIL: 26_numerics/random/binomial_distribution/cons/parms.cc (test for excess errors)
WARNING: 26_numerics/random/binomial_distribution/cons/parms.cc compilation failed to produce executable
FAIL: 26_numerics/random/binomial_distribution/operators/serialize.cc (test for excess errors)
WARNING: 26_numerics/random/binomial_distribution/operators/serialize.cc compilation failed to produce executable
FAIL: 26_numerics/random/binomial_distribution/requirements/typedefs.cc (test for excess errors)
FAIL: 26_numerics/random/cauchy_distribution/cons/default.cc (test for excess errors)
WARNING: 26_numerics/random/cauchy_distribution/cons/default.cc compilation failed to produce executable
FAIL: 26_numerics/random/cauchy_distribution/cons/parms.cc (test for excess errors)
WARNING: 26_numerics/random/cauchy_distribution/cons/parms.cc compilation failed to produce executable
FAIL: 26_numerics/random/cauchy_distribution/operators/serialize.cc (test for excess errors)
WARNING: 26_numerics/random/cauchy_distribution/operators/serialize.cc compilation failed to produce executable
FAIL: 26_numerics/random/cauchy_distribution/requirements/typedefs.cc (test for excess errors)
FAIL: 26_numerics/random/chi_squared_distribution/cons/default.cc (test for excess errors)
WARNING: 26_numerics/random/chi_squared_distribution/cons/default.cc compilation failed to produce executable
FAIL: 26_numerics/random/chi_squared_distribution/cons/parms.cc (test for excess errors)
WARNING: 26_numerics/random/chi_squared_distribution/cons/parms.cc compilation failed to produce executable
FAIL: 26_numerics/random/chi_squared_distribution/operators/serialize.cc (test for excess errors)
WARNING: 26_numerics/random/chi_squared_distribution/operators/serialize.cc compilation failed to produce executable
FAIL: 26_numerics/random/chi_squared_distribution/requirements/typedefs.cc (test for excess errors)
FAIL: 26_numerics/random/default_random_engine.cc (test for excess errors)
WARNING: 26_numerics/random/default_random_engine.cc compilation failed to produce executable
FAIL: 26_numerics/random/discard_block_engine/cons/base_copy.cc (test for excess errors)
WARNING: 26_numerics/random/discard_block_engine/cons/base_copy.cc compilation failed to produce executable
FAIL: 26_numerics/random/discard_block_engine/cons/base_move.cc (test for excess errors)
WARNING: 26_numerics/random/discard_block_engine/cons/base_move.cc compilation failed to produce executable
FAIL: 26_numerics/random/discard_block_engine/cons/default.cc (test for excess errors)
WARNING: 26_numerics/random/discard_block_engine/cons/default.cc compilation failed to produce executable
FAIL: 26_numerics/random/discard_block_engine/cons/seed1.cc (test for excess errors)
WARNING: 26_numerics/random/discard_block_engine/cons/seed1.cc compilation failed to produce executable
FAIL: 26_numerics/random/discard_block_engine/cons/seed2.cc (test for excess errors)
WARNING: 26_numerics/random/discard_block_engine/cons/seed2.cc compilation failed to produce executable
FAIL: 26_numerics/random/discard_block_engine/cons/seed_seq.cc (test for excess errors)
WARNING: 26_numerics/random/discard_block_engine/cons/seed_seq.cc compilation failed to produce executable
FAIL: 26_numerics/random/discard_block_engine/operators/equal.cc (test for excess errors)
WARNING: 26_numerics/random/discard_block_engine/operators/equal.cc compilation failed to produce executable
FAIL: 26_numerics/random/discard_block_engine/operators/serialize.cc (test for excess errors)
WARNING: 26_numerics/random/discard_block_engine/operators/serialize.cc compilation failed to produce executable
FAIL: 26_numerics/random/discard_block_engine/requirements/typedefs.cc (test for excess errors)
FAIL: 26_numerics/random/discrete_distribution/cons/default.cc (test for excess errors)
WARNING: 26_numerics/random/discrete_distribution/cons/default.cc compilation failed to produce executable
FAIL: 26_numerics/random/discrete_distribution/cons/initlist.cc (test for excess errors)
WARNING: 26_numerics/random/discrete_distribution/cons/initlist.cc compilation failed to produce executable
FAIL: 26_numerics/random/discrete_distribution/cons/num_xbound_fun.cc (test for excess errors)
WARNING: 26_numerics/random/discrete_distribution/cons/num_xbound_fun.cc compilation failed to produce executable
FAIL: 26_numerics/random/discrete_distribution/cons/range.cc (test for excess errors)
WARNING: 26_numerics/random/discrete_distribution/cons/range.cc compilation failed to produce executable
FAIL: 26_numerics/random/discrete_distribution/operators/serialize.cc (test for excess errors)
WARNING: 26_numerics/random/discrete_distribution/operators/serialize.cc compilation failed to produce executable
FAIL: 26_numerics/random/discrete_distribution/requirements/typedefs.cc (test for excess errors)
FAIL: 26_numerics/random/exponential_distribution/cons/default.cc (test for excess errors)
WARNING: 26_numerics/random/exponential_distribution/cons/default.cc compilation failed to produce executable
FAIL: 26_numerics/random/exponential_distribution/cons/parms.cc (test for excess errors)
WARNING: 26_numerics/random/exponential_distribution/cons/parms.cc compilation failed to produce executable
FAIL: 26_numerics/random/exponential_distribution/operators/serialize.cc (test for excess errors)
WARNING: 26_numerics/random/exponential_distribution/operators/serialize.cc compilation failed to produce executable
FAIL: 26_numerics/random/exponential_distribution/requirements/typedefs.cc (test for excess errors)
FAIL: 26_numerics/random/extreme_value_distribution/cons/default.cc (test for excess errors)
WARNING: 26_numerics/random/extreme_value_distribution/cons/default.cc compilation failed to produce executable
FAIL: 26_numerics/random/extreme_value_distribution/cons/parms.cc (test for excess errors)
WARNING: 26_numerics/random/extreme_value_distribution/cons/parms.cc compilation failed to produce executable
FAIL: 26_numerics/random/extreme_value_distribution/operators/serialize.cc (test for excess errors)
WARNING: 26_numerics/random/extreme_value_distribution/operators/serialize.cc compilation failed to produce executable
FAIL: 26_numerics/random/extreme_value_distribution/requirements/typedefs.cc (test for excess errors)
FAIL: 26_numerics/random/fisher_f_distribution/cons/default.cc (test for excess errors)
WARNING: 26_numerics/random/fisher_f_distribution/cons/default.cc compilation failed to produce executable
FAIL: 26_numerics/random/fisher_f_distribution/cons/parms.cc (test for excess errors)
WARNING: 26_numerics/random/fisher_f_distribution/cons/parms.cc compilation failed to produce executable
FAIL: 26_numerics/random/fisher_f_distribution/operators/serialize.cc (test for excess errors)
WARNING: 26_numerics/random/fisher_f_distribution/operators/serialize.cc compilation failed to produce executable
FAIL: 26_numerics/random/fisher_f_distribution/requirements/typedefs.cc (test for excess errors)
FAIL: 26_numerics/random/gamma_distribution/cons/default.cc (test for excess errors)
WARNING: 26_numerics/random/gamma_distribution/cons/default.cc compilation failed to produce executable
FAIL: 26_numerics/random/gamma_distribution/cons/parms.cc (test for excess errors)
WARNING: 26_numerics/random/gamma_distribution/cons/parms.cc compilation failed to produce executable
FAIL: 26_numerics/random/gamma_distribution/operators/serialize.cc (test for excess errors)
WARNING: 26_numerics/random/gamma_distribution/operators/serialize.cc compilation failed to produce executable
FAIL: 26_numerics/random/gamma_distribution/requirements/typedefs.cc (test for excess errors)
FAIL: 26_numerics/random/geometric_distribution/cons/default.cc (test for excess errors)
WARNING: 26_numerics/random/geometric_distribution/cons/default.cc compilation failed to produce executable
FAIL: 26_numerics/random/geometric_distribution/cons/parms.cc (test for excess errors)
WARNING: 26_numerics/random/geometric_distribution/cons/parms.cc compilation failed to produce executable
FAIL: 26_numerics/random/geometric_distribution/operators/serialize.cc (test for excess errors)
WARNING: 26_numerics/random/geometric_distribution/operators/serialize.cc compilation failed to produce executable
FAIL: 26_numerics/random/geometric_distribution/requirements/typedefs.cc (test for excess errors)
FAIL: 26_numerics/random/independent_bits_engine/cons/base_copy.cc (test for excess errors)
WARNING: 26_numerics/random/independent_bits_engine/cons/base_copy.cc compilation failed to produce executable
FAIL: 26_numerics/random/independent_bits_engine/cons/base_move.cc (test for excess errors)
WARNING: 26_numerics/random/independent_bits_engine/cons/base_move.cc compilation failed to produce executable
FAIL: 26_numerics/random/independent_bits_engine/cons/default.cc (test for excess errors)
WARNING: 26_numerics/random/independent_bits_engine/cons/default.cc compilation failed to produce executable
FAIL: 26_numerics/random/independent_bits_engine/cons/seed1.cc (test for excess errors)
WARNING: 26_numerics/random/independent_bits_engine/cons/seed1.cc compilation failed to produce executable
FAIL: 26_numerics/random/independent_bits_engine/cons/seed2.cc (test for excess errors)
WARNING: 26_numerics/random/independent_bits_engine/cons/seed2.cc compilation failed to produce executable
FAIL: 26_numerics/random/independent_bits_engine/cons/seed_seq.cc (test for excess errors)
WARNING: 26_numerics/random/independent_bits_engine/cons/seed_seq.cc compilation failed to produce executable
FAIL: 26_numerics/random/independent_bits_engine/operators/equal.cc (test for excess errors)
WARNING: 26_numerics/random/independent_bits_engine/operators/equal.cc compilation failed to produce executable
FAIL: 26_numerics/random/independent_bits_engine/operators/serialize.cc (test for excess errors)
WARNING: 26_numerics/random/independent_bits_engine/operators/serialize.cc compilation failed to produce executable
FAIL: 26_numerics/random/independent_bits_engine/requirements/typedefs.cc (test for excess errors)
FAIL: 26_numerics/random/knuth_b.cc (test for excess errors)
WARNING: 26_numerics/random/knuth_b.cc compilation failed to produce executable
FAIL: 26_numerics/random/linear_congruential_engine/cons/default.cc (test for excess errors)
WARNING: 26_numerics/random/linear_congruential_engine/cons/default.cc compilation failed to produce executable
FAIL: 26_numerics/random/linear_congruential_engine/cons/seed1.cc (test for excess errors)
WARNING: 26_numerics/random/linear_congruential_engine/cons/seed1.cc compilation failed to produce executable
FAIL: 26_numerics/random/linear_congruential_engine/cons/seed2.cc (test for excess errors)
WARNING: 26_numerics/random/linear_congruential_engine/cons/seed2.cc compilation failed to produce executable
FAIL: 26_numerics/random/linear_congruential_engine/operators/equal.cc (test for excess errors)
WARNING: 26_numerics/random/linear_congruential_engine/operators/equal.cc compilation failed to produce executable
FAIL: 26_numerics/random/linear_congruential_engine/operators/serialize.cc (test for excess errors)
WARNING: 26_numerics/random/linear_congruential_engine/operators/serialize.cc compilation failed to produce executable
FAIL: 26_numerics/random/linear_congruential_engine/requirements/non_uint_neg.cc (test for excess errors)
FAIL: 26_numerics/random/linear_congruential_engine/requirements/typedefs.cc (test for excess errors)
FAIL: 26_numerics/random/lognormal_distribution/cons/default.cc (test for excess errors)
WARNING: 26_numerics/random/lognormal_distribution/cons/default.cc compilation failed to produce executable
FAIL: 26_numerics/random/lognormal_distribution/cons/parms.cc (test for excess errors)
WARNING: 26_numerics/random/lognormal_distribution/cons/parms.cc compilation failed to produce executable
FAIL: 26_numerics/random/lognormal_distribution/operators/serialize.cc (test for excess errors)
WARNING: 26_numerics/random/lognormal_distribution/operators/serialize.cc compilation failed to produce executable
FAIL: 26_numerics/random/lognormal_distribution/requirements/typedefs.cc (test for excess errors)
FAIL: 26_numerics/random/mersenne_twister_engine/cons/default.cc (test for excess errors)
WARNING: 26_numerics/random/mersenne_twister_engine/cons/default.cc compilation failed to produce executable
FAIL: 26_numerics/random/mersenne_twister_engine/cons/seed1.cc (test for excess errors)
WARNING: 26_numerics/random/mersenne_twister_engine/cons/seed1.cc compilation failed to produce executable
FAIL: 26_numerics/random/mersenne_twister_engine/cons/seed2.cc (test for excess errors)
WARNING: 26_numerics/random/mersenne_twister_engine/cons/seed2.cc compilation failed to produce executable
FAIL: 26_numerics/random/mersenne_twister_engine/operators/equal.cc (test for excess errors)
WARNING: 26_numerics/random/mersenne_twister_engine/operators/equal.cc compilation failed to produce executable
FAIL: 26_numerics/random/mersenne_twister_engine/operators/serialize.cc (test for excess errors)
WARNING: 26_numerics/random/mersenne_twister_engine/operators/serialize.cc compilation failed to produce executable
FAIL: 26_numerics/random/mersenne_twister_engine/requirements/typedefs.cc (test for excess errors)
FAIL: 26_numerics/random/minstd_rand.cc (test for excess errors)
WARNING: 26_numerics/random/minstd_rand.cc compilation failed to produce executable
FAIL: 26_numerics/random/minstd_rand0.cc (test for excess errors)
WARNING: 26_numerics/random/minstd_rand0.cc compilation failed to produce executable
FAIL: 26_numerics/random/mt19937.cc (test for excess errors)
WARNING: 26_numerics/random/mt19937.cc compilation failed to produce executable
FAIL: 26_numerics/random/mt19937_64.cc (test for excess errors)
WARNING: 26_numerics/random/mt19937_64.cc compilation failed to produce executable
FAIL: 26_numerics/random/negative_binomial_distribution/cons/default.cc (test for excess errors)
WARNING: 26_numerics/random/negative_binomial_distribution/cons/default.cc compilation failed to produce executable
FAIL: 26_numerics/random/negative_binomial_distribution/cons/parms.cc (test for excess errors)
WARNING: 26_numerics/random/negative_binomial_distribution/cons/parms.cc compilation failed to produce executable
FAIL: 26_numerics/random/negative_binomial_distribution/operators/serialize.cc (test for excess errors)
WARNING: 26_numerics/random/negative_binomial_distribution/operators/serialize.cc compilation failed to produce executable
FAIL: 26_numerics/random/negative_binomial_distribution/requirements/typedefs.cc (test for excess errors)
FAIL: 26_numerics/random/normal_distribution/cons/default.cc (test for excess errors)
WARNING: 26_numerics/random/normal_distribution/cons/default.cc compilation failed to produce executable
FAIL: 26_numerics/random/normal_distribution/cons/parms.cc (test for excess errors)
WARNING: 26_numerics/random/normal_distribution/cons/parms.cc compilation failed to produce executable
FAIL: 26_numerics/random/normal_distribution/operators/serialize.cc (test for excess errors)
WARNING: 26_numerics/random/normal_distribution/operators/serialize.cc compilation failed to produce executable
FAIL: 26_numerics/random/normal_distribution/requirements/typedefs.cc (test for excess errors)
FAIL: 26_numerics/random/piecewise_constant_distribution/cons/default.cc (test for excess errors)
WARNING: 26_numerics/random/piecewise_constant_distribution/cons/default.cc compilation failed to produce executable
FAIL: 26_numerics/random/piecewise_constant_distribution/cons/initlist_fun.cc (test for excess errors)
WARNING: 26_numerics/random/piecewise_constant_distribution/cons/initlist_fun.cc compilation failed to produce executable
FAIL: 26_numerics/random/piecewise_constant_distribution/cons/num_xbound_fun.cc (test for excess errors)
WARNING: 26_numerics/random/piecewise_constant_distribution/cons/num_xbound_fun.cc compilation failed to produce executable
FAIL: 26_numerics/random/piecewise_constant_distribution/cons/range.cc (test for excess errors)
WARNING: 26_numerics/random/piecewise_constant_distribution/cons/range.cc compilation failed to produce executable
FAIL: 26_numerics/random/piecewise_constant_distribution/operators/serialize.cc (test for excess errors)
WARNING: 26_numerics/random/piecewise_constant_distribution/operators/serialize.cc compilation failed to produce executable
FAIL: 26_numerics/random/piecewise_constant_distribution/requirements/typedefs.cc (test for excess errors)
FAIL: 26_numerics/random/piecewise_linear_distribution/cons/default.cc (test for excess errors)
WARNING: 26_numerics/random/piecewise_linear_distribution/cons/default.cc compilation failed to produce executable
FAIL: 26_numerics/random/piecewise_linear_distribution/cons/initlist_fun.cc (test for excess errors)
WARNING: 26_numerics/random/piecewise_linear_distribution/cons/initlist_fun.cc compilation failed to produce executable
FAIL: 26_numerics/random/piecewise_linear_distribution/cons/num_xbound_fun.cc (test for excess errors)
WARNING: 26_numerics/random/piecewise_linear_distribution/cons/num_xbound_fun.cc compilation failed to produce executable
FAIL: 26_numerics/random/piecewise_linear_distribution/cons/range.cc (test for excess errors)
WARNING: 26_numerics/random/piecewise_linear_distribution/cons/range.cc compilation failed to produce executable
FAIL: 26_numerics/random/piecewise_linear_distribution/operators/serialize.cc (test for excess errors)
WARNING: 26_numerics/random/piecewise_linear_distribution/operators/serialize.cc compilation failed to produce executable
FAIL: 26_numerics/random/piecewise_linear_distribution/requirements/typedefs.cc (test for excess errors)
FAIL: 26_numerics/random/poisson_distribution/cons/default.cc (test for excess errors)
WARNING: 26_numerics/random/poisson_distribution/cons/default.cc compilation failed to produce executable
FAIL: 26_numerics/random/poisson_distribution/cons/parms.cc (test for excess errors)
WARNING: 26_numerics/random/poisson_distribution/cons/parms.cc compilation failed to produce executable
FAIL: 26_numerics/random/poisson_distribution/operators/serialize.cc (test for excess errors)
WARNING: 26_numerics/random/poisson_distribution/operators/serialize.cc compilation failed to produce executable
FAIL: 26_numerics/random/poisson_distribution/requirements/typedefs.cc (test for excess errors)
FAIL: 26_numerics/random/random_device/cons/default.cc (test for excess errors)
WARNING: 26_numerics/random/random_device/cons/default.cc compilation failed to produce executable
FAIL: 26_numerics/random/random_device/cons/token.cc (test for excess errors)
WARNING: 26_numerics/random/random_device/cons/token.cc compilation failed to produce executable
FAIL: 26_numerics/random/random_device/requirements/typedefs.cc (test for excess errors)
FAIL: 26_numerics/random/ranlux24.cc (test for excess errors)
WARNING: 26_numerics/random/ranlux24.cc compilation failed to produce executable
FAIL: 26_numerics/random/ranlux24_base.cc (test for excess errors)
WARNING: 26_numerics/random/ranlux24_base.cc compilation failed to produce executable
FAIL: 26_numerics/random/ranlux48.cc (test for excess errors)
WARNING: 26_numerics/random/ranlux48.cc compilation failed to produce executable
FAIL: 26_numerics/random/ranlux48_base.cc (test for excess errors)
WARNING: 26_numerics/random/ranlux48_base.cc compilation failed to produce executable
FAIL: 26_numerics/random/seed_seq/cons/default.cc (test for excess errors)
WARNING: 26_numerics/random/seed_seq/cons/default.cc compilation failed to produce executable
FAIL: 26_numerics/random/seed_seq/cons/initlist.cc (test for excess errors)
WARNING: 26_numerics/random/seed_seq/cons/initlist.cc compilation failed to produce executable
FAIL: 26_numerics/random/seed_seq/cons/range.cc (test for excess errors)
WARNING: 26_numerics/random/seed_seq/cons/range.cc compilation failed to produce executable
FAIL: 26_numerics/random/seed_seq/requirements/typedefs.cc (test for excess errors)
FAIL: 26_numerics/random/shuffle_order_engine/cons/base_copy.cc (test for excess errors)
WARNING: 26_numerics/random/shuffle_order_engine/cons/base_copy.cc compilation failed to produce executable
FAIL: 26_numerics/random/shuffle_order_engine/cons/base_move.cc (test for excess errors)
WARNING: 26_numerics/random/shuffle_order_engine/cons/base_move.cc compilation failed to produce executable
FAIL: 26_numerics/random/shuffle_order_engine/cons/default.cc (test for excess errors)
WARNING: 26_numerics/random/shuffle_order_engine/cons/default.cc compilation failed to produce executable
FAIL: 26_numerics/random/shuffle_order_engine/cons/seed1.cc (test for excess errors)
WARNING: 26_numerics/random/shuffle_order_engine/cons/seed1.cc compilation failed to produce executable
FAIL: 26_numerics/random/shuffle_order_engine/cons/seed2.cc (test for excess errors)
WARNING: 26_numerics/random/shuffle_order_engine/cons/seed2.cc compilation failed to produce executable
FAIL: 26_numerics/random/shuffle_order_engine/cons/seed_seq.cc (test for excess errors)
WARNING: 26_numerics/random/shuffle_order_engine/cons/seed_seq.cc compilation failed to produce executable
FAIL: 26_numerics/random/shuffle_order_engine/operators/equal.cc (test for excess errors)
WARNING: 26_numerics/random/shuffle_order_engine/operators/equal.cc compilation failed to produce executable
FAIL: 26_numerics/random/shuffle_order_engine/operators/serialize.cc (test for excess errors)
WARNING: 26_numerics/random/shuffle_order_engine/operators/serialize.cc compilation failed to produce executable
FAIL: 26_numerics/random/shuffle_order_engine/requirements/typedefs.cc (test for excess errors)
FAIL: 26_numerics/random/student_t_distribution/cons/default.cc (test for excess errors)
WARNING: 26_numerics/random/student_t_distribution/cons/default.cc compilation failed to produce executable
FAIL: 26_numerics/random/student_t_distribution/cons/parms.cc (test for excess errors)
WARNING: 26_numerics/random/student_t_distribution/cons/parms.cc compilation failed to produce executable
FAIL: 26_numerics/random/student_t_distribution/operators/serialize.cc (test for excess errors)
WARNING: 26_numerics/random/student_t_distribution/operators/serialize.cc compilation failed to produce executable
FAIL: 26_numerics/random/student_t_distribution/requirements/typedefs.cc (test for excess errors)
FAIL: 26_numerics/random/subtract_with_carry_engine/cons/default.cc (test for excess errors)
WARNING: 26_numerics/random/subtract_with_carry_engine/cons/default.cc compilation failed to produce executable
FAIL: 26_numerics/random/subtract_with_carry_engine/cons/seed1.cc (test for excess errors)
WARNING: 26_numerics/random/subtract_with_carry_engine/cons/seed1.cc compilation failed to produce executable
FAIL: 26_numerics/random/subtract_with_carry_engine/cons/seed2.cc (test for excess errors)
WARNING: 26_numerics/random/subtract_with_carry_engine/cons/seed2.cc compilation failed to produce executable
FAIL: 26_numerics/random/subtract_with_carry_engine/operators/equal.cc (test for excess errors)
WARNING: 26_numerics/random/subtract_with_carry_engine/operators/equal.cc compilation failed to produce executable
FAIL: 26_numerics/random/subtract_with_carry_engine/operators/serialize.cc (test for excess errors)
WARNING: 26_numerics/random/subtract_with_carry_engine/operators/serialize.cc compilation failed to produce executable
FAIL: 26_numerics/random/subtract_with_carry_engine/requirements/typedefs.cc (test for excess errors)
FAIL: 26_numerics/random/uniform_int_distribution/cons/default.cc (test for excess errors)
WARNING: 26_numerics/random/uniform_int_distribution/cons/default.cc compilation failed to produce executable
FAIL: 26_numerics/random/uniform_int_distribution/cons/parms.cc (test for excess errors)
WARNING: 26_numerics/random/uniform_int_distribution/cons/parms.cc compilation failed to produce executable
FAIL: 26_numerics/random/uniform_int_distribution/cons/parms_neg.cc (test for excess errors)
WARNING: 26_numerics/random/uniform_int_distribution/cons/parms_neg.cc compilation failed to produce executable
FAIL: 26_numerics/random/uniform_int_distribution/operators/serialize.cc (test for excess errors)
WARNING: 26_numerics/random/uniform_int_distribution/operators/serialize.cc compilation failed to produce executable
FAIL: 26_numerics/random/uniform_int_distribution/requirements/typedefs.cc (test for excess errors)
FAIL: 26_numerics/random/uniform_real_distribution/cons/default.cc (test for excess errors)
WARNING: 26_numerics/random/uniform_real_distribution/cons/default.cc compilation failed to produce executable
FAIL: 26_numerics/random/uniform_real_distribution/cons/parms.cc (test for excess errors)
WARNING: 26_numerics/random/uniform_real_distribution/cons/parms.cc compilation failed to produce executable
FAIL: 26_numerics/random/uniform_real_distribution/cons/parms_neg.cc (test for excess errors)
WARNING: 26_numerics/random/uniform_real_distribution/cons/parms_neg.cc compilation failed to produce executable
FAIL: 26_numerics/random/uniform_real_distribution/operators/serialize.cc (test for excess errors)
WARNING: 26_numerics/random/uniform_real_distribution/operators/serialize.cc compilation failed to produce executable
FAIL: 26_numerics/random/uniform_real_distribution/requirements/typedefs.cc (test for excess errors)
FAIL: 26_numerics/random/weibull_distribution/cons/default.cc (test for excess errors)
WARNING: 26_numerics/random/weibull_distribution/cons/default.cc compilation failed to produce executable
FAIL: 26_numerics/random/weibull_distribution/cons/parms.cc (test for excess errors)
WARNING: 26_numerics/random/weibull_distribution/cons/parms.cc compilation failed to produce executable
FAIL: 26_numerics/random/weibull_distribution/operators/serialize.cc (test for excess errors)
WARNING: 26_numerics/random/weibull_distribution/operators/serialize.cc compilation failed to produce executable
FAIL: 26_numerics/random/weibull_distribution/requirements/typedefs.cc (test for excess errors)
=== libstdc++ Summary for unix/-m32 ===
# of expected passes 6471
# of unexpected successes 1
# of unexpected failures 158
# of expected failures 80
# of unsupported tests 15
Running target unix/-m64
FAIL: abi_check
FAIL: 17_intro/headers/c++200x/all.cc (test for excess errors)
FAIL: 17_intro/headers/c++200x/all_multiple_inclusion.cc (test for excess errors)
FAIL: 17_intro/using_namespace_std_tr1_neg.cc (test for excess errors)
FAIL: 20_util/shared_ptr/thread/default_weaktoshared.cc (test for excess errors)
WARNING: 20_util/shared_ptr/thread/default_weaktoshared.cc compilation failed to produce executable
FAIL: 20_util/shared_ptr/thread/mutex_weaktoshared.cc (test for excess errors)
WARNING: 20_util/shared_ptr/thread/mutex_weaktoshared.cc compilation failed to produce executable
XPASS: 26_numerics/complex/13450.cc execution test
XPASS: 26_numerics/complex/complex_value.cc execution test
XPASS: 26_numerics/complex/pow.cc execution test
XPASS: 26_numerics/headers/cmath/c99_classification_macros_c.cc (test for excess errors)
FAIL: 26_numerics/headers/random/types_std_c++0x.cc (test for excess errors)
FAIL: 26_numerics/random/bernoulli_distribution/cons/default.cc (test for excess errors)
WARNING: 26_numerics/random/bernoulli_distribution/cons/default.cc compilation failed to produce executable
FAIL: 26_numerics/random/bernoulli_distribution/cons/parms.cc (test for excess errors)
WARNING: 26_numerics/random/bernoulli_distribution/cons/parms.cc compilation failed to produce executable
FAIL: 26_numerics/random/bernoulli_distribution/operators/serialize.cc (test for excess errors)
WARNING: 26_numerics/random/bernoulli_distribution/operators/serialize.cc compilation failed to produce executable
FAIL: 26_numerics/random/bernoulli_distribution/requirements/typedefs.cc (test for excess errors)
FAIL: 26_numerics/random/binomial_distribution/cons/default.cc (test for excess errors)
WARNING: 26_numerics/random/binomial_distribution/cons/default.cc compilation failed to produce executable
FAIL: 26_numerics/random/binomial_distribution/cons/parms.cc (test for excess errors)
WARNING: 26_numerics/random/binomial_distribution/cons/parms.cc compilation failed to produce executable
FAIL: 26_numerics/random/binomial_distribution/operators/serialize.cc (test for excess errors)
WARNING: 26_numerics/random/binomial_distribution/operators/serialize.cc compilation failed to produce executable
FAIL: 26_numerics/random/binomial_distribution/requirements/typedefs.cc (test for excess errors)
FAIL: 26_numerics/random/cauchy_distribution/cons/default.cc (test for excess errors)
WARNING: 26_numerics/random/cauchy_distribution/cons/default.cc compilation failed to produce executable
FAIL: 26_numerics/random/cauchy_distribution/cons/parms.cc (test for excess errors)
WARNING: 26_numerics/random/cauchy_distribution/cons/parms.cc compilation failed to produce executable
FAIL: 26_numerics/random/cauchy_distribution/operators/serialize.cc (test for excess errors)
WARNING: 26_numerics/random/cauchy_distribution/operators/serialize.cc compilation failed to produce executable
FAIL: 26_numerics/random/cauchy_distribution/requirements/typedefs.cc (test for excess errors)
FAIL: 26_numerics/random/chi_squared_distribution/cons/default.cc (test for excess errors)
WARNING: 26_numerics/random/chi_squared_distribution/cons/default.cc compilation failed to produce executable
FAIL: 26_numerics/random/chi_squared_distribution/cons/parms.cc (test for excess errors)
WARNING: 26_numerics/random/chi_squared_distribution/cons/parms.cc compilation failed to produce executable
FAIL: 26_numerics/random/chi_squared_distribution/operators/serialize.cc (test for excess errors)
WARNING: 26_numerics/random/chi_squared_distribution/operators/serialize.cc compilation failed to produce executable
FAIL: 26_numerics/random/chi_squared_distribution/requirements/typedefs.cc (test for excess errors)
FAIL: 26_numerics/random/default_random_engine.cc (test for excess errors)
WARNING: 26_numerics/random/default_random_engine.cc compilation failed to produce executable
FAIL: 26_numerics/random/discard_block_engine/cons/base_copy.cc (test for excess errors)
WARNING: 26_numerics/random/discard_block_engine/cons/base_copy.cc compilation failed to produce executable
FAIL: 26_numerics/random/discard_block_engine/cons/base_move.cc (test for excess errors)
WARNING: 26_numerics/random/discard_block_engine/cons/base_move.cc compilation failed to produce executable
FAIL: 26_numerics/random/discard_block_engine/cons/default.cc (test for excess errors)
WARNING: 26_numerics/random/discard_block_engine/cons/default.cc compilation failed to produce executable
FAIL: 26_numerics/random/discard_block_engine/cons/seed1.cc (test for excess errors)
WARNING: 26_numerics/random/discard_block_engine/cons/seed1.cc compilation failed to produce executable
FAIL: 26_numerics/random/discard_block_engine/cons/seed2.cc (test for excess errors)
WARNING: 26_numerics/random/discard_block_engine/cons/seed2.cc compilation failed to produce executable
FAIL: 26_numerics/random/discard_block_engine/cons/seed_seq.cc (test for excess errors)
WARNING: 26_numerics/random/discard_block_engine/cons/seed_seq.cc compilation failed to produce executable
FAIL: 26_numerics/random/discard_block_engine/operators/equal.cc (test for excess errors)
WARNING: 26_numerics/random/discard_block_engine/operators/equal.cc compilation failed to produce executable
FAIL: 26_numerics/random/discard_block_engine/operators/serialize.cc (test for excess errors)
WARNING: 26_numerics/random/discard_block_engine/operators/serialize.cc compilation failed to produce executable
FAIL: 26_numerics/random/discard_block_engine/requirements/typedefs.cc (test for excess errors)
FAIL: 26_numerics/random/discrete_distribution/cons/default.cc (test for excess errors)
WARNING: 26_numerics/random/discrete_distribution/cons/default.cc compilation failed to produce executable
FAIL: 26_numerics/random/discrete_distribution/cons/initlist.cc (test for excess errors)
WARNING: 26_numerics/random/discrete_distribution/cons/initlist.cc compilation failed to produce executable
FAIL: 26_numerics/random/discrete_distribution/cons/num_xbound_fun.cc (test for excess errors)
WARNING: 26_numerics/random/discrete_distribution/cons/num_xbound_fun.cc compilation failed to produce executable
FAIL: 26_numerics/random/discrete_distribution/cons/range.cc (test for excess errors)
WARNING: 26_numerics/random/discrete_distribution/cons/range.cc compilation failed to produce executable
FAIL: 26_numerics/random/discrete_distribution/operators/serialize.cc (test for excess errors)
WARNING: 26_numerics/random/discrete_distribution/operators/serialize.cc compilation failed to produce executable
FAIL: 26_numerics/random/discrete_distribution/requirements/typedefs.cc (test for excess errors)
FAIL: 26_numerics/random/exponential_distribution/cons/default.cc (test for excess errors)
WARNING: 26_numerics/random/exponential_distribution/cons/default.cc compilation failed to produce executable
FAIL: 26_numerics/random/exponential_distribution/cons/parms.cc (test for excess errors)
WARNING: 26_numerics/random/exponential_distribution/cons/parms.cc compilation failed to produce executable
FAIL: 26_numerics/random/exponential_distribution/operators/serialize.cc (test for excess errors)
WARNING: 26_numerics/random/exponential_distribution/operators/serialize.cc compilation failed to produce executable
FAIL: 26_numerics/random/exponential_distribution/requirements/typedefs.cc (test for excess errors)
FAIL: 26_numerics/random/extreme_value_distribution/cons/default.cc (test for excess errors)
WARNING: 26_numerics/random/extreme_value_distribution/cons/default.cc compilation failed to produce executable
FAIL: 26_numerics/random/extreme_value_distribution/cons/parms.cc (test for excess errors)
WARNING: 26_numerics/random/extreme_value_distribution/cons/parms.cc compilation failed to produce executable
FAIL: 26_numerics/random/extreme_value_distribution/operators/serialize.cc (test for excess errors)
WARNING: 26_numerics/random/extreme_value_distribution/operators/serialize.cc compilation failed to produce executable
FAIL: 26_numerics/random/extreme_value_distribution/requirements/typedefs.cc (test for excess errors)
FAIL: 26_numerics/random/fisher_f_distribution/cons/default.cc (test for excess errors)
WARNING: 26_numerics/random/fisher_f_distribution/cons/default.cc compilation failed to produce executable
FAIL: 26_numerics/random/fisher_f_distribution/cons/parms.cc (test for excess errors)
WARNING: 26_numerics/random/fisher_f_distribution/cons/parms.cc compilation failed to produce executable
FAIL: 26_numerics/random/fisher_f_distribution/operators/serialize.cc (test for excess errors)
WARNING: 26_numerics/random/fisher_f_distribution/operators/serialize.cc compilation failed to produce executable
FAIL: 26_numerics/random/fisher_f_distribution/requirements/typedefs.cc (test for excess errors)
FAIL: 26_numerics/random/gamma_distribution/cons/default.cc (test for excess errors)
WARNING: 26_numerics/random/gamma_distribution/cons/default.cc compilation failed to produce executable
FAIL: 26_numerics/random/gamma_distribution/cons/parms.cc (test for excess errors)
WARNING: 26_numerics/random/gamma_distribution/cons/parms.cc compilation failed to produce executable
FAIL: 26_numerics/random/gamma_distribution/operators/serialize.cc (test for excess errors)
WARNING: 26_numerics/random/gamma_distribution/operators/serialize.cc compilation failed to produce executable
FAIL: 26_numerics/random/gamma_distribution/requirements/typedefs.cc (test for excess errors)
FAIL: 26_numerics/random/geometric_distribution/cons/default.cc (test for excess errors)
WARNING: 26_numerics/random/geometric_distribution/cons/default.cc compilation failed to produce executable
FAIL: 26_numerics/random/geometric_distribution/cons/parms.cc (test for excess errors)
WARNING: 26_numerics/random/geometric_distribution/cons/parms.cc compilation failed to produce executable
FAIL: 26_numerics/random/geometric_distribution/operators/serialize.cc (test for excess errors)
WARNING: 26_numerics/random/geometric_distribution/operators/serialize.cc compilation failed to produce executable
FAIL: 26_numerics/random/geometric_distribution/requirements/typedefs.cc (test for excess errors)
FAIL: 26_numerics/random/independent_bits_engine/cons/base_copy.cc (test for excess errors)
WARNING: 26_numerics/random/independent_bits_engine/cons/base_copy.cc compilation failed to produce executable
FAIL: 26_numerics/random/independent_bits_engine/cons/base_move.cc (test for excess errors)
WARNING: 26_numerics/random/independent_bits_engine/cons/base_move.cc compilation failed to produce executable
FAIL: 26_numerics/random/independent_bits_engine/cons/default.cc (test for excess errors)
WARNING: 26_numerics/random/independent_bits_engine/cons/default.cc compilation failed to produce executable
FAIL: 26_numerics/random/independent_bits_engine/cons/seed1.cc (test for excess errors)
WARNING: 26_numerics/random/independent_bits_engine/cons/seed1.cc compilation failed to produce executable
FAIL: 26_numerics/random/independent_bits_engine/cons/seed2.cc (test for excess errors)
WARNING: 26_numerics/random/independent_bits_engine/cons/seed2.cc compilation failed to produce executable
FAIL: 26_numerics/random/independent_bits_engine/cons/seed_seq.cc (test for excess errors)
WARNING: 26_numerics/random/independent_bits_engine/cons/seed_seq.cc compilation failed to produce executable
FAIL: 26_numerics/random/independent_bits_engine/operators/equal.cc (test for excess errors)
WARNING: 26_numerics/random/independent_bits_engine/operators/equal.cc compilation failed to produce executable
FAIL: 26_numerics/random/independent_bits_engine/operators/serialize.cc (test for excess errors)
WARNING: 26_numerics/random/independent_bits_engine/operators/serialize.cc compilation failed to produce executable
FAIL: 26_numerics/random/independent_bits_engine/requirements/typedefs.cc (test for excess errors)
FAIL: 26_numerics/random/knuth_b.cc (test for excess errors)
WARNING: 26_numerics/random/knuth_b.cc compilation failed to produce executable
FAIL: 26_numerics/random/linear_congruential_engine/cons/default.cc (test for excess errors)
WARNING: 26_numerics/random/linear_congruential_engine/cons/default.cc compilation failed to produce executable
FAIL: 26_numerics/random/linear_congruential_engine/cons/seed1.cc (test for excess errors)
WARNING: 26_numerics/random/linear_congruential_engine/cons/seed1.cc compilation failed to produce executable
FAIL: 26_numerics/random/linear_congruential_engine/cons/seed2.cc (test for excess errors)
WARNING: 26_numerics/random/linear_congruential_engine/cons/seed2.cc compilation failed to produce executable
FAIL: 26_numerics/random/linear_congruential_engine/operators/equal.cc (test for excess errors)
WARNING: 26_numerics/random/linear_congruential_engine/operators/equal.cc compilation failed to produce executable
FAIL: 26_numerics/random/linear_congruential_engine/operators/serialize.cc (test for excess errors)
WARNING: 26_numerics/random/linear_congruential_engine/operators/serialize.cc compilation failed to produce executable
FAIL: 26_numerics/random/linear_congruential_engine/requirements/non_uint_neg.cc (test for excess errors)
FAIL: 26_numerics/random/linear_congruential_engine/requirements/typedefs.cc (test for excess errors)
FAIL: 26_numerics/random/lognormal_distribution/cons/default.cc (test for excess errors)
WARNING: 26_numerics/random/lognormal_distribution/cons/default.cc compilation failed to produce executable
FAIL: 26_numerics/random/lognormal_distribution/cons/parms.cc (test for excess errors)
WARNING: 26_numerics/random/lognormal_distribution/cons/parms.cc compilation failed to produce executable
FAIL: 26_numerics/random/lognormal_distribution/operators/serialize.cc (test for excess errors)
WARNING: 26_numerics/random/lognormal_distribution/operators/serialize.cc compilation failed to produce executable
FAIL: 26_numerics/random/lognormal_distribution/requirements/typedefs.cc (test for excess errors)
FAIL: 26_numerics/random/mersenne_twister_engine/cons/default.cc (test for excess errors)
WARNING: 26_numerics/random/mersenne_twister_engine/cons/default.cc compilation failed to produce executable
FAIL: 26_numerics/random/mersenne_twister_engine/cons/seed1.cc (test for excess errors)
WARNING: 26_numerics/random/mersenne_twister_engine/cons/seed1.cc compilation failed to produce executable
FAIL: 26_numerics/random/mersenne_twister_engine/cons/seed2.cc (test for excess errors)
WARNING: 26_numerics/random/mersenne_twister_engine/cons/seed2.cc compilation failed to produce executable
FAIL: 26_numerics/random/mersenne_twister_engine/operators/equal.cc (test for excess errors)
WARNING: 26_numerics/random/mersenne_twister_engine/operators/equal.cc compilation failed to produce executable
FAIL: 26_numerics/random/mersenne_twister_engine/operators/serialize.cc (test for excess errors)
WARNING: 26_numerics/random/mersenne_twister_engine/operators/serialize.cc compilation failed to produce executable
FAIL: 26_numerics/random/mersenne_twister_engine/requirements/typedefs.cc (test for excess errors)
FAIL: 26_numerics/random/minstd_rand.cc (test for excess errors)
WARNING: 26_numerics/random/minstd_rand.cc compilation failed to produce executable
FAIL: 26_numerics/random/minstd_rand0.cc (test for excess errors)
WARNING: 26_numerics/random/minstd_rand0.cc compilation failed to produce executable
FAIL: 26_numerics/random/mt19937.cc (test for excess errors)
WARNING: 26_numerics/random/mt19937.cc compilation failed to produce executable
FAIL: 26_numerics/random/mt19937_64.cc (test for excess errors)
WARNING: 26_numerics/random/mt19937_64.cc compilation failed to produce executable
FAIL: 26_numerics/random/negative_binomial_distribution/cons/default.cc (test for excess errors)
WARNING: 26_numerics/random/negative_binomial_distribution/cons/default.cc compilation failed to produce executable
FAIL: 26_numerics/random/negative_binomial_distribution/cons/parms.cc (test for excess errors)
WARNING: 26_numerics/random/negative_binomial_distribution/cons/parms.cc compilation failed to produce executable
FAIL: 26_numerics/random/negative_binomial_distribution/operators/serialize.cc (test for excess errors)
WARNING: 26_numerics/random/negative_binomial_distribution/operators/serialize.cc compilation failed to produce executable
FAIL: 26_numerics/random/negative_binomial_distribution/requirements/typedefs.cc (test for excess errors)
FAIL: 26_numerics/random/normal_distribution/cons/default.cc (test for excess errors)
WARNING: 26_numerics/random/normal_distribution/cons/default.cc compilation failed to produce executable
FAIL: 26_numerics/random/normal_distribution/cons/parms.cc (test for excess errors)
WARNING: 26_numerics/random/normal_distribution/cons/parms.cc compilation failed to produce executable
FAIL: 26_numerics/random/normal_distribution/operators/serialize.cc (test for excess errors)
WARNING: 26_numerics/random/normal_distribution/operators/serialize.cc compilation failed to produce executable
FAIL: 26_numerics/random/normal_distribution/requirements/typedefs.cc (test for excess errors)
FAIL: 26_numerics/random/piecewise_constant_distribution/cons/default.cc (test for excess errors)
WARNING: 26_numerics/random/piecewise_constant_distribution/cons/default.cc compilation failed to produce executable
FAIL: 26_numerics/random/piecewise_constant_distribution/cons/initlist_fun.cc (test for excess errors)
WARNING: 26_numerics/random/piecewise_constant_distribution/cons/initlist_fun.cc compilation failed to produce executable
FAIL: 26_numerics/random/piecewise_constant_distribution/cons/num_xbound_fun.cc (test for excess errors)
WARNING: 26_numerics/random/piecewise_constant_distribution/cons/num_xbound_fun.cc compilation failed to produce executable
FAIL: 26_numerics/random/piecewise_constant_distribution/cons/range.cc (test for excess errors)
WARNING: 26_numerics/random/piecewise_constant_distribution/cons/range.cc compilation failed to produce executable
FAIL: 26_numerics/random/piecewise_constant_distribution/operators/serialize.cc (test for excess errors)
WARNING: 26_numerics/random/piecewise_constant_distribution/operators/serialize.cc compilation failed to produce executable
FAIL: 26_numerics/random/piecewise_constant_distribution/requirements/typedefs.cc (test for excess errors)
FAIL: 26_numerics/random/piecewise_linear_distribution/cons/default.cc (test for excess errors)
WARNING: 26_numerics/random/piecewise_linear_distribution/cons/default.cc compilation failed to produce executable
FAIL: 26_numerics/random/piecewise_linear_distribution/cons/initlist_fun.cc (test for excess errors)
WARNING: 26_numerics/random/piecewise_linear_distribution/cons/initlist_fun.cc compilation failed to produce executable
FAIL: 26_numerics/random/piecewise_linear_distribution/cons/num_xbound_fun.cc (test for excess errors)
WARNING: 26_numerics/random/piecewise_linear_distribution/cons/num_xbound_fun.cc compilation failed to produce executable
FAIL: 26_numerics/random/piecewise_linear_distribution/cons/range.cc (test for excess errors)
WARNING: 26_numerics/random/piecewise_linear_distribution/cons/range.cc compilation failed to produce executable
FAIL: 26_numerics/random/piecewise_linear_distribution/operators/serialize.cc (test for excess errors)
WARNING: 26_numerics/random/piecewise_linear_distribution/operators/serialize.cc compilation failed to produce executable
FAIL: 26_numerics/random/piecewise_linear_distribution/requirements/typedefs.cc (test for excess errors)
FAIL: 26_numerics/random/poisson_distribution/cons/default.cc (test for excess errors)
WARNING: 26_numerics/random/poisson_distribution/cons/default.cc compilation failed to produce executable
FAIL: 26_numerics/random/poisson_distribution/cons/parms.cc (test for excess errors)
WARNING: 26_numerics/random/poisson_distribution/cons/parms.cc compilation failed to produce executable
FAIL: 26_numerics/random/poisson_distribution/operators/serialize.cc (test for excess errors)
WARNING: 26_numerics/random/poisson_distribution/operators/serialize.cc compilation failed to produce executable
FAIL: 26_numerics/random/poisson_distribution/requirements/typedefs.cc (test for excess errors)
FAIL: 26_numerics/random/random_device/cons/default.cc (test for excess errors)
WARNING: 26_numerics/random/random_device/cons/default.cc compilation failed to produce executable
FAIL: 26_numerics/random/random_device/cons/token.cc (test for excess errors)
WARNING: 26_numerics/random/random_device/cons/token.cc compilation failed to produce executable
FAIL: 26_numerics/random/random_device/requirements/typedefs.cc (test for excess errors)
FAIL: 26_numerics/random/ranlux24.cc (test for excess errors)
WARNING: 26_numerics/random/ranlux24.cc compilation failed to produce executable
FAIL: 26_numerics/random/ranlux24_base.cc (test for excess errors)
WARNING: 26_numerics/random/ranlux24_base.cc compilation failed to produce executable
FAIL: 26_numerics/random/ranlux48.cc (test for excess errors)
WARNING: 26_numerics/random/ranlux48.cc compilation failed to produce executable
FAIL: 26_numerics/random/ranlux48_base.cc (test for excess errors)
WARNING: 26_numerics/random/ranlux48_base.cc compilation failed to produce executable
FAIL: 26_numerics/random/seed_seq/cons/default.cc (test for excess errors)
WARNING: 26_numerics/random/seed_seq/cons/default.cc compilation failed to produce executable
FAIL: 26_numerics/random/seed_seq/cons/initlist.cc (test for excess errors)
WARNING: 26_numerics/random/seed_seq/cons/initlist.cc compilation failed to produce executable
FAIL: 26_numerics/random/seed_seq/cons/range.cc (test for excess errors)
WARNING: 26_numerics/random/seed_seq/cons/range.cc compilation failed to produce executable
FAIL: 26_numerics/random/seed_seq/requirements/typedefs.cc (test for excess errors)
FAIL: 26_numerics/random/shuffle_order_engine/cons/base_copy.cc (test for excess errors)
WARNING: 26_numerics/random/shuffle_order_engine/cons/base_copy.cc compilation failed to produce executable
FAIL: 26_numerics/random/shuffle_order_engine/cons/base_move.cc (test for excess errors)
WARNING: 26_numerics/random/shuffle_order_engine/cons/base_move.cc compilation failed to produce executable
FAIL: 26_numerics/random/shuffle_order_engine/cons/default.cc (test for excess errors)
WARNING: 26_numerics/random/shuffle_order_engine/cons/default.cc compilation failed to produce executable
FAIL: 26_numerics/random/shuffle_order_engine/cons/seed1.cc (test for excess errors)
WARNING: 26_numerics/random/shuffle_order_engine/cons/seed1.cc compilation failed to produce executable
FAIL: 26_numerics/random/shuffle_order_engine/cons/seed2.cc (test for excess errors)
WARNING: 26_numerics/random/shuffle_order_engine/cons/seed2.cc compilation failed to produce executable
FAIL: 26_numerics/random/shuffle_order_engine/cons/seed_seq.cc (test for excess errors)
WARNING: 26_numerics/random/shuffle_order_engine/cons/seed_seq.cc compilation failed to produce executable
FAIL: 26_numerics/random/shuffle_order_engine/operators/equal.cc (test for excess errors)
WARNING: 26_numerics/random/shuffle_order_engine/operators/equal.cc compilation failed to produce executable
FAIL: 26_numerics/random/shuffle_order_engine/operators/serialize.cc (test for excess errors)
WARNING: 26_numerics/random/shuffle_order_engine/operators/serialize.cc compilation failed to produce executable
FAIL: 26_numerics/random/shuffle_order_engine/requirements/typedefs.cc (test for excess errors)
FAIL: 26_numerics/random/student_t_distribution/cons/default.cc (test for excess errors)
WARNING: 26_numerics/random/student_t_distribution/cons/default.cc compilation failed to produce executable
FAIL: 26_numerics/random/student_t_distribution/cons/parms.cc (test for excess errors)
WARNING: 26_numerics/random/student_t_distribution/cons/parms.cc compilation failed to produce executable
FAIL: 26_numerics/random/student_t_distribution/operators/serialize.cc (test for excess errors)
WARNING: 26_numerics/random/student_t_distribution/operators/serialize.cc compilation failed to produce executable
FAIL: 26_numerics/random/student_t_distribution/requirements/typedefs.cc (test for excess errors)
FAIL: 26_numerics/random/subtract_with_carry_engine/cons/default.cc (test for excess errors)
WARNING: 26_numerics/random/subtract_with_carry_engine/cons/default.cc compilation failed to produce executable
FAIL: 26_numerics/random/subtract_with_carry_engine/cons/seed1.cc (test for excess errors)
WARNING: 26_numerics/random/subtract_with_carry_engine/cons/seed1.cc compilation failed to produce executable
FAIL: 26_numerics/random/subtract_with_carry_engine/cons/seed2.cc (test for excess errors)
WARNING: 26_numerics/random/subtract_with_carry_engine/cons/seed2.cc compilation failed to produce executable
FAIL: 26_numerics/random/subtract_with_carry_engine/operators/equal.cc (test for excess errors)
WARNING: 26_numerics/random/subtract_with_carry_engine/operators/equal.cc compilation failed to produce executable
FAIL: 26_numerics/random/subtract_with_carry_engine/operators/serialize.cc (test for excess errors)
WARNING: 26_numerics/random/subtract_with_carry_engine/operators/serialize.cc compilation failed to produce executable
FAIL: 26_numerics/random/subtract_with_carry_engine/requirements/typedefs.cc (test for excess errors)
FAIL: 26_numerics/random/uniform_int_distribution/cons/default.cc (test for excess errors)
WARNING: 26_numerics/random/uniform_int_distribution/cons/default.cc compilation failed to produce executable
FAIL: 26_numerics/random/uniform_int_distribution/cons/parms.cc (test for excess errors)
WARNING: 26_numerics/random/uniform_int_distribution/cons/parms.cc compilation failed to produce executable
FAIL: 26_numerics/random/uniform_int_distribution/cons/parms_neg.cc (test for excess errors)
WARNING: 26_numerics/random/uniform_int_distribution/cons/parms_neg.cc compilation failed to produce executable
FAIL: 26_numerics/random/uniform_int_distribution/operators/serialize.cc (test for excess errors)
WARNING: 26_numerics/random/uniform_int_distribution/operators/serialize.cc compilation failed to produce executable
FAIL: 26_numerics/random/uniform_int_distribution/requirements/typedefs.cc (test for excess errors)
FAIL: 26_numerics/random/uniform_real_distribution/cons/default.cc (test for excess errors)
WARNING: 26_numerics/random/uniform_real_distribution/cons/default.cc compilation failed to produce executable
FAIL: 26_numerics/random/uniform_real_distribution/cons/parms.cc (test for excess errors)
WARNING: 26_numerics/random/uniform_real_distribution/cons/parms.cc compilation failed to produce executable
FAIL: 26_numerics/random/uniform_real_distribution/cons/parms_neg.cc (test for excess errors)
WARNING: 26_numerics/random/uniform_real_distribution/cons/parms_neg.cc compilation failed to produce executable
FAIL: 26_numerics/random/uniform_real_distribution/operators/serialize.cc (test for excess errors)
WARNING: 26_numerics/random/uniform_real_distribution/operators/serialize.cc compilation failed to produce executable
FAIL: 26_numerics/random/uniform_real_distribution/requirements/typedefs.cc (test for excess errors)
FAIL: 26_numerics/random/weibull_distribution/cons/default.cc (test for excess errors)
WARNING: 26_numerics/random/weibull_distribution/cons/default.cc compilation failed to produce executable
FAIL: 26_numerics/random/weibull_distribution/cons/parms.cc (test for excess errors)
WARNING: 26_numerics/random/weibull_distribution/cons/parms.cc compilation failed to produce executable
FAIL: 26_numerics/random/weibull_distribution/operators/serialize.cc (test for excess errors)
WARNING: 26_numerics/random/weibull_distribution/operators/serialize.cc compilation failed to produce executable
FAIL: 26_numerics/random/weibull_distribution/requirements/typedefs.cc (test for excess errors)
=== libstdc++ Summary for unix/-m64 ===
# of expected passes 6468
# of unexpected successes 4
# of unexpected failures 158
# of expected failures 80
# of unsupported tests 15
=== libstdc++ Summary ===
# of expected passes 12939
# of unexpected failures 316
# of unexpected successes 5
# of expected failures 160
# of unsupported tests 30
Compiler version: 4.5.0 20090405 (experimental) [trunk revision 145573] (GCC)
Platform: powerpc64-unknown-linux-gnu
configure flags: --prefix=/opt/gcc-nightly/trunk-20090405 --build=powerpc64-linux --host=powerpc64-linux --target=powerpc64-linux --with-cpu=default32 --with-as=/opt/gcc-nightly/binutils-20080904/bin/as --with-ld=/opt/gcc-nightly/binutils-20080904/bin/ld --enable-threads=posix --enable-shared --enable-__cxa_atexit --enable-languages=c,c++,fortran --enable-checking --disable-alsa --with-gmp=/opt/gcc-nightly/gmp-mpfr-static --with-mpfr=/opt/gcc-nightly/gmp-mpfr-static --enable-decimal-float
=== Test Framework Summary ===
# of expected passes 2531