This is the mail archive of the
gcc-testresults@gcc.gnu.org
mailing list for the GCC project.
Results for 4.4.0 20090404 (prerelease) [gcc-4_4-branch revision 145554] (GCC) testsuite on hppa2.0w-hp-hpux11.11
- From: John David Anglin <dave at hiauly3 dot hia dot nrc dot ca>
- To: dave at hiauly3 dot hia dot nrc dot ca, gcc-testresults at gcc dot gnu dot org
- Date: Sun, 5 Apr 2009 16:22:21 -0400 (EDT)
- Subject: Results for 4.4.0 20090404 (prerelease) [gcc-4_4-branch revision 145554] (GCC) testsuite on hppa2.0w-hp-hpux11.11
LAST_UPDATED: Sat Apr 4 23:58:15 UTC 2009 (revision 145554)
=== acats tests ===
FAIL: c954a01
FAIL: c9a011b
=== acats Summary ===
# of expected passes 2313
# of unexpected failures 2
Native configuration is hppa2.0w-hp-hpux11.11
=== g++ tests ===
Running target unix
=== g++ Summary ===
# of expected passes 17936
# of expected failures 142
# of unsupported tests 246
/mnt/gnu/gcc/objdir/gcc/testsuite/g++/../../g++ version 4.4.0 20090404 (prerelease) [gcc-4_4-branch revision 145554] (GCC)
=== gcc tests ===
Running target unix
=== gcc Summary ===
# of expected passes 48018
# of expected failures 129
# of unsupported tests 660
/mnt/gnu/gcc/objdir/gcc/xgcc version 4.4.0 20090404 (prerelease) [gcc-4_4-branch revision 145554] (GCC)
=== gfortran tests ===
Running target unix
FAIL: gfortran.dg/nint_2.f90 -O0 execution test
=== gfortran Summary ===
# of expected passes 28313
# of unexpected failures 1
# of expected failures 10
# of unsupported tests 270
/mnt/gnu/gcc/objdir/gcc/testsuite/gfortran/../../gfortran version 4.4.0 20090404 (prerelease) [gcc-4_4-branch revision 145554] (GCC)
=== gnat tests ===
Running target unix
=== gnat Summary ===
# of expected passes 611
# of expected failures 6
=== obj-c++ tests ===
Running target unix
XPASS: obj-c++.dg/comp-types-10.mm (test for excess errors)
WARNING: obj-c++.dg/lookup-2.mm compilation failed to produce executable
WARNING: obj-c++.dg/try-catch-2.mm compilation failed to produce executable
WARNING: obj-c++.dg/try-catch-9.mm compilation failed to produce executable
=== obj-c++ Summary ===
# of expected passes 434
# of unexpected successes 1
# of expected failures 9
# of unsupported tests 14
/mnt/gnu/gcc/objdir/gcc/testsuite/obj-c++/../../g++ version 4.4.0 20090404 (prerelease) [gcc-4_4-branch revision 145554] (GCC)
=== objc tests ===
Running target unix
FAIL: objc/execute/forward-1.m execution, -O0 -fgnu-runtime
FAIL: objc/execute/forward-1.m execution, -O1 -fgnu-runtime
FAIL: objc/execute/forward-1.m execution, -O2 -fgnu-runtime
FAIL: objc/execute/forward-1.m execution, -O3 -fomit-frame-pointer -fgnu-runtime
FAIL: objc/execute/forward-1.m execution, -O3 -fomit-frame-pointer -funroll-loops -fgnu-runtime
FAIL: objc/execute/forward-1.m execution, -O3 -fomit-frame-pointer -funroll-all-loops -finline-functions -fgnu-runtime
FAIL: objc/execute/forward-1.m execution, -O3 -g -fgnu-runtime
FAIL: objc/execute/forward-1.m execution, -Os -fgnu-runtime
=== objc Summary ===
# of expected passes 1856
# of unexpected failures 8
# of expected failures 7
# of unsupported tests 27
/mnt/gnu/gcc/objdir/gcc/xgcc version 4.4.0 20090404 (prerelease) [gcc-4_4-branch revision 145554] (GCC)
=== libffi tests ===
Running target unix
=== libffi Summary ===
# of expected passes 1389
# of unsupported tests 10
=== libgomp tests ===
Running target unix
FAIL: libgomp.fortran/vla6.f90 -O3 -fomit-frame-pointer execution test
=== libgomp Summary ===
# of expected passes 2371
# of unexpected failures 1
# of unsupported tests 9
=== libjava tests ===
Running target unix
FAIL: LargeFile execution - source compiled test
FAIL: LargeFile -findirect-dispatch execution - source compiled test
FAIL: LargeFile -O3 execution - source compiled test
FAIL: LargeFile -O3 -findirect-dispatch execution - source compiled test
=== libjava Summary ===
# of expected passes 2566
# of unexpected failures 4
# of untested testcases 4
=== libstdc++ tests ===
Running target unix
=== libstdc++ Summary ===
# of expected passes 5467
# of expected failures 72
# of unsupported tests 525
Compiler version: 4.4.0 20090404 (prerelease) [gcc-4_4-branch revision 145554] (GCC)
Platform: hppa2.0w-hp-hpux11.11
configure flags: --with-gnu-as --with-as=/opt/gnu/bin/as --enable-shared --with-local-prefix=/opt/gnu --prefix=/opt/gnu/gcc/gcc-4.4.0 --with-gmp=/opt/gnu/gcc/gcc-4.4.0 --enable-threads=posix --enable-debug=no --disable-nls --enable-languages=c,c++,objc,fortran,java,ada,obj-c++