This is the mail archive of the gcc-testresults@gcc.gnu.org mailing list for the GCC project.


Index Nav: [Date Index] [Subject Index] [Author Index] [Thread Index]
Message Nav: [Date Prev] [Date Next] [Thread Prev] [Thread Next]
Other format: [Raw text]

Results for 4.4.0 20090404 (prerelease) [gcc-4_4-branch revision 145547] (GCC) testsuite on ia64-unknown-linux-gnu


LAST_UPDATED: Sat Apr  4 19:11:06 UTC 2009 (revision 145547)

Native configuration is ia64-unknown-linux-gnu

		=== g++ tests ===


Running target unix

		=== g++ Summary ===

# of expected passes		18336
# of expected failures		140
# of unsupported tests		153
/export/gnu/import/svn/gcc-test/bld/gcc/testsuite/g++/../../g++  version 4.4.0 20090404 (prerelease) [gcc-4_4-branch revision 145547] (GCC) 

		=== gcc tests ===


Running target unix
XPASS: gcc.c-torture/compile/pr11832.c  -O3 -fomit-frame-pointer  (test for excess errors)
XPASS: gcc.c-torture/compile/pr11832.c  -O3 -fomit-frame-pointer -funroll-loops  (test for excess errors)
XPASS: gcc.c-torture/compile/pr11832.c  -O3 -fomit-frame-pointer -funroll-all-loops -finline-functions  (test for excess errors)
XPASS: gcc.c-torture/compile/pr11832.c  -O3 -g  (test for excess errors)
XPASS: gcc.c-torture/compile/pr11832.c  -Os  (test for excess errors)
XPASS: gcc.c-torture/compile/pr33009.c  -O1  (test for excess errors)
XPASS: gcc.c-torture/compile/pr33009.c  -O2  (test for excess errors)
XPASS: gcc.c-torture/compile/pr33009.c  -O3 -fomit-frame-pointer  (test for excess errors)
XPASS: gcc.c-torture/compile/pr33009.c  -O3 -fomit-frame-pointer -funroll-loops  (test for excess errors)
XPASS: gcc.c-torture/compile/pr33009.c  -O3 -fomit-frame-pointer -funroll-all-loops -finline-functions  (test for excess errors)
XPASS: gcc.c-torture/compile/pr33009.c  -O3 -g  (test for excess errors)
XPASS: gcc.c-torture/compile/pr33009.c  -Os  (test for excess errors)
FAIL: gcc.dg/builtin-apply4.c execution test
FAIL: gcc.dg/pr37106-1.c (internal compiler error)
FAIL: gcc.dg/pr37106-1.c (test for excess errors)
XPASS: gcc.dg/tree-ssa/loop-1.c scan-assembler-times foo 5
FAIL: gcc.dg/tree-ssa/loop-31.c scan-tree-dump-times optimized " \\+ 2" 1

		=== gcc Summary ===

# of expected passes		49638
# of unexpected failures	4
# of unexpected successes	13
# of expected failures		245
# of unsupported tests		487
/export/gnu/import/svn/gcc-test/bld/gcc/xgcc  version 4.4.0 20090404 (prerelease) [gcc-4_4-branch revision 145547] (GCC) 

		=== gfortran tests ===


Running target unix
FAIL: gfortran.dg/vect/pr39318.f90  -O  (internal compiler error)
FAIL: gfortran.dg/vect/pr39318.f90  -O  (test for excess errors)

		=== gfortran Summary ===

# of expected passes		29362
# of unexpected failures	2
# of expected failures		18
# of unsupported tests		29
/export/gnu/import/svn/gcc-test/bld/gcc/testsuite/gfortran/../../gfortran  version 4.4.0 20090404 (prerelease) [gcc-4_4-branch revision 145547] (GCC) 

		=== objc tests ===


Running target unix
FAIL: objc/execute/forward-1.m execution,  -O0 -fgnu-runtime
FAIL: objc/execute/forward-1.m execution,  -O1 -fgnu-runtime
FAIL: objc/execute/forward-1.m execution,  -O2 -fgnu-runtime
FAIL: objc/execute/forward-1.m execution,  -O3 -fomit-frame-pointer -fgnu-runtime
FAIL: objc/execute/forward-1.m execution,  -O3 -fomit-frame-pointer -funroll-loops -fgnu-runtime
FAIL: objc/execute/forward-1.m execution,  -O3 -fomit-frame-pointer -funroll-all-loops -finline-functions -fgnu-runtime
FAIL: objc/execute/forward-1.m execution,  -O3 -g -fgnu-runtime
FAIL: objc/execute/forward-1.m execution,  -Os -fgnu-runtime

		=== objc Summary ===

# of expected passes		1860
# of unexpected failures	8
# of expected failures		7
# of unsupported tests		25
/export/gnu/import/svn/gcc-test/bld/gcc/xgcc  version 4.4.0 20090404 (prerelease) [gcc-4_4-branch revision 145547] (GCC) 

		=== libffi tests ===


Running target unix

		=== libffi Summary ===

# of expected passes		1389
# of unsupported tests		10
		=== libgomp tests ===


Running target unix

		=== libgomp Summary ===

# of expected passes		2390
		=== libjava tests ===


Running target unix
FAIL: getlocalvartable output
FAIL: Throw_3 -O3 output - source compiled test
FAIL: Throw_3 -O3 -findirect-dispatch output - source compiled test

		=== libjava Summary ===

# of expected passes		2571
# of unexpected failures	3
		=== libmudflap tests ===


Running target unix
FAIL: libmudflap.c++/pass41-frag.cxx execution test
FAIL: libmudflap.c++/pass41-frag.cxx (-static) execution test
FAIL: libmudflap.c++/pass41-frag.cxx (-O2) execution test
FAIL: libmudflap.c++/pass41-frag.cxx (-O3) execution test

		=== libmudflap Summary ===

# of expected passes		1890
# of unexpected failures	4
		=== libstdc++ tests ===


Running target unix
XPASS: 26_numerics/headers/cmath/c99_classification_macros_c.cc (test for excess errors)

		=== libstdc++ Summary ===

# of expected passes		6478
# of unexpected successes	1
# of expected failures		80
# of unsupported tests		15

Compiler version: 4.4.0 20090404 (prerelease) [gcc-4_4-branch revision 145547] (GCC) 
Platform: ia64-unknown-linux-gnu
configure flags: --enable-clocale=gnu --with-system-zlib --enable-shared --with-demangler-in-ld


Index Nav: [Date Index] [Subject Index] [Author Index] [Thread Index]
Message Nav: [Date Prev] [Date Next] [Thread Prev] [Thread Next]