This is the mail archive of the
gcc-testresults@gcc.gnu.org
mailing list for the GCC project.
Results for 4.5.0 20090403 (experimental) [trunk revision 145499] (GCC) testsuite on i686-pc-linux-gnu
- From: hjl at gnu-31 dot sc dot intel dot com (H.J. Lu (ia32))
- To: gcc-testresults at gcc dot gnu dot org
- Date: Fri, 3 Apr 2009 09:33:46 -0700 (PDT)
- Subject: Results for 4.5.0 20090403 (experimental) [trunk revision 145499] (GCC) testsuite on i686-pc-linux-gnu
LAST_UPDATED: Fri Apr 3 13:57:44 UTC 2009 (revision 145499)
Native configuration is i686-pc-linux-gnu
=== g++ tests ===
Running target unix
=== g++ Summary ===
# of expected passes 19711
# of expected failures 142
# of unsupported tests 100
/export/gnu/import/svn/gcc-test/bld/gcc/testsuite/g++/../../g++ version 4.5.0 20090403 (experimental) [trunk revision 145499] (GCC)
=== gcc tests ===
Running target unix
=== gcc Summary ===
# of expected passes 57337
# of expected failures 147
# of unsupported tests 436
/export/gnu/import/svn/gcc-test/bld/gcc/xgcc version 4.5.0 20090403 (experimental) [trunk revision 145499] (GCC)
=== gfortran tests ===
Running target unix
=== gfortran Summary ===
# of expected passes 29705
# of expected failures 11
# of unsupported tests 97
/export/gnu/import/svn/gcc-test/bld/gcc/testsuite/gfortran/../../gfortran version 4.5.0 20090403 (experimental) [trunk revision 145499] (GCC)
=== objc tests ===
Running target unix
=== objc Summary ===
# of expected passes 1872
# of expected failures 7
# of unsupported tests 24
/export/gnu/import/svn/gcc-test/bld/gcc/xgcc version 4.5.0 20090403 (experimental) [trunk revision 145499] (GCC)
=== libffi tests ===
Running target unix
=== libffi Summary ===
# of expected passes 1389
# of unsupported tests 10
=== libgomp tests ===
Running target unix
=== libgomp Summary ===
# of expected passes 2390
=== libjava tests ===
Running target unix
=== libjava Summary ===
# of expected passes 2574
=== libmudflap tests ===
Running target unix
FAIL: libmudflap.c++/pass41-frag.cxx execution test
FAIL: libmudflap.c++/pass41-frag.cxx (-static) execution test
FAIL: libmudflap.c++/pass41-frag.cxx (-O2) execution test
FAIL: libmudflap.c++/pass41-frag.cxx (-O3) execution test
=== libmudflap Summary ===
# of expected passes 1890
# of unexpected failures 4
=== libstdc++ tests ===
Running target unix
XPASS: 26_numerics/headers/cmath/c99_classification_macros_c.cc (test for excess errors)
FAIL: 26_numerics/random/independent_bits_engine/cons/base_copy.cc (test for excess errors)
WARNING: 26_numerics/random/independent_bits_engine/cons/base_copy.cc compilation failed to produce executable
FAIL: 26_numerics/random/independent_bits_engine/cons/base_move.cc (test for excess errors)
WARNING: 26_numerics/random/independent_bits_engine/cons/base_move.cc compilation failed to produce executable
FAIL: 26_numerics/random/independent_bits_engine/cons/default.cc (test for excess errors)
WARNING: 26_numerics/random/independent_bits_engine/cons/default.cc compilation failed to produce executable
FAIL: 26_numerics/random/independent_bits_engine/cons/seed1.cc (test for excess errors)
WARNING: 26_numerics/random/independent_bits_engine/cons/seed1.cc compilation failed to produce executable
FAIL: 26_numerics/random/independent_bits_engine/cons/seed2.cc (test for excess errors)
WARNING: 26_numerics/random/independent_bits_engine/cons/seed2.cc compilation failed to produce executable
FAIL: 26_numerics/random/independent_bits_engine/cons/seed_seq.cc (test for excess errors)
WARNING: 26_numerics/random/independent_bits_engine/cons/seed_seq.cc compilation failed to produce executable
FAIL: 26_numerics/random/independent_bits_engine/operators/equal.cc (test for excess errors)
WARNING: 26_numerics/random/independent_bits_engine/operators/equal.cc compilation failed to produce executable
FAIL: 26_numerics/random/independent_bits_engine/operators/serialize.cc (test for excess errors)
WARNING: 26_numerics/random/independent_bits_engine/operators/serialize.cc compilation failed to produce executable
FAIL: 26_numerics/random/independent_bits_engine/requirements/typedefs.cc (test for excess errors)
FAIL: 26_numerics/random/knuth_b.cc execution test
FAIL: 26_numerics/random/mt19937_64.cc (test for excess errors)
FAIL: 26_numerics/random/piecewise_linear_distribution/operators/serialize.cc execution test
FAIL: 26_numerics/random/ranlux48.cc execution test
FAIL: 26_numerics/random/ranlux48_base.cc execution test
=== libstdc++ Summary ===
# of expected passes 6723
# of unexpected failures 14
# of unexpected successes 1
# of expected failures 82
# of unsupported tests 18
Compiler version: 4.5.0 20090403 (experimental) [trunk revision 145499] (GCC)
Platform: i686-pc-linux-gnu
configure flags: --enable-clocale=gnu --with-system-zlib --enable-shared --with-demangler-in-ld