This is the mail archive of the
gcc-testresults@gcc.gnu.org
mailing list for the GCC project.
Results for 4.5.0 20090330 (experimental) [trunk revision 145289] (GCC) testsuite on ia64-unknown-linux-gnu
- From: Laurent GUERBY gcc41 <guerby at gcc41 dot fsffrance dot org>
- To: gcc-testresults at gcc dot gnu dot org
- Date: Thu, 02 Apr 2009 18:32:43 +0200
- Subject: Results for 4.5.0 20090330 (experimental) [trunk revision 145289] (GCC) testsuite on ia64-unknown-linux-gnu
LAST_UPDATED: Mon Mar 30 12:14:26 UTC 2009 (revision 145289)
=== acats tests ===
=== acats Summary ===
# of expected passes 2315
# of unexpected failures 0
Native configuration is ia64-unknown-linux-gnu
=== gcc tests ===
Running target unix
WARNING: program timed out.
FAIL: gcc.c-torture/compile/limits-fnargs.c -O2 (test for excess errors)
WARNING: program timed out.
FAIL: gcc.c-torture/compile/limits-fnargs.c -O3 -fomit-frame-pointer (test for excess errors)
WARNING: program timed out.
FAIL: gcc.c-torture/compile/limits-fnargs.c -O3 -g (test for excess errors)
WARNING: program timed out.
FAIL: gcc.c-torture/compile/limits-fnargs.c -Os (test for excess errors)
XPASS: gcc.c-torture/compile/pr11832.c -O3 -fomit-frame-pointer (test for excess errors)
XPASS: gcc.c-torture/compile/pr11832.c -O3 -fomit-frame-pointer -funroll-loops (test for excess errors)
XPASS: gcc.c-torture/compile/pr11832.c -O3 -fomit-frame-pointer -funroll-all-loops -finline-functions (test for excess errors)
XPASS: gcc.c-torture/compile/pr11832.c -O3 -g (test for excess errors)
XPASS: gcc.c-torture/compile/pr11832.c -Os (test for excess errors)
XPASS: gcc.c-torture/compile/pr33009.c -O1 (test for excess errors)
XPASS: gcc.c-torture/compile/pr33009.c -O2 (test for excess errors)
XPASS: gcc.c-torture/compile/pr33009.c -O3 -fomit-frame-pointer (test for excess errors)
XPASS: gcc.c-torture/compile/pr33009.c -O3 -fomit-frame-pointer -funroll-loops (test for excess errors)
XPASS: gcc.c-torture/compile/pr33009.c -O3 -fomit-frame-pointer -funroll-all-loops -finline-functions (test for excess errors)
XPASS: gcc.c-torture/compile/pr33009.c -O3 -g (test for excess errors)
XPASS: gcc.c-torture/compile/pr33009.c -Os (test for excess errors)
WARNING: program timed out.
FAIL: gcc.dg/20020425-1.c (test for excess errors)
FAIL: gcc.dg/builtin-apply4.c execution test
FAIL: gcc.dg/pr37106-1.c (internal compiler error)
FAIL: gcc.dg/pr37106-1.c (test for excess errors)
XPASS: gcc.dg/tree-ssa/loop-1.c scan-assembler-times foo 5
FAIL: gcc.dg/tree-ssa/loop-31.c scan-tree-dump-times optimized " \\+ 2" 1
FAIL: gcc.dg/vect/vect-35.c scan-tree-dump-times vect "vectorized 2 loops" 1
=== gcc Summary ===
# of expected passes 50044
# of unexpected failures 10
# of unexpected successes 13
# of expected failures 210
# of unsupported tests 487
/home/guerby/build/gcc/xgcc version 4.5.0 20090330 (experimental) [trunk revision 145289] (GCC)
=== gnat tests ===
Running target unix
=== gnat Summary ===
# of expected passes 611
# of expected failures 6
=== libgomp tests ===
Running target unix
=== libgomp Summary ===
# of expected passes 254
=== libmudflap tests ===
Running target unix
=== libmudflap Summary ===
# of expected passes 1740
# of unsupported tests 2
Compiler version: 4.5.0 20090330 (experimental) [trunk revision 145289] (GCC)
Platform: ia64-unknown-linux-gnu
configure flags: --prefix=/n/41/guerby/install-trunk --enable-languages=c,ada --enable-__cxa_atexit --disable-nls --enable-threads=posix --with-mpfr=/opt/cfarm/mpfr-2.3.2