This is the mail archive of the gcc-testresults@gcc.gnu.org mailing list for the GCC project.


Index Nav: [Date Index] [Subject Index] [Author Index] [Thread Index]
Message Nav: [Date Prev] [Date Next] [Thread Prev] [Thread Next]
Other format: [Raw text]

Results for 4.4.0 20090313 (experimental) [trunk revision 144840] (GCC) testsuite on i686-pc-linux-gnu


LAST_UPDATED: Fri Mar 13 17:46:15 UTC 2009 (revision 144840)

Native configuration is i686-pc-linux-gnu

		=== g++ tests ===


Running target unix

		=== g++ Summary ===

# of expected passes		19614
# of expected failures		140
# of unsupported tests		100
/home/jye2/gcc/build-daily/gcc/testsuite/g++/../../g++  version 4.4.0 20090313 (experimental) [trunk revision 144840] (GCC) 

		=== gcc tests ===


Running target unix

		=== gcc Summary ===

# of expected passes		55689
# of expected failures		188
# of unsupported tests		876
/home/jye2/gcc/build-daily/gcc/xgcc  version 4.4.0 20090313 (experimental) [trunk revision 144840] (GCC) 

		=== gfortran tests ===


Running target unix

		=== gfortran Summary ===

# of expected passes		29240
# of expected failures		10
# of unsupported tests		97
/home/jye2/gcc/build-daily/gcc/testsuite/gfortran/../../gfortran  version 4.4.0 20090313 (experimental) [trunk revision 144840] (GCC) 

		=== objc tests ===


Running target unix

		=== objc Summary ===

# of expected passes		1842
# of expected failures		7
# of unsupported tests		24
/home/jye2/gcc/build-daily/gcc/xgcc  version 4.4.0 20090313 (experimental) [trunk revision 144840] (GCC) 

		=== libffi tests ===


Running target unix

		=== libffi Summary ===

# of expected passes		1389
# of unsupported tests		10
		=== libgomp tests ===


Running target unix

		=== libgomp Summary ===

# of expected passes		2346
		=== libjava tests ===


Running target unix

		=== libjava Summary ===

# of expected passes		2574
		=== libmudflap tests ===


Running target unix
FAIL: libmudflap.c++/pass41-frag.cxx execution test
FAIL: libmudflap.c++/pass41-frag.cxx (-static) execution test
FAIL: libmudflap.c++/pass41-frag.cxx (-O2) execution test
FAIL: libmudflap.c++/pass41-frag.cxx (-O3) execution test

		=== libmudflap Summary ===

# of expected passes		1890
# of unexpected failures	4
		=== libstdc++ tests ===


Running target unix
XPASS: 26_numerics/headers/cmath/c99_classification_macros_c.cc (test for excess errors)

		=== libstdc++ Summary ===

# of expected passes		6465
# of unexpected successes	1
# of expected failures		80
# of unsupported tests		18

Compiler version: 4.4.0 20090313 (experimental) [trunk revision 144840] (GCC) 
Platform: i686-pc-linux-gnu
configure flags: --enable-clocale=gnu --with-system-zlib --enable-decimal-float=bid --with-demangler-in-ld --enable-shared --enable-threads=posix --enable-haifa --enable-checking=assert


Index Nav: [Date Index] [Subject Index] [Author Index] [Thread Index]
Message Nav: [Date Prev] [Date Next] [Thread Prev] [Thread Next]