This is the mail archive of the gcc-testresults@gcc.gnu.org mailing list for the GCC project.


Index Nav: [Date Index] [Subject Index] [Author Index] [Thread Index]
Message Nav: [Date Prev] [Date Next] [Thread Prev] [Thread Next]
Other format: [Raw text]

Results for 4.4.0 20090225 (experimental) [trunk revision 144425] (GCC) testsuite on mips64el-unknown-linux-gnu


LAST_UPDATED: Wed Feb 25 15:31:11 UTC 2009 (revision 144425)

		=== acats tests ===
FAIL:	cxg2001
FAIL:	cxg2002
FAIL:	cxg2003
FAIL:	cxg2004
FAIL:	cxg2006
FAIL:	cxg2007
FAIL:	cxg2010
FAIL:	cxg2011
FAIL:	cxg2012
FAIL:	cxg2013
FAIL:	cxg2014
FAIL:	cxg2015
FAIL:	cxg2016
FAIL:	cxg2017
FAIL:	cxg2018
FAIL:	cxg2019
FAIL:	cxg2020
FAIL:	cxg2021
FAIL:	cxg2024

		=== acats Summary ===
# of expected passes		2296
# of unexpected failures	19
Native configuration is mips64el-unknown-linux-gnu

		=== gcc tests ===


Running target unix
FAIL: largefile.c -O0 -g -I. (test for excess errors)
FAIL: gcc.dg/pch/largefile.c -O0 -g assembly comparison
FAIL: largefile.c  -O0  -I. (test for excess errors)
FAIL: gcc.dg/pch/largefile.c  -O0  assembly comparison
FAIL: largefile.c  -O1  -I. (test for excess errors)
FAIL: gcc.dg/pch/largefile.c  -O1  assembly comparison
FAIL: largefile.c  -O2  -I. (test for excess errors)
FAIL: gcc.dg/pch/largefile.c  -O2  assembly comparison
FAIL: largefile.c  -O3 -fomit-frame-pointer  -I. (test for excess errors)
FAIL: gcc.dg/pch/largefile.c  -O3 -fomit-frame-pointer  assembly comparison
FAIL: largefile.c  -O3 -g  -I. (test for excess errors)
FAIL: gcc.dg/pch/largefile.c  -O3 -g  assembly comparison
FAIL: largefile.c  -Os  -I. (test for excess errors)
FAIL: gcc.dg/pch/largefile.c  -Os  assembly comparison
FAIL: gcc.misc-tests/linkage.c link

		=== gcc Summary ===

# of expected passes		50008
# of unexpected failures	15
# of expected failures		126
# of unsupported tests		479
/home/guerby/build-144425-d/gcc/xgcc  version 4.4.0 20090225 (experimental) [trunk revision 144425] (GCC) 

		=== gnat tests ===


Running target unix

		=== gnat Summary ===

# of expected passes		608
# of expected failures		6
		=== libgomp tests ===


Running target unix

		=== libgomp Summary ===

# of expected passes		250
		=== libmudflap tests ===


Running target unix

		=== libmudflap Summary ===

# of expected passes		1740
# of unsupported tests		2

Compiler version: 4.4.0 20090225 (experimental) [trunk revision 144425] (GCC) 
Platform: mips64el-unknown-linux-gnu
configure flags: --enable-languages=c,ada --enable-__cxa_atexit --disable-nls --enable-threads=posix --enable-stage1-checking=release --prefix=/n/51/guerby/install-trunk-144425-d --disable-fixed-point --disable-multilib --with-mpfr=/opt/cfarm/mpfr-2.3.2-n32 --with-gmp=/opt/cfarm/gmp-4.2.4-n32


Index Nav: [Date Index] [Subject Index] [Author Index] [Thread Index]
Message Nav: [Date Prev] [Date Next] [Thread Prev] [Thread Next]