This is the mail archive of the
gcc-testresults@gcc.gnu.org
mailing list for the GCC project.
Results for 4.4.0 20090217 (experimental) [stack revision 144307] (GCC) testsuite on x86_64-unknown-linux-gnu
- From: Mike Stein <mstein dot lists at googlemail dot com>
- To: gcc-testresults at gcc dot gnu dot org
- Date: Fri, 20 Feb 2009 23:55:24 +0100
- Subject: Results for 4.4.0 20090217 (experimental) [stack revision 144307] (GCC) testsuite on x86_64-unknown-linux-gnu
- Reply-to: gcc at gcc dot gnu dot org
LAST_UPDATED: Thu Feb 19 23:15:32 UTC 2009 (revision 144307)
Native configuration is x86_64-unknown-linux-gnu
=== gcc tests ===
Running target unix/
FAIL: gcc.c-torture/compile/limits-structnest.c -O2 (test for excess errors)
FAIL: gcc.c-torture/compile/limits-structnest.c -O3 -fomit-frame-pointer (test for excess errors)
FAIL: gcc.c-torture/compile/limits-structnest.c -O3 -g (test for excess errors)
FAIL: gcc.c-torture/compile/limits-structnest.c -Os (test for excess errors)
FAIL: gcc.dg/tree-prof/bb-reorg.c compilation, -fprofile-use -D_PROFILE_USE
UNRESOLVED: gcc.dg/tree-prof/bb-reorg.c execution, -fprofile-use -D_PROFILE_USE
FAIL: gcc.dg/tree-prof/pr34999.c compilation, -fprofile-use -D_PROFILE_USE
UNRESOLVED: gcc.dg/tree-prof/pr34999.c execution, -fprofile-use -D_PROFILE_USE
=== gcc Summary ===
# of expected passes 54773
# of unexpected failures 6
# of expected failures 187
# of unresolved testcases 2
# of unsupported tests 1269
/home/mstein/obj/stack/gcc/xgcc version 4.4.0 20090217 (experimental) [stack revision 144307] (GCC)
=== libgomp tests ===
Running target unix/
=== libgomp Summary ===
# of expected passes 250
=== libmudflap tests ===
Running target unix/
=== libmudflap Summary ===
# of expected passes 1740
# of unsupported tests 2
Compiler version: 4.4.0 20090217 (experimental) [stack revision 144307] (GCC)
Platform: x86_64-unknown-linux-gnu
configure flags: --enable-languages=c --disable-nls --prefix=/home/mstein/host-gcc/stack-2009-02-20 --enable-checking=yes,rtl --with-mpfr=/opt/cfarm/mpfr-2.3.1