This is the mail archive of the gcc-testresults@gcc.gnu.org mailing list for the GCC project.


Index Nav: [Date Index] [Subject Index] [Author Index] [Thread Index]
Message Nav: [Date Prev] [Date Next] [Thread Prev] [Thread Next]
Other format: [Raw text]

Results for 4.4.0 20090208 (experimental) [trunk revision 144013] (GCC) testsuite on ia64-suse-linux-gnu


LAST_UPDATED: Sun Feb  8 09:04:04 UTC 2009 (revision 144013)

		=== acats tests ===

		=== acats Summary ===
# of expected passes		2315
# of unexpected failures	0
Native configuration is ia64-suse-linux-gnu

		=== g++ tests ===


Running target unix

		=== g++ Summary ===

# of expected passes		18169
# of expected failures		141
# of unsupported tests		151
/usr/local/gcc/gcc-20090208/Build/gcc/testsuite/g++/../../g++  version 4.4.0 20090208 (experimental) [trunk revision 144013] (GCC) 

		=== gcc tests ===


Running target unix
FAIL: gcc.c-torture/compile/limits-exprparen.c  -O0  (test for excess errors)
FAIL: gcc.c-torture/compile/limits-exprparen.c  -O1  (test for excess errors)
FAIL: gcc.c-torture/compile/limits-exprparen.c  -O2  (test for excess errors)
FAIL: gcc.c-torture/compile/limits-exprparen.c  -O3 -fomit-frame-pointer  (test for excess errors)
FAIL: gcc.c-torture/compile/limits-exprparen.c  -O3 -g  (test for excess errors)
FAIL: gcc.c-torture/compile/limits-exprparen.c  -Os  (test for excess errors)
XPASS: gcc.c-torture/compile/pr11832.c  -O3 -fomit-frame-pointer  (test for excess errors)
XPASS: gcc.c-torture/compile/pr11832.c  -O3 -fomit-frame-pointer -funroll-loops  (test for excess errors)
XPASS: gcc.c-torture/compile/pr11832.c  -O3 -fomit-frame-pointer -funroll-all-loops -finline-functions  (test for excess errors)
XPASS: gcc.c-torture/compile/pr11832.c  -O3 -g  (test for excess errors)
XPASS: gcc.c-torture/compile/pr11832.c  -Os  (test for excess errors)
XPASS: gcc.c-torture/compile/pr33009.c  -O1  (test for excess errors)
XPASS: gcc.c-torture/compile/pr33009.c  -O2  (test for excess errors)
XPASS: gcc.c-torture/compile/pr33009.c  -O3 -fomit-frame-pointer  (test for excess errors)
XPASS: gcc.c-torture/compile/pr33009.c  -O3 -fomit-frame-pointer -funroll-loops  (test for excess errors)
XPASS: gcc.c-torture/compile/pr33009.c  -O3 -fomit-frame-pointer -funroll-all-loops -finline-functions  (test for excess errors)
XPASS: gcc.c-torture/compile/pr33009.c  -O3 -g  (test for excess errors)
XPASS: gcc.c-torture/compile/pr33009.c  -Os  (test for excess errors)
FAIL: gcc.dg/20020425-1.c (test for excess errors)
FAIL: gcc.dg/builtin-apply4.c execution test
FAIL: gcc.dg/pr37106-1.c (internal compiler error)
FAIL: gcc.dg/pr37106-1.c (test for excess errors)
WARNING: gcc.dg/torture/fp-int-convert-float128-timode.c  -O0  compilation failed to produce executable
WARNING: gcc.dg/torture/fp-int-convert-float128-timode.c  -O1  compilation failed to produce executable
WARNING: gcc.dg/torture/fp-int-convert-float128-timode.c  -O2  compilation failed to produce executable
WARNING: gcc.dg/torture/fp-int-convert-float128-timode.c  -O3 -fomit-frame-pointer  compilation failed to produce executable
WARNING: gcc.dg/torture/fp-int-convert-float128-timode.c  -O3 -g  compilation failed to produce executable
WARNING: gcc.dg/torture/fp-int-convert-float128-timode.c  -Os  compilation failed to produce executable
FAIL: gcc.dg/torture/fp-int-convert-float128.c  -O0  (test for excess errors)
WARNING: gcc.dg/torture/fp-int-convert-float128.c  -O0  compilation failed to produce executable
FAIL: gcc.dg/torture/fp-int-convert-float128.c  -O1  (test for excess errors)
WARNING: gcc.dg/torture/fp-int-convert-float128.c  -O1  compilation failed to produce executable
FAIL: gcc.dg/torture/fp-int-convert-float128.c  -O2  (test for excess errors)
WARNING: gcc.dg/torture/fp-int-convert-float128.c  -O2  compilation failed to produce executable
FAIL: gcc.dg/torture/fp-int-convert-float128.c  -O3 -fomit-frame-pointer  (test for excess errors)
WARNING: gcc.dg/torture/fp-int-convert-float128.c  -O3 -fomit-frame-pointer  compilation failed to produce executable
FAIL: gcc.dg/torture/fp-int-convert-float128.c  -O3 -g  (test for excess errors)
WARNING: gcc.dg/torture/fp-int-convert-float128.c  -O3 -g  compilation failed to produce executable
FAIL: gcc.dg/torture/fp-int-convert-float128.c  -Os  (test for excess errors)
WARNING: gcc.dg/torture/fp-int-convert-float128.c  -Os  compilation failed to produce executable
XPASS: gcc.dg/tree-ssa/loop-1.c scan-assembler-times foo 5

		=== gcc Summary ===

# of expected passes		49258
# of unexpected failures	16
# of unexpected successes	13
# of expected failures		252
# of unsupported tests		483
/usr/local/gcc/gcc-20090208/Build/gcc/xgcc  version 4.4.0 20090208 (experimental) [trunk revision 144013] (GCC) 

		=== gfortran tests ===


Running target unix

		=== gfortran Summary ===

# of expected passes		29262
# of expected failures		18
# of unsupported tests		28
/usr/local/gcc/gcc-20090208/Build/gcc/testsuite/gfortran/../../gfortran  version 4.4.0 20090208 (experimental) [trunk revision 144013] (GCC) 

		=== gnat tests ===


Running target unix

		=== gnat Summary ===

# of expected passes		605
# of expected failures		6
		=== obj-c++ tests ===


Running target unix
WARNING: obj-c++.dg/lookup-2.mm compilation failed to produce executable
WARNING: obj-c++.dg/try-catch-2.mm compilation failed to produce executable
WARNING: obj-c++.dg/try-catch-9.mm compilation failed to produce executable

		=== obj-c++ Summary ===

# of expected passes		427
# of expected failures		21
# of unsupported tests		13
/usr/local/gcc/gcc-20090208/Build/gcc/testsuite/obj-c++/../../g++  version 4.4.0 20090208 (experimental) [trunk revision 144013] (GCC) 

		=== objc tests ===


Running target unix
FAIL: objc/execute/forward-1.m execution,  -O0 -fgnu-runtime
FAIL: objc/execute/forward-1.m execution,  -O1 -fgnu-runtime
FAIL: objc/execute/forward-1.m execution,  -O2 -fgnu-runtime
FAIL: objc/execute/forward-1.m execution,  -O3 -fomit-frame-pointer -fgnu-runtime
FAIL: objc/execute/forward-1.m execution,  -O3 -fomit-frame-pointer -funroll-loops -fgnu-runtime
FAIL: objc/execute/forward-1.m execution,  -O3 -fomit-frame-pointer -funroll-all-loops -finline-functions -fgnu-runtime
FAIL: objc/execute/forward-1.m execution,  -O3 -g -fgnu-runtime
FAIL: objc/execute/forward-1.m execution,  -Os -fgnu-runtime

		=== objc Summary ===

# of expected passes		1820
# of unexpected failures	8
# of expected failures		7
# of unsupported tests		25
/usr/local/gcc/gcc-20090208/Build/gcc/xgcc  version 4.4.0 20090208 (experimental) [trunk revision 144013] (GCC) 

		=== libffi tests ===


Running target unix

		=== libffi Summary ===

# of expected passes		1389
# of unsupported tests		10
		=== libgomp tests ===


Running target unix

		=== libgomp Summary ===

# of expected passes		2345
		=== libjava tests ===


Running target unix
FAIL: TestClosureGC run
FAIL: getlocalvartable output
FAIL: Array_3 execution - source compiled test
FAIL: Array_3 -findirect-dispatch execution - source compiled test
FAIL: Array_3 -O3 execution - source compiled test
FAIL: Array_3 -O3 -findirect-dispatch execution - source compiled test
FAIL: Invoke_1 execution - source compiled test
FAIL: Invoke_1 -findirect-dispatch execution - source compiled test
FAIL: Invoke_1 -O3 execution - source compiled test
FAIL: Invoke_1 -O3 -findirect-dispatch execution - source compiled test
FAIL: Throw_3 -O3 output - source compiled test
FAIL: Throw_3 -O3 -findirect-dispatch output - source compiled test
FAIL: pr83 -findirect-dispatch execution - source compiled test
FAIL: pr83 -O3 -findirect-dispatch execution - source compiled test

		=== libjava Summary ===

# of expected passes		2550
# of unexpected failures	14
# of untested testcases		11
		=== libmudflap tests ===


Running target unix
FAIL: libmudflap.c++/pass41-frag.cxx execution test
FAIL: libmudflap.c++/pass41-frag.cxx (-static) execution test
FAIL: libmudflap.c++/pass41-frag.cxx (-O2) execution test
FAIL: libmudflap.c++/pass41-frag.cxx (-O3) execution test

		=== libmudflap Summary ===

# of expected passes		1890
# of unexpected failures	4
		=== libstdc++ tests ===


Running target unix
XPASS: 26_numerics/headers/cmath/c99_classification_macros_c.cc (test for excess errors)

		=== libstdc++ Summary ===

# of expected passes		6432
# of unexpected successes	1
# of expected failures		80
# of unsupported tests		15

Compiler version: 4.4.0 20090208 (experimental) [trunk revision 144013] (GCC) 
Platform: ia64-suse-linux-gnu
configure flags: --prefix=/usr --build=ia64-suse-linux --host=ia64-suse-linux --enable-shared --enable-threads --enable-__cxa_atexit --with-system-zlib --with-system-libunwind


Index Nav: [Date Index] [Subject Index] [Author Index] [Thread Index]
Message Nav: [Date Prev] [Date Next] [Thread Prev] [Thread Next]