This is the mail archive of the gcc-testresults@gcc.gnu.org mailing list for the GCC project.


Index Nav: [Date Index] [Subject Index] [Author Index] [Thread Index]
Message Nav: [Date Prev] [Date Next] [Thread Prev] [Thread Next]
Other format: [Raw text]

Results for 4.3.4 20090204 (prerelease) [gcc-4_3-branch revision 143918] (GCC) testsuite on hppa-unknown-linux-gnu


LAST_UPDATED: Wed Feb  4 01:17:08 UTC 2009 (revision 143918)

		=== acats tests ===
FAIL:	cxf3a01

		=== acats Summary ===
# of expected passes		2314
# of unexpected failures	1
Native configuration is hppa-unknown-linux-gnu

		=== g++ tests ===


Running target unix

		=== g++ Summary ===

# of expected passes		17615
# of expected failures		82
# of unsupported tests		140
/home/dave/gnu/gcc-4.3/objdir/gcc/testsuite/g++/../../g++  version 4.3.4 20090204 (prerelease) [gcc-4_3-branch revision 143918] (GCC) 

		=== gcc tests ===


Running target unix
FAIL: gcc.dg/typespec-1.c unsigned long long int _Bool (test for errors, line 937)
FAIL: gcc.dg/typespec-1.c (test for excess errors)
XPASS: gcc.dg/tree-ssa/loop-1.c scan-assembler-times foo 5

		=== gcc Summary ===

# of expected passes		46371
# of unexpected failures	2
# of unexpected successes	1
# of expected failures		92
# of untested testcases		35
# of unsupported tests		341
/home/dave/gnu/gcc-4.3/objdir/gcc/xgcc  version 4.3.4 20090204 (prerelease) [gcc-4_3-branch revision 143918] (GCC) 

		=== gfortran tests ===


Running target unix

		=== gfortran Summary ===

# of expected passes		24583
# of expected failures		3
# of unsupported tests		140
/home/dave/gnu/gcc-4.3/objdir/gcc/testsuite/gfortran/../../gfortran  version 4.3.4 20090204 (prerelease) [gcc-4_3-branch revision 143918] (GCC) 

		=== gnat tests ===


Running target unix

		=== gnat Summary ===

# of expected passes		375
# of expected failures		1
		=== obj-c++ tests ===


Running target unix
UNRESOLVED: obj-c++.dg/lookup-2.mm compilation failed to produce executable
UNRESOLVED: obj-c++.dg/try-catch-2.mm compilation failed to produce executable
UNRESOLVED: obj-c++.dg/try-catch-9.mm compilation failed to produce executable

		=== obj-c++ Summary ===

# of expected passes		437
# of expected failures		9
# of unresolved testcases	3
# of unsupported tests		13
/home/dave/gnu/gcc-4.3/objdir/gcc/testsuite/obj-c++/../../g++  version 4.3.4 20090204 (prerelease) [gcc-4_3-branch revision 143918] (GCC) 

		=== objc tests ===


Running target unix

		=== objc Summary ===

# of expected passes		1812
# of expected failures		7
# of unsupported tests		24
/home/dave/gnu/gcc-4.3/objdir/gcc/xgcc  version 4.3.4 20090204 (prerelease) [gcc-4_3-branch revision 143918] (GCC) 

		=== libffi tests ===


Running target unix

		=== libffi Summary ===

# of expected passes		1389
# of unsupported tests		10
		=== libgomp tests ===


Running target unix

		=== libgomp Summary ===

# of expected passes		1749
# of unsupported tests		7
		=== libjava tests ===


Running target unix
FAIL: events output

		=== libjava Summary ===

# of expected passes		2561
# of unexpected failures	1
		=== libmudflap tests ===


Running target unix
FAIL: libmudflap.c++/pass41-frag.cxx execution test
FAIL: libmudflap.c++/pass41-frag.cxx (-static) execution test
FAIL: libmudflap.c++/pass41-frag.cxx ( -O) execution test
FAIL: libmudflap.c++/pass41-frag.cxx (-O2) execution test
FAIL: libmudflap.c++/pass41-frag.cxx (-O3) execution test

		=== libmudflap Summary ===

# of expected passes		1844
# of unexpected failures	5
		=== libstdc++ tests ===


Running target unix
FAIL: abi_check
FAIL: 22_locale/time_get/get_date/wchar_t/4.cc execution test
XPASS: 26_numerics/headers/cmath/c99_classification_macros_c.cc (test for excess errors)

		=== libstdc++ Summary ===

# of expected passes		5574
# of unexpected failures	2
# of unexpected successes	1
# of expected failures		59
# of unsupported tests		10

Compiler version: 4.3.4 20090204 (prerelease) [gcc-4_3-branch revision 143918] (GCC) 
Platform: hppa-unknown-linux-gnu
configure flags: --with-gnu-as --with-gnu-ld --enable-shared --prefix=/home/dave/opt/gnu/gcc/gcc-4.3.4 --with-local-prefix=/home/dave/opt/gnu --enable-threads=posix --enable-__cxa_atexit --build=hppa-linux --enable-clocale=gnu --enable-java-gc=boehm --enable-java-awt=xlib --enable-languages=c,c++,objc,fortran,obj-c++,java,ada


Index Nav: [Date Index] [Subject Index] [Author Index] [Thread Index]
Message Nav: [Date Prev] [Date Next] [Thread Prev] [Thread Next]