This is the mail archive of the
gcc-testresults@gcc.gnu.org
mailing list for the GCC project.
Results for 4.4.0 20090202 (experimental) (GCC) testsuite on m68k-unknown-elf
- From: CodeSourcery Automatic Testing System <gcc at codesourcery dot com>
- To: gcc-testresults at gcc dot gnu dot org
- Date: Tue, 3 Feb 2009 01:14:08 -0800 (PST)
- Subject: Results for 4.4.0 20090202 (experimental) (GCC) testsuite on m68k-unknown-elf
LAST_UPDATED: Mon Feb 2 08:11:05 UTC 2009 (/trunk revision 143862)
Target is m68k-unknown-elf
Host is i686-pc-linux-gnu
=== g++ tests ===
Running target qemu-coldfire-elf-prebuilt-fsf/-mcpu=5206e
FAIL: g++.dg/eh/gcsec1.C execution test
FAIL: g++.dg/init/ref15.C execution test
FAIL: g++.dg/torture/pr36191.C -O3 -fomit-frame-pointer (test for excess errors)
FAIL: g++.dg/torture/type-generic-1.C -O0 execution test
FAIL: g++.dg/torture/type-generic-1.C -O1 execution test
FAIL: g++.dg/torture/type-generic-1.C -O2 execution test
FAIL: g++.dg/torture/type-generic-1.C -O3 -fomit-frame-pointer execution test
FAIL: g++.dg/torture/type-generic-1.C -O3 -g execution test
FAIL: g++.dg/torture/type-generic-1.C -Os execution test
=== g++ Summary ===
# of expected passes 18235
# of unexpected failures 9
# of expected failures 140
# of unsupported tests 193
/scratch/gcc/nightly-2009-02-02-mainline/coldfire-elf/obj/test-mainline-0-m68k-elf/host-i686-pc-linux-gnu/fsf-mainline/bin/m68k-elf-g++ version 4.4.0 20090202 (experimental) (GCC)
Host is i686-pc-linux-gnu
=== gcc tests ===
Running target qemu-coldfire-elf-prebuilt-fsf/-mcpu=5206e
FAIL: gcc.c-torture/execute/20060420-1.c compilation, -O2 (internal compiler error)
UNRESOLVED: gcc.c-torture/execute/20060420-1.c execution, -O2
FAIL: gcc.c-torture/execute/20060420-1.c compilation, -O3 -fomit-frame-pointer (internal compiler error)
UNRESOLVED: gcc.c-torture/execute/20060420-1.c execution, -O3 -fomit-frame-pointer
FAIL: gcc.c-torture/execute/20060420-1.c compilation, -O3 -fomit-frame-pointer -funroll-loops (internal compiler error)
UNRESOLVED: gcc.c-torture/execute/20060420-1.c execution, -O3 -fomit-frame-pointer -funroll-loops
FAIL: gcc.c-torture/execute/20060420-1.c compilation, -O3 -fomit-frame-pointer -funroll-all-loops -finline-functions (internal compiler error)
UNRESOLVED: gcc.c-torture/execute/20060420-1.c execution, -O3 -fomit-frame-pointer -funroll-all-loops -finline-functions
FAIL: gcc.c-torture/execute/20060420-1.c compilation, -O3 -g (internal compiler error)
UNRESOLVED: gcc.c-torture/execute/20060420-1.c execution, -O3 -g
FAIL: gcc.dg/pr28796-2.c execution test
FAIL: gcc.dg/torture/type-generic-1.c -O0 execution test
FAIL: gcc.dg/torture/type-generic-1.c -O1 execution test
FAIL: gcc.dg/torture/type-generic-1.c -O2 execution test
FAIL: gcc.dg/torture/type-generic-1.c -O3 -fomit-frame-pointer execution test
FAIL: gcc.dg/torture/type-generic-1.c -O3 -g execution test
FAIL: gcc.dg/torture/type-generic-1.c -Os execution test
FAIL: gcc.dg/tree-ssa/vrp47.c scan-tree-dump-times vrp1 "[xy][^ ]* !=" 0
FAIL: gcc.dg/tree-ssa/vrp47.c scan-tree-dump-times dom1 "x[^ ]* & y" 1
FAIL: gcc.dg/tree-ssa/vrp47.c scan-tree-dump-times vrp1 "x[^ ]* [|] y" 1
=== gcc Summary ===
# of expected passes 47988
# of unexpected failures 15
# of expected failures 105
# of unresolved testcases 5
# of unsupported tests 590
/scratch/gcc/nightly-2009-02-02-mainline/coldfire-elf/obj/test-mainline-0-m68k-elf/host-i686-pc-linux-gnu/fsf-mainline/bin/m68k-elf-gcc version 4.4.0 20090202 (experimental) (GCC)
Host is i686-pc-linux-gnu
=== libstdc++ tests ===
Running target qemu-coldfire-elf-prebuilt-fsf/-mcpu=5206e
FAIL: 27_io/basic_filebuf/sgetn/char/1-in.cc execution test
FAIL: 27_io/basic_filebuf/sgetn/char/1-io.cc execution test
FAIL: 27_io/basic_filebuf/sgetn/char/2-in.cc execution test
FAIL: 27_io/basic_filebuf/sgetn/char/2-io.cc execution test
FAIL: 27_io/basic_istream/extractors_arithmetic/char/12.cc execution test
FAIL: 27_io/basic_istream/readsome/char/6746-2.cc execution test
XPASS: 27_io/ios_base/sync_with_stdio/1.cc execution test
FAIL: 27_io/objects/char/6.cc execution test
FAIL: ext/pool_allocator/allocate_chunk.cc execution test
=== libstdc++ Summary ===
# of expected passes 4500
# of unexpected failures 8
# of unexpected successes 1
# of expected failures 69
# of unsupported tests 254
Host is i686-pc-linux-gnu
=== g++ tests ===
Running target qemu-coldfire-elf-prebuilt-fsf/-mcpu=5208
FAIL: g++.dg/eh/gcsec1.C execution test
FAIL: g++.dg/init/ref15.C execution test
FAIL: g++.dg/torture/pr36191.C -O3 -fomit-frame-pointer (test for excess errors)
FAIL: g++.dg/torture/type-generic-1.C -O0 execution test
FAIL: g++.dg/torture/type-generic-1.C -O1 execution test
FAIL: g++.dg/torture/type-generic-1.C -O2 execution test
FAIL: g++.dg/torture/type-generic-1.C -O3 -fomit-frame-pointer execution test
FAIL: g++.dg/torture/type-generic-1.C -O3 -g execution test
FAIL: g++.dg/torture/type-generic-1.C -Os execution test
=== g++ Summary ===
# of expected passes 18235
# of unexpected failures 9
# of expected failures 140
# of unsupported tests 193
/scratch/gcc/nightly-2009-02-02-mainline/coldfire-elf/obj/test-mainline-0-m68k-elf/host-i686-pc-linux-gnu/fsf-mainline/bin/m68k-elf-g++ version 4.4.0 20090202 (experimental) (GCC)
Host is i686-pc-linux-gnu
=== gcc tests ===
Running target qemu-coldfire-elf-prebuilt-fsf/-mcpu=5208
FAIL: gcc.c-torture/execute/20060420-1.c compilation, -O2 (internal compiler error)
UNRESOLVED: gcc.c-torture/execute/20060420-1.c execution, -O2
FAIL: gcc.c-torture/execute/20060420-1.c compilation, -O3 -fomit-frame-pointer (internal compiler error)
UNRESOLVED: gcc.c-torture/execute/20060420-1.c execution, -O3 -fomit-frame-pointer
FAIL: gcc.c-torture/execute/20060420-1.c compilation, -O3 -fomit-frame-pointer -funroll-loops (internal compiler error)
UNRESOLVED: gcc.c-torture/execute/20060420-1.c execution, -O3 -fomit-frame-pointer -funroll-loops
FAIL: gcc.c-torture/execute/20060420-1.c compilation, -O3 -fomit-frame-pointer -funroll-all-loops -finline-functions (internal compiler error)
UNRESOLVED: gcc.c-torture/execute/20060420-1.c execution, -O3 -fomit-frame-pointer -funroll-all-loops -finline-functions
FAIL: gcc.c-torture/execute/20060420-1.c compilation, -O3 -g (internal compiler error)
UNRESOLVED: gcc.c-torture/execute/20060420-1.c execution, -O3 -g
FAIL: gcc.dg/pr28796-2.c execution test
FAIL: gcc.dg/torture/type-generic-1.c -O0 execution test
FAIL: gcc.dg/torture/type-generic-1.c -O1 execution test
FAIL: gcc.dg/torture/type-generic-1.c -O2 execution test
FAIL: gcc.dg/torture/type-generic-1.c -O3 -fomit-frame-pointer execution test
FAIL: gcc.dg/torture/type-generic-1.c -O3 -g execution test
FAIL: gcc.dg/torture/type-generic-1.c -Os execution test
FAIL: gcc.dg/tree-ssa/vrp47.c scan-tree-dump-times vrp1 "[xy][^ ]* !=" 0
FAIL: gcc.dg/tree-ssa/vrp47.c scan-tree-dump-times dom1 "x[^ ]* & y" 1
FAIL: gcc.dg/tree-ssa/vrp47.c scan-tree-dump-times vrp1 "x[^ ]* [|] y" 1
=== gcc Summary ===
# of expected passes 47988
# of unexpected failures 15
# of expected failures 105
# of unresolved testcases 5
# of unsupported tests 590
/scratch/gcc/nightly-2009-02-02-mainline/coldfire-elf/obj/test-mainline-0-m68k-elf/host-i686-pc-linux-gnu/fsf-mainline/bin/m68k-elf-gcc version 4.4.0 20090202 (experimental) (GCC)
Host is i686-pc-linux-gnu
=== libstdc++ tests ===
Running target qemu-coldfire-elf-prebuilt-fsf/-mcpu=5208
FAIL: 27_io/basic_filebuf/sgetn/char/1-in.cc execution test
FAIL: 27_io/basic_filebuf/sgetn/char/1-io.cc execution test
FAIL: 27_io/basic_filebuf/sgetn/char/2-in.cc execution test
FAIL: 27_io/basic_filebuf/sgetn/char/2-io.cc execution test
FAIL: 27_io/basic_istream/extractors_arithmetic/char/12.cc execution test
FAIL: 27_io/basic_istream/readsome/char/6746-2.cc execution test
XPASS: 27_io/ios_base/sync_with_stdio/1.cc execution test
FAIL: 27_io/objects/char/6.cc execution test
FAIL: ext/pool_allocator/allocate_chunk.cc execution test
=== libstdc++ Summary ===
# of expected passes 4500
# of unexpected failures 8
# of unexpected successes 1
# of expected failures 69
# of unsupported tests 254
Host is i686-pc-linux-gnu
=== g++ tests ===
Running target qemu-coldfire-elf-prebuilt-fsf/-mcpu=5475
FAIL: g++.dg/eh/gcsec1.C execution test
FAIL: g++.dg/init/ref15.C execution test
FAIL: g++.dg/torture/pr36191.C -O3 -fomit-frame-pointer (test for excess errors)
FAIL: g++.dg/torture/type-generic-1.C -O0 execution test
FAIL: g++.dg/torture/type-generic-1.C -O1 execution test
FAIL: g++.dg/torture/type-generic-1.C -O2 execution test
FAIL: g++.dg/torture/type-generic-1.C -O3 -fomit-frame-pointer execution test
FAIL: g++.dg/torture/type-generic-1.C -O3 -g execution test
FAIL: g++.dg/torture/type-generic-1.C -Os execution test
=== g++ Summary ===
# of expected passes 18235
# of unexpected failures 9
# of expected failures 140
# of unsupported tests 193
/scratch/gcc/nightly-2009-02-02-mainline/coldfire-elf/obj/test-mainline-0-m68k-elf/host-i686-pc-linux-gnu/fsf-mainline/bin/m68k-elf-g++ version 4.4.0 20090202 (experimental) (GCC)
Host is i686-pc-linux-gnu
=== gcc tests ===
Running target qemu-coldfire-elf-prebuilt-fsf/-mcpu=5475
FAIL: gcc.c-torture/execute/20060420-1.c compilation, -O2 (internal compiler error)
UNRESOLVED: gcc.c-torture/execute/20060420-1.c execution, -O2
FAIL: gcc.c-torture/execute/20060420-1.c compilation, -O3 -fomit-frame-pointer (internal compiler error)
UNRESOLVED: gcc.c-torture/execute/20060420-1.c execution, -O3 -fomit-frame-pointer
FAIL: gcc.c-torture/execute/20060420-1.c compilation, -O3 -fomit-frame-pointer -funroll-loops (internal compiler error)
UNRESOLVED: gcc.c-torture/execute/20060420-1.c execution, -O3 -fomit-frame-pointer -funroll-loops
FAIL: gcc.c-torture/execute/20060420-1.c compilation, -O3 -fomit-frame-pointer -funroll-all-loops -finline-functions (internal compiler error)
UNRESOLVED: gcc.c-torture/execute/20060420-1.c execution, -O3 -fomit-frame-pointer -funroll-all-loops -finline-functions
FAIL: gcc.c-torture/execute/20060420-1.c compilation, -O3 -g (internal compiler error)
UNRESOLVED: gcc.c-torture/execute/20060420-1.c execution, -O3 -g
FAIL: gcc.c-torture/execute/pr28982b.c compilation, -O1 (internal compiler error)
UNRESOLVED: gcc.c-torture/execute/pr28982b.c execution, -O1
FAIL: gcc.c-torture/execute/pr28982b.c compilation, -O2 (internal compiler error)
UNRESOLVED: gcc.c-torture/execute/pr28982b.c execution, -O2
FAIL: gcc.c-torture/execute/pr28982b.c compilation, -O3 -g (internal compiler error)
UNRESOLVED: gcc.c-torture/execute/pr28982b.c execution, -O3 -g
FAIL: gcc.c-torture/execute/pr28982b.c compilation, -Os (internal compiler error)
UNRESOLVED: gcc.c-torture/execute/pr28982b.c execution, -Os
XPASS: gcc.c-torture/execute/ieee/20000320-1.c execution, -O0
XPASS: gcc.c-torture/execute/ieee/20000320-1.c execution, -O1
XPASS: gcc.c-torture/execute/ieee/20000320-1.c execution, -O2
XPASS: gcc.c-torture/execute/ieee/20000320-1.c execution, -O3 -fomit-frame-pointer
XPASS: gcc.c-torture/execute/ieee/20000320-1.c execution, -O3 -g
XPASS: gcc.c-torture/execute/ieee/20000320-1.c execution, -Os
FAIL: gcc.c-torture/execute/ieee/compare-fp-1.c execution, -O0
FAIL: gcc.c-torture/execute/ieee/compare-fp-1.c execution, -O1
FAIL: gcc.c-torture/execute/ieee/compare-fp-1.c execution, -O2
FAIL: gcc.c-torture/execute/ieee/compare-fp-1.c execution, -O3 -fomit-frame-pointer
FAIL: gcc.c-torture/execute/ieee/compare-fp-1.c execution, -O3 -g
FAIL: gcc.c-torture/execute/ieee/compare-fp-1.c execution, -Os
FAIL: gcc.c-torture/execute/ieee/compare-fp-4.c execution, -O0
FAIL: gcc.c-torture/execute/ieee/fp-cmp-4.c execution, -O0
FAIL: gcc.c-torture/execute/ieee/fp-cmp-4.c execution, -O1
FAIL: gcc.c-torture/execute/ieee/fp-cmp-4.c execution, -O2
FAIL: gcc.c-torture/execute/ieee/fp-cmp-4.c execution, -O3 -fomit-frame-pointer
FAIL: gcc.c-torture/execute/ieee/fp-cmp-4.c execution, -O3 -fomit-frame-pointer -funroll-loops
FAIL: gcc.c-torture/execute/ieee/fp-cmp-4.c execution, -O3 -fomit-frame-pointer -funroll-all-loops -finline-functions
FAIL: gcc.c-torture/execute/ieee/fp-cmp-4.c execution, -O3 -g
FAIL: gcc.c-torture/execute/ieee/fp-cmp-4.c execution, -Os
FAIL: gcc.c-torture/execute/ieee/fp-cmp-4f.c execution, -O0
FAIL: gcc.c-torture/execute/ieee/fp-cmp-4f.c execution, -O1
FAIL: gcc.c-torture/execute/ieee/fp-cmp-4f.c execution, -O2
FAIL: gcc.c-torture/execute/ieee/fp-cmp-4f.c execution, -O3 -fomit-frame-pointer
FAIL: gcc.c-torture/execute/ieee/fp-cmp-4f.c execution, -O3 -g
FAIL: gcc.c-torture/execute/ieee/fp-cmp-4f.c execution, -Os
FAIL: gcc.c-torture/execute/ieee/fp-cmp-4l.c execution, -O0
FAIL: gcc.c-torture/execute/ieee/fp-cmp-4l.c execution, -O1
FAIL: gcc.c-torture/execute/ieee/fp-cmp-4l.c execution, -O2
FAIL: gcc.c-torture/execute/ieee/fp-cmp-4l.c execution, -O3 -fomit-frame-pointer
FAIL: gcc.c-torture/execute/ieee/fp-cmp-4l.c execution, -O3 -g
FAIL: gcc.c-torture/execute/ieee/fp-cmp-4l.c execution, -Os
FAIL: gcc.c-torture/execute/ieee/fp-cmp-5.c execution, -O0
FAIL: gcc.c-torture/execute/ieee/fp-cmp-5.c execution, -O1
FAIL: gcc.c-torture/execute/ieee/fp-cmp-5.c execution, -O2
FAIL: gcc.c-torture/execute/ieee/fp-cmp-5.c execution, -O3 -fomit-frame-pointer
FAIL: gcc.c-torture/execute/ieee/fp-cmp-5.c execution, -O3 -fomit-frame-pointer -funroll-loops
FAIL: gcc.c-torture/execute/ieee/fp-cmp-5.c execution, -O3 -fomit-frame-pointer -funroll-all-loops -finline-functions
FAIL: gcc.c-torture/execute/ieee/fp-cmp-5.c execution, -O3 -g
FAIL: gcc.c-torture/execute/ieee/fp-cmp-5.c execution, -Os
FAIL: gcc.c-torture/execute/ieee/fp-cmp-8.c execution, -O0
FAIL: gcc.c-torture/execute/ieee/fp-cmp-8.c execution, -O1
FAIL: gcc.c-torture/execute/ieee/fp-cmp-8.c execution, -O2
FAIL: gcc.c-torture/execute/ieee/fp-cmp-8.c execution, -O3 -fomit-frame-pointer
FAIL: gcc.c-torture/execute/ieee/fp-cmp-8.c execution, -O3 -fomit-frame-pointer -funroll-loops
FAIL: gcc.c-torture/execute/ieee/fp-cmp-8.c execution, -O3 -fomit-frame-pointer -funroll-all-loops -finline-functions
FAIL: gcc.c-torture/execute/ieee/fp-cmp-8.c execution, -O3 -g
FAIL: gcc.c-torture/execute/ieee/fp-cmp-8.c execution, -Os
FAIL: gcc.c-torture/execute/ieee/fp-cmp-8f.c execution, -O0
FAIL: gcc.c-torture/execute/ieee/fp-cmp-8f.c execution, -O1
FAIL: gcc.c-torture/execute/ieee/fp-cmp-8f.c execution, -O2
FAIL: gcc.c-torture/execute/ieee/fp-cmp-8f.c execution, -O3 -fomit-frame-pointer
FAIL: gcc.c-torture/execute/ieee/fp-cmp-8f.c execution, -O3 -g
FAIL: gcc.c-torture/execute/ieee/fp-cmp-8f.c execution, -Os
FAIL: gcc.c-torture/execute/ieee/fp-cmp-8l.c execution, -O0
FAIL: gcc.c-torture/execute/ieee/fp-cmp-8l.c execution, -O1
FAIL: gcc.c-torture/execute/ieee/fp-cmp-8l.c execution, -O2
FAIL: gcc.c-torture/execute/ieee/fp-cmp-8l.c execution, -O3 -fomit-frame-pointer
FAIL: gcc.c-torture/execute/ieee/fp-cmp-8l.c execution, -O3 -g
FAIL: gcc.c-torture/execute/ieee/fp-cmp-8l.c execution, -Os
XPASS: gcc.c-torture/execute/ieee/mul-subnormal-single-1.c execution, -O0
XPASS: gcc.c-torture/execute/ieee/mul-subnormal-single-1.c execution, -O1
XPASS: gcc.c-torture/execute/ieee/mul-subnormal-single-1.c execution, -O2
XPASS: gcc.c-torture/execute/ieee/mul-subnormal-single-1.c execution, -O3 -fomit-frame-pointer
XPASS: gcc.c-torture/execute/ieee/mul-subnormal-single-1.c execution, -O3 -fomit-frame-pointer -funroll-loops
XPASS: gcc.c-torture/execute/ieee/mul-subnormal-single-1.c execution, -O3 -fomit-frame-pointer -funroll-all-loops -finline-functions
XPASS: gcc.c-torture/execute/ieee/mul-subnormal-single-1.c execution, -O3 -g
XPASS: gcc.c-torture/execute/ieee/mul-subnormal-single-1.c execution, -Os
FAIL: gcc.c-torture/execute/ieee/pr38016.c execution, -O0
FAIL: gcc.c-torture/execute/ieee/pr38016.c execution, -O1
FAIL: gcc.c-torture/execute/ieee/pr38016.c execution, -O2
FAIL: gcc.c-torture/execute/ieee/pr38016.c execution, -O3 -fomit-frame-pointer
FAIL: gcc.c-torture/execute/ieee/pr38016.c execution, -O3 -g
FAIL: gcc.c-torture/execute/ieee/pr38016.c execution, -Os
FAIL: gcc.dg/pr28796-2.c execution test
FAIL: gcc.dg/torture/type-generic-1.c -O0 execution test
FAIL: gcc.dg/torture/type-generic-1.c -O1 execution test
FAIL: gcc.dg/torture/type-generic-1.c -O2 execution test
FAIL: gcc.dg/torture/type-generic-1.c -O3 -fomit-frame-pointer execution test
FAIL: gcc.dg/torture/type-generic-1.c -O3 -g execution test
FAIL: gcc.dg/torture/type-generic-1.c -Os execution test
FAIL: gcc.dg/tree-ssa/vrp47.c scan-tree-dump-times vrp1 "[xy][^ ]* !=" 0
FAIL: gcc.dg/tree-ssa/vrp47.c scan-tree-dump-times dom1 "x[^ ]* & y" 1
FAIL: gcc.dg/tree-ssa/vrp47.c scan-tree-dump-times vrp1 "x[^ ]* [|] y" 1
=== gcc Summary ===
# of expected passes 47909
# of unexpected failures 80
# of unexpected successes 14
# of expected failures 106
# of unresolved testcases 9
# of unsupported tests 588
/scratch/gcc/nightly-2009-02-02-mainline/coldfire-elf/obj/test-mainline-0-m68k-elf/host-i686-pc-linux-gnu/fsf-mainline/bin/m68k-elf-gcc version 4.4.0 20090202 (experimental) (GCC)
Host is i686-pc-linux-gnu
=== libstdc++ tests ===
Running target qemu-coldfire-elf-prebuilt-fsf/-mcpu=5475
FAIL: 27_io/basic_filebuf/sgetn/char/1-in.cc execution test
FAIL: 27_io/basic_filebuf/sgetn/char/1-io.cc execution test
FAIL: 27_io/basic_filebuf/sgetn/char/2-in.cc execution test
FAIL: 27_io/basic_filebuf/sgetn/char/2-io.cc execution test
FAIL: 27_io/basic_istream/readsome/char/6746-2.cc execution test
XPASS: 27_io/ios_base/sync_with_stdio/1.cc execution test
FAIL: 27_io/objects/char/6.cc execution test
FAIL: ext/pool_allocator/allocate_chunk.cc execution test
=== libstdc++ Summary ===
# of expected passes 4501
# of unexpected failures 7
# of unexpected successes 1
# of expected failures 69
# of unsupported tests 254
Compiler version: 4.4.0 20090202 (experimental) (GCC)
Platform: m68k-unknown-elf
configure flags: --build=i686-pc-linux-gnu --host=i686-pc-linux-gnu --target=m68k-elf --enable-threads --disable-libmudflap --disable-libssp --disable-libstdcxx-pch --with-arch=cf --disable-threads --with-gnu-as --with-gnu-ld --enable-languages=c,c++ --disable-shared --with-newlib --disable-nls --prefix=/opt/codesourcery --with-headers=yes --with-sysroot=/opt/codesourcery/m68k-elf --with-build-sysroot=/scratch/gcc/nightly-2009-02-02-mainline/coldfire-elf/install/m68k-elf --with-gmp=/scratch/gcc/nightly-2009-02-02-mainline/coldfire-elf/obj/host-libs-mainline-0-m68k-elf-i686-pc-linux-gnu/usr --with-mpfr=/scratch/gcc/nightly-2009-02-02-mainline/coldfire-elf/obj/host-libs-mainline-0-m68k-elf-i686-pc-linux-gnu/usr --disable-libgomp --enable-poison-system-directories --with-build-time-tools=/scratch/gcc/nightly-2009-02-02-mainline/coldfire-elf/install/m68k-elf/bin --with-build-time-tools=/scratch/gcc/nightly-2009-02-02-mainline/coldfire-elf/install/m68k-elf/bin