This is the mail archive of the gcc-testresults@gcc.gnu.org mailing list for the GCC project.


Index Nav: [Date Index] [Subject Index] [Author Index] [Thread Index]
Message Nav: [Date Prev] [Date Next] [Thread Prev] [Thread Next]
Other format: [Raw text]

Results for 4.4.0 20090128 (experimental) [trunk revision 143717] (GCC) testsuite on hppa2.0w-hp-hpux11.11


LAST_UPDATED: Wed Jan 28 02:32:02 UTC 2009 (revision 143717)

		=== acats tests ===
FAIL:	c954a01

		=== acats Summary ===
# of expected passes		2314
# of unexpected failures	1
Native configuration is hppa2.0w-hp-hpux11.11

		=== g++ tests ===


Running target unix

		=== g++ Summary ===

# of expected passes		17734
# of expected failures		143
# of unsupported tests		241
/test/gnu/gcc/objdir/gcc/testsuite/g++/../../g++  version 4.4.0 20090128 (experimental) [trunk revision 143717] (GCC) 

		=== gcc tests ===


Running target unix

		=== gcc Summary ===

# of expected passes		47621
# of expected failures		127
# of unsupported tests		645
/test/gnu/gcc/objdir/gcc/xgcc  version 4.4.0 20090128 (experimental) [trunk revision 143717] (GCC) 

		=== gfortran tests ===


Running target unix

		=== gfortran Summary ===

# of expected passes		28199
# of expected failures		10
# of unsupported tests		269
/test/gnu/gcc/objdir/gcc/testsuite/gfortran/../../gfortran  version 4.4.0 20090128 (experimental) [trunk revision 143717] (GCC) 

		=== gnat tests ===


Running target unix
FAIL: gnat.dg/rep_clause2.adb (test for excess errors)

		=== gnat Summary ===

# of expected passes		604
# of unexpected failures	1
# of expected failures		6
		=== obj-c++ tests ===


Running target unix
WARNING: obj-c++.dg/lookup-2.mm compilation failed to produce executable
WARNING: obj-c++.dg/try-catch-2.mm compilation failed to produce executable
WARNING: obj-c++.dg/try-catch-9.mm compilation failed to produce executable

		=== obj-c++ Summary ===

# of expected passes		436
# of expected failures		10
# of unsupported tests		14
/test/gnu/gcc/objdir/gcc/testsuite/obj-c++/../../g++  version 4.4.0 20090128 (experimental) [trunk revision 143717] (GCC) 

		=== objc tests ===


Running target unix
FAIL: objc/execute/forward-1.m execution,  -O0 -fgnu-runtime
FAIL: objc/execute/forward-1.m execution,  -O1 -fgnu-runtime
FAIL: objc/execute/forward-1.m execution,  -O2 -fgnu-runtime
FAIL: objc/execute/forward-1.m execution,  -O3 -fomit-frame-pointer -fgnu-runtime
FAIL: objc/execute/forward-1.m execution,  -O3 -fomit-frame-pointer -funroll-loops -fgnu-runtime
FAIL: objc/execute/forward-1.m execution,  -O3 -fomit-frame-pointer -funroll-all-loops -finline-functions -fgnu-runtime
FAIL: objc/execute/forward-1.m execution,  -O3 -g -fgnu-runtime
FAIL: objc/execute/forward-1.m execution,  -Os -fgnu-runtime

		=== objc Summary ===

# of expected passes		1816
# of unexpected failures	8
# of expected failures		7
# of unsupported tests		27
/test/gnu/gcc/objdir/gcc/xgcc  version 4.4.0 20090128 (experimental) [trunk revision 143717] (GCC) 

		=== libffi tests ===


Running target unix

		=== libffi Summary ===

# of expected passes		1389
# of unsupported tests		10
		=== libgomp tests ===


Running target unix
FAIL: libgomp.fortran/vla6.f90  -O3 -fomit-frame-pointer  execution test

		=== libgomp Summary ===

# of expected passes		2326
# of unexpected failures	1
# of unsupported tests		9
		=== libjava tests ===


Running target unix
FAIL: LargeFile execution - source compiled test
FAIL: LargeFile -findirect-dispatch execution - source compiled test
FAIL: LargeFile -O3 execution - source compiled test
FAIL: LargeFile -O3 -findirect-dispatch execution - source compiled test

		=== libjava Summary ===

# of expected passes		2566
# of unexpected failures	4
# of untested testcases		4
		=== libstdc++ tests ===


Running target unix

		=== libstdc++ Summary ===

# of expected passes		5443
# of expected failures		72
# of unsupported tests		500

Compiler version: 4.4.0 20090128 (experimental) [trunk revision 143717] (GCC) 
Platform: hppa2.0w-hp-hpux11.11
configure flags: --with-gnu-as --with-as=/opt/gnu/bin/as --enable-shared --disable-nls --with-local-prefix=/opt/gnu --prefix=/opt/gnu/gcc/gcc-4.4.0 --enable-debug=no --enable-threads=posix --with-mpfr=/opt/gnu/gcc/gcc-4.4.0 --with-gmp=/opt/gnu/gcc/gcc-4.4.0 --disable-libmudflap --enable-languages=c,c++,objc,obj-c++,fortran,java,ada


Index Nav: [Date Index] [Subject Index] [Author Index] [Thread Index]
Message Nav: [Date Prev] [Date Next] [Thread Prev] [Thread Next]