This is the mail archive of the gcc-testresults@gcc.gnu.org mailing list for the GCC project.


Index Nav: [Date Index] [Subject Index] [Author Index] [Thread Index]
Message Nav: [Date Prev] [Date Next] [Thread Prev] [Thread Next]
Other format: [Raw text]

Results for 4.4.0 20090127 (experimental) [trunk revision 143706] (GCC) testsuite on i686-pc-linux-gnu


LAST_UPDATED: Tue Jan 27 17:46:08 UTC 2009 (revision 143706)

Native configuration is i686-pc-linux-gnu

		=== g++ tests ===


Running target unix

		=== g++ Summary ===

# of expected passes		19465
# of expected failures		141
# of unsupported tests		98
/home/jye2/gcc/build-daily/gcc/testsuite/g++/../../g++  version 4.4.0 20090127 (experimental) [trunk revision 143706] (GCC) 

		=== gcc tests ===


Running target unix

		=== gcc Summary ===

# of expected passes		55283
# of expected failures		185
# of unsupported tests		877
/home/jye2/gcc/build-daily/gcc/xgcc  version 4.4.0 20090127 (experimental) [trunk revision 143706] (GCC) 

		=== gfortran tests ===


Running target unix

		=== gfortran Summary ===

# of expected passes		29125
# of expected failures		10
# of unsupported tests		97
/home/jye2/gcc/build-daily/gcc/testsuite/gfortran/../../gfortran  version 4.4.0 20090127 (experimental) [trunk revision 143706] (GCC) 

		=== objc tests ===


Running target unix

		=== objc Summary ===

# of expected passes		1830
# of expected failures		7
# of unsupported tests		24
/home/jye2/gcc/build-daily/gcc/xgcc  version 4.4.0 20090127 (experimental) [trunk revision 143706] (GCC) 

		=== libffi tests ===


Running target unix

		=== libffi Summary ===

# of expected passes		1389
# of unsupported tests		10
		=== libgomp tests ===


Running target unix

		=== libgomp Summary ===

# of expected passes		2345
		=== libjava tests ===


Running target unix

		=== libjava Summary ===

# of expected passes		2574
		=== libmudflap tests ===


Running target unix
FAIL: libmudflap.c++/pass41-frag.cxx execution test
FAIL: libmudflap.c++/pass41-frag.cxx (-static) execution test
FAIL: libmudflap.c++/pass41-frag.cxx (-O2) execution test
FAIL: libmudflap.c++/pass41-frag.cxx (-O3) execution test
FAIL: libmudflap.cth/pass39-frag.c (-O3) (rerun 16) execution test
FAIL: libmudflap.cth/pass39-frag.c (-O3) (rerun 16) output pattern test

		=== libmudflap Summary ===

# of expected passes		1888
# of unexpected failures	6
		=== libstdc++ tests ===


Running target unix
XPASS: 26_numerics/headers/cmath/c99_classification_macros_c.cc (test for excess errors)

		=== libstdc++ Summary ===

# of expected passes		6407
# of unexpected successes	1
# of expected failures		79
# of unsupported tests		16

Compiler version: 4.4.0 20090127 (experimental) [trunk revision 143706] (GCC) 
Platform: i686-pc-linux-gnu
configure flags: --enable-clocale=gnu --with-system-zlib --enable-decimal-float=bid --with-demangler-in-ld --enable-shared --enable-threads=posix --enable-haifa --enable-checking=assert


Index Nav: [Date Index] [Subject Index] [Author Index] [Thread Index]
Message Nav: [Date Prev] [Date Next] [Thread Prev] [Thread Next]