This is the mail archive of the
gcc-testresults@gcc.gnu.org
mailing list for the GCC project.
Results for 4.4.0 20090125 (experimental) [trunk revision 143664] (GCC) testsuite on hppa64-hp-hpux11.11
- From: John David Anglin <dave at hiauly3 dot hia dot nrc dot ca>
- To: dave at hiauly3 dot hia dot nrc dot ca, gcc-testresults at gcc dot gnu dot org
- Date: Mon, 26 Jan 2009 07:55:16 -0500 (EST)
- Subject: Results for 4.4.0 20090125 (experimental) [trunk revision 143664] (GCC) testsuite on hppa64-hp-hpux11.11
LAST_UPDATED: Sun Jan 25 23:29:54 UTC 2009 (revision 143664)
Native configuration is hppa64-hp-hpux11.11
=== gcc tests ===
Running target unix
FAIL: gcc.dg/20021014-1.c execution test
XPASS: gcc.dg/funcorder.c scan-assembler-not link_error,%r
FAIL: gcc.dg/nest.c execution test
FAIL: gcc.dg/nested-func-4.c execution test
FAIL: gcc.dg/pr32450.c execution test
FAIL: largefile.c -O0 -g -I. (test for excess errors)
FAIL: gcc.dg/pch/largefile.c -O0 -g assembly comparison
FAIL: largefile.c -O0 -I. (test for excess errors)
FAIL: gcc.dg/pch/largefile.c -O0 assembly comparison
FAIL: largefile.c -O1 -I. (test for excess errors)
FAIL: gcc.dg/pch/largefile.c -O1 assembly comparison
FAIL: largefile.c -O2 -I. (test for excess errors)
FAIL: gcc.dg/pch/largefile.c -O2 assembly comparison
FAIL: largefile.c -O3 -fomit-frame-pointer -I. (test for excess errors)
FAIL: gcc.dg/pch/largefile.c -O3 -fomit-frame-pointer assembly comparison
FAIL: largefile.c -O3 -g -I. (test for excess errors)
FAIL: gcc.dg/pch/largefile.c -O3 -g assembly comparison
FAIL: largefile.c -Os -I. (test for excess errors)
FAIL: gcc.dg/pch/largefile.c -Os assembly comparison
FAIL: gcc.dg/special/gcsec-1.c (test for excess errors)
FAIL: gcc.dg/special/gcsec-1.c execution test
=== gcc Summary ===
# of expected passes 47591
# of unexpected failures 20
# of unexpected successes 1
# of expected failures 129
# of unsupported tests 574
/test/gnu/gcc/objdir/gcc/xgcc version 4.4.0 20090125 (experimental) [trunk revision 143664] (GCC)
=== libgomp tests ===
Running target unix
FAIL: libgomp.c/appendix-a/a.15.1.c (test for excess errors)
WARNING: libgomp.c/appendix-a/a.15.1.c compilation failed to produce executable
FAIL: libgomp.c/appendix-a/a.16.1.c (test for excess errors)
WARNING: libgomp.c/appendix-a/a.16.1.c compilation failed to produce executable
FAIL: libgomp.c/appendix-a/a.18.1.c (test for excess errors)
WARNING: libgomp.c/appendix-a/a.18.1.c compilation failed to produce executable
FAIL: libgomp.c/appendix-a/a.19.1.c (test for excess errors)
WARNING: libgomp.c/appendix-a/a.19.1.c compilation failed to produce executable
FAIL: libgomp.c/appendix-a/a.2.1.c (test for excess errors)
WARNING: libgomp.c/appendix-a/a.2.1.c compilation failed to produce executable
FAIL: libgomp.c/appendix-a/a.21.1.c (test for excess errors)
WARNING: libgomp.c/appendix-a/a.21.1.c compilation failed to produce executable
FAIL: libgomp.c/appendix-a/a.26.1.c (test for excess errors)
WARNING: libgomp.c/appendix-a/a.26.1.c compilation failed to produce executable
FAIL: libgomp.c/appendix-a/a.29.1.c (test for excess errors)
WARNING: libgomp.c/appendix-a/a.29.1.c compilation failed to produce executable
FAIL: libgomp.c/appendix-a/a.3.1.c (test for excess errors)
WARNING: libgomp.c/appendix-a/a.3.1.c compilation failed to produce executable
FAIL: libgomp.c/appendix-a/a.36.1.c (test for excess errors)
WARNING: libgomp.c/appendix-a/a.36.1.c compilation failed to produce executable
FAIL: libgomp.c/appendix-a/a.39.1.c (test for excess errors)
WARNING: libgomp.c/appendix-a/a.39.1.c compilation failed to produce executable
FAIL: libgomp.c/appendix-a/a.4.1.c (test for excess errors)
WARNING: libgomp.c/appendix-a/a.4.1.c compilation failed to produce executable
FAIL: libgomp.c/appendix-a/a.5.1.c (test for excess errors)
WARNING: libgomp.c/appendix-a/a.5.1.c compilation failed to produce executable
FAIL: libgomp.c/atomic-1.c (test for excess errors)
WARNING: libgomp.c/atomic-1.c compilation failed to produce executable
FAIL: libgomp.c/atomic-10.c (test for excess errors)
WARNING: libgomp.c/atomic-10.c compilation failed to produce executable
FAIL: libgomp.c/atomic-2.c (test for excess errors)
WARNING: libgomp.c/atomic-2.c compilation failed to produce executable
FAIL: libgomp.c/atomic-3.c (test for excess errors)
WARNING: libgomp.c/atomic-3.c compilation failed to produce executable
FAIL: libgomp.c/atomic-4.c (test for excess errors)
WARNING: libgomp.c/atomic-4.c compilation failed to produce executable
FAIL: libgomp.c/atomic-5.c (test for excess errors)
WARNING: libgomp.c/atomic-5.c compilation failed to produce executable
FAIL: libgomp.c/atomic-6.c (test for excess errors)
WARNING: libgomp.c/atomic-6.c compilation failed to produce executable
FAIL: libgomp.c/autopar-1.c (test for excess errors)
WARNING: libgomp.c/autopar-1.c compilation failed to produce executable
FAIL: libgomp.c/barrier-1.c (test for excess errors)
WARNING: libgomp.c/barrier-1.c compilation failed to produce executable
FAIL: libgomp.c/collapse-1.c (test for excess errors)
WARNING: libgomp.c/collapse-1.c compilation failed to produce executable
FAIL: libgomp.c/collapse-2.c (test for excess errors)
WARNING: libgomp.c/collapse-2.c compilation failed to produce executable
FAIL: libgomp.c/collapse-3.c (test for excess errors)
WARNING: libgomp.c/collapse-3.c compilation failed to produce executable
FAIL: libgomp.c/critical-2.c (test for excess errors)
WARNING: libgomp.c/critical-2.c compilation failed to produce executable
FAIL: libgomp.c/debug-1.c (test for excess errors)
WARNING: libgomp.c/debug-1.c compilation failed to produce executable
FAIL: libgomp.c/icv-1.c (test for excess errors)
WARNING: libgomp.c/icv-1.c compilation failed to produce executable
FAIL: libgomp.c/lib-1.c (test for excess errors)
WARNING: libgomp.c/lib-1.c compilation failed to produce executable
FAIL: libgomp.c/lib-2.c (test for excess errors)
WARNING: libgomp.c/lib-2.c compilation failed to produce executable
FAIL: libgomp.c/lock-1.c (test for excess errors)
WARNING: libgomp.c/lock-1.c compilation failed to produce executable
FAIL: libgomp.c/lock-2.c (test for excess errors)
WARNING: libgomp.c/lock-2.c compilation failed to produce executable
FAIL: libgomp.c/loop-10.c (test for excess errors)
WARNING: libgomp.c/loop-10.c compilation failed to produce executable
FAIL: libgomp.c/loop-3.c (test for excess errors)
WARNING: libgomp.c/loop-3.c compilation failed to produce executable
FAIL: libgomp.c/loop-4.c (test for excess errors)
WARNING: libgomp.c/loop-4.c compilation failed to produce executable
FAIL: libgomp.c/loop-5.c (test for excess errors)
WARNING: libgomp.c/loop-5.c compilation failed to produce executable
FAIL: libgomp.c/loop-6.c (test for excess errors)
WARNING: libgomp.c/loop-6.c compilation failed to produce executable
FAIL: libgomp.c/loop-7.c (test for excess errors)
WARNING: libgomp.c/loop-7.c compilation failed to produce executable
FAIL: libgomp.c/loop-8.c (test for excess errors)
WARNING: libgomp.c/loop-8.c compilation failed to produce executable
FAIL: libgomp.c/loop-9.c (test for excess errors)
WARNING: libgomp.c/loop-9.c compilation failed to produce executable
FAIL: libgomp.c/nested-1.c (test for excess errors)
WARNING: libgomp.c/nested-1.c compilation failed to produce executable
FAIL: libgomp.c/nested-2.c (test for excess errors)
WARNING: libgomp.c/nested-2.c compilation failed to produce executable
FAIL: libgomp.c/nested-3.c (test for excess errors)
WARNING: libgomp.c/nested-3.c compilation failed to produce executable
FAIL: libgomp.c/nestedfn-1.c (test for excess errors)
WARNING: libgomp.c/nestedfn-1.c compilation failed to produce executable
FAIL: libgomp.c/nestedfn-2.c (test for excess errors)
WARNING: libgomp.c/nestedfn-2.c compilation failed to produce executable
FAIL: libgomp.c/nestedfn-3.c (test for excess errors)
WARNING: libgomp.c/nestedfn-3.c compilation failed to produce executable
FAIL: libgomp.c/nestedfn-4.c (test for excess errors)
WARNING: libgomp.c/nestedfn-4.c compilation failed to produce executable
FAIL: libgomp.c/nestedfn-5.c (test for excess errors)
WARNING: libgomp.c/nestedfn-5.c compilation failed to produce executable
FAIL: libgomp.c/nestedfn-6.c (test for excess errors)
WARNING: libgomp.c/nestedfn-6.c compilation failed to produce executable
FAIL: libgomp.c/omp-loop01.c (test for excess errors)
WARNING: libgomp.c/omp-loop01.c compilation failed to produce executable
FAIL: libgomp.c/omp-loop02.c (test for excess errors)
WARNING: libgomp.c/omp-loop02.c compilation failed to produce executable
FAIL: libgomp.c/omp-loop03.c (test for excess errors)
WARNING: libgomp.c/omp-loop03.c compilation failed to produce executable
FAIL: libgomp.c/omp-nested-1.c (test for excess errors)
WARNING: libgomp.c/omp-nested-1.c compilation failed to produce executable
FAIL: libgomp.c/omp-parallel-for.c (test for excess errors)
WARNING: libgomp.c/omp-parallel-for.c compilation failed to produce executable
FAIL: libgomp.c/omp-parallel-if.c (test for excess errors)
WARNING: libgomp.c/omp-parallel-if.c compilation failed to produce executable
FAIL: libgomp.c/omp-single-1.c (test for excess errors)
WARNING: libgomp.c/omp-single-1.c compilation failed to produce executable
FAIL: libgomp.c/omp-single-2.c (test for excess errors)
WARNING: libgomp.c/omp-single-2.c compilation failed to produce executable
FAIL: libgomp.c/omp-single-3.c (test for excess errors)
WARNING: libgomp.c/omp-single-3.c compilation failed to produce executable
FAIL: libgomp.c/omp_hello.c (test for excess errors)
WARNING: libgomp.c/omp_hello.c compilation failed to produce executable
FAIL: libgomp.c/omp_matvec.c (test for excess errors)
WARNING: libgomp.c/omp_matvec.c compilation failed to produce executable
FAIL: libgomp.c/omp_orphan.c (test for excess errors)
WARNING: libgomp.c/omp_orphan.c compilation failed to produce executable
FAIL: libgomp.c/omp_reduction.c (test for excess errors)
WARNING: libgomp.c/omp_reduction.c compilation failed to produce executable
FAIL: libgomp.c/omp_workshare1.c (test for excess errors)
WARNING: libgomp.c/omp_workshare1.c compilation failed to produce executable
FAIL: libgomp.c/omp_workshare2.c (test for excess errors)
WARNING: libgomp.c/omp_workshare2.c compilation failed to produce executable
FAIL: libgomp.c/omp_workshare4.c (test for excess errors)
WARNING: libgomp.c/omp_workshare4.c compilation failed to produce executable
FAIL: libgomp.c/ordered-3.c (test for excess errors)
WARNING: libgomp.c/ordered-3.c compilation failed to produce executable
FAIL: libgomp.c/parallel-1.c (test for excess errors)
WARNING: libgomp.c/parallel-1.c compilation failed to produce executable
FAIL: libgomp.c/pr26943-1.c (test for excess errors)
WARNING: libgomp.c/pr26943-1.c compilation failed to produce executable
FAIL: libgomp.c/pr26943-2.c (test for excess errors)
WARNING: libgomp.c/pr26943-2.c compilation failed to produce executable
FAIL: libgomp.c/pr26943-3.c (test for excess errors)
WARNING: libgomp.c/pr26943-3.c compilation failed to produce executable
FAIL: libgomp.c/pr26943-4.c (test for excess errors)
WARNING: libgomp.c/pr26943-4.c compilation failed to produce executable
FAIL: libgomp.c/pr29947-1.c (test for excess errors)
WARNING: libgomp.c/pr29947-1.c compilation failed to produce executable
FAIL: libgomp.c/pr29947-2.c (test for excess errors)
WARNING: libgomp.c/pr29947-2.c compilation failed to produce executable
FAIL: libgomp.c/pr30494.c (test for excess errors)
WARNING: libgomp.c/pr30494.c compilation failed to produce executable
FAIL: libgomp.c/pr32362-1.c (test for excess errors)
WARNING: libgomp.c/pr32362-1.c compilation failed to produce executable
FAIL: libgomp.c/pr32362-2.c (test for excess errors)
WARNING: libgomp.c/pr32362-2.c compilation failed to produce executable
FAIL: libgomp.c/pr32362-3.c (test for excess errors)
WARNING: libgomp.c/pr32362-3.c compilation failed to produce executable
FAIL: libgomp.c/pr32468.c (test for excess errors)
WARNING: libgomp.c/pr32468.c compilation failed to produce executable
FAIL: libgomp.c/pr33880.c (test for excess errors)
WARNING: libgomp.c/pr33880.c compilation failed to produce executable
FAIL: libgomp.c/pr34513.c (test for excess errors)
WARNING: libgomp.c/pr34513.c compilation failed to produce executable
FAIL: libgomp.c/pr35130.c (test for excess errors)
WARNING: libgomp.c/pr35130.c compilation failed to produce executable
FAIL: libgomp.c/pr35196.c (test for excess errors)
WARNING: libgomp.c/pr35196.c compilation failed to produce executable
FAIL: libgomp.c/pr35549.c (test for excess errors)
WARNING: libgomp.c/pr35549.c compilation failed to produce executable
FAIL: libgomp.c/pr35625.c (test for excess errors)
WARNING: libgomp.c/pr35625.c compilation failed to produce executable
FAIL: libgomp.c/pr36802-1.c (test for excess errors)
WARNING: libgomp.c/pr36802-1.c compilation failed to produce executable
FAIL: libgomp.c/pr36802-2.c (test for excess errors)
WARNING: libgomp.c/pr36802-2.c compilation failed to produce executable
FAIL: libgomp.c/pr36802-3.c (test for excess errors)
WARNING: libgomp.c/pr36802-3.c compilation failed to produce executable
FAIL: libgomp.c/pr38650.c (test for excess errors)
WARNING: libgomp.c/pr38650.c compilation failed to produce executable
FAIL: libgomp.c/private-1.c (test for excess errors)
WARNING: libgomp.c/private-1.c compilation failed to produce executable
FAIL: libgomp.c/reduction-1.c (test for excess errors)
WARNING: libgomp.c/reduction-1.c compilation failed to produce executable
FAIL: libgomp.c/reduction-2.c (test for excess errors)
WARNING: libgomp.c/reduction-2.c compilation failed to produce executable
FAIL: libgomp.c/reduction-3.c (test for excess errors)
WARNING: libgomp.c/reduction-3.c compilation failed to produce executable
FAIL: libgomp.c/reduction-4.c (test for excess errors)
WARNING: libgomp.c/reduction-4.c compilation failed to produce executable
FAIL: libgomp.c/reduction-5.c (test for excess errors)
WARNING: libgomp.c/reduction-5.c compilation failed to produce executable
FAIL: libgomp.c/shared-1.c (test for excess errors)
WARNING: libgomp.c/shared-1.c compilation failed to produce executable
FAIL: libgomp.c/shared-2.c (test for excess errors)
WARNING: libgomp.c/shared-2.c compilation failed to produce executable
FAIL: libgomp.c/shared-3.c (test for excess errors)
WARNING: libgomp.c/shared-3.c compilation failed to produce executable
FAIL: libgomp.c/single-2.c (test for excess errors)
WARNING: libgomp.c/single-2.c compilation failed to produce executable
FAIL: libgomp.c/sort-1.c (test for excess errors)
WARNING: libgomp.c/sort-1.c compilation failed to produce executable
FAIL: libgomp.c/task-1.c (test for excess errors)
WARNING: libgomp.c/task-1.c compilation failed to produce executable
FAIL: libgomp.c/task-2.c (test for excess errors)
WARNING: libgomp.c/task-2.c compilation failed to produce executable
FAIL: libgomp.c/task-3.c (test for excess errors)
WARNING: libgomp.c/task-3.c compilation failed to produce executable
FAIL: libgomp.c/task-4.c (test for excess errors)
WARNING: libgomp.c/task-4.c compilation failed to produce executable
FAIL: libgomp.c/vla-1.c (test for excess errors)
WARNING: libgomp.c/vla-1.c compilation failed to produce executable
=== libgomp Summary ===
# of expected passes 11
# of unexpected failures 104
# of unsupported tests 15
Compiler version: 4.4.0 20090125 (experimental) [trunk revision 143664] (GCC)
Platform: hppa64-hp-hpux11.11
configure flags: --with-gnu-as --with-as=/opt/gnu64/bin/as --with-gnu-ld --with-ld=/opt/gnu64/bin/ld --enable-shared --disable-nls --with-local-prefix=/opt/gnu64 --prefix=/opt/gnu64/gcc/gcc-4.4.0 --enable-threads=posix --disable-libmudflap --with-gmp=/opt/gnu64/gcc/gcc-4.4.0 --enable-languages=c --host=hppa64-hp-hpux11.11