This is the mail archive of the gcc-testresults@gcc.gnu.org mailing list for the GCC project.


Index Nav: [Date Index] [Subject Index] [Author Index] [Thread Index]
Message Nav: [Date Prev] [Date Next] [Thread Prev] [Thread Next]
Other format: [Raw text]

Results for 4.3.4 20090125 (prerelease) [gcc-4_3-branch revision 143660] (GCC) testsuite on powerpc64-unknown-linux-gnu


Linux 2.6.16.46-0.4-ppc64 ppc64
GNU C Library development release version 2.4 (20070330)
GNU ld (GNU Binutils) 2.19
GNU assembler (GNU Binutils) 2.19
GNU Make 3.80

DejaGnu:
	Expect version is	5.43.0
	Tcl version is		8.4
	Framework version is	1.4.4

32-bit biarch default32

LAST_UPDATED: Sun Jan 25 02:00:48 UTC 2009 (revision 143660)

Native configuration is powerpc64-unknown-linux-gnu

		=== gcc tests ===


Running target unix/-m32
FAIL: gcc.dg/memcpy-1.c scan-tree-dump-times optimized "nasty_local" 0

		=== gcc Summary for unix/-m32 ===

# of expected passes		50084
# of unexpected failures	1
# of expected failures		174
# of untested testcases		35
# of unsupported tests		373

Running target unix/-m64
FAIL: gcc.dg/overflow-warn-3.c  (test for warnings, line 99)
FAIL: gcc.dg/overflow-warn-3.c (test for excess errors)

		=== gcc Summary for unix/-m64 ===

# of expected passes		49918
# of unexpected failures	2
# of expected failures		175
# of untested testcases		35
# of unsupported tests		444

		=== gcc Summary ===

# of expected passes		100002
# of unexpected failures	3
# of expected failures		349
# of untested testcases		70
# of unsupported tests		817
/home/gccbuild/build/nightly/build-gcc-4.3/gcc/xgcc  version 4.3.4 20090125 (prerelease) [gcc-4_3-branch revision 143660] (GCC) 

		=== gfortran tests ===


Running target unix/-m32
XPASS: gfortran.dg/default_format_denormal_2.f90  -O0  execution test
XPASS: gfortran.dg/default_format_denormal_2.f90  -O1  execution test
XPASS: gfortran.dg/default_format_denormal_2.f90  -O2  execution test
XPASS: gfortran.dg/default_format_denormal_2.f90  -O3 -fomit-frame-pointer  execution test
XPASS: gfortran.dg/default_format_denormal_2.f90  -O3 -fomit-frame-pointer -funroll-loops  execution test
XPASS: gfortran.dg/default_format_denormal_2.f90  -O3 -fomit-frame-pointer -funroll-all-loops -finline-functions  execution test
XPASS: gfortran.dg/default_format_denormal_2.f90  -O3 -g  execution test
XPASS: gfortran.dg/default_format_denormal_2.f90  -Os  execution test
XPASS: gfortran.dg/nint_2.f90  -O1  execution test
XPASS: gfortran.dg/nint_2.f90  -O2  execution test
XPASS: gfortran.dg/nint_2.f90  -O3 -fomit-frame-pointer  execution test
XPASS: gfortran.dg/nint_2.f90  -O3 -fomit-frame-pointer -funroll-loops  execution test
XPASS: gfortran.dg/nint_2.f90  -O3 -fomit-frame-pointer -funroll-all-loops -finline-functions  execution test
XPASS: gfortran.dg/nint_2.f90  -O3 -g  execution test
XPASS: gfortran.dg/nint_2.f90  -Os  execution test

		=== gfortran Summary for unix/-m32 ===

# of expected passes		25200
# of unexpected successes	15
# of expected failures		20
# of unsupported tests		37

Running target unix/-m64
XPASS: gfortran.dg/default_format_denormal_2.f90  -O0  execution test
XPASS: gfortran.dg/default_format_denormal_2.f90  -O1  execution test
XPASS: gfortran.dg/default_format_denormal_2.f90  -O2  execution test
XPASS: gfortran.dg/default_format_denormal_2.f90  -O3 -fomit-frame-pointer  execution test
XPASS: gfortran.dg/default_format_denormal_2.f90  -O3 -fomit-frame-pointer -funroll-loops  execution test
XPASS: gfortran.dg/default_format_denormal_2.f90  -O3 -fomit-frame-pointer -funroll-all-loops -finline-functions  execution test
XPASS: gfortran.dg/default_format_denormal_2.f90  -O3 -g  execution test
XPASS: gfortran.dg/default_format_denormal_2.f90  -Os  execution test
XPASS: gfortran.dg/nint_2.f90  -O1  execution test
XPASS: gfortran.dg/nint_2.f90  -O2  execution test
XPASS: gfortran.dg/nint_2.f90  -O3 -fomit-frame-pointer  execution test
XPASS: gfortran.dg/nint_2.f90  -O3 -fomit-frame-pointer -funroll-loops  execution test
XPASS: gfortran.dg/nint_2.f90  -O3 -fomit-frame-pointer -funroll-all-loops -finline-functions  execution test
XPASS: gfortran.dg/nint_2.f90  -O3 -g  execution test
XPASS: gfortran.dg/nint_2.f90  -Os  execution test

		=== gfortran Summary for unix/-m64 ===

# of expected passes		25232
# of unexpected successes	15
# of expected failures		20
# of unsupported tests		21

		=== gfortran Summary ===

# of expected passes		50432
# of unexpected successes	30
# of expected failures		40
# of unsupported tests		58
/home/gccbuild/build/nightly/build-gcc-4.3/gcc/testsuite/gfortran/../../gfortran  version 4.3.4 20090125 (prerelease) [gcc-4_3-branch revision 143660] (GCC) 

		=== g++ tests ===


Running target unix/-m32
FAIL: g++.dg/torture/pr38565.C  -O0  (test for excess errors)
FAIL: g++.dg/torture/pr38565.C  -O1  (test for excess errors)
FAIL: g++.dg/torture/pr38565.C  -O2  (test for excess errors)
FAIL: g++.dg/torture/pr38565.C  -O3 -fomit-frame-pointer  (test for excess errors)
FAIL: g++.dg/torture/pr38565.C  -O3 -g  (test for excess errors)
FAIL: g++.dg/torture/pr38565.C  -Os  (test for excess errors)

		=== g++ Summary for unix/-m32 ===

# of expected passes		17712
# of unexpected failures	6
# of expected failures		82
# of unsupported tests		121

Running target unix/-m64

		=== g++ Summary for unix/-m64 ===

# of expected passes		17680
# of expected failures		82
# of unsupported tests		124

		=== g++ Summary ===

# of expected passes		35392
# of unexpected failures	6
# of expected failures		164
# of unsupported tests		245
/home/gccbuild/build/nightly/build-gcc-4.3/gcc/testsuite/g++/../../g++  version 4.3.4 20090125 (prerelease) [gcc-4_3-branch revision 143660] (GCC) 

		=== obj-c++ tests ===


Running target unix/-m32
FAIL: obj-c++.dg/bitfield-1.mm (internal compiler error)
FAIL: obj-c++.dg/bitfield-1.mm (test for excess errors)
WARNING: obj-c++.dg/bitfield-1.mm compilation failed to produce executable
FAIL: obj-c++.dg/comp-types-10.mm (internal compiler error)
FAIL: obj-c++.dg/comp-types-10.mm (test for excess errors)
WARNING: obj-c++.dg/lookup-2.mm compilation failed to produce executable
WARNING: obj-c++.dg/try-catch-2.mm compilation failed to produce executable
FAIL: obj-c++.dg/try-catch-9.mm (test for excess errors)
WARNING: obj-c++.dg/try-catch-9.mm compilation failed to produce executable

		=== obj-c++ Summary for unix/-m32 ===

# of expected passes		434
# of unexpected failures	5
# of expected failures		9
# of unsupported tests		13

Running target unix/-m64
FAIL: obj-c++.dg/bitfield-1.mm (internal compiler error)
WARNING: obj-c++.dg/bitfield-1.mm compilation failed to produce executable
FAIL: obj-c++.dg/comp-types-10.mm (internal compiler error)
FAIL: obj-c++.dg/comp-types-10.mm (test for excess errors)
WARNING: obj-c++.dg/lookup-2.mm compilation failed to produce executable
WARNING: obj-c++.dg/try-catch-2.mm compilation failed to produce executable
FAIL: obj-c++.dg/try-catch-9.mm (test for excess errors)
WARNING: obj-c++.dg/try-catch-9.mm compilation failed to produce executable

		=== obj-c++ Summary for unix/-m64 ===

# of expected passes		421
# of unexpected failures	4
# of expected failures		23
# of unsupported tests		13

		=== obj-c++ Summary ===

# of expected passes		855
# of unexpected failures	9
# of expected failures		32
# of unsupported tests		26
/home/gccbuild/build/nightly/build-gcc-4.3/gcc/testsuite/obj-c++/../../g++  version 4.3.4 20090125 (prerelease) [gcc-4_3-branch revision 143660] (GCC) 

		=== objc tests ===


Running target unix/-m32

		=== objc Summary for unix/-m32 ===

# of expected passes		1812
# of expected failures		7
# of unsupported tests		24

Running target unix/-m64

		=== objc Summary for unix/-m64 ===

# of expected passes		1812
# of expected failures		7
# of unsupported tests		24

		=== objc Summary ===

# of expected passes		3624
# of expected failures		14
# of unsupported tests		48
/home/gccbuild/build/nightly/build-gcc-4.3/gcc/xgcc  version 4.3.4 20090125 (prerelease) [gcc-4_3-branch revision 143660] (GCC) 

		=== libffi tests ===


Running target unix/-m32

		=== libffi Summary for unix/-m32 ===

# of expected passes		1389
# of unsupported tests		10

Running target unix/-m64

		=== libffi Summary for unix/-m64 ===

# of expected passes		1389
# of unsupported tests		10

		=== libffi Summary ===

# of expected passes		2778
# of unsupported tests		20
		=== libgomp tests ===


Running target unix/-m32

		=== libgomp Summary for unix/-m32 ===

# of expected passes		1763

Running target unix/-m64

		=== libgomp Summary for unix/-m64 ===

# of expected passes		1763

		=== libgomp Summary ===

# of expected passes		3526
		=== libjava tests ===


Running target unix/-m32
FAIL: events output

		=== libjava Summary for unix/-m32 ===

# of expected passes		2561
# of unexpected failures	1

Running target unix/-m64
FAIL: getlocalvartable output

		=== libjava Summary for unix/-m64 ===

# of expected passes		2561
# of unexpected failures	1

		=== libjava Summary ===

# of expected passes		5122
# of unexpected failures	2
		=== libmudflap tests ===


Running target unix/-m32
FAIL: libmudflap.c++/pass41-frag.cxx execution test
FAIL: libmudflap.c++/pass41-frag.cxx (-static) execution test
FAIL: libmudflap.c++/pass41-frag.cxx ( -O) execution test
FAIL: libmudflap.c++/pass41-frag.cxx (-O2) execution test
FAIL: libmudflap.c++/pass41-frag.cxx (-O3) execution test

		=== libmudflap Summary for unix/-m32 ===

# of expected passes		1844
# of unexpected failures	5

Running target unix/-m64
FAIL: libmudflap.c/fail27-frag.c output pattern test
FAIL: libmudflap.c/fail27-frag.c (-static) output pattern test
FAIL: libmudflap.c/fail27-frag.c (-O2) output pattern test
FAIL: libmudflap.c/fail27-frag.c (-O3) output pattern test
FAIL: libmudflap.c++/pass41-frag.cxx execution test
FAIL: libmudflap.c++/pass41-frag.cxx (-static) execution test
FAIL: libmudflap.c++/pass41-frag.cxx ( -O) execution test
FAIL: libmudflap.c++/pass41-frag.cxx (-O2) execution test
FAIL: libmudflap.c++/pass41-frag.cxx (-O3) execution test

		=== libmudflap Summary for unix/-m64 ===

# of expected passes		1840
# of unexpected failures	9

		=== libmudflap Summary ===

# of expected passes		3684
# of unexpected failures	14
		=== libstdc++ tests ===


Running target unix/-m32
FAIL: abi_check
XPASS: 26_numerics/headers/cmath/c99_classification_macros_c.cc (test for excess errors)

		=== libstdc++ Summary for unix/-m32 ===

# of expected passes		5575
# of unexpected successes	1
# of unexpected failures	1
# of expected failures		59
# of unsupported tests		10

Running target unix/-m64
FAIL: abi_check
XPASS: 26_numerics/complex/13450.cc execution test
XPASS: 26_numerics/complex/complex_value.cc execution test
XPASS: 26_numerics/complex/pow.cc execution test
XPASS: 26_numerics/headers/cmath/c99_classification_macros_c.cc (test for excess errors)

		=== libstdc++ Summary for unix/-m64 ===

# of expected passes		5572
# of unexpected successes	4
# of unexpected failures	1
# of expected failures		59
# of unsupported tests		10

		=== libstdc++ Summary ===

# of expected passes		11147
# of unexpected failures	2
# of unexpected successes	5
# of expected failures		118
# of unsupported tests		20

Compiler version: 4.3.4 20090125 (prerelease) [gcc-4_3-branch revision 143660] (GCC) 
Platform: powerpc64-unknown-linux-gnu
configure flags: --prefix=/opt/gcc-nightly/4.3-20090125 --build=powerpc64-linux --host=powerpc64-linux --target=powerpc64-linux --with-cpu=default32 --with-as=/opt/gcc-nightly/binutils-2.19/bin/as --with-ld=/opt/gcc-nightly/binutils-2.19/bin/ld --enable-threads=posix --enable-shared --enable-__cxa_atexit --enable-languages=c,c++,fortran,objc,obj-c++,java --with-long-double-128 --enable-secureplt --enable-checking --disable-alsa --with-gmp=/opt/gcc-nightly/gmp-mpfr --with-mpfr=/opt/gcc-nightly/gmp-mpfr


Index Nav: [Date Index] [Subject Index] [Author Index] [Thread Index]
Message Nav: [Date Prev] [Date Next] [Thread Prev] [Thread Next]