This is the mail archive of the gcc-testresults@gcc.gnu.org mailing list for the GCC project.


Index Nav: [Date Index] [Subject Index] [Author Index] [Thread Index]
Message Nav: [Date Prev] [Date Next] [Thread Prev] [Thread Next]
Other format: [Raw text]

Results for 4.3.3 (GCC) testsuite on ia64-unknown-linux-gnu


LAST_UPDATED: Sat Jan 24 11:10:56 UTC 2009 (revision 143643)

Native configuration is ia64-unknown-linux-gnu

		=== g++ tests ===


Running target unix
FAIL: g++.dg/tree-prof/indir-call-prof.C scan-tree-dump tree_profile "Indirect call -> direct call.* AA transformation on insn"
FAIL: g++.dg/tree-prof/indir-call-prof.C scan-tree-dump tree_profile "Indirect call -> direct call.* AA transformation on insn"
FAIL: g++.dg/tree-prof/indir-call-prof.C scan-tree-dump tree_profile "Indirect call -> direct call.* AA transformation on insn"
FAIL: g++.dg/tree-prof/indir-call-prof.C scan-tree-dump tree_profile "Indirect call -> direct call.* AA transformation on insn"
FAIL: g++.dg/tree-prof/indir-call-prof.C scan-tree-dump tree_profile "Indirect call -> direct call.* AA transformation on insn"
FAIL: g++.dg/tree-prof/indir-call-prof.C scan-tree-dump tree_profile "Indirect call -> direct call.* AA transformation on insn"
FAIL: g++.dg/tree-prof/indir-call-prof.C scan-tree-dump tree_profile "Indirect call -> direct call.* AA transformation on insn"
FAIL: g++.dg/vect/pr36648.cc scan-tree-dump-times vect "vectorized 1 loops" 1
FAIL: g++.dg/vect/pr36648.cc scan-tree-dump-times vect "vectorizing stmts using SLP" 1

		=== g++ Summary ===

# of expected passes		16860
# of unexpected failures	9
# of expected failures		82
# of unsupported tests		137
/export/gnu/import/svn/gcc-test/bld/gcc/testsuite/g++/../../g++  version 4.3.3 (GCC) 

		=== gcc tests ===


Running target unix
FAIL: gcc.dg/builtin-apply4.c execution test
FAIL: gcc.dg/pr30643.c scan-assembler-not undefined
FAIL: gcc.dg/struct-ret-3.c execution test
WARNING: gcc.dg/torture/fp-int-convert-float128-timode.c  -O0  compilation failed to produce executable
WARNING: gcc.dg/torture/fp-int-convert-float128-timode.c  -O1  compilation failed to produce executable
WARNING: gcc.dg/torture/fp-int-convert-float128-timode.c  -O2  compilation failed to produce executable
WARNING: gcc.dg/torture/fp-int-convert-float128-timode.c  -O3 -fomit-frame-pointer  compilation failed to produce executable
WARNING: gcc.dg/torture/fp-int-convert-float128-timode.c  -O3 -g  compilation failed to produce executable
WARNING: gcc.dg/torture/fp-int-convert-float128-timode.c  -Os  compilation failed to produce executable
FAIL: gcc.dg/torture/fp-int-convert-float128.c  -O0  (test for excess errors)
WARNING: gcc.dg/torture/fp-int-convert-float128.c  -O0  compilation failed to produce executable
FAIL: gcc.dg/torture/fp-int-convert-float128.c  -O1  (test for excess errors)
WARNING: gcc.dg/torture/fp-int-convert-float128.c  -O1  compilation failed to produce executable
FAIL: gcc.dg/torture/fp-int-convert-float128.c  -O2  (test for excess errors)
WARNING: gcc.dg/torture/fp-int-convert-float128.c  -O2  compilation failed to produce executable
FAIL: gcc.dg/torture/fp-int-convert-float128.c  -O3 -fomit-frame-pointer  (test for excess errors)
WARNING: gcc.dg/torture/fp-int-convert-float128.c  -O3 -fomit-frame-pointer  compilation failed to produce executable
FAIL: gcc.dg/torture/fp-int-convert-float128.c  -O3 -g  (test for excess errors)
WARNING: gcc.dg/torture/fp-int-convert-float128.c  -O3 -g  compilation failed to produce executable
FAIL: gcc.dg/torture/fp-int-convert-float128.c  -Os  (test for excess errors)
WARNING: gcc.dg/torture/fp-int-convert-float128.c  -Os  compilation failed to produce executable
XPASS: gcc.dg/tree-ssa/loop-1.c scan-assembler-times foo 5
FAIL: gcc.dg/vect/pr33804.c scan-tree-dump-times vect "vectorized 1 loops" 1
FAIL: gcc.dg/vect/pr33804.c scan-tree-dump-times vect "vectorizing stmts using SLP" 1
FAIL: gcc.dg/vect/vect-iv-6.c scan-tree-dump-times vect "vectorized 1 loops" 1
FAIL: gcc.dg/vect/vect-outer-4c.c scan-tree-dump-times vect "OUTER LOOP VECTORIZED" 1
FAIL: gcc.dg/vect/vect-outer-5.c scan-tree-dump-times vect "zero step in outer loop." 1
FAIL: gcc.dg/vect/vect-vfa-slp.c scan-tree-dump-times vect "vectorized 1 loops" 1
FAIL: gcc.dg/vect/slp-15.c scan-tree-dump-times vect "vectorizing stmts using SLP" 2
FAIL: gcc.dg/vect/slp-25.c scan-tree-dump-times vect "Alignment of access forced using peeling" 2
FAIL: gcc.dg/vect/slp-3.c scan-tree-dump-times vect "vectorized 3 loops" 1
FAIL: gcc.dg/vect/slp-3.c scan-tree-dump-times vect "vectorizing stmts using SLP" 3
FAIL: gcc.dg/vect/no-vfa-pr29145.c scan-tree-dump-times vect "vectorized 0 loops" 2
FAIL: gcc.dg/vect/no-vfa-pr29145.c scan-tree-dump-times vect "vectorized 1 loops" 1
FAIL: gcc.dg/vect/no-vfa-vect-depend-1.c scan-tree-dump-times vect "vectorized 1 loops" 1

		=== gcc Summary ===

# of expected passes		46802
# of unexpected failures	22
# of unexpected successes	1
# of expected failures		222
# of untested testcases		35
# of unsupported tests		331
/export/gnu/import/svn/gcc-test/bld/gcc/xgcc  version 4.3.3 (GCC) 

		=== gfortran tests ===


Running target unix

		=== gfortran Summary ===

# of expected passes		25255
# of expected failures		11
# of unsupported tests		21
/export/gnu/import/svn/gcc-test/bld/gcc/testsuite/gfortran/../../gfortran  version 4.3.3 (GCC) 

		=== objc tests ===


Running target unix

		=== objc Summary ===

# of expected passes		1810
# of expected failures		7
# of unsupported tests		25
/export/gnu/import/svn/gcc-test/bld/gcc/xgcc  version 4.3.3 (GCC) 

		=== libffi tests ===


Running target unix

		=== libffi Summary ===

# of expected passes		1389
# of unsupported tests		10
		=== libgomp tests ===


Running target unix

		=== libgomp Summary ===

# of expected passes		1763
		=== libjava tests ===


Running target unix
FAIL: getlocalvartable output
FAIL: G19990301_01 execution - source compiled test
FAIL: G19990301_01 -O3 execution - source compiled test
FAIL: G19990302_02 execution - source compiled test
FAIL: G19990302_02 -O3 execution - source compiled test
FAIL: G19990303_01 execution - source compiled test
FAIL: G19990303_01 -O3 execution - source compiled test
FAIL: G19990303_02 execution - source compiled test
FAIL: G19990303_02 -O3 execution - source compiled test
FAIL: G19990304_01 execution - source compiled test
FAIL: G19990304_01 -O3 execution - source compiled test
FAIL: G19990310_01 execution - source compiled test
FAIL: G19990310_01 -O3 execution - source compiled test
FAIL: InvokeReturn execution - source compiled test
FAIL: InvokeReturn -O3 execution - source compiled test
FAIL: N19990310_02 execution - source compiled test
FAIL: N19990310_02 -O3 execution - source compiled test
FAIL: Thread_Alive execution - source compiled test
FAIL: Thread_Alive -O3 execution - source compiled test
FAIL: Thread_Sleep execution - source compiled test
FAIL: Thread_Sleep -O3 execution - source compiled test
FAIL: Throw_3 -O3 output - source compiled test
FAIL: Throw_3 -O3 -findirect-dispatch output - source compiled test
FAIL: direct_write execution - source compiled test
FAIL: direct_write -O3 execution - source compiled test
FAIL: search_outer execution - source compiled test
FAIL: search_outer -O3 execution - source compiled test
FAIL: stringconst2 execution - source compiled test
FAIL: stringconst2 -O3 execution - source compiled test
FAIL: update_outer execution - source compiled test
FAIL: update_outer -O3 execution - source compiled test
FAIL: /export/gnu/import/svn/gcc-test/bld/ia64-unknown-linux-gnu/libjava/testsuite/TestMultiple.exe execution - /export/gnu/import/svn/gcc-test/bld/ia64-unknown-linux-gnu/libjava/testsuite/TestMultiple.exe

		=== libjava Summary ===

# of expected passes		2501
# of unexpected failures	32
# of untested testcases		29
		=== libmudflap tests ===


Running target unix
FAIL: libmudflap.c++/pass41-frag.cxx execution test
FAIL: libmudflap.c++/pass41-frag.cxx (-static) execution test
FAIL: libmudflap.c++/pass41-frag.cxx ( -O) execution test
FAIL: libmudflap.c++/pass41-frag.cxx (-O2) execution test
FAIL: libmudflap.c++/pass41-frag.cxx (-O3) execution test

		=== libmudflap Summary ===

# of expected passes		1844
# of unexpected failures	5
		=== libstdc++ tests ===


Running target unix
XPASS: 26_numerics/headers/cmath/c99_classification_macros_c.cc (test for excess errors)

		=== libstdc++ Summary ===

# of expected passes		5576
# of unexpected successes	1
# of expected failures		59
# of unsupported tests		10

Compiler version: 4.3.3 (GCC) 
Platform: ia64-unknown-linux-gnu
configure flags: --enable-clocale=gnu --with-system-zlib --enable-shared --with-demangler-in-ld


Index Nav: [Date Index] [Subject Index] [Author Index] [Thread Index]
Message Nav: [Date Prev] [Date Next] [Thread Prev] [Thread Next]