This is the mail archive of the
gcc-testresults@gcc.gnu.org
mailing list for the GCC project.
Results for 4.4.0 20090120 (experimental) (GCC) testsuite on powerpc-apple-darwin8
- From: IainS <developer at sandoe-acoustics dot co dot uk>
- To: gcc-testresults at gcc dot gnu dot org
- Date: Wed, 21 Jan 2009 19:57:32 +0000
- Subject: Results for 4.4.0 20090120 (experimental) (GCC) testsuite on powerpc-apple-darwin8
===========
check of -static-libgfortran on darwin8
===========
Revision: 143511
Path: /usr/local/dejagnu-1-4-4/bin:/usr/local/gawk-3-1-6/bin:/usr/
local/bin:/bin:/sbin:/usr/bin:/usr/sbin
BOOTSTRAPped with gcc version 4.0.1 (Apple Computer, Inc. build 5370)
using: ../gcc-4-4-regtest/contrib/regression/btest-gcc.sh
uname -v : Darwin Kernel Version 8.11.0: Wed Oct 10 18:26:00 PDT
2007; root:xnu-792.24.17~1/RELEASE_PPC
ld: Apple Computer, Inc. version cctools-622.9~2
arch : ppc machine : ppc970
box description: Dual 970MP
dejagnu:
Expect version is 5.42.0
Tcl version is 8.4
Framework version is 1.4.4
gmp(4.2.4) / mpfr (2.3.2) built in tree
===========
use this patch to bootstrap --with-dwarf2 (needed for m64 static libs
on darwin8).
http://gcc.gnu.org/ml/gcc-patches/2009-01/msg01069.html
===========
LAST_UPDATED:
Native configuration is powerpc-apple-darwin8
=== g++ tests ===
Running target unix/-m32
FAIL: g++.dg/ext/alignof2.C execution test
FAIL: g++.dg/pubtypes.C scan-assembler long+[ \\t]+0x24+[ \\t]+[#;]+
[ \\t]+Length of Public Type Names Info
FAIL: g++.dg/special/conpr-3.C execution test
FAIL: g++.dg/special/initpri1.C execution test
=== g++ Summary for unix/-m32 ===
# of expected passes 18791
# of unexpected failures 4
# of expected failures 141
# of unsupported tests 161
Running target unix/-m64
FAIL: tmpdir-g++.dg-struct-layout-1/t003 cp_compat_x_tst.o-
cp_compat_y_tst.o execute
FAIL: tmpdir-g++.dg-struct-layout-1/t006 cp_compat_x_tst.o-
cp_compat_y_tst.o execute
FAIL: tmpdir-g++.dg-struct-layout-1/t007 cp_compat_x_tst.o-
cp_compat_y_tst.o execute
FAIL: tmpdir-g++.dg-struct-layout-1/t008 cp_compat_x_tst.o-
cp_compat_y_tst.o execute
FAIL: tmpdir-g++.dg-struct-layout-1/t010 cp_compat_x_tst.o-
cp_compat_y_tst.o execute
FAIL: tmpdir-g++.dg-struct-layout-1/t011 cp_compat_x_tst.o-
cp_compat_y_tst.o execute
FAIL: tmpdir-g++.dg-struct-layout-1/t020 cp_compat_x_tst.o-
cp_compat_y_tst.o execute
FAIL: tmpdir-g++.dg-struct-layout-1/t026 cp_compat_x_tst.o-
cp_compat_y_tst.o execute
FAIL: tmpdir-g++.dg-struct-layout-1/t027 cp_compat_x_tst.o-
cp_compat_y_tst.o execute
FAIL: g++.dg/eh/simd-4.C execution test
FAIL: g++.dg/ext/cleanup-10.C execution test
FAIL: g++.dg/ext/cleanup-11.C execution test
FAIL: g++.dg/ext/cleanup-8.C execution test
FAIL: g++.dg/ext/cleanup-9.C execution test
FAIL: g++.dg/pubtypes.C scan-assembler long+[ \\t]+0x24+[ \\t]+[#;]+
[ \\t]+Length of Public Type Names Info
FAIL: g++.dg/rtti/repo1.C (test for excess errors)
FAIL: g++.dg/template/repo1.C (test for excess errors)
FAIL: g++.dg/template/repo3.C (test for excess errors)
FAIL: g++.dg/template/repo6.C (test for excess errors)
FAIL: g++.dg/template/repo8.C (test for excess errors)
FAIL: g++.dg/template/repo9.C (test for excess errors)
FAIL: g++.dg/special/conpr-3.C execution test
FAIL: g++.dg/special/initpri1.C execution test
FAIL: g++.old-deja/g++.pt/instantiate4.C (test for excess errors)
FAIL: g++.old-deja/g++.pt/instantiate6.C (test for excess errors)
FAIL: g++.old-deja/g++.pt/repo1.C (test for excess errors)
FAIL: g++.old-deja/g++.pt/repo2.C (test for excess errors)
FAIL: g++.old-deja/g++.pt/repo3.C (test for excess errors)
FAIL: g++.old-deja/g++.pt/repo4.C (test for excess errors)
=== g++ Summary for unix/-m64 ===
# of expected passes 18732
# of unexpected failures 29
# of expected failures 141
# of unsupported tests 163
=== g++ Summary ===
# of expected passes 37523
# of unexpected failures 33
# of expected failures 282
# of unsupported tests 324
/Volumes/ScratchCS/gcc-4-4-reg-build/gcc/testsuite/g++/../../g++
version 4.4.0 20090120 (experimental) (GCC)
=== gcc tests ===
Running target unix/-m32
FAIL: gcc.dg/and-1.c scan-assembler-not nand
FAIL: gcc.dg/initpri1.c execution test
FAIL: gcc.dg/memcpy-1.c scan-tree-dump-times optimized "nasty_local" 0
FAIL: gcc.dg/pr35729.c scan-rtl-dump-times loop2_invariant "Decided
to move invariant" 0
FAIL: gcc.dg/tree-ssa/vrp47.c scan-tree-dump-times vrp1 "[xy][^ ]* !=" 0
FAIL: gcc.dg/tree-ssa/vrp47.c scan-tree-dump-times dom1 "x[^ ]* & y" 1
FAIL: gcc.dg/vect/section-anchors-pr27770.c (test for excess errors)
FAIL: gcc.dg/vect/section-anchors-vect-69.c (test for excess errors)
FAIL: gcc.dg/vect/section-anchors-vect-69.c scan-tree-dump-times vect
"Alignment of access forced using peeling" 4
=== gcc Summary for unix/-m32 ===
# of expected passes 51623
# of unexpected failures 9
# of expected failures 198
# of unsupported tests 623
Running target unix/-m64
FAIL: tmpdir-gcc.dg-struct-layout-1/t001 c_compat_x_tst.o-
c_compat_y_tst.o execute
FAIL: tmpdir-gcc.dg-struct-layout-1/t003 c_compat_x_tst.o-
c_compat_y_tst.o execute
FAIL: tmpdir-gcc.dg-struct-layout-1/t005 c_compat_x_tst.o-
c_compat_y_tst.o execute
FAIL: tmpdir-gcc.dg-struct-layout-1/t006 c_compat_x_tst.o-
c_compat_y_tst.o execute
FAIL: tmpdir-gcc.dg-struct-layout-1/t008 c_compat_x_tst.o-
c_compat_y_tst.o execute
FAIL: tmpdir-gcc.dg-struct-layout-1/t016 c_compat_x_tst.o-
c_compat_y_tst.o execute
FAIL: tmpdir-gcc.dg-struct-layout-1/t024 c_compat_x_tst.o-
c_compat_y_tst.o execute
FAIL: tmpdir-gcc.dg-struct-layout-1/t026 c_compat_x_tst.o-
c_compat_y_tst.o execute
FAIL: tmpdir-gcc.dg-struct-layout-1/t027 c_compat_x_tst.o-
c_compat_y_tst.o execute
FAIL: gcc.dg/and-1.c scan-assembler-not nand
FAIL: gcc.dg/cleanup-10.c execution test
FAIL: gcc.dg/cleanup-11.c execution test
FAIL: gcc.dg/cleanup-8.c execution test
FAIL: gcc.dg/cleanup-9.c execution test
FAIL: gcc.dg/framework-1.c (test for excess errors)
FAIL: gcc.dg/initpri1.c execution test
FAIL: gcc.dg/pr35729.c scan-rtl-dump-times loop2_invariant "Decided
to move invariant" 0
FAIL: gcc.dg/tree-prof/bb-reorg.c execution, -fprofile-use -
D_PROFILE_USE
FAIL: gcc.dg/tree-ssa/vrp47.c scan-tree-dump-times vrp1 "[xy][^ ]* !=" 0
FAIL: gcc.dg/tree-ssa/vrp47.c scan-tree-dump-times dom1 "x[^ ]* & y" 1
FAIL: gcc.dg/vect/costmodel/ppc/costmodel-pr37194.c scan-tree-dump-
times vect "vectorization not profitable" 1
FAIL: gcc.dg/vect/costmodel/ppc/costmodel-pr37194.c scan-tree-dump-
times vect "vectorized 1 loops" 1
FAIL: gcc.dg/vect/section-anchors-pr27770.c (test for excess errors)
FAIL: gcc.dg/vect/section-anchors-vect-69.c (test for excess errors)
FAIL: gcc.dg/vect/section-anchors-vect-69.c scan-tree-dump-times vect
"Alignment of access forced using versioning" 4
FAIL: gcc.target/powerpc/ppc64-abi-1.c (test for excess errors)
WARNING: gcc.target/powerpc/ppc64-abi-1.c compilation failed to
produce executable
FAIL: gcc.target/powerpc/ppc64-double-1.c scan-assembler-not stfd
=== gcc Summary for unix/-m64 ===
# of expected passes 51447
# of unexpected failures 27
# of expected failures 206
# of unsupported tests 702
=== gcc Summary ===
# of expected passes 103070
# of unexpected failures 36
# of expected failures 404
# of unsupported tests 1325
/Volumes/ScratchCS/gcc-4-4-reg-build/gcc/xgcc version 4.4.0 20090120
(experimental) (GCC)
=== gfortran tests ===
Running target unix/-m32
FAIL: gfortran.dg/large_real_kind_3.F90 -O0 execution test
=== gfortran Summary for unix/-m32 ===
# of expected passes 28932
# of unexpected failures 1
# of expected failures 42
# of unsupported tests 140
Running target unix/-m32/-static-libgfortran
FAIL: gfortran.dg/large_real_kind_3.F90 -O0 execution test
=== gfortran Summary for unix/-m32/-static-libgfortran ===
# of expected passes 28932
# of unexpected failures 1
# of expected failures 42
# of unsupported tests 140
Running target unix/-m64
FAIL: gfortran.dg/large_real_kind_3.F90 -O0 execution test
=== gfortran Summary for unix/-m64 ===
# of expected passes 29080
# of unexpected failures 1
# of expected failures 48
# of unsupported tests 67
Running target unix/-m64/-static-libgfortran
FAIL: gfortran.dg/large_real_kind_3.F90 -O0 execution test
=== gfortran Summary for unix/-m64/-static-libgfortran ===
# of expected passes 29080
# of unexpected failures 1
# of expected failures 48
# of unsupported tests 67
=== gfortran Summary ===
# of expected passes 116024
# of unexpected failures 4
# of expected failures 180
# of unsupported tests 414
/Volumes/ScratchCS/gcc-4-4-reg-build/gcc/testsuite/gfortran/../../
gfortran version 4.4.0 20090120 (experimental) (GCC)
=== obj-c++ tests ===
Running target unix
XPASS: obj-c++.dg/comp-types-10.mm (test for excess errors)
XPASS: obj-c++.dg/cxx-ivars-2.mm execution test
XPASS: obj-c++.dg/encode-8.mm execution test
XPASS: obj-c++.dg/isa-field-1.mm (test for excess errors)
XPASS: obj-c++.dg/lookup-2.mm (test for excess errors)
ERROR: obj-c++.dg/stubify-2.mm: error executing dg-final: couldn't
open "stubify-2.mm.08.jump": no such file or directory
UNRESOLVED: obj-c++.dg/stubify-2.mm: error executing dg-final:
couldn't open "stubify-2.mm.08.jump": no such file or directory
XPASS: obj-c++.dg/try-catch-2.mm (test for excess errors)
XPASS: obj-c++.dg/try-catch-9.mm (test for excess errors)
=== obj-c++ Summary ===
# of expected passes 469
# of unexpected successes 7
# of expected failures 3
# of unresolved testcases 1
/Volumes/ScratchCS/gcc-4-4-reg-build/gcc/testsuite/obj-c++/../../g++
version 4.4.0 20090120 (experimental) (GCC)
=== objc tests ===
Running target unix
FAIL: objc/execute/forward-1.m execution, -O0 -fgnu-runtime
FAIL: objc/execute/forward-1.m execution, -O1 -fgnu-runtime
FAIL: objc/execute/forward-1.m execution, -O2 -fgnu-runtime
FAIL: objc/execute/forward-1.m execution, -O3 -fomit-frame-pointer -
fgnu-runtime
FAIL: objc/execute/forward-1.m execution, -O3 -fomit-frame-pointer -
funroll-loops -fgnu-runtime
FAIL: objc/execute/forward-1.m execution, -O3 -fomit-frame-pointer -
funroll-all-loops -finline-functions -fgnu-runtime
FAIL: objc/execute/forward-1.m execution, -O3 -g -fgnu-runtime
FAIL: objc/execute/forward-1.m execution, -Os -fgnu-runtime
FAIL: objc.dg-struct-layout-encoding-1/t001_main.m execution test
FAIL: objc.dg-struct-layout-encoding-1/t005_main.m execution test
FAIL: objc.dg-struct-layout-encoding-1/t009_main.m execution test
FAIL: objc.dg-struct-layout-encoding-1/t010_main.m execution test
FAIL: objc.dg-struct-layout-encoding-1/t013_main.m execution test
FAIL: objc.dg-struct-layout-encoding-1/t014_main.m execution test
FAIL: objc.dg-struct-layout-encoding-1/t016_main.m execution test
FAIL: objc.dg-struct-layout-encoding-1/t017_main.m execution test
FAIL: objc.dg-struct-layout-encoding-1/t018_main.m execution test
FAIL: objc.dg-struct-layout-encoding-1/t019_main.m execution test
FAIL: objc.dg-struct-layout-encoding-1/t020_main.m execution test
FAIL: objc.dg-struct-layout-encoding-1/t021_main.m execution test
FAIL: objc.dg-struct-layout-encoding-1/t023_main.m execution test
FAIL: objc.dg-struct-layout-encoding-1/t024_main.m execution test
=== objc Summary ===
# of expected passes 3065
# of unexpected failures 22
# of expected failures 17
# of unsupported tests 1
/Volumes/ScratchCS/gcc-4-4-reg-build/gcc/xgcc version 4.4.0 20090120
(experimental) (GCC)
=== libgomp tests ===
Running target unix/-m32
=== libgomp Summary for unix/-m32 ===
# of expected passes 2089
# of unsupported tests 128
Running target unix/-m32/-static-libgfortran
=== libgomp Summary for unix/-m32/-static-libgfortran ===
# of expected passes 2089
# of unsupported tests 128
Running target unix/-m64
=== libgomp Summary for unix/-m64 ===
# of expected passes 2089
# of unsupported tests 128
Running target unix/-m64/-static-libgfortran
=== libgomp Summary for unix/-m64/-static-libgfortran ===
# of expected passes 2089
# of unsupported tests 128
=== libgomp Summary ===
# of expected passes 8356
# of unsupported tests 512
=== libstdc++ tests ===
Running target unix
=== libstdc++ Summary ===
# of expected passes 5586
# of expected failures 76
# of unsupported tests 428
Compiler version: 4.4.0 20090120 (experimental) (GCC)
Platform: powerpc-apple-darwin8
configure flags: --enable-threads --enable-
checking=assert,runtime,tree --target=powerpc-apple-darwin8 --
host=powerpc-apple-darwin8 --build=powerpc-apple-darwin8 --program-
suffix=-4.4.0 --enable-languages=c,c++,fortran,objc,obj-c++ --enable-
version-specific-runtime-libs --prefix=/Volumes/ScratchCS/gcc-440-
install --with-slibdir=/usr/lib --with-dwarf2