This is the mail archive of the
gcc-testresults@gcc.gnu.org
mailing list for the GCC project.
Results for 4.4.0 20090116 (experimental) [trunk revision 143419] (GCC) testsuite on mips64-unknown-linux-gnu
- From: David Daney <ddaney at caviumnetworks dot com>
- To: gcc-testresults at gcc dot gnu dot org
- Date: Wed, 21 Jan 2009 09:45:38 -0800
- Subject: Results for 4.4.0 20090116 (experimental) [trunk revision 143419] (GCC) testsuite on mips64-unknown-linux-gnu
LAST_UPDATED: Fri Jan 16 01:56:25 UTC 2009 (revision 143419)
Native configuration is mips64-unknown-linux-gnu
=== gcc tests ===
Running target unix
WARNING: program timed out.
FAIL: gcc.c-torture/compile/limits-fndefn.c -O3 -g (test for excess errors)
WARNING: program timed out.
FAIL: gcc.dg/20020425-1.c (test for excess errors)
FAIL: gcc.dg/pr35729.c scan-rtl-dump-times loop2_invariant "Decided to move invariant" 0
FAIL: gcc.dg/torture/pr37969.c -O3 -fomit-frame-pointer -funroll-all-loops -finline-functions (internal compiler error)
FAIL: gcc.dg/torture/pr37969.c -O3 -fomit-frame-pointer -funroll-all-loops -finline-functions (test for excess errors)
FAIL: gcc.dg/tree-ssa/ssa-store-ccp-3.c scan-tree-dump-times optimized "conststaticvariable" 1
FAIL: gcc.dg/tree-ssa/vrp47.c scan-tree-dump-times vrp1 "[xy][^ ]* !=" 0
FAIL: gcc.dg/tree-ssa/vrp47.c scan-tree-dump-times dom1 "x[^ ]* & y" 1
FAIL: gcc.dg/tree-ssa/vrp47.c scan-tree-dump-times vrp1 "x[^ ]* [|] y" 1
FAIL: gcc.target/mips/dpaq_sa_l_w.c (test for excess errors)
ERROR: gcc.target/mips/dpaq_sa_l_w.c: error executing dg-final: couldn't open "dpaq_sa_l_w.s": no such file or directory
UNRESOLVED: gcc.target/mips/dpaq_sa_l_w.c: error executing dg-final: couldn't open "dpaq_sa_l_w.s": no such file or directory
FAIL: gcc.target/mips/dpsq_sa_l_w.c (test for excess errors)
ERROR: gcc.target/mips/dpsq_sa_l_w.c: error executing dg-final: couldn't open "dpsq_sa_l_w.s": no such file or directory
UNRESOLVED: gcc.target/mips/dpsq_sa_l_w.c: error executing dg-final: couldn't open "dpsq_sa_l_w.s": no such file or directory
FAIL: gcc.target/mips/fixed-scalar-type.c (test for excess errors)
ERROR: gcc.target/mips/fixed-scalar-type.c: error executing dg-final: couldn't open "fixed-scalar-type.s": no such file or directory
UNRESOLVED: gcc.target/mips/fixed-scalar-type.c: error executing dg-final: couldn't open "fixed-scalar-type.s": no such file or directory
FAIL: gcc.target/mips/fixed-vector-type.c (test for excess errors)
ERROR: gcc.target/mips/fixed-vector-type.c: error executing dg-final: couldn't open "fixed-vector-type.s": no such file or directory
UNRESOLVED: gcc.target/mips/fixed-vector-type.c: error executing dg-final: couldn't open "fixed-vector-type.s": no such file or directory
=== gcc Summary ===
# of expected passes 49648
# of unexpected failures 13
# of expected failures 124
# of unresolved testcases 4
# of unsupported tests 468
/home/daney/gccsvn/trunk-build/gcc/xgcc version 4.4.0 20090116 (experimental) [trunk revision 143419] (GCC)
=== gfortran tests ===
Running target unix
WARNING: program timed out.
FAIL: gfortran.dg/cray_pointers_2.f90 -O3 -fomit-frame-pointer (test for excess errors)
UNRESOLVED: gfortran.dg/cray_pointers_2.f90 -O3 -fomit-frame-pointer compilation failed to produce executable
WARNING: program timed out.
FAIL: gfortran.dg/cray_pointers_2.f90 -O3 -fomit-frame-pointer -funroll-loops (test for excess errors)
UNRESOLVED: gfortran.dg/cray_pointers_2.f90 -O3 -fomit-frame-pointer -funroll-loops compilation failed to produce executable
WARNING: program timed out.
FAIL: gfortran.dg/cray_pointers_2.f90 -O3 -fomit-frame-pointer -funroll-all-loops -finline-functions (test for excess errors)
UNRESOLVED: gfortran.dg/cray_pointers_2.f90 -O3 -fomit-frame-pointer -funroll-all-loops -finline-functions compilation failed to produce executable
WARNING: program timed out.
FAIL: gfortran.dg/cray_pointers_2.f90 -O3 -g (test for excess errors)
UNRESOLVED: gfortran.dg/cray_pointers_2.f90 -O3 -g compilation failed to produce executable
=== gfortran Summary ===
# of expected passes 28603
# of unexpected failures 4
# of expected failures 10
# of unresolved testcases 4
# of unsupported tests 52
/home/daney/gccsvn/trunk-build/gcc/testsuite/gfortran/../../gfortran version 4.4.0 20090116 (experimental) [trunk revision 143419] (GCC)
=== g++ tests ===
Running target unix
WARNING: program timed out.
FAIL: g++.dg/eh/cleanup1.C (test for excess errors)
FAIL: g++.dg/ipa/iinline-1.C scan-ipa-dump inline "String::funcOne[^\\n]*inline copy in int main"
WARNING: program timed out.
FAIL: g++.dg/torture/pr31863.C -O2 (test for excess errors)
WARNING: program timed out.
FAIL: g++.dg/torture/pr31863.C -O3 -fomit-frame-pointer (test for excess errors)
WARNING: program timed out.
FAIL: g++.dg/torture/pr31863.C -O3 -g (test for excess errors)
WARNING: program timed out.
FAIL: g++.dg/torture/pr31863.C -Os (test for excess errors)
=== g++ Summary ===
# of expected passes 18829
# of unexpected failures 6
# of expected failures 140
# of unsupported tests 151
/home/daney/gccsvn/trunk-build/gcc/testsuite/g++/../../g++ version 4.4.0 20090116 (experimental) [trunk revision 143419] (GCC)
=== libffi tests ===
Running target unix
=== libffi Summary ===
# of expected passes 1389
# of unsupported tests 10
=== libgomp tests ===
Running target unix
=== libgomp Summary ===
# of expected passes 2345
=== libjava tests ===
Running target unix
=== libjava Summary ===
# of expected passes 2574
=== libstdc++ tests ===
Running target unix
FAIL: abi_check
XPASS: 26_numerics/headers/cmath/c99_classification_macros_c.cc (test for excess errors)
WARNING: program timed out.
FAIL: ext/pb_ds/regression/tree_data_map_rand.cc (test for excess errors)
UNRESOLVED: ext/pb_ds/regression/tree_data_map_rand.cc compilation failed to produce executable
WARNING: program timed out.
FAIL: ext/pb_ds/regression/tree_no_data_map_rand.cc (test for excess errors)
UNRESOLVED: ext/pb_ds/regression/tree_no_data_map_rand.cc compilation failed to produce executable
FAIL: tr1/5_numerical_facilities/special_functions/12_ellint_1/check_nan.cc (test for excess errors)
UNRESOLVED: tr1/5_numerical_facilities/special_functions/12_ellint_1/check_nan.cc compilation failed to produce executable
FAIL: tr1/5_numerical_facilities/special_functions/12_ellint_1/check_value.cc (test for excess errors)
UNRESOLVED: tr1/5_numerical_facilities/special_functions/12_ellint_1/check_value.cc compilation failed to produce executable
FAIL: tr1/5_numerical_facilities/special_functions/13_ellint_2/check_nan.cc (test for excess errors)
UNRESOLVED: tr1/5_numerical_facilities/special_functions/13_ellint_2/check_nan.cc compilation failed to produce executable
FAIL: tr1/5_numerical_facilities/special_functions/13_ellint_2/check_value.cc (test for excess errors)
UNRESOLVED: tr1/5_numerical_facilities/special_functions/13_ellint_2/check_value.cc compilation failed to produce executable
FAIL: tr1/5_numerical_facilities/special_functions/14_ellint_3/check_nan.cc (test for excess errors)
UNRESOLVED: tr1/5_numerical_facilities/special_functions/14_ellint_3/check_nan.cc compilation failed to produce executable
FAIL: tr1/5_numerical_facilities/special_functions/14_ellint_3/check_value.cc (test for excess errors)
UNRESOLVED: tr1/5_numerical_facilities/special_functions/14_ellint_3/check_value.cc compilation failed to produce executable
=== libstdc++ Summary ===
# of expected passes 5758
# of unexpected failures 9
# of unexpected successes 1
# of expected failures 79
# of unresolved testcases 8
# of unsupported tests 331
Compiler version: 4.4.0 20090116 (experimental) [trunk revision 143419] (GCC)
Platform: mips64-unknown-linux-gnu
configure flags: --with-arch=native --disable-java-awt --without-x --enable-__cxa_atexit --disable-static --enable-languages=c,c++,java,fortran --disable-fixed-point --enable-checking=release --with-gmp=/home/daney/mp --with-mpfr=/home/daney/mp --disable-libmudflap --disable-multilib