This is the mail archive of the
gcc-testresults@gcc.gnu.org
mailing list for the GCC project.
Results for 4.4.0 20090120 (experimental) (GCC) testsuite on xtensa-unknown-elf
- From: sterling at tensilica dot com (Sterling Augustine)
- To: gcc-testresults at gcc dot gnu dot org
- Date: Wed, 21 Jan 2009 09:06:21 -0800 (PST)
- Subject: Results for 4.4.0 20090120 (experimental) (GCC) testsuite on xtensa-unknown-elf
LAST_UPDATED:
Target is xtensa-unknown-elf
Host is i686-pc-linux-gnu
=== gcc tests ===
Running target xtensa-sim
FAIL: gcc.c-torture/execute/pr38819.c execution, -O2
FAIL: gcc.c-torture/execute/pr38819.c execution, -O3 -fomit-frame-pointer
FAIL: gcc.c-torture/execute/pr38819.c execution, -O3 -fomit-frame-pointer -funroll-loops
FAIL: gcc.c-torture/execute/pr38819.c execution, -O3 -fomit-frame-pointer -funroll-all-loops -finline-functions
FAIL: gcc.c-torture/execute/pr38819.c execution, -O3 -g
FAIL: gcc.dg/cpp/_Pragma3.c -fno-show-column (test for excess errors)
FAIL: gcc.dg/memcpy-1.c scan-tree-dump-times optimized "nasty_local" 0
FAIL: gcc.dg/pr35729.c scan-rtl-dump-times loop2_invariant "Decided to move invariant" 0
FAIL: gcc.dg/utf32-4.c (test for warnings, line 18)
FAIL: gcc.dg/special/gcsec-1.c execution test
=== gcc Summary ===
# of expected passes 47905
# of unexpected failures 10
# of expected failures 123
# of unsupported tests 585
/fac/vol6/software/sterling/gcc_tot/build/gcc/xgcc version 4.4.0 20090120 (experimental) (GCC)
Host is i686-pc-linux-gnu
=== gfortran tests ===
Running target xtensa-sim
FAIL: gfortran.dg/c_by_val_1.f -O0 (test for excess errors)
WARNING: gfortran.dg/c_by_val_1.f -O0 compilation failed to produce executable
FAIL: gfortran.dg/c_by_val_1.f -O1 (test for excess errors)
WARNING: gfortran.dg/c_by_val_1.f -O1 compilation failed to produce executable
FAIL: gfortran.dg/c_by_val_1.f -O2 (test for excess errors)
WARNING: gfortran.dg/c_by_val_1.f -O2 compilation failed to produce executable
FAIL: gfortran.dg/c_by_val_1.f -O3 -fomit-frame-pointer (test for excess errors)
WARNING: gfortran.dg/c_by_val_1.f -O3 -fomit-frame-pointer compilation failed to produce executable
FAIL: gfortran.dg/c_by_val_1.f -O3 -fomit-frame-pointer -funroll-loops (test for excess errors)
WARNING: gfortran.dg/c_by_val_1.f -O3 -fomit-frame-pointer -funroll-loops compilation failed to produce executable
FAIL: gfortran.dg/c_by_val_1.f -O3 -fomit-frame-pointer -funroll-all-loops -finline-functions (test for excess errors)
WARNING: gfortran.dg/c_by_val_1.f -O3 -fomit-frame-pointer -funroll-all-loops -finline-functions compilation failed to produce executable
FAIL: gfortran.dg/c_by_val_1.f -O3 -g (test for excess errors)
WARNING: gfortran.dg/c_by_val_1.f -O3 -g compilation failed to produce executable
FAIL: gfortran.dg/c_by_val_1.f -Os (test for excess errors)
WARNING: gfortran.dg/c_by_val_1.f -Os compilation failed to produce executable
FAIL: gfortran.dg/char_eoshift_5.f90 -O0 scan-tree-dump original "_gfortran_eoshift[0-9_]+char \\([&a-zA-Z0-9._]*, [&a-zA-Z0-9._]*, [&a-zA-Z0-9._]*, [&a-zA-Z0-9._]*, [&a-zA-Z0-9._]*, [&a-zA-Z0-9._]*, [&a-zA-Z0-9._]*, [&a-zA-Z0-9._]*\\)"
FAIL: gfortran.dg/char_eoshift_5.f90 -O1 scan-tree-dump original "_gfortran_eoshift[0-9_]+char \\([&a-zA-Z0-9._]*, [&a-zA-Z0-9._]*, [&a-zA-Z0-9._]*, [&a-zA-Z0-9._]*, [&a-zA-Z0-9._]*, [&a-zA-Z0-9._]*, [&a-zA-Z0-9._]*, [&a-zA-Z0-9._]*\\)"
FAIL: gfortran.dg/char_eoshift_5.f90 -O2 scan-tree-dump original "_gfortran_eoshift[0-9_]+char \\([&a-zA-Z0-9._]*, [&a-zA-Z0-9._]*, [&a-zA-Z0-9._]*, [&a-zA-Z0-9._]*, [&a-zA-Z0-9._]*, [&a-zA-Z0-9._]*, [&a-zA-Z0-9._]*, [&a-zA-Z0-9._]*\\)"
FAIL: gfortran.dg/char_eoshift_5.f90 -O3 -fomit-frame-pointer scan-tree-dump original "_gfortran_eoshift[0-9_]+char \\([&a-zA-Z0-9._]*, [&a-zA-Z0-9._]*, [&a-zA-Z0-9._]*, [&a-zA-Z0-9._]*, [&a-zA-Z0-9._]*, [&a-zA-Z0-9._]*, [&a-zA-Z0-9._]*, [&a-zA-Z0-9._]*\\)"
FAIL: gfortran.dg/char_eoshift_5.f90 -O3 -fomit-frame-pointer -funroll-loops scan-tree-dump original "_gfortran_eoshift[0-9_]+char \\([&a-zA-Z0-9._]*, [&a-zA-Z0-9._]*, [&a-zA-Z0-9._]*, [&a-zA-Z0-9._]*, [&a-zA-Z0-9._]*, [&a-zA-Z0-9._]*, [&a-zA-Z0-9._]*, [&a-zA-Z0-9._]*\\)"
FAIL: gfortran.dg/char_eoshift_5.f90 -O3 -fomit-frame-pointer -funroll-all-loops -finline-functions scan-tree-dump original "_gfortran_eoshift[0-9_]+char \\([&a-zA-Z0-9._]*, [&a-zA-Z0-9._]*, [&a-zA-Z0-9._]*, [&a-zA-Z0-9._]*, [&a-zA-Z0-9._]*, [&a-zA-Z0-9._]*, [&a-zA-Z0-9._]*, [&a-zA-Z0-9._]*\\)"
FAIL: gfortran.dg/char_eoshift_5.f90 -O3 -g scan-tree-dump original "_gfortran_eoshift[0-9_]+char \\([&a-zA-Z0-9._]*, [&a-zA-Z0-9._]*, [&a-zA-Z0-9._]*, [&a-zA-Z0-9._]*, [&a-zA-Z0-9._]*, [&a-zA-Z0-9._]*, [&a-zA-Z0-9._]*, [&a-zA-Z0-9._]*\\)"
FAIL: gfortran.dg/char_eoshift_5.f90 -Os scan-tree-dump original "_gfortran_eoshift[0-9_]+char \\([&a-zA-Z0-9._]*, [&a-zA-Z0-9._]*, [&a-zA-Z0-9._]*, [&a-zA-Z0-9._]*, [&a-zA-Z0-9._]*, [&a-zA-Z0-9._]*, [&a-zA-Z0-9._]*, [&a-zA-Z0-9._]*\\)"
FAIL: gfortran.dg/chmod_1.f90 -O0 (test for excess errors)
WARNING: gfortran.dg/chmod_1.f90 -O0 compilation failed to produce executable
FAIL: gfortran.dg/chmod_1.f90 -O1 (test for excess errors)
WARNING: gfortran.dg/chmod_1.f90 -O1 compilation failed to produce executable
FAIL: gfortran.dg/chmod_1.f90 -O2 (test for excess errors)
WARNING: gfortran.dg/chmod_1.f90 -O2 compilation failed to produce executable
FAIL: gfortran.dg/chmod_1.f90 -O3 -fomit-frame-pointer (test for excess errors)
WARNING: gfortran.dg/chmod_1.f90 -O3 -fomit-frame-pointer compilation failed to produce executable
FAIL: gfortran.dg/chmod_1.f90 -O3 -fomit-frame-pointer -funroll-loops (test for excess errors)
WARNING: gfortran.dg/chmod_1.f90 -O3 -fomit-frame-pointer -funroll-loops compilation failed to produce executable
FAIL: gfortran.dg/chmod_1.f90 -O3 -fomit-frame-pointer -funroll-all-loops -finline-functions (test for excess errors)
WARNING: gfortran.dg/chmod_1.f90 -O3 -fomit-frame-pointer -funroll-all-loops -finline-functions compilation failed to produce executable
FAIL: gfortran.dg/chmod_1.f90 -O3 -g (test for excess errors)
WARNING: gfortran.dg/chmod_1.f90 -O3 -g compilation failed to produce executable
FAIL: gfortran.dg/chmod_1.f90 -Os (test for excess errors)
WARNING: gfortran.dg/chmod_1.f90 -Os compilation failed to produce executable
FAIL: gfortran.dg/chmod_2.f90 -O0 (test for excess errors)
WARNING: gfortran.dg/chmod_2.f90 -O0 compilation failed to produce executable
FAIL: gfortran.dg/chmod_2.f90 -O1 (test for excess errors)
WARNING: gfortran.dg/chmod_2.f90 -O1 compilation failed to produce executable
FAIL: gfortran.dg/chmod_2.f90 -O2 (test for excess errors)
WARNING: gfortran.dg/chmod_2.f90 -O2 compilation failed to produce executable
FAIL: gfortran.dg/chmod_2.f90 -O3 -fomit-frame-pointer (test for excess errors)
WARNING: gfortran.dg/chmod_2.f90 -O3 -fomit-frame-pointer compilation failed to produce executable
FAIL: gfortran.dg/chmod_2.f90 -O3 -fomit-frame-pointer -funroll-loops (test for excess errors)
WARNING: gfortran.dg/chmod_2.f90 -O3 -fomit-frame-pointer -funroll-loops compilation failed to produce executable
FAIL: gfortran.dg/chmod_2.f90 -O3 -fomit-frame-pointer -funroll-all-loops -finline-functions (test for excess errors)
WARNING: gfortran.dg/chmod_2.f90 -O3 -fomit-frame-pointer -funroll-all-loops -finline-functions compilation failed to produce executable
FAIL: gfortran.dg/chmod_2.f90 -O3 -g (test for excess errors)
WARNING: gfortran.dg/chmod_2.f90 -O3 -g compilation failed to produce executable
FAIL: gfortran.dg/chmod_2.f90 -Os (test for excess errors)
WARNING: gfortran.dg/chmod_2.f90 -Os compilation failed to produce executable
FAIL: gfortran.dg/chmod_3.f90 -O0 (test for excess errors)
WARNING: gfortran.dg/chmod_3.f90 -O0 compilation failed to produce executable
FAIL: gfortran.dg/chmod_3.f90 -O1 (test for excess errors)
WARNING: gfortran.dg/chmod_3.f90 -O1 compilation failed to produce executable
FAIL: gfortran.dg/chmod_3.f90 -O2 (test for excess errors)
WARNING: gfortran.dg/chmod_3.f90 -O2 compilation failed to produce executable
FAIL: gfortran.dg/chmod_3.f90 -O3 -fomit-frame-pointer (test for excess errors)
WARNING: gfortran.dg/chmod_3.f90 -O3 -fomit-frame-pointer compilation failed to produce executable
FAIL: gfortran.dg/chmod_3.f90 -O3 -fomit-frame-pointer -funroll-loops (test for excess errors)
WARNING: gfortran.dg/chmod_3.f90 -O3 -fomit-frame-pointer -funroll-loops compilation failed to produce executable
FAIL: gfortran.dg/chmod_3.f90 -O3 -fomit-frame-pointer -funroll-all-loops -finline-functions (test for excess errors)
WARNING: gfortran.dg/chmod_3.f90 -O3 -fomit-frame-pointer -funroll-all-loops -finline-functions compilation failed to produce executable
FAIL: gfortran.dg/chmod_3.f90 -O3 -g (test for excess errors)
WARNING: gfortran.dg/chmod_3.f90 -O3 -g compilation failed to produce executable
FAIL: gfortran.dg/chmod_3.f90 -Os (test for excess errors)
WARNING: gfortran.dg/chmod_3.f90 -Os compilation failed to produce executable
FAIL: gfortran.dg/direct_io_10.f -O0 execution test
FAIL: gfortran.dg/direct_io_10.f -O1 execution test
FAIL: gfortran.dg/direct_io_10.f -O2 execution test
FAIL: gfortran.dg/direct_io_10.f -O3 -fomit-frame-pointer execution test
FAIL: gfortran.dg/direct_io_10.f -O3 -fomit-frame-pointer -funroll-loops execution test
FAIL: gfortran.dg/direct_io_10.f -O3 -fomit-frame-pointer -funroll-all-loops -finline-functions execution test
FAIL: gfortran.dg/direct_io_10.f -O3 -g execution test
FAIL: gfortran.dg/direct_io_10.f -Os execution test
FAIL: gfortran.dg/direct_io_2.f90 -O0 execution test
FAIL: gfortran.dg/direct_io_2.f90 -O1 execution test
FAIL: gfortran.dg/direct_io_2.f90 -O2 execution test
FAIL: gfortran.dg/direct_io_2.f90 -O3 -fomit-frame-pointer execution test
FAIL: gfortran.dg/direct_io_2.f90 -O3 -fomit-frame-pointer -funroll-loops execution test
FAIL: gfortran.dg/direct_io_2.f90 -O3 -fomit-frame-pointer -funroll-all-loops -finline-functions execution test
FAIL: gfortran.dg/direct_io_2.f90 -O3 -g execution test
FAIL: gfortran.dg/direct_io_2.f90 -Os execution test
FAIL: gfortran.dg/direct_io_3.f90 -O0 execution test
FAIL: gfortran.dg/direct_io_3.f90 -O1 execution test
FAIL: gfortran.dg/direct_io_3.f90 -O2 execution test
FAIL: gfortran.dg/direct_io_3.f90 -O3 -fomit-frame-pointer execution test
FAIL: gfortran.dg/direct_io_3.f90 -O3 -fomit-frame-pointer -funroll-loops execution test
FAIL: gfortran.dg/direct_io_3.f90 -O3 -fomit-frame-pointer -funroll-all-loops -finline-functions execution test
FAIL: gfortran.dg/direct_io_3.f90 -O3 -g execution test
FAIL: gfortran.dg/direct_io_3.f90 -Os execution test
FAIL: gfortran.dg/direct_io_4.f90 -O0 execution test
FAIL: gfortran.dg/direct_io_4.f90 -O1 execution test
FAIL: gfortran.dg/direct_io_4.f90 -O2 execution test
FAIL: gfortran.dg/direct_io_4.f90 -O3 -fomit-frame-pointer execution test
FAIL: gfortran.dg/direct_io_4.f90 -O3 -fomit-frame-pointer -funroll-loops execution test
FAIL: gfortran.dg/direct_io_4.f90 -O3 -fomit-frame-pointer -funroll-all-loops -finline-functions execution test
FAIL: gfortran.dg/direct_io_4.f90 -O3 -g execution test
FAIL: gfortran.dg/direct_io_4.f90 -Os execution test
FAIL: gfortran.dg/direct_io_5.f90 -O0 execution test
FAIL: gfortran.dg/direct_io_5.f90 -O1 execution test
FAIL: gfortran.dg/direct_io_5.f90 -O2 execution test
FAIL: gfortran.dg/direct_io_5.f90 -O3 -fomit-frame-pointer execution test
FAIL: gfortran.dg/direct_io_5.f90 -O3 -fomit-frame-pointer -funroll-loops execution test
FAIL: gfortran.dg/direct_io_5.f90 -O3 -fomit-frame-pointer -funroll-all-loops -finline-functions execution test
FAIL: gfortran.dg/direct_io_5.f90 -O3 -g execution test
FAIL: gfortran.dg/direct_io_5.f90 -Os execution test
FAIL: gfortran.dg/direct_io_6.f90 -O0 execution test
FAIL: gfortran.dg/direct_io_6.f90 -O1 execution test
FAIL: gfortran.dg/direct_io_6.f90 -O2 execution test
FAIL: gfortran.dg/direct_io_6.f90 -O3 -fomit-frame-pointer execution test
FAIL: gfortran.dg/direct_io_6.f90 -O3 -fomit-frame-pointer -funroll-loops execution test
FAIL: gfortran.dg/direct_io_6.f90 -O3 -fomit-frame-pointer -funroll-all-loops -finline-functions execution test
FAIL: gfortran.dg/direct_io_6.f90 -O3 -g execution test
FAIL: gfortran.dg/direct_io_6.f90 -Os execution test
FAIL: gfortran.dg/direct_io_7.f90 -O0 execution test
FAIL: gfortran.dg/direct_io_7.f90 -O1 execution test
FAIL: gfortran.dg/direct_io_7.f90 -O2 execution test
FAIL: gfortran.dg/direct_io_7.f90 -O3 -fomit-frame-pointer execution test
FAIL: gfortran.dg/direct_io_7.f90 -O3 -fomit-frame-pointer -funroll-loops execution test
FAIL: gfortran.dg/direct_io_7.f90 -O3 -fomit-frame-pointer -funroll-all-loops -finline-functions execution test
FAIL: gfortran.dg/direct_io_7.f90 -O3 -g execution test
FAIL: gfortran.dg/direct_io_7.f90 -Os execution test
FAIL: gfortran.dg/direct_io_9.f -O0 execution test
FAIL: gfortran.dg/direct_io_9.f -O1 execution test
FAIL: gfortran.dg/direct_io_9.f -O2 execution test
FAIL: gfortran.dg/direct_io_9.f -O3 -fomit-frame-pointer execution test
FAIL: gfortran.dg/direct_io_9.f -O3 -fomit-frame-pointer -funroll-loops execution test
FAIL: gfortran.dg/direct_io_9.f -O3 -fomit-frame-pointer -funroll-all-loops -finline-functions execution test
FAIL: gfortran.dg/direct_io_9.f -O3 -g execution test
FAIL: gfortran.dg/direct_io_9.f -Os execution test
FAIL: gfortran.dg/eof_2.f90 -O0 execution test
FAIL: gfortran.dg/eof_2.f90 -O1 execution test
FAIL: gfortran.dg/eof_2.f90 -O2 execution test
FAIL: gfortran.dg/eof_2.f90 -O3 -fomit-frame-pointer execution test
FAIL: gfortran.dg/eof_2.f90 -O3 -fomit-frame-pointer -funroll-loops execution test
FAIL: gfortran.dg/eof_2.f90 -O3 -fomit-frame-pointer -funroll-all-loops -finline-functions execution test
FAIL: gfortran.dg/eof_2.f90 -O3 -g execution test
FAIL: gfortran.dg/eof_2.f90 -Os execution test
FAIL: gfortran.dg/error_format.f90 -O0 output pattern test, is At line 7 of file /home/sterling/work/fsf/gcc/gcc/testsuite/gfortran.dg/error_format.f90 (unit = 99, file = '')
FAIL: gfortran.dg/error_format.f90 -O1 output pattern test, is At line 7 of file /home/sterling/work/fsf/gcc/gcc/testsuite/gfortran.dg/error_format.f90 (unit = 99, file = '')
FAIL: gfortran.dg/error_format.f90 -O2 output pattern test, is At line 7 of file /home/sterling/work/fsf/gcc/gcc/testsuite/gfortran.dg/error_format.f90 (unit = 99, file = '')
FAIL: gfortran.dg/error_format.f90 -O3 -fomit-frame-pointer output pattern test, is At line 7 of file /home/sterling/work/fsf/gcc/gcc/testsuite/gfortran.dg/error_format.f90 (unit = 99, file = '')
FAIL: gfortran.dg/error_format.f90 -O3 -fomit-frame-pointer -funroll-loops output pattern test, is At line 7 of file /home/sterling/work/fsf/gcc/gcc/testsuite/gfortran.dg/error_format.f90 (unit = 99, file = '')
FAIL: gfortran.dg/error_format.f90 -O3 -fomit-frame-pointer -funroll-all-loops -finline-functions output pattern test, is At line 7 of file /home/sterling/work/fsf/gcc/gcc/testsuite/gfortran.dg/error_format.f90 (unit = 99, file = '')
FAIL: gfortran.dg/error_format.f90 -O3 -g output pattern test, is At line 7 of file /home/sterling/work/fsf/gcc/gcc/testsuite/gfortran.dg/error_format.f90 (unit = 99, file = '')
FAIL: gfortran.dg/error_format.f90 -Os output pattern test, is At line 7 of file /home/sterling/work/fsf/gcc/gcc/testsuite/gfortran.dg/error_format.f90 (unit = 99, file = '')
FAIL: gfortran.dg/gamma_5.f90 -O0 execution test
FAIL: gfortran.dg/gamma_5.f90 -O1 execution test
FAIL: gfortran.dg/gamma_5.f90 -O2 execution test
FAIL: gfortran.dg/gamma_5.f90 -O3 -fomit-frame-pointer execution test
FAIL: gfortran.dg/gamma_5.f90 -O3 -fomit-frame-pointer -funroll-loops execution test
FAIL: gfortran.dg/gamma_5.f90 -O3 -fomit-frame-pointer -funroll-all-loops -finline-functions execution test
FAIL: gfortran.dg/gamma_5.f90 -O3 -g execution test
FAIL: gfortran.dg/gamma_5.f90 -Os execution test
FAIL: gfortran.dg/inquire.f90 -O0 execution test
FAIL: gfortran.dg/inquire.f90 -O1 execution test
FAIL: gfortran.dg/inquire.f90 -O2 execution test
FAIL: gfortran.dg/inquire.f90 -O3 -fomit-frame-pointer execution test
FAIL: gfortran.dg/inquire.f90 -O3 -fomit-frame-pointer -funroll-loops execution test
FAIL: gfortran.dg/inquire.f90 -O3 -fomit-frame-pointer -funroll-all-loops -finline-functions execution test
FAIL: gfortran.dg/inquire.f90 -O3 -g execution test
FAIL: gfortran.dg/inquire.f90 -Os execution test
FAIL: gfortran.dg/inquire_13.f90 -O0 execution test
FAIL: gfortran.dg/inquire_13.f90 -O1 execution test
FAIL: gfortran.dg/inquire_13.f90 -O2 execution test
FAIL: gfortran.dg/inquire_13.f90 -O3 -fomit-frame-pointer execution test
FAIL: gfortran.dg/inquire_13.f90 -O3 -fomit-frame-pointer -funroll-loops execution test
FAIL: gfortran.dg/inquire_13.f90 -O3 -fomit-frame-pointer -funroll-all-loops -finline-functions execution test
FAIL: gfortran.dg/inquire_13.f90 -O3 -g execution test
FAIL: gfortran.dg/inquire_13.f90 -Os execution test
FAIL: gfortran.dg/inquire_6.f90 -O0 execution test
FAIL: gfortran.dg/inquire_6.f90 -O1 execution test
FAIL: gfortran.dg/inquire_6.f90 -O2 execution test
FAIL: gfortran.dg/inquire_6.f90 -O3 -fomit-frame-pointer execution test
FAIL: gfortran.dg/inquire_6.f90 -O3 -fomit-frame-pointer -funroll-loops execution test
FAIL: gfortran.dg/inquire_6.f90 -O3 -fomit-frame-pointer -funroll-all-loops -finline-functions execution test
FAIL: gfortran.dg/inquire_6.f90 -O3 -g execution test
FAIL: gfortran.dg/inquire_6.f90 -Os execution test
FAIL: gfortran.dg/inquire_7.f90 -O0 execution test
FAIL: gfortran.dg/inquire_7.f90 -O1 execution test
FAIL: gfortran.dg/inquire_7.f90 -O2 execution test
FAIL: gfortran.dg/inquire_7.f90 -O3 -fomit-frame-pointer execution test
FAIL: gfortran.dg/inquire_7.f90 -O3 -fomit-frame-pointer -funroll-loops execution test
FAIL: gfortran.dg/inquire_7.f90 -O3 -fomit-frame-pointer -funroll-all-loops -finline-functions execution test
FAIL: gfortran.dg/inquire_7.f90 -O3 -g execution test
FAIL: gfortran.dg/inquire_7.f90 -Os execution test
FAIL: gfortran.dg/intrinsic_optional_char_arg_1.f90 -O scan-tree-dump original "_eoshift[0-9_]+char \\([&a-zA-Z0-9._, ]+, 1, 0\\)"
FAIL: gfortran.dg/intrinsic_optional_char_arg_1.f90 -O scan-tree-dump original "_reshape[0-9_]+char \\([&a-zA-Z0-9._, ]+, 1, 0\\)"
FAIL: gfortran.dg/intrinsic_optional_char_arg_1.f90 -O scan-tree-dump original "_pack[0-9_]+char \\([&a-zA-Z0-9._, ]+, 1, 0\\)"
FAIL: gfortran.dg/iomsg_1.f90 -O0 execution test
FAIL: gfortran.dg/iomsg_1.f90 -O1 execution test
FAIL: gfortran.dg/iomsg_1.f90 -O2 execution test
FAIL: gfortran.dg/iomsg_1.f90 -O3 -fomit-frame-pointer execution test
FAIL: gfortran.dg/iomsg_1.f90 -O3 -fomit-frame-pointer -funroll-loops execution test
FAIL: gfortran.dg/iomsg_1.f90 -O3 -fomit-frame-pointer -funroll-all-loops -finline-functions execution test
FAIL: gfortran.dg/iomsg_1.f90 -O3 -g execution test
FAIL: gfortran.dg/iomsg_1.f90 -Os execution test
FAIL: gfortran.dg/module_nan.f90 -O0 execution test
FAIL: gfortran.dg/module_nan.f90 -O1 execution test
FAIL: gfortran.dg/module_nan.f90 -O2 execution test
FAIL: gfortran.dg/module_nan.f90 -O3 -fomit-frame-pointer execution test
FAIL: gfortran.dg/module_nan.f90 -O3 -fomit-frame-pointer -funroll-loops execution test
FAIL: gfortran.dg/module_nan.f90 -O3 -fomit-frame-pointer -funroll-all-loops -finline-functions execution test
FAIL: gfortran.dg/module_nan.f90 -O3 -g execution test
FAIL: gfortran.dg/module_nan.f90 -Os execution test
FAIL: gfortran.dg/namelist_48.f90 -O0 execution test
FAIL: gfortran.dg/namelist_48.f90 -O1 execution test
FAIL: gfortran.dg/namelist_48.f90 -O2 execution test
FAIL: gfortran.dg/namelist_48.f90 -O3 -fomit-frame-pointer execution test
FAIL: gfortran.dg/namelist_48.f90 -O3 -fomit-frame-pointer -funroll-loops execution test
FAIL: gfortran.dg/namelist_48.f90 -O3 -fomit-frame-pointer -funroll-all-loops -finline-functions execution test
FAIL: gfortran.dg/namelist_48.f90 -O3 -g execution test
FAIL: gfortran.dg/namelist_48.f90 -Os execution test
FAIL: gfortran.dg/namelist_49.f90 -O0 execution test
FAIL: gfortran.dg/namelist_49.f90 -O1 execution test
FAIL: gfortran.dg/namelist_49.f90 -O2 execution test
FAIL: gfortran.dg/namelist_49.f90 -O3 -fomit-frame-pointer execution test
FAIL: gfortran.dg/namelist_49.f90 -O3 -fomit-frame-pointer -funroll-loops execution test
FAIL: gfortran.dg/namelist_49.f90 -O3 -fomit-frame-pointer -funroll-all-loops -finline-functions execution test
FAIL: gfortran.dg/namelist_49.f90 -O3 -g execution test
FAIL: gfortran.dg/namelist_49.f90 -Os execution test
FAIL: gfortran.dg/namelist_50.f90 -O0 execution test
FAIL: gfortran.dg/namelist_50.f90 -O1 execution test
FAIL: gfortran.dg/namelist_50.f90 -O2 execution test
FAIL: gfortran.dg/namelist_50.f90 -O3 -fomit-frame-pointer execution test
FAIL: gfortran.dg/namelist_50.f90 -O3 -fomit-frame-pointer -funroll-loops execution test
FAIL: gfortran.dg/namelist_50.f90 -O3 -fomit-frame-pointer -funroll-all-loops -finline-functions execution test
FAIL: gfortran.dg/namelist_50.f90 -O3 -g execution test
FAIL: gfortran.dg/namelist_50.f90 -Os execution test
FAIL: gfortran.dg/namelist_51.f90 -O0 execution test
FAIL: gfortran.dg/namelist_51.f90 -O1 execution test
FAIL: gfortran.dg/namelist_51.f90 -O2 execution test
FAIL: gfortran.dg/namelist_51.f90 -O3 -fomit-frame-pointer execution test
FAIL: gfortran.dg/namelist_51.f90 -O3 -fomit-frame-pointer -funroll-loops execution test
FAIL: gfortran.dg/namelist_51.f90 -O3 -fomit-frame-pointer -funroll-all-loops -finline-functions execution test
FAIL: gfortran.dg/namelist_51.f90 -O3 -g execution test
FAIL: gfortran.dg/namelist_51.f90 -Os execution test
FAIL: gfortran.dg/namelist_52.f90 -O0 execution test
FAIL: gfortran.dg/namelist_52.f90 -O1 execution test
FAIL: gfortran.dg/namelist_52.f90 -O2 execution test
FAIL: gfortran.dg/namelist_52.f90 -O3 -fomit-frame-pointer execution test
FAIL: gfortran.dg/namelist_52.f90 -O3 -fomit-frame-pointer -funroll-loops execution test
FAIL: gfortran.dg/namelist_52.f90 -O3 -fomit-frame-pointer -funroll-all-loops -finline-functions execution test
FAIL: gfortran.dg/namelist_52.f90 -O3 -g execution test
FAIL: gfortran.dg/namelist_52.f90 -Os execution test
FAIL: gfortran.dg/namelist_56.f90 -O0 execution test
FAIL: gfortran.dg/namelist_56.f90 -O1 execution test
FAIL: gfortran.dg/namelist_56.f90 -O2 execution test
FAIL: gfortran.dg/namelist_56.f90 -O3 -fomit-frame-pointer execution test
FAIL: gfortran.dg/namelist_56.f90 -O3 -fomit-frame-pointer -funroll-loops execution test
FAIL: gfortran.dg/namelist_56.f90 -O3 -fomit-frame-pointer -funroll-all-loops -finline-functions execution test
FAIL: gfortran.dg/namelist_56.f90 -O3 -g execution test
FAIL: gfortran.dg/namelist_56.f90 -Os execution test
FAIL: gfortran.dg/nan_3.f90 -O0 execution test
FAIL: gfortran.dg/nan_3.f90 -O1 execution test
FAIL: gfortran.dg/nan_3.f90 -O2 execution test
FAIL: gfortran.dg/nan_3.f90 -O3 -fomit-frame-pointer execution test
FAIL: gfortran.dg/nan_3.f90 -O3 -fomit-frame-pointer -funroll-loops execution test
FAIL: gfortran.dg/nan_3.f90 -O3 -fomit-frame-pointer -funroll-all-loops -finline-functions execution test
FAIL: gfortran.dg/nan_3.f90 -O3 -g execution test
FAIL: gfortran.dg/nan_3.f90 -Os execution test
FAIL: gfortran.dg/nint_2.f90 -O0 execution test
FAIL: gfortran.dg/open-options-blanks.f -O0 execution test
FAIL: gfortran.dg/open-options-blanks.f -O1 execution test
FAIL: gfortran.dg/open-options-blanks.f -O2 execution test
FAIL: gfortran.dg/open-options-blanks.f -O3 -fomit-frame-pointer execution test
FAIL: gfortran.dg/open-options-blanks.f -O3 -fomit-frame-pointer -funroll-loops execution test
FAIL: gfortran.dg/open-options-blanks.f -O3 -fomit-frame-pointer -funroll-all-loops -finline-functions execution test
FAIL: gfortran.dg/open-options-blanks.f -O3 -g execution test
FAIL: gfortran.dg/open-options-blanks.f -Os execution test
FAIL: gfortran.dg/open_errors.f90 -O0 (test for excess errors)
WARNING: gfortran.dg/open_errors.f90 -O0 compilation failed to produce executable
FAIL: gfortran.dg/open_errors.f90 -O1 (test for excess errors)
WARNING: gfortran.dg/open_errors.f90 -O1 compilation failed to produce executable
FAIL: gfortran.dg/open_errors.f90 -O2 (test for excess errors)
WARNING: gfortran.dg/open_errors.f90 -O2 compilation failed to produce executable
FAIL: gfortran.dg/open_errors.f90 -O3 -fomit-frame-pointer (test for excess errors)
WARNING: gfortran.dg/open_errors.f90 -O3 -fomit-frame-pointer compilation failed to produce executable
FAIL: gfortran.dg/open_errors.f90 -O3 -fomit-frame-pointer -funroll-loops (test for excess errors)
WARNING: gfortran.dg/open_errors.f90 -O3 -fomit-frame-pointer -funroll-loops compilation failed to produce executable
FAIL: gfortran.dg/open_errors.f90 -O3 -fomit-frame-pointer -funroll-all-loops -finline-functions (test for excess errors)
WARNING: gfortran.dg/open_errors.f90 -O3 -fomit-frame-pointer -funroll-all-loops -finline-functions compilation failed to produce executable
FAIL: gfortran.dg/open_errors.f90 -O3 -g (test for excess errors)
WARNING: gfortran.dg/open_errors.f90 -O3 -g compilation failed to produce executable
FAIL: gfortran.dg/open_errors.f90 -Os (test for excess errors)
WARNING: gfortran.dg/open_errors.f90 -Os compilation failed to produce executable
FAIL: gfortran.dg/open_status_3.f90 -O0 execution test
FAIL: gfortran.dg/open_status_3.f90 -O1 execution test
FAIL: gfortran.dg/open_status_3.f90 -O2 execution test
FAIL: gfortran.dg/open_status_3.f90 -O3 -fomit-frame-pointer execution test
FAIL: gfortran.dg/open_status_3.f90 -O3 -fomit-frame-pointer -funroll-loops execution test
FAIL: gfortran.dg/open_status_3.f90 -O3 -fomit-frame-pointer -funroll-all-loops -finline-functions execution test
FAIL: gfortran.dg/open_status_3.f90 -O3 -g execution test
FAIL: gfortran.dg/open_status_3.f90 -Os execution test
FAIL: gfortran.dg/pr16597.f90 -O0 execution test
FAIL: gfortran.dg/pr16597.f90 -O1 execution test
FAIL: gfortran.dg/pr16597.f90 -O2 execution test
FAIL: gfortran.dg/pr16597.f90 -O3 -fomit-frame-pointer execution test
FAIL: gfortran.dg/pr16597.f90 -O3 -fomit-frame-pointer -funroll-loops execution test
FAIL: gfortran.dg/pr16597.f90 -O3 -fomit-frame-pointer -funroll-all-loops -finline-functions execution test
FAIL: gfortran.dg/pr16597.f90 -O3 -g execution test
FAIL: gfortran.dg/pr16597.f90 -Os execution test
FAIL: gfortran.dg/real_const_3.f90 -O0 execution test
FAIL: gfortran.dg/real_const_3.f90 -O1 execution test
FAIL: gfortran.dg/real_const_3.f90 -O2 execution test
FAIL: gfortran.dg/real_const_3.f90 -O3 -fomit-frame-pointer execution test
FAIL: gfortran.dg/real_const_3.f90 -O3 -fomit-frame-pointer -funroll-loops execution test
FAIL: gfortran.dg/real_const_3.f90 -O3 -fomit-frame-pointer -funroll-all-loops -finline-functions execution test
FAIL: gfortran.dg/real_const_3.f90 -O3 -g execution test
FAIL: gfortran.dg/real_const_3.f90 -Os execution test
FAIL: gfortran.dg/streamio_1.f90 -O0 execution test
FAIL: gfortran.dg/streamio_1.f90 -O1 execution test
FAIL: gfortran.dg/streamio_1.f90 -O2 execution test
FAIL: gfortran.dg/streamio_1.f90 -O3 -fomit-frame-pointer execution test
FAIL: gfortran.dg/streamio_1.f90 -O3 -fomit-frame-pointer -funroll-loops execution test
FAIL: gfortran.dg/streamio_1.f90 -O3 -fomit-frame-pointer -funroll-all-loops -finline-functions execution test
FAIL: gfortran.dg/streamio_1.f90 -O3 -g execution test
FAIL: gfortran.dg/streamio_1.f90 -Os execution test
FAIL: gfortran.dg/streamio_10.f90 -O0 execution test
FAIL: gfortran.dg/streamio_10.f90 -O1 execution test
FAIL: gfortran.dg/streamio_10.f90 -O2 execution test
FAIL: gfortran.dg/streamio_10.f90 -O3 -fomit-frame-pointer execution test
FAIL: gfortran.dg/streamio_10.f90 -O3 -fomit-frame-pointer -funroll-loops execution test
FAIL: gfortran.dg/streamio_10.f90 -O3 -fomit-frame-pointer -funroll-all-loops -finline-functions execution test
FAIL: gfortran.dg/streamio_10.f90 -O3 -g execution test
FAIL: gfortran.dg/streamio_10.f90 -Os execution test
FAIL: gfortran.dg/streamio_12.f90 -O0 execution test
FAIL: gfortran.dg/streamio_12.f90 -O1 execution test
FAIL: gfortran.dg/streamio_12.f90 -O2 execution test
FAIL: gfortran.dg/streamio_12.f90 -O3 -fomit-frame-pointer execution test
FAIL: gfortran.dg/streamio_12.f90 -O3 -fomit-frame-pointer -funroll-loops execution test
FAIL: gfortran.dg/streamio_12.f90 -O3 -fomit-frame-pointer -funroll-all-loops -finline-functions execution test
FAIL: gfortran.dg/streamio_12.f90 -O3 -g execution test
FAIL: gfortran.dg/streamio_12.f90 -Os execution test
FAIL: gfortran.dg/streamio_13.f90 -O0 execution test
FAIL: gfortran.dg/streamio_13.f90 -O1 execution test
FAIL: gfortran.dg/streamio_13.f90 -O2 execution test
FAIL: gfortran.dg/streamio_13.f90 -O3 -fomit-frame-pointer execution test
FAIL: gfortran.dg/streamio_13.f90 -O3 -fomit-frame-pointer -funroll-loops execution test
FAIL: gfortran.dg/streamio_13.f90 -O3 -fomit-frame-pointer -funroll-all-loops -finline-functions execution test
FAIL: gfortran.dg/streamio_13.f90 -O3 -g execution test
FAIL: gfortran.dg/streamio_13.f90 -Os execution test
FAIL: gfortran.dg/streamio_14.f90 -O0 execution test
FAIL: gfortran.dg/streamio_14.f90 -O1 execution test
FAIL: gfortran.dg/streamio_14.f90 -O2 execution test
FAIL: gfortran.dg/streamio_14.f90 -O3 -fomit-frame-pointer execution test
FAIL: gfortran.dg/streamio_14.f90 -O3 -fomit-frame-pointer -funroll-loops execution test
FAIL: gfortran.dg/streamio_14.f90 -O3 -fomit-frame-pointer -funroll-all-loops -finline-functions execution test
FAIL: gfortran.dg/streamio_14.f90 -O3 -g execution test
FAIL: gfortran.dg/streamio_14.f90 -Os execution test
FAIL: gfortran.dg/streamio_16.f90 -O0 execution test
FAIL: gfortran.dg/streamio_16.f90 -O1 execution test
FAIL: gfortran.dg/streamio_16.f90 -O2 execution test
FAIL: gfortran.dg/streamio_16.f90 -O3 -fomit-frame-pointer execution test
FAIL: gfortran.dg/streamio_16.f90 -O3 -fomit-frame-pointer -funroll-loops execution test
FAIL: gfortran.dg/streamio_16.f90 -O3 -fomit-frame-pointer -funroll-all-loops -finline-functions execution test
FAIL: gfortran.dg/streamio_16.f90 -O3 -g execution test
FAIL: gfortran.dg/streamio_16.f90 -Os execution test
FAIL: gfortran.dg/streamio_2.f90 -O0 execution test
FAIL: gfortran.dg/streamio_2.f90 -O1 execution test
FAIL: gfortran.dg/streamio_2.f90 -O2 execution test
FAIL: gfortran.dg/streamio_2.f90 -O3 -fomit-frame-pointer execution test
FAIL: gfortran.dg/streamio_2.f90 -O3 -fomit-frame-pointer -funroll-loops execution test
FAIL: gfortran.dg/streamio_2.f90 -O3 -fomit-frame-pointer -funroll-all-loops -finline-functions execution test
FAIL: gfortran.dg/streamio_2.f90 -O3 -g execution test
FAIL: gfortran.dg/streamio_2.f90 -Os execution test
FAIL: gfortran.dg/streamio_6.f90 -O0 execution test
FAIL: gfortran.dg/streamio_6.f90 -O1 execution test
FAIL: gfortran.dg/streamio_6.f90 -O2 execution test
FAIL: gfortran.dg/streamio_6.f90 -O3 -fomit-frame-pointer execution test
FAIL: gfortran.dg/streamio_6.f90 -O3 -fomit-frame-pointer -funroll-loops execution test
FAIL: gfortran.dg/streamio_6.f90 -O3 -fomit-frame-pointer -funroll-all-loops -finline-functions execution test
FAIL: gfortran.dg/streamio_6.f90 -O3 -g execution test
FAIL: gfortran.dg/streamio_6.f90 -Os execution test
FAIL: gfortran.dg/streamio_7.f90 -O0 execution test
FAIL: gfortran.dg/streamio_7.f90 -O1 execution test
FAIL: gfortran.dg/streamio_7.f90 -O2 execution test
FAIL: gfortran.dg/streamio_7.f90 -O3 -fomit-frame-pointer execution test
FAIL: gfortran.dg/streamio_7.f90 -O3 -fomit-frame-pointer -funroll-loops execution test
FAIL: gfortran.dg/streamio_7.f90 -O3 -fomit-frame-pointer -funroll-all-loops -finline-functions execution test
FAIL: gfortran.dg/streamio_7.f90 -O3 -g execution test
FAIL: gfortran.dg/streamio_7.f90 -Os execution test
FAIL: gfortran.dg/streamio_8.f90 -O0 execution test
FAIL: gfortran.dg/streamio_8.f90 -O1 execution test
FAIL: gfortran.dg/streamio_8.f90 -O2 execution test
FAIL: gfortran.dg/streamio_8.f90 -O3 -fomit-frame-pointer execution test
FAIL: gfortran.dg/streamio_8.f90 -O3 -fomit-frame-pointer -funroll-loops execution test
FAIL: gfortran.dg/streamio_8.f90 -O3 -fomit-frame-pointer -funroll-all-loops -finline-functions execution test
FAIL: gfortran.dg/streamio_8.f90 -O3 -g execution test
FAIL: gfortran.dg/streamio_8.f90 -Os execution test
FAIL: gfortran.dg/streamio_9.f90 -O0 execution test
FAIL: gfortran.dg/streamio_9.f90 -O1 execution test
FAIL: gfortran.dg/streamio_9.f90 -O2 execution test
FAIL: gfortran.dg/streamio_9.f90 -O3 -fomit-frame-pointer execution test
FAIL: gfortran.dg/streamio_9.f90 -O3 -fomit-frame-pointer -funroll-loops execution test
FAIL: gfortran.dg/streamio_9.f90 -O3 -fomit-frame-pointer -funroll-all-loops -finline-functions execution test
FAIL: gfortran.dg/streamio_9.f90 -O3 -g execution test
FAIL: gfortran.dg/streamio_9.f90 -Os execution test
FAIL: gfortran.dg/transfer_simplify_1.f90 -O0 execution test
FAIL: gfortran.dg/transfer_simplify_1.f90 -O1 execution test
FAIL: gfortran.dg/transfer_simplify_1.f90 -O2 execution test
FAIL: gfortran.dg/transfer_simplify_1.f90 -O3 -fomit-frame-pointer execution test
FAIL: gfortran.dg/transfer_simplify_1.f90 -O3 -fomit-frame-pointer -funroll-loops execution test
FAIL: gfortran.dg/transfer_simplify_1.f90 -O3 -fomit-frame-pointer -funroll-all-loops -finline-functions execution test
FAIL: gfortran.dg/transfer_simplify_1.f90 -O3 -g execution test
FAIL: gfortran.dg/transfer_simplify_1.f90 -Os execution test
FAIL: gfortran.dg/utf8_1.f03 -O0 execution test
FAIL: gfortran.dg/utf8_1.f03 -O1 execution test
FAIL: gfortran.dg/utf8_1.f03 -O2 execution test
FAIL: gfortran.dg/utf8_1.f03 -O3 -fomit-frame-pointer execution test
FAIL: gfortran.dg/utf8_1.f03 -O3 -fomit-frame-pointer -funroll-loops execution test
FAIL: gfortran.dg/utf8_1.f03 -O3 -fomit-frame-pointer -funroll-all-loops -finline-functions execution test
FAIL: gfortran.dg/utf8_1.f03 -O3 -g execution test
FAIL: gfortran.dg/utf8_1.f03 -Os execution test
FAIL: gfortran.dg/utf8_2.f03 -O0 execution test
FAIL: gfortran.dg/utf8_2.f03 -O1 execution test
FAIL: gfortran.dg/utf8_2.f03 -O2 execution test
FAIL: gfortran.dg/utf8_2.f03 -O3 -fomit-frame-pointer execution test
FAIL: gfortran.dg/utf8_2.f03 -O3 -fomit-frame-pointer -funroll-loops execution test
FAIL: gfortran.dg/utf8_2.f03 -O3 -fomit-frame-pointer -funroll-all-loops -finline-functions execution test
FAIL: gfortran.dg/utf8_2.f03 -O3 -g execution test
FAIL: gfortran.dg/utf8_2.f03 -Os execution test
FAIL: gfortran.dg/widechar_IO_1.f90 -O0 execution test
FAIL: gfortran.dg/widechar_IO_1.f90 -O1 execution test
FAIL: gfortran.dg/widechar_IO_1.f90 -O2 execution test
FAIL: gfortran.dg/widechar_IO_1.f90 -O3 -fomit-frame-pointer execution test
FAIL: gfortran.dg/widechar_IO_1.f90 -O3 -fomit-frame-pointer -funroll-loops execution test
FAIL: gfortran.dg/widechar_IO_1.f90 -O3 -fomit-frame-pointer -funroll-all-loops -finline-functions execution test
FAIL: gfortran.dg/widechar_IO_1.f90 -O3 -g execution test
FAIL: gfortran.dg/widechar_IO_1.f90 -Os execution test
FAIL: gfortran.dg/widechar_IO_3.f90 -O0 execution test
FAIL: gfortran.dg/widechar_IO_3.f90 -O1 execution test
FAIL: gfortran.dg/widechar_IO_3.f90 -O2 execution test
FAIL: gfortran.dg/widechar_IO_3.f90 -O3 -fomit-frame-pointer execution test
FAIL: gfortran.dg/widechar_IO_3.f90 -O3 -fomit-frame-pointer -funroll-loops execution test
FAIL: gfortran.dg/widechar_IO_3.f90 -O3 -fomit-frame-pointer -funroll-all-loops -finline-functions execution test
FAIL: gfortran.dg/widechar_IO_3.f90 -O3 -g execution test
FAIL: gfortran.dg/widechar_IO_3.f90 -Os execution test
FAIL: gfortran.fortran-torture/execute/direct_io.f90 execution, -O0
FAIL: gfortran.fortran-torture/execute/direct_io.f90 execution, -O1
FAIL: gfortran.fortran-torture/execute/direct_io.f90 execution, -O2
FAIL: gfortran.fortran-torture/execute/direct_io.f90 execution, -O2 -fomit-frame-pointer -finline-functions
FAIL: gfortran.fortran-torture/execute/direct_io.f90 execution, -O2 -fomit-frame-pointer -finline-functions -funroll-loops
FAIL: gfortran.fortran-torture/execute/direct_io.f90 execution, -O2 -fbounds-check
FAIL: gfortran.fortran-torture/execute/direct_io.f90 execution, -O3 -g
FAIL: gfortran.fortran-torture/execute/direct_io.f90 execution, -Os
FAIL: gfortran.fortran-torture/execute/inquire_2.f90 execution, -O0
FAIL: gfortran.fortran-torture/execute/inquire_2.f90 execution, -O1
FAIL: gfortran.fortran-torture/execute/inquire_2.f90 execution, -O2
FAIL: gfortran.fortran-torture/execute/inquire_2.f90 execution, -O2 -fomit-frame-pointer -finline-functions
FAIL: gfortran.fortran-torture/execute/inquire_2.f90 execution, -O2 -fomit-frame-pointer -finline-functions -funroll-loops
FAIL: gfortran.fortran-torture/execute/inquire_2.f90 execution, -O2 -fbounds-check
FAIL: gfortran.fortran-torture/execute/inquire_2.f90 execution, -O3 -g
FAIL: gfortran.fortran-torture/execute/inquire_2.f90 execution, -Os
FAIL: gfortran.fortran-torture/execute/inquire_3.f90 execution, -O0
FAIL: gfortran.fortran-torture/execute/inquire_3.f90 execution, -O1
FAIL: gfortran.fortran-torture/execute/inquire_3.f90 execution, -O2
FAIL: gfortran.fortran-torture/execute/inquire_3.f90 execution, -O2 -fomit-frame-pointer -finline-functions
FAIL: gfortran.fortran-torture/execute/inquire_3.f90 execution, -O2 -fomit-frame-pointer -finline-functions -funroll-loops
FAIL: gfortran.fortran-torture/execute/inquire_3.f90 execution, -O2 -fbounds-check
FAIL: gfortran.fortran-torture/execute/inquire_3.f90 execution, -O3 -g
FAIL: gfortran.fortran-torture/execute/inquire_3.f90 execution, -Os
FAIL: gfortran.fortran-torture/execute/inquire_5.f90 execution, -O0
FAIL: gfortran.fortran-torture/execute/inquire_5.f90 execution, -O1
FAIL: gfortran.fortran-torture/execute/inquire_5.f90 execution, -O2
FAIL: gfortran.fortran-torture/execute/inquire_5.f90 execution, -O2 -fomit-frame-pointer -finline-functions
FAIL: gfortran.fortran-torture/execute/inquire_5.f90 execution, -O2 -fomit-frame-pointer -finline-functions -funroll-loops
FAIL: gfortran.fortran-torture/execute/inquire_5.f90 execution, -O2 -fbounds-check
FAIL: gfortran.fortran-torture/execute/inquire_5.f90 execution, -O3 -g
FAIL: gfortran.fortran-torture/execute/inquire_5.f90 execution, -Os
FAIL: gfortran.fortran-torture/execute/intrinsic_integer.f90 execution, -O0
FAIL: gfortran.fortran-torture/execute/intrinsic_integer.f90 execution, -O1
FAIL: gfortran.fortran-torture/execute/intrinsic_integer.f90 execution, -O2
FAIL: gfortran.fortran-torture/execute/intrinsic_integer.f90 execution, -O2 -fbounds-check
FAIL: gfortran.fortran-torture/execute/intrinsic_integer.f90 execution, -Os
FAIL: gfortran.fortran-torture/execute/nan_inf_fmt.f90 execution, -O0
FAIL: gfortran.fortran-torture/execute/nan_inf_fmt.f90 execution, -O1
FAIL: gfortran.fortran-torture/execute/nan_inf_fmt.f90 execution, -O2
FAIL: gfortran.fortran-torture/execute/nan_inf_fmt.f90 execution, -O2 -fomit-frame-pointer -finline-functions
FAIL: gfortran.fortran-torture/execute/nan_inf_fmt.f90 execution, -O2 -fomit-frame-pointer -finline-functions -funroll-loops
FAIL: gfortran.fortran-torture/execute/nan_inf_fmt.f90 execution, -O2 -fbounds-check
FAIL: gfortran.fortran-torture/execute/nan_inf_fmt.f90 execution, -O3 -g
FAIL: gfortran.fortran-torture/execute/nan_inf_fmt.f90 execution, -Os
FAIL: gfortran.fortran-torture/execute/read_eof.f90 execution, -O0
FAIL: gfortran.fortran-torture/execute/read_eof.f90 execution, -O1
FAIL: gfortran.fortran-torture/execute/read_eof.f90 execution, -O2
FAIL: gfortran.fortran-torture/execute/read_eof.f90 execution, -O2 -fomit-frame-pointer -finline-functions
FAIL: gfortran.fortran-torture/execute/read_eof.f90 execution, -O2 -fomit-frame-pointer -finline-functions -funroll-loops
FAIL: gfortran.fortran-torture/execute/read_eof.f90 execution, -O2 -fbounds-check
FAIL: gfortran.fortran-torture/execute/read_eof.f90 execution, -O3 -g
FAIL: gfortran.fortran-torture/execute/read_eof.f90 execution, -Os
=== gfortran Summary ===
# of expected passes 24797
# of unexpected failures 457
# of expected failures 7
# of unsupported tests 1478
/fac/vol6/software/sterling/gcc_tot/build/gcc/testsuite/gfortran/../../gfortran version 4.4.0 20090120 (experimental) (GCC)
Host is i686-pc-linux-gnu
=== g++ tests ===
Running target xtensa-sim
FAIL: g++.dg/eh/gcsec1.C execution test
FAIL: g++.old-deja/g++.jason/thunk3.C (test for excess errors)
WARNING: g++.old-deja/g++.jason/thunk3.C compilation failed to produce executable
=== g++ Summary ===
# of expected passes 18240
# of unexpected failures 2
# of expected failures 140
# of unsupported tests 183
/fac/vol6/software/sterling/gcc_tot/build/gcc/testsuite/g++/../../g++ version 4.4.0 20090120 (experimental) (GCC)
Host is i686-pc-linux-gnu
=== objc tests ===
Running target xtensa-sim
FAIL: objc/execute/forward-1.m execution, -O0 -fgnu-runtime
FAIL: objc/execute/forward-1.m execution, -O1 -fgnu-runtime
FAIL: objc/execute/forward-1.m execution, -O2 -fgnu-runtime
FAIL: objc/execute/forward-1.m execution, -O3 -fomit-frame-pointer -fgnu-runtime
FAIL: objc/execute/forward-1.m execution, -O3 -fomit-frame-pointer -funroll-loops -fgnu-runtime
FAIL: objc/execute/forward-1.m execution, -O3 -fomit-frame-pointer -funroll-all-loops -finline-functions -fgnu-runtime
FAIL: objc/execute/forward-1.m execution, -O3 -g -fgnu-runtime
FAIL: objc/execute/forward-1.m execution, -Os -fgnu-runtime
=== objc Summary ===
# of expected passes 1822
# of unexpected failures 8
# of expected failures 7
# of unsupported tests 24
/fac/vol6/software/sterling/gcc_tot/build/gcc/xgcc version 4.4.0 20090120 (experimental) (GCC)
Compiler version: 4.4.0 20090120 (experimental) (GCC)
Platform: xtensa-unknown-elf
configure flags: --target=xtensa-elf --with-newlib --prefix=/fac/vol6/software/sterling/gcc_tot/install/ target_alias=xtensa-elf --enable-languages=c,c++,fortran,java,objc --no-create --no-recursion