This is the mail archive of the
gcc-testresults@gcc.gnu.org
mailing list for the GCC project.
Results for 4.4.0 20090116 (experimental) [trunk revision 143442] (GCC) testsuite on i386-pc-rtems4.10
- From: "Joel Sherrill <joel dot sherrill at rtems dot org>" <joel at rtems dot org>
- To: gcc-testresults at gcc dot gnu dot org
- Date: Sun, 18 Jan 2009 02:18:32 -0600
- Subject: Results for 4.4.0 20090116 (experimental) [trunk revision 143442] (GCC) testsuite on i386-pc-rtems4.10
LAST_UPDATED: Fri Jan 16 19:35:21 UTC 2009 (revision 143442)
Target is i386-pc-rtems4.10
Host is x86_64-unknown-linux-gnu
=== gcc tests ===
Running target rtems-i386-qemu
FAIL: gcc.c-torture/execute/921207-1.c execution, -O3 -fomit-frame-pointer
FAIL: gcc.c-torture/execute/compare-1.c execution, -O3 -fomit-frame-pointer
FAIL: gcc.c-torture/execute/complex-2.c execution, -O3 -fomit-frame-pointer
FAIL: gcc.c-torture/execute/pr28982b.c execution, -O0
FAIL: gcc.c-torture/execute/pr28982b.c execution, -O1
FAIL: gcc.c-torture/execute/pr28982b.c execution, -O2
FAIL: gcc.c-torture/execute/pr28982b.c execution, -O3 -fomit-frame-pointer
FAIL: gcc.c-torture/execute/pr28982b.c execution, -O3 -fomit-frame-pointer -funroll-loops
FAIL: gcc.c-torture/execute/pr28982b.c execution, -O3 -fomit-frame-pointer -funroll-all-loops -finline-functions
FAIL: gcc.c-torture/execute/pr28982b.c execution, -O3 -g
FAIL: gcc.c-torture/execute/pr28982b.c execution, -Os
FAIL: gcc.dg/cpp/_Pragma6.c -fno-show-column (test for excess errors)
FAIL: gcc.dg/debug/dwarf2/pr37726.c scan-assembler-times "parm[^
FAIL: gcc.dg/debug/dwarf2/pr37726.c scan-assembler-times "var[^
FAIL: gcc.dg/torture/fp-int-convert-float128.c -O0 (test for excess errors)
WARNING: gcc.dg/torture/fp-int-convert-float128.c -O0 compilation failed to produce executable
FAIL: gcc.dg/torture/fp-int-convert-float128.c -O1 (test for excess errors)
WARNING: gcc.dg/torture/fp-int-convert-float128.c -O1 compilation failed to produce executable
FAIL: gcc.dg/torture/fp-int-convert-float128.c -O2 (test for excess errors)
WARNING: gcc.dg/torture/fp-int-convert-float128.c -O2 compilation failed to produce executable
FAIL: gcc.dg/torture/fp-int-convert-float128.c -O3 -fomit-frame-pointer (test for excess errors)
WARNING: gcc.dg/torture/fp-int-convert-float128.c -O3 -fomit-frame-pointer compilation failed to produce executable
FAIL: gcc.dg/torture/fp-int-convert-float128.c -O3 -g (test for excess errors)
WARNING: gcc.dg/torture/fp-int-convert-float128.c -O3 -g compilation failed to produce executable
FAIL: gcc.dg/torture/fp-int-convert-float128.c -Os (test for excess errors)
WARNING: gcc.dg/torture/fp-int-convert-float128.c -Os compilation failed to produce executable
FAIL: gcc.dg/torture/pr35771-3.c -O2 execution test
FAIL: gcc.dg/torture/stackalign/alloca-2.c -O0 execution test
FAIL: gcc.dg/torture/stackalign/alloca-3.c -O0 execution test
FAIL: gcc.dg/torture/stackalign/push-1.c -O0 execution test
FAIL: gcc.dg/torture/stackalign/vararg-3.c -O0 execution test
FAIL: gcc.dg/torture/stackalign/alloca-2.c -O0 execution test
FAIL: gcc.dg/torture/stackalign/alloca-3.c -O0 execution test
FAIL: gcc.dg/torture/stackalign/push-1.c -O0 execution test
FAIL: gcc.dg/torture/stackalign/vararg-3.c -O0 execution test
FAIL: gcc.dg/torture/stackalign/alloca-2.c -O0 execution test
FAIL: gcc.dg/torture/stackalign/alloca-3.c -O0 execution test
FAIL: gcc.dg/torture/stackalign/nested-5.c -O3 -g execution test
FAIL: gcc.dg/torture/stackalign/push-1.c -O0 execution test
FAIL: gcc.dg/torture/stackalign/vararg-3.c -O0 execution test
FAIL: gcc.dg/torture/stackalign/alloca-2.c -O0 execution test
FAIL: gcc.dg/torture/stackalign/alloca-3.c -O0 execution test
FAIL: gcc.dg/torture/stackalign/push-1.c -O0 execution test
FAIL: gcc.dg/torture/stackalign/vararg-3.c -O0 execution test
XPASS: gcc.dg/tree-ssa/20040204-1.c scan-tree-dump-times optimized "link_error" 0
ERROR: tcl error sourcing /home/joel/test-gcc/gcc-svn/gcc/testsuite/gcc.dg/tree-ssa/tree-ssa.exp.
ERROR: unmatched open brace in list
FAIL: gcc.target/i386/abi-1.c scan-assembler xmm0
XPASS: gcc.target/i386/builtin-apply-mmx.c execution test
FAIL: gcc.target/i386/pr22076.c scan-assembler-times movq 3
FAIL: gcc.target/i386/pr22076.c scan-assembler-not movl
=== gcc Summary ===
# of expected passes 52786
# of unexpected failures 41
# of unexpected successes 2
# of expected failures 159
# of unsupported tests 563
/home/joel/test-gcc/b-gcc1-i386/gcc/xgcc version 4.4.0 20090116 (experimental) [trunk revision 143442] (GCC)
Host is x86_64-unknown-linux-gnu
=== g++ tests ===
Running target rtems-i386-qemu
FAIL: g++.dg/debug/dwarf2/imported-module-2.C scan-assembler DW_TAG_imported
FAIL: g++.dg/cpp/_Pragma1.C (test for excess errors)
FAIL: g++.dg/eh/simd-2.C (test for excess errors)
WARNING: g++.dg/eh/simd-2.C compilation failed to produce executable
FAIL: g++.dg/init/ref15.C execution test
FAIL: g++.dg/other/unused1.C scan-assembler (string|ascii?)z?[\\t ]"printer("|\\\\\\\\0)
FAIL: g++.dg/pch/array-1.C -g assembly comparison
FAIL: g++.dg/pch/array-1.C -O2 -g assembly comparison
FAIL: g++.dg/pch/externc-1.C -g assembly comparison
FAIL: g++.dg/pch/externc-1.C -O2 -g assembly comparison
FAIL: g++.dg/pch/static-1.C -g assembly comparison
FAIL: g++.dg/pch/static-1.C -O2 -g assembly comparison
FAIL: g++.dg/pch/system-1.C -g assembly comparison
FAIL: g++.dg/pch/system-1.C -O2 -g assembly comparison
FAIL: g++.dg/pch/system-2.C -g assembly comparison
FAIL: g++.dg/pch/system-2.C -O2 -g assembly comparison
FAIL: g++.dg/pch/uninst.C -g assembly comparison
FAIL: g++.dg/pch/uninst.C -O2 -g assembly comparison
FAIL: g++.dg/pch/wchar-1.C -g assembly comparison
FAIL: g++.dg/pch/wchar-1.C -O2 -g assembly comparison
FAIL: g++.old-deja/g++.jason/static1.C execution test
FAIL: g++.old-deja/g++.mike/eh44.C execution test
XPASS: g++.old-deja/g++.other/init19.C execution test
=== g++ Summary ===
# of expected passes 18800
# of unexpected failures 21
# of unexpected successes 1
# of expected failures 141
# of unsupported tests 137
/home/joel/test-gcc/b-gcc1-i386/gcc/testsuite/g++/../../g++ version 4.4.0 20090116 (experimental) [trunk revision 143442] (GCC)
Compiler version: 4.4.0 20090116 (experimental) [trunk revision 143442] (GCC)
Platform: i386-pc-rtems4.10
configure flags: --enable-threads=rtems --with-gnu-as --enable-multilib --enable-newlib-mb --enable-newlib-iconv --with-gnu-ld --with-newlib --verbose --with-system-zlib --disable-nls --enable-version-specific-runtime-libs --enable-languages=c,c++ --target=i386-rtems4.10 --prefix=/home/joel/test-gcc/install