This is the mail archive of the
gcc-testresults@gcc.gnu.org
mailing list for the GCC project.
Results for 4.4.0 20090116 (experimental) [trunk revision 143442] (GCC) testsuite on sparc-sun-solaris2.8
- From: Andreas Tobler <andreast-list at fgznet dot ch>
- To: gcc-testresults at gcc dot gnu dot org
- Date: Sat, 17 Jan 2009 20:39:41 +0100
- Subject: Results for 4.4.0 20090116 (experimental) [trunk revision 143442] (GCC) testsuite on sparc-sun-solaris2.8
LAST_UPDATED: Fri Jan 16 19:55:02 UTC 2009 (revision 143442)
Native configuration is sparc-sun-solaris2.8
=== g++ tests ===
Running target unix/-m64
WARNING: g++.dg/other/ucnid-1.C compilation failed to produce executable
XPASS: g++.old-deja/g++.other/init19.C execution test
=== g++ Summary for unix/-m64 ===
# of expected passes 18509
# of unexpected successes 1
# of expected failures 144
# of unsupported tests 243
Running target unix
FAIL: g++.dg/bprob/g++-bprob-1.C compilation, -g -fprofile-use (internal compiler error)
UNRESOLVED: g++.dg/bprob/g++-bprob-1.C execution, -g -fprofile-use
FAIL: g++.dg/bprob/g++-bprob-1.C compilation, -O0 -fprofile-use (internal compiler error)
UNRESOLVED: g++.dg/bprob/g++-bprob-1.C execution, -O0 -fprofile-use
WARNING: g++.dg/other/ucnid-1.C compilation failed to produce executable
XPASS: g++.old-deja/g++.other/init19.C execution test
=== g++ Summary for unix ===
# of expected passes 18539
# of unexpected failures 2
# of unexpected successes 1
# of expected failures 144
# of unresolved testcases 2
# of unsupported tests 241
=== g++ Summary ===
# of expected passes 37048
# of unexpected failures 2
# of unexpected successes 2
# of expected failures 288
# of unresolved testcases 2
# of unsupported tests 484
/export/data/devel-test/gcc-svn/objdir/gcc/testsuite/g++/../../g++ version 4.4.0 20090116 (experimental) [trunk revision 143442] (GCC)
=== gcc tests ===
Running target unix/-m64
FAIL: gcc.c-torture/compile/20040304-1.c -O0 (internal compiler error)
FAIL: gcc.c-torture/compile/20040304-1.c -O0 (test for excess errors)
FAIL: gcc.c-torture/compile/20070129.c -O0 (internal compiler error)
FAIL: gcc.c-torture/compile/20070129.c -O0 (test for excess errors)
FAIL: gcc.c-torture/compile/941014-2.c -O0 (internal compiler error)
FAIL: gcc.c-torture/compile/941014-2.c -O0 (test for excess errors)
FAIL: gcc.c-torture/compile/pr23946.c -O0 (internal compiler error)
FAIL: gcc.c-torture/compile/pr23946.c -O0 (test for excess errors)
FAIL: gcc.c-torture/compile/pr38789.c -O0 (test for excess errors)
FAIL: gcc.c-torture/compile/pr38789.c -O1 (test for excess errors)
FAIL: gcc.c-torture/compile/pr38789.c -O2 (test for excess errors)
FAIL: gcc.c-torture/compile/pr38789.c -O3 -fomit-frame-pointer (test for excess errors)
FAIL: gcc.c-torture/compile/pr38789.c -O3 -g (test for excess errors)
FAIL: gcc.c-torture/compile/pr38789.c -Os (test for excess errors)
FAIL: gcc.c-torture/execute/pr34415.c compilation, -O0 (internal compiler error)
UNRESOLVED: gcc.c-torture/execute/pr34415.c execution, -O0
FAIL: gcc.c-torture/execute/pr36227.c compilation, -O0
UNRESOLVED: gcc.c-torture/execute/pr36227.c execution, -O0
FAIL: gcc.c-torture/execute/pr36227.c compilation, -O1
UNRESOLVED: gcc.c-torture/execute/pr36227.c execution, -O1
FAIL: gcc.c-torture/execute/pr36227.c compilation, -O2
UNRESOLVED: gcc.c-torture/execute/pr36227.c execution, -O2
FAIL: gcc.c-torture/execute/pr36227.c compilation, -O3 -fomit-frame-pointer
UNRESOLVED: gcc.c-torture/execute/pr36227.c execution, -O3 -fomit-frame-pointer
FAIL: gcc.c-torture/execute/pr36227.c compilation, -O3 -g
UNRESOLVED: gcc.c-torture/execute/pr36227.c execution, -O3 -g
FAIL: gcc.c-torture/execute/pr36227.c compilation, -Os
UNRESOLVED: gcc.c-torture/execute/pr36227.c execution, -Os
FAIL: gcc.dg/cpp/trad/include.c -fno-show-column (internal compiler error)
FAIL: gcc.dg/cpp/trad/include.c -fno-show-column (test for excess errors)
WARNING: program timed out.
FAIL: gcc.dg/pr28796-2.c execution test
FAIL: gcc.dg/pr35729.c scan-rtl-dump-times loop2_invariant "Decided to move invariant" 0
FAIL: gcc.dg/pthread-init-1.c (test for excess errors)
FAIL: gcc.dg/pthread-init-2.c (test for excess errors)
WARNING: gcc.dg/ucnid-2.c compilation failed to produce executable
WARNING: gcc.dg/ucnid-3.c compilation failed to produce executable
WARNING: gcc.dg/ucnid-4.c compilation failed to produce executable
FAIL: gcc.dg/uninit-2-O0.c (internal compiler error)
FAIL: gcc.dg/uninit-2-O0.c (test for excess errors)
ERROR: tcl error sourcing /export/data/devel-test/gcc-svn/gcc/gcc/testsuite/gcc.dg/tree-ssa/tree-ssa.exp.
ERROR: unmatched open brace in list
FAIL: gcc.dg/vect/vect-outer-5.c scan-tree-dump-times vect "OUTER LOOP VECTORIZED" 1
FAIL: gcc.dg/vect/vect-outer-6.c scan-tree-dump-times vect "OUTER LOOP VECTORIZED" 1
FAIL: gcc.dg/vect/vect-outer-6.c scan-tree-dump-times vect "zero step in outer loop." 1
FAIL: gcc.misc-tests/bprob-1.c compilation, -fprofile-use (internal compiler error)
UNRESOLVED: gcc.misc-tests/bprob-1.c execution, -fprofile-use
=== gcc Summary for unix/-m64 ===
# of expected passes 48448
# of unexpected failures 33
# of expected failures 215
# of unresolved testcases 8
# of unsupported tests 698
Running target unix
FAIL: gcc.c-torture/compile/20040304-1.c -O0 (internal compiler error)
FAIL: gcc.c-torture/compile/20040304-1.c -O0 (test for excess errors)
FAIL: gcc.c-torture/compile/20070129.c -O0 (internal compiler error)
FAIL: gcc.c-torture/compile/20070129.c -O0 (test for excess errors)
FAIL: gcc.c-torture/compile/941014-2.c -O0 (internal compiler error)
FAIL: gcc.c-torture/compile/941014-2.c -O0 (test for excess errors)
FAIL: gcc.c-torture/compile/pr23946.c -O0 (internal compiler error)
FAIL: gcc.c-torture/compile/pr23946.c -O0 (test for excess errors)
FAIL: gcc.c-torture/compile/pr38789.c -O0 (test for excess errors)
FAIL: gcc.c-torture/compile/pr38789.c -O1 (test for excess errors)
FAIL: gcc.c-torture/compile/pr38789.c -O2 (test for excess errors)
FAIL: gcc.c-torture/compile/pr38789.c -O3 -fomit-frame-pointer (test for excess errors)
FAIL: gcc.c-torture/compile/pr38789.c -O3 -g (test for excess errors)
FAIL: gcc.c-torture/compile/pr38789.c -Os (test for excess errors)
FAIL: gcc.c-torture/execute/pr34415.c compilation, -O0 (internal compiler error)
UNRESOLVED: gcc.c-torture/execute/pr34415.c execution, -O0
FAIL: gcc.c-torture/execute/pr36227.c compilation, -O0
UNRESOLVED: gcc.c-torture/execute/pr36227.c execution, -O0
FAIL: gcc.c-torture/execute/pr36227.c compilation, -O1
UNRESOLVED: gcc.c-torture/execute/pr36227.c execution, -O1
FAIL: gcc.c-torture/execute/pr36227.c compilation, -O2
UNRESOLVED: gcc.c-torture/execute/pr36227.c execution, -O2
FAIL: gcc.c-torture/execute/pr36227.c compilation, -O3 -fomit-frame-pointer
UNRESOLVED: gcc.c-torture/execute/pr36227.c execution, -O3 -fomit-frame-pointer
FAIL: gcc.c-torture/execute/pr36227.c compilation, -O3 -g
UNRESOLVED: gcc.c-torture/execute/pr36227.c execution, -O3 -g
FAIL: gcc.c-torture/execute/pr36227.c compilation, -Os
UNRESOLVED: gcc.c-torture/execute/pr36227.c execution, -Os
WARNING: program timed out.
FAIL: gcc.dg/pr28796-2.c execution test
FAIL: gcc.dg/pr35729.c scan-rtl-dump-times loop2_invariant "Decided to move invariant" 0
FAIL: gcc.dg/pthread-init-1.c (test for excess errors)
FAIL: gcc.dg/pthread-init-2.c (test for excess errors)
WARNING: gcc.dg/ucnid-2.c compilation failed to produce executable
WARNING: gcc.dg/ucnid-3.c compilation failed to produce executable
WARNING: gcc.dg/ucnid-4.c compilation failed to produce executable
FAIL: gcc.dg/uninit-2-O0.c (internal compiler error)
FAIL: gcc.dg/uninit-2-O0.c (test for excess errors)
ERROR: tcl error sourcing /export/data/devel-test/gcc-svn/gcc/gcc/testsuite/gcc.dg/tree-ssa/tree-ssa.exp.
ERROR: unmatched open brace in list
FAIL: gcc.dg/vect/vect-35.c scan-tree-dump-times vect "vectorized 1 loops" 1
FAIL: gcc.dg/vect/vect-multitypes-12.c scan-tree-dump-times vect "vectorized 1 loops" 1
FAIL: gcc.dg/vect/vect-multitypes-5.c scan-tree-dump-times vect "vectorized 1 loops" 1
FAIL: gcc.dg/vect/vect-multitypes-6.c scan-tree-dump-times vect "vectorized 1 loops" 1
FAIL: gcc.dg/vect/vect-outer-5.c scan-tree-dump-times vect "OUTER LOOP VECTORIZED" 1
FAIL: gcc.dg/vect/vect-outer-6.c scan-tree-dump-times vect "OUTER LOOP VECTORIZED" 1
FAIL: gcc.dg/vect/vect-outer-6.c scan-tree-dump-times vect "zero step in outer loop." 1
FAIL: gcc.dg/vect/slp-multitypes-2.c execution test
FAIL: gcc.dg/vect/slp-multitypes-3.c scan-tree-dump-times vect "vectorized 1 loops" 1
FAIL: gcc.dg/vect/slp-multitypes-3.c scan-tree-dump-times vect "vectorizing stmts using SLP" 2
FAIL: gcc.misc-tests/bprob-1.c compilation, -fprofile-use (internal compiler error)
UNRESOLVED: gcc.misc-tests/bprob-1.c execution, -fprofile-use
=== gcc Summary for unix ===
# of expected passes 48452
# of unexpected failures 38
# of expected failures 215
# of unresolved testcases 8
# of unsupported tests 694
=== gcc Summary ===
# of expected passes 96900
# of unexpected failures 71
# of expected failures 430
# of unresolved testcases 16
# of unsupported tests 1392
/export/data/devel-test/gcc-svn/objdir/gcc/xgcc version 4.4.0 20090116 (experimental) [trunk revision 143442] (GCC)
=== gfortran tests ===
Running target unix/-m64
FAIL: gfortran.dg/nint_2.f90 -O0 execution test
=== gfortran Summary for unix/-m64 ===
# of expected passes 28758
# of unexpected failures 1
# of expected failures 12
# of unsupported tests 220
Running target unix
FAIL: gfortran.dg/nint_2.f90 -O0 execution test
=== gfortran Summary for unix ===
# of expected passes 28609
# of unexpected failures 1
# of expected failures 12
# of unsupported tests 293
=== gfortran Summary ===
# of expected passes 57367
# of unexpected failures 2
# of expected failures 24
# of unsupported tests 513
/export/data/devel-test/gcc-svn/objdir/gcc/testsuite/gfortran/../../gfortran version 4.4.0 20090116 (experimental) [trunk revision 143442] (GCC)
=== objc tests ===
Running target unix/-m64
FAIL: objc/execute/forward-1.m execution, -O0 -fgnu-runtime
FAIL: objc/execute/forward-1.m execution, -O1 -fgnu-runtime
FAIL: objc/execute/forward-1.m execution, -O2 -fgnu-runtime
FAIL: objc/execute/forward-1.m execution, -O3 -fomit-frame-pointer -fgnu-runtime
FAIL: objc/execute/forward-1.m execution, -O3 -fomit-frame-pointer -funroll-loops -fgnu-runtime
FAIL: objc/execute/forward-1.m execution, -O3 -fomit-frame-pointer -funroll-all-loops -finline-functions -fgnu-runtime
FAIL: objc/execute/forward-1.m execution, -O3 -g -fgnu-runtime
FAIL: objc/execute/forward-1.m execution, -Os -fgnu-runtime
=== objc Summary for unix/-m64 ===
# of expected passes 1822
# of unexpected failures 8
# of expected failures 7
# of unsupported tests 24
Running target unix
FAIL: objc/execute/forward-1.m execution, -O0 -fgnu-runtime
FAIL: objc/execute/forward-1.m execution, -O1 -fgnu-runtime
FAIL: objc/execute/forward-1.m execution, -O2 -fgnu-runtime
FAIL: objc/execute/forward-1.m execution, -O3 -fomit-frame-pointer -fgnu-runtime
FAIL: objc/execute/forward-1.m execution, -O3 -fomit-frame-pointer -funroll-loops -fgnu-runtime
FAIL: objc/execute/forward-1.m execution, -O3 -fomit-frame-pointer -funroll-all-loops -finline-functions -fgnu-runtime
FAIL: objc/execute/forward-1.m execution, -O3 -g -fgnu-runtime
FAIL: objc/execute/forward-1.m execution, -Os -fgnu-runtime
=== objc Summary for unix ===
# of expected passes 1822
# of unexpected failures 8
# of expected failures 7
# of unsupported tests 24
=== objc Summary ===
# of expected passes 3644
# of unexpected failures 16
# of expected failures 14
# of unsupported tests 48
/export/data/devel-test/gcc-svn/objdir/gcc/xgcc version 4.4.0 20090116 (experimental) [trunk revision 143442] (GCC)
=== libffi tests ===
Running target unix/-m64
=== libffi Summary for unix/-m64 ===
# of expected passes 1389
# of unsupported tests 10
Running target unix
=== libffi Summary for unix ===
# of expected passes 1389
# of unsupported tests 10
=== libffi Summary ===
# of expected passes 2778
# of unsupported tests 20
=== libgomp tests ===
Running target unix/-m64
FAIL: libgomp.fortran/collapse1.f90 -O0 (internal compiler error)
FAIL: libgomp.fortran/collapse1.f90 -O0 (test for excess errors)
WARNING: libgomp.fortran/collapse1.f90 -O0 compilation failed to produce executable
=== libgomp Summary for unix/-m64 ===
# of expected passes 2325
# of unexpected failures 2
# of unsupported tests 9
Running target unix
FAIL: libgomp.c++/collapse-1.C -O0 (internal compiler error)
FAIL: libgomp.c++/collapse-1.C -O0 (test for excess errors)
WARNING: libgomp.c++/collapse-1.C -O0 compilation failed to produce executable
=== libgomp Summary for unix ===
# of expected passes 2325
# of unexpected failures 2
# of unsupported tests 9
=== libgomp Summary ===
# of expected passes 4650
# of unexpected failures 4
# of unsupported tests 18
=== libjava tests ===
Running target unix/-m64
FAIL: PR16923 run
FAIL: getstacktrace run
WARNING: program timed out.
FAIL: getallthreads run
FAIL: InvokeInterface execution - source compiled test
FAIL: InvokeInterface -O3 execution - source compiled test
WARNING: program timed out.
FAIL: PR18699 execution - source compiled test
WARNING: program timed out.
FAIL: PR18699 -findirect-dispatch execution - source compiled test
WARNING: program timed out.
FAIL: PR18699 -O3 execution - source compiled test
WARNING: program timed out.
FAIL: PR18699 -O3 -findirect-dispatch execution - source compiled test
WARNING: program timed out.
FAIL: PR27908 execution - source compiled test
WARNING: program timed out.
FAIL: PR27908 -findirect-dispatch execution - source compiled test
WARNING: program timed out.
FAIL: PR27908 -O3 execution - source compiled test
WARNING: program timed out.
FAIL: PR27908 -O3 -findirect-dispatch execution - source compiled test
FAIL: Thread_Sleep_2 -findirect-dispatch output - source compiled test
FAIL: Thread_Sleep_2 -O3 output - source compiled test
FAIL: Thread_Sleep_2 -O3 -findirect-dispatch output - source compiled test
=== libjava Summary for unix/-m64 ===
# of expected passes 2548
# of unexpected failures 16
# of untested testcases 13
Running target unix
FAIL: getstacktrace run
FAIL: events output
FAIL: InvokeInterface execution - source compiled test
FAIL: InvokeInterface -O3 execution - source compiled test
WARNING: program timed out.
FAIL: PR18699 execution - source compiled test
WARNING: program timed out.
FAIL: PR18699 -findirect-dispatch execution - source compiled test
WARNING: program timed out.
FAIL: PR18699 -O3 execution - source compiled test
WARNING: program timed out.
FAIL: PR18699 -O3 -findirect-dispatch execution - source compiled test
WARNING: program timed out.
FAIL: PR27908 execution - source compiled test
WARNING: program timed out.
FAIL: PR27908 -findirect-dispatch execution - source compiled test
WARNING: program timed out.
FAIL: PR27908 -O3 execution - source compiled test
WARNING: program timed out.
FAIL: PR27908 -O3 -findirect-dispatch execution - source compiled test
FAIL: Thread_Sleep_2 output - source compiled test
FAIL: Thread_Sleep_2 -findirect-dispatch output - source compiled test
FAIL: Thread_Sleep_2 -O3 output - source compiled test
FAIL: Thread_Sleep_2 -O3 -findirect-dispatch output - source compiled test
=== libjava Summary for unix ===
# of expected passes 2548
# of unexpected failures 16
# of untested testcases 11
=== libjava Summary ===
# of expected passes 5096
# of unexpected failures 32
# of untested testcases 24
=== libstdc++ tests ===
Running target unix/-m64
FAIL: 21_strings/basic_string/element_access/char/21674.cc (test for excess errors)
WARNING: 21_strings/basic_string/element_access/char/21674.cc compilation failed to produce executable
FAIL: 26_numerics/complex/13450.cc (test for excess errors)
WARNING: 26_numerics/complex/13450.cc compilation failed to produce executable
FAIL: ext/enc_filebuf/char/13598.cc execution test
=== libstdc++ Summary for unix/-m64 ===
# of expected passes 5425
# of unexpected failures 3
# of expected failures 73
# of unsupported tests 512
Running target unix
FAIL: 21_strings/basic_string/element_access/char/21674.cc (test for excess errors)
WARNING: 21_strings/basic_string/element_access/char/21674.cc compilation failed to produce executable
FAIL: 21_strings/basic_string/element_access/wchar_t/21674.cc (test for excess errors)
WARNING: 21_strings/basic_string/element_access/wchar_t/21674.cc compilation failed to produce executable
FAIL: 26_numerics/complex/13450.cc (test for excess errors)
WARNING: 26_numerics/complex/13450.cc compilation failed to produce executable
FAIL: ext/enc_filebuf/char/13598.cc execution test
=== libstdc++ Summary for unix ===
# of expected passes 5424
# of unexpected failures 4
# of expected failures 72
# of unsupported tests 512
=== libstdc++ Summary ===
# of expected passes 10849
# of unexpected failures 7
# of expected failures 145
# of unsupported tests 1024
Compiler version: 4.4.0 20090116 (experimental) [trunk revision 143442] (GCC)
Platform: sparc-sun-solaris2.8
configure flags: --with-as=/usr/ccs/bin/as --with-ld=/usr/ccs/bin/ld --prefix=/export/data/devel-test/gcc-svn/tesbin --disable-static --with-gmp=/export/data/devel-test/tools/install --with-mpfr=/export/data/devel-test/tools/install --enable-languages=c,c++,java,fortran,objc --disable-nls --disable-tls --disable-checking