This is the mail archive of the
gcc-testresults@gcc.gnu.org
mailing list for the GCC project.
Results for 4.3.3 20090117 (prerelease) (GCC) testsuite on x86_64-unknown-linux-gnu
- From: rguenther at suse dot de (Richard Guenther)
- To: gcc-testresults at gcc dot gnu dot org
- Date: Sat, 17 Jan 2009 18:02:16 +0100
- Subject: Results for 4.3.3 20090117 (prerelease) (GCC) testsuite on x86_64-unknown-linux-gnu
LAST_UPDATED: Obtained from SVN: branches/gcc-4_3-branch revision 143461
=== acats tests ===
=== acats Summary ===
# of expected passes 2315
# of unexpected failures 0
Native configuration is x86_64-unknown-linux-gnu
=== g++ tests ===
Running target unix/
=== g++ Summary for unix/ ===
# of expected passes 17622
# of expected failures 82
# of unsupported tests 122
Running target unix//-m32
=== g++ Summary for unix//-m32 ===
# of expected passes 17716
# of expected failures 82
# of unsupported tests 89
=== g++ Summary ===
# of expected passes 35338
# of expected failures 164
# of unsupported tests 211
/space/rguenther/obj3/gcc/testsuite/g++/../../g++ version 4.3.3 20090117 (prerelease) (GCC)
=== gcc tests ===
Running target unix/
FAIL: gcc.c-torture/compile/limits-exprparen.c -O0 (test for excess errors)
FAIL: gcc.c-torture/compile/limits-exprparen.c -O1 (test for excess errors)
FAIL: gcc.c-torture/compile/limits-exprparen.c -O2 (test for excess errors)
FAIL: gcc.c-torture/compile/limits-exprparen.c -O3 -fomit-frame-pointer (test for excess errors)
FAIL: gcc.c-torture/compile/limits-exprparen.c -O3 -g (test for excess errors)
FAIL: gcc.c-torture/compile/limits-exprparen.c -Os (test for excess errors)
FAIL: gcc.dg/pr38616.c execution test
=== gcc Summary for unix/ ===
# of expected passes 49495
# of unexpected failures 7
# of expected failures 168
# of untested testcases 35
# of unsupported tests 482
Running target unix//-m32
FAIL: gcc.c-torture/compile/limits-exprparen.c -O0 (test for excess errors)
FAIL: gcc.c-torture/compile/limits-exprparen.c -O1 (test for excess errors)
FAIL: gcc.c-torture/compile/limits-exprparen.c -O2 (test for excess errors)
FAIL: gcc.c-torture/compile/limits-exprparen.c -O3 -fomit-frame-pointer (test for excess errors)
FAIL: gcc.c-torture/compile/limits-exprparen.c -O3 -g (test for excess errors)
FAIL: gcc.c-torture/compile/limits-exprparen.c -Os (test for excess errors)
FAIL: gcc.dg/pr38616.c execution test
=== gcc Summary for unix//-m32 ===
# of expected passes 49643
# of unexpected failures 7
# of expected failures 169
# of untested testcases 35
# of unsupported tests 364
=== gcc Summary ===
# of expected passes 99138
# of unexpected failures 14
# of expected failures 337
# of untested testcases 70
# of unsupported tests 846
/space/rguenther/obj3/gcc/xgcc version 4.3.3 20090117 (prerelease) (GCC)
=== gfortran tests ===
Running target unix/
=== gfortran Summary for unix/ ===
# of expected passes 25267
# of expected failures 3
# of unsupported tests 18
Running target unix//-m32
=== gfortran Summary for unix//-m32 ===
# of expected passes 25269
# of expected failures 3
# of unsupported tests 16
=== gfortran Summary ===
# of expected passes 50536
# of expected failures 6
# of unsupported tests 34
/space/rguenther/obj3/gcc/testsuite/gfortran/../../gfortran version 4.3.3 20090117 (prerelease) (GCC)
=== gnat tests ===
Running target unix//-m32
FAIL: gnat.dg/abstract_with_anonymous_result.adb (test for excess errors)
FAIL: gnat.dg/abstract_with_anonymous_result.adb execution test
FAIL: gnat.dg/access1.adb (test for excess errors)
FAIL: gnat.dg/access4.adb (test for excess errors)
FAIL: gnat.dg/access4.adb execution test
FAIL: gnat.dg/access_test.adb (test for excess errors)
FAIL: gnat.dg/access_test.adb execution test
FAIL: gnat.dg/addr1.adb (test for excess errors)
FAIL: gnat.dg/addr2.adb (test for excess errors)
FAIL: gnat.dg/addr2.adb execution test
FAIL: gnat.dg/address_conversion.adb (test for excess errors)
FAIL: gnat.dg/address_conversion.adb execution test
FAIL: gnat.dg/aggr1.adb (test for excess errors)
FAIL: gnat.dg/aggr1.adb execution test
FAIL: gnat.dg/aggr2.adb (test for excess errors)
FAIL: gnat.dg/aggr3.adb (test for excess errors)
FAIL: gnat.dg/aggr3.adb execution test
FAIL: gnat.dg/aliased_prefix_accessibility.adb (test for excess errors)
FAIL: gnat.dg/aliased_prefix_accessibility.adb execution test
FAIL: gnat.dg/align_check.adb (test for excess errors)
FAIL: gnat.dg/align_check.adb execution test
FAIL: gnat.dg/alignment1.adb (test for excess errors)
FAIL: gnat.dg/alignment1.adb execution test
FAIL: gnat.dg/alignment2.adb (test for excess errors)
FAIL: gnat.dg/alignment2.adb execution test
FAIL: gnat.dg/alignment3.adb (test for excess errors)
FAIL: gnat.dg/array3.adb (test for excess errors)
FAIL: gnat.dg/array3.adb execution test
FAIL: gnat.dg/array5.adb (test for excess errors)
FAIL: gnat.dg/array5.adb execution test
FAIL: gnat.dg/assert1.adb (test for excess errors)
FAIL: gnat.dg/assert1.adb execution test
FAIL: gnat.dg/asynch.adb (test for excess errors)
FAIL: gnat.dg/biased_uc.adb (test for excess errors)
FAIL: gnat.dg/biased_uc.adb execution test
FAIL: gnat.dg/bit_packed_array3.adb (test for excess errors)
FAIL: gnat.dg/bit_packed_array3.adb execution test
FAIL: gnat.dg/capture_value.adb (test for excess errors)
FAIL: gnat.dg/capture_value.adb execution test
FAIL: gnat.dg/check_elaboration_code.adb (test for excess errors)
FAIL: gnat.dg/check_elaboration_code.adb execution test
FAIL: gnat.dg/compose.adb (test for excess errors)
FAIL: gnat.dg/compose.adb execution test
FAIL: gnat.dg/conv_bug.adb (test for excess errors)
FAIL: gnat.dg/conv_bug.adb execution test
FAIL: gnat.dg/conv_decimal.adb (test for excess errors)
FAIL: gnat.dg/conv_decimal.adb execution test
FAIL: gnat.dg/conv_real.adb (test for excess errors)
FAIL: gnat.dg/conv_real.adb execution test
FAIL: gnat.dg/curr_task.adb (test for excess errors)
WARNING: gnat.dg/curr_task.adb compilation failed to produce executable
FAIL: gnat.dg/derived_aggregate.adb (test for excess errors)
FAIL: gnat.dg/derived_aggregate.adb execution test
FAIL: gnat.dg/discr4.adb (test for excess errors)
FAIL: gnat.dg/discr4.adb execution test
FAIL: gnat.dg/discr_range_check.adb (test for excess errors)
FAIL: gnat.dg/discr_test.adb (test for excess errors)
FAIL: gnat.dg/dispatch1.adb (test for excess errors)
FAIL: gnat.dg/dispatch1.adb execution test
FAIL: gnat.dg/dispatch2.adb (test for excess errors)
FAIL: gnat.dg/dispatch2.adb execution test
FAIL: gnat.dg/elim2.adb (test for excess errors)
FAIL: gnat.dg/elim2.adb execution test
FAIL: gnat.dg/entry_queues.adb (test for excess errors)
WARNING: gnat.dg/entry_queues.adb compilation failed to produce executable
FAIL: gnat.dg/expect1.adb (test for excess errors)
FAIL: gnat.dg/expect1.adb execution test
FAIL: gnat.dg/fixedpnt.adb (test for excess errors)
FAIL: gnat.dg/fixedpnt.adb execution test
FAIL: gnat.dg/frame_overflow.adb (test for errors, line 14)
FAIL: gnat.dg/frame_overflow.adb (test for errors, line 23)
FAIL: gnat.dg/frame_overflow.adb (test for excess errors)
FAIL: gnat.dg/generic_dispatch.adb (test for excess errors)
FAIL: gnat.dg/generic_dispatch.adb execution test
FAIL: gnat.dg/gnat_malloc.adb (test for excess errors)
FAIL: gnat.dg/gnat_malloc.adb execution test
FAIL: gnat.dg/gnatg.adb (test for excess errors)
FAIL: gnat.dg/in_out_parameter.adb (test for excess errors)
FAIL: gnat.dg/in_out_parameter.adb execution test
FAIL: gnat.dg/inline_tagged.adb (test for excess errors)
FAIL: gnat.dg/inline_tagged.adb execution test
FAIL: gnat.dg/interface1.adb (test for excess errors)
FAIL: gnat.dg/interface1.adb execution test
FAIL: gnat.dg/interface2.adb (test for excess errors)
WARNING: gnat.dg/interface2.adb compilation failed to produce executable
FAIL: gnat.dg/interface3.adb (test for excess errors)
FAIL: gnat.dg/interface3.adb execution test
FAIL: gnat.dg/interface_conv.adb (test for excess errors)
FAIL: gnat.dg/interface_conv.adb execution test
FAIL: gnat.dg/iprot_test.adb (test for excess errors)
WARNING: gnat.dg/iprot_test.adb compilation failed to produce executable
FAIL: gnat.dg/kill_value.adb (test for excess errors)
FAIL: gnat.dg/kill_value.adb execution test
FAIL: gnat.dg/lhs_view_convert.adb (test for excess errors)
FAIL: gnat.dg/lhs_view_convert.adb execution test
FAIL: gnat.dg/loop_address2.adb (test for excess errors)
FAIL: gnat.dg/loop_optimization3.adb (test for excess errors)
FAIL: gnat.dg/loop_optimization3.adb execution test
FAIL: gnat.dg/loop_optimization4.adb (test for excess errors)
FAIL: gnat.dg/loop_optimization4.adb execution test
FAIL: gnat.dg/md5_test.adb (test for excess errors)
FAIL: gnat.dg/md5_test.adb execution test
FAIL: gnat.dg/mutable1.adb (test for excess errors)
FAIL: gnat.dg/mutable1.adb execution test
FAIL: gnat.dg/named_test.adb (test for excess errors)
FAIL: gnat.dg/named_test.adb execution test
FAIL: gnat.dg/nat1r.adb (test for excess errors)
FAIL: gnat.dg/nat1r.adb execution test
FAIL: gnat.dg/nested_controlled_alloc.adb (test for excess errors)
FAIL: gnat.dg/nested_controlled_alloc.adb execution test
FAIL: gnat.dg/nested_return_test.adb (test for excess errors)
FAIL: gnat.dg/nested_return_test.adb execution test
FAIL: gnat.dg/no_exc_prop.adb (test for excess errors)
FAIL: gnat.dg/no_final.adb (test for excess errors)
FAIL: gnat.dg/no_final.adb execution test
FAIL: gnat.dg/outer_agg_bitfield_constructor.adb (test for excess errors)
FAIL: gnat.dg/outer_agg_bitfield_constructor.adb execution test
FAIL: gnat.dg/overriding_ops.adb (test for excess errors)
FAIL: gnat.dg/packed_subtype.adb (test for excess errors)
FAIL: gnat.dg/packed_subtype.adb execution test
FAIL: gnat.dg/pointer_conversion.adb (test for excess errors)
FAIL: gnat.dg/pointer_conversion.adb execution test
FAIL: gnat.dg/profile_warning.adb (test for excess errors)
FAIL: gnat.dg/profile_warning_p.adb (test for excess errors)
FAIL: gnat.dg/prot1.adb (test for excess errors)
FAIL: gnat.dg/quote.adb (test for excess errors)
FAIL: gnat.dg/quote.adb execution test
FAIL: gnat.dg/range_check.adb (test for excess errors)
FAIL: gnat.dg/range_check.adb execution test
FAIL: gnat.dg/regpat1.adb (test for excess errors)
FAIL: gnat.dg/regpat1.adb execution test
FAIL: gnat.dg/release_unc_maxalign.adb (test for excess errors)
FAIL: gnat.dg/release_unc_maxalign.adb execution test
FAIL: gnat.dg/renaming2.adb (test for excess errors)
FAIL: gnat.dg/renaming2.adb execution test
FAIL: gnat.dg/renaming3.adb (test for excess errors)
FAIL: gnat.dg/renaming3.adb execution test
FAIL: gnat.dg/requeue1.adb (test for excess errors)
WARNING: gnat.dg/requeue1.adb compilation failed to produce executable
FAIL: gnat.dg/scalar_mode_agg_compare.adb (test for excess errors)
FAIL: gnat.dg/scalar_mode_agg_compare.adb execution test
FAIL: gnat.dg/self_aggregate_with_array.adb (test for excess errors)
FAIL: gnat.dg/self_aggregate_with_array.adb execution test
FAIL: gnat.dg/self_aggregate_with_call.adb (test for excess errors)
FAIL: gnat.dg/self_aggregate_with_call.adb execution test
FAIL: gnat.dg/self_aggregate_with_pointer.adb (test for excess errors)
FAIL: gnat.dg/self_aggregate_with_pointer.adb execution test
FAIL: gnat.dg/self_aggregate_with_zeros.adb (test for excess errors)
FAIL: gnat.dg/self_aggregate_with_zeros.adb execution test
FAIL: gnat.dg/sizetype.adb (test for excess errors)
FAIL: gnat.dg/sizetype.adb execution test
FAIL: gnat.dg/slice3.adb (test for excess errors)
FAIL: gnat.dg/slice3.adb execution test
FAIL: gnat.dg/slice4.adb (test for excess errors)
FAIL: gnat.dg/slice4.adb execution test
FAIL: gnat.dg/socket1.adb (test for excess errors)
FAIL: gnat.dg/socket1.adb execution test
FAIL: gnat.dg/socket2.adb (test for excess errors)
FAIL: gnat.dg/socket2.adb execution test
FAIL: gnat.dg/sort2.adb (test for excess errors)
FAIL: gnat.dg/sort2.adb execution test
FAIL: gnat.dg/spipaterr.adb (test for excess errors)
FAIL: gnat.dg/spipaterr.adb execution test
FAIL: gnat.dg/string_slice.adb (test for excess errors)
FAIL: gnat.dg/string_slice.adb execution test
FAIL: gnat.dg/tag1.adb (test for excess errors)
FAIL: gnat.dg/tag1.adb execution test
FAIL: gnat.dg/tail_call.adb (test for excess errors)
FAIL: gnat.dg/tail_call.adb execution test
FAIL: gnat.dg/task_name.adb (test for excess errors)
FAIL: gnat.dg/test_address_null_init.adb (test for excess errors)
FAIL: gnat.dg/test_address_null_init.adb execution test
FAIL: gnat.dg/test_bounded.adb (test for excess errors)
FAIL: gnat.dg/test_bounded.adb execution test
FAIL: gnat.dg/test_delay.adb (test for excess errors)
FAIL: gnat.dg/test_delay.adb execution test
FAIL: gnat.dg/test_enum_io.adb (test for excess errors)
FAIL: gnat.dg/test_enum_io.adb execution test
FAIL: gnat.dg/test_fixed_io.adb (test for excess errors)
FAIL: gnat.dg/test_fixed_io.adb execution test
FAIL: gnat.dg/test_ifaces.adb (test for excess errors)
FAIL: gnat.dg/test_ifaces.adb execution test
FAIL: gnat.dg/test_image.adb (test for excess errors)
WARNING: gnat.dg/test_image.adb compilation failed to produce executable
FAIL: gnat.dg/test_image_p.adb (test for excess errors)
FAIL: gnat.dg/test_nested_subtype_byref.adb (test for excess errors)
FAIL: gnat.dg/test_nested_subtype_byref.adb execution test
FAIL: gnat.dg/test_oalign.adb (test for excess errors)
FAIL: gnat.dg/test_oalign.adb execution test
FAIL: gnat.dg/test_prefix1.adb (test for excess errors)
FAIL: gnat.dg/test_prefix1.adb execution test
FAIL: gnat.dg/test_prio.adb (test for excess errors)
WARNING: gnat.dg/test_prio.adb compilation failed to produce executable
FAIL: gnat.dg/test_prio_p.adb (test for excess errors)
FAIL: gnat.dg/test_self.adb (test for excess errors)
FAIL: gnat.dg/test_self.adb execution test
FAIL: gnat.dg/test_self_ref.adb (test for excess errors)
FAIL: gnat.dg/test_self_ref.adb execution test
FAIL: gnat.dg/test_table1.adb (test for excess errors)
FAIL: gnat.dg/test_table1.adb execution test
FAIL: gnat.dg/test_tamdt.adb (test for excess errors)
FAIL: gnat.dg/test_tamdt.adb execution test
FAIL: gnat.dg/tfren.adb (test for excess errors)
FAIL: gnat.dg/tfren.adb execution test
FAIL: gnat.dg/timing_events.adb (test for excess errors)
WARNING: gnat.dg/timing_events.adb compilation failed to produce executable
FAIL: gnat.dg/unc_memfree.adb (test for excess errors)
FAIL: gnat.dg/unc_memfree.adb execution test
FAIL: gnat.dg/unchecked_convert1.adb (test for excess errors)
FAIL: gnat.dg/unchecked_convert1.adb execution test
FAIL: gnat.dg/unchecked_convert2.adb (test for excess errors)
FAIL: gnat.dg/unchecked_convert2.adb execution test
FAIL: gnat.dg/unchecked_union1.adb (test for excess errors)
FAIL: gnat.dg/unchecked_union1.adb execution test
FAIL: gnat.dg/valid1.adb (test for excess errors)
FAIL: gnat.dg/valid1.adb execution test
FAIL: gnat.dg/warn1.adb (test for excess errors)
FAIL: gnat.dg/warn1.adb execution test
FAIL: gnat.dg/warn5.adb (test for excess errors)
FAIL: gnat.dg/wide_test.adb (test for excess errors)
FAIL: gnat.dg/wide_test.adb execution test
FAIL: gnat.dg/specs/elab1.ads (test for excess errors)
=== gnat Summary for unix//-m32 ===
# of expected passes 152
# of unexpected failures 214
# of expected failures 1
Running target unix/
=== gnat Summary for unix/ ===
# of expected passes 374
# of expected failures 1
=== gnat Summary ===
# of expected passes 526
# of unexpected failures 214
# of expected failures 2
=== obj-c++ tests ===
Running target unix//-m32
WARNING: obj-c++.dg/lookup-2.mm compilation failed to produce executable
WARNING: obj-c++.dg/try-catch-2.mm compilation failed to produce executable
WARNING: obj-c++.dg/try-catch-9.mm compilation failed to produce executable
=== obj-c++ Summary for unix//-m32 ===
# of expected passes 437
# of expected failures 9
# of unsupported tests 13
Running target unix/
WARNING: obj-c++.dg/lookup-2.mm compilation failed to produce executable
WARNING: obj-c++.dg/try-catch-2.mm compilation failed to produce executable
WARNING: obj-c++.dg/try-catch-9.mm compilation failed to produce executable
=== obj-c++ Summary for unix/ ===
# of expected passes 423
# of expected failures 23
# of unsupported tests 13
=== obj-c++ Summary ===
# of expected passes 860
# of expected failures 32
# of unsupported tests 26
/space/rguenther/obj3/gcc/testsuite/obj-c++/../../g++ version 4.3.3 20090117 (prerelease) (GCC)
=== objc tests ===
Running target unix//-m32
=== objc Summary for unix//-m32 ===
# of expected passes 1812
# of expected failures 7
# of unsupported tests 24
Running target unix/
=== objc Summary for unix/ ===
# of expected passes 1812
# of expected failures 7
# of unsupported tests 24
=== objc Summary ===
# of expected passes 3624
# of expected failures 14
# of unsupported tests 48
/space/rguenther/obj3/gcc/xgcc version 4.3.3 20090117 (prerelease) (GCC)
=== libffi tests ===
Running target unix//-m32
=== libffi Summary for unix//-m32 ===
# of expected passes 1389
# of unsupported tests 10
Running target unix/
=== libffi Summary for unix/ ===
# of expected passes 1389
# of unsupported tests 10
=== libffi Summary ===
# of expected passes 2778
# of unsupported tests 20
=== libgomp tests ===
Running target unix//-m32
=== libgomp Summary for unix//-m32 ===
# of expected passes 1763
Running target unix/
=== libgomp Summary for unix/ ===
# of expected passes 1763
=== libgomp Summary ===
# of expected passes 3526
=== libjava tests ===
Running target unix//-m32
=== libjava Summary for unix//-m32 ===
# of expected passes 2562
Running target unix/
=== libjava Summary for unix/ ===
# of expected passes 2562
=== libjava Summary ===
# of expected passes 5124
=== libmudflap tests ===
Running target unix//-m32
FAIL: libmudflap.c++/pass41-frag.cxx execution test
FAIL: libmudflap.c++/pass41-frag.cxx (-static) execution test
FAIL: libmudflap.c++/pass41-frag.cxx ( -O) execution test
FAIL: libmudflap.c++/pass41-frag.cxx (-O2) execution test
FAIL: libmudflap.c++/pass41-frag.cxx (-O3) execution test
=== libmudflap Summary for unix//-m32 ===
# of expected passes 1844
# of unexpected failures 5
Running target unix/
FAIL: libmudflap.c++/pass41-frag.cxx execution test
FAIL: libmudflap.c++/pass41-frag.cxx (-static) execution test
FAIL: libmudflap.c++/pass41-frag.cxx ( -O) execution test
FAIL: libmudflap.c++/pass41-frag.cxx (-O2) execution test
FAIL: libmudflap.c++/pass41-frag.cxx (-O3) execution test
=== libmudflap Summary for unix/ ===
# of expected passes 1844
# of unexpected failures 5
=== libmudflap Summary ===
# of expected passes 3688
# of unexpected failures 10
=== libstdc++ tests ===
Running target unix/
XPASS: 26_numerics/headers/cmath/c99_classification_macros_c.cc (test for excess errors)
=== libstdc++ Summary for unix/ ===
# of expected passes 5576
# of unexpected successes 1
# of expected failures 59
# of unsupported tests 10
Running target unix//-m32
XPASS: 26_numerics/headers/cmath/c99_classification_macros_c.cc (test for excess errors)
=== libstdc++ Summary for unix//-m32 ===
# of expected passes 5576
# of unexpected successes 1
# of expected failures 59
# of unsupported tests 10
=== libstdc++ Summary ===
# of expected passes 11152
# of unexpected successes 2
# of expected failures 118
# of unsupported tests 20
Compiler version: 4.3.3 20090117 (prerelease) (GCC)
Platform: x86_64-unknown-linux-gnu
configure flags: --enable-languages=all,ada,obj-c++