This is the mail archive of the
gcc-testresults@gcc.gnu.org
mailing list for the GCC project.
Results for 4.4.0 20090110 (experimental) [trunk revision 143252] (GCC) testsuite on powerpc64-unknown-linux-gnu
- From: Janis Johnson <janis187 at us dot ibm dot com>
- To: gcc-testresults at gcc dot gnu dot org
- Date: Sat, 10 Jan 2009 20:49:26 -0800
- Subject: Results for 4.4.0 20090110 (experimental) [trunk revision 143252] (GCC) testsuite on powerpc64-unknown-linux-gnu
Linux 2.6.5-7.252-pseries64 ppc64
GNU C Library stable release version 2.3.5 (20050720)
GNU ld (GNU Binutils) 2.18.50.20080905
GNU assembler (GNU Binutils) 2.18.50.20080905
GNU Make 3.80
DejaGnu:
Expect version is 5.43.0
Tcl version is 8.4
Framework version is 1.4.4
32-bit biarch default32
SVN branch: trunk
This hardware has VMX instructions.
LAST_UPDATED: Sat Jan 10 22:15:11 UTC 2009 (revision 143252)
Native configuration is powerpc64-unknown-linux-gnu
=== g++ tests ===
Running target unix/-m32
=== g++ Summary for unix/-m32 ===
# of expected passes 19718
# of expected failures 140
# of unsupported tests 127
Running target unix/-m64
=== g++ Summary for unix/-m64 ===
# of expected passes 19678
# of expected failures 140
# of unsupported tests 130
=== g++ Summary ===
# of expected passes 39396
# of expected failures 280
# of unsupported tests 257
/extra_space/gccbuild/build/nightly/build-gcc-trunk/gcc/testsuite/g++/../../g++ version 4.4.0 20090110 (experimental) [trunk revision 143252] (GCC)
=== gcc tests ===
Running target unix/-m32
FAIL: gcc.dg/and-1.c scan-assembler-not nand
FAIL: gcc.dg/memcpy-1.c scan-tree-dump-times optimized "nasty_local" 0
FAIL: gcc.dg/pr35729.c scan-rtl-dump-times loop2_invariant "Decided to move invariant" 0
FAIL: gcc.dg/tree-ssa/vrp47.c scan-tree-dump-times vrp1 "[xy][^ ]* !=" 0
FAIL: gcc.dg/tree-ssa/vrp47.c scan-tree-dump-times dom1 "x[^ ]* & y" 1
ERROR: gcc.target/powerpc/405-dlmzb-strlen-1.c: syntax error in target selector "target powerpc_405_nocache" for " dg-skip-if 6 "other options override -mcpu=405" { ! powerpc_405_nocache } { "*" } { "" } "
UNRESOLVED: gcc.target/powerpc/405-dlmzb-strlen-1.c: syntax error in target selector "target powerpc_405_nocache" for " dg-skip-if 6 "other options override -mcpu=405" { ! powerpc_405_nocache } { "*" } { "" } "
ERROR: gcc.target/powerpc/405-macchw-1.c: syntax error in target selector "target powerpc_405_nocache" for " dg-skip-if 6 "other options override -mcpu=405" { ! powerpc_405_nocache } { "*" } { "" } "
UNRESOLVED: gcc.target/powerpc/405-macchw-1.c: syntax error in target selector "target powerpc_405_nocache" for " dg-skip-if 6 "other options override -mcpu=405" { ! powerpc_405_nocache } { "*" } { "" } "
ERROR: gcc.target/powerpc/405-macchw-2.c: syntax error in target selector "target powerpc_405_nocache" for " dg-skip-if 6 "other options override -mcpu=405" { ! powerpc_405_nocache } { "*" } { "" } "
UNRESOLVED: gcc.target/powerpc/405-macchw-2.c: syntax error in target selector "target powerpc_405_nocache" for " dg-skip-if 6 "other options override -mcpu=405" { ! powerpc_405_nocache } { "*" } { "" } "
ERROR: gcc.target/powerpc/405-macchwu-1.c: syntax error in target selector "target powerpc_405_nocache" for " dg-skip-if 6 "other options override -mcpu=405" { ! powerpc_405_nocache } { "*" } { "" } "
UNRESOLVED: gcc.target/powerpc/405-macchwu-1.c: syntax error in target selector "target powerpc_405_nocache" for " dg-skip-if 6 "other options override -mcpu=405" { ! powerpc_405_nocache } { "*" } { "" } "
ERROR: gcc.target/powerpc/405-macchwu-2.c: syntax error in target selector "target powerpc_405_nocache" for " dg-skip-if 6 "other options override -mcpu=405" { ! powerpc_405_nocache } { "*" } { "" } "
UNRESOLVED: gcc.target/powerpc/405-macchwu-2.c: syntax error in target selector "target powerpc_405_nocache" for " dg-skip-if 6 "other options override -mcpu=405" { ! powerpc_405_nocache } { "*" } { "" } "
ERROR: gcc.target/powerpc/405-machhw-1.c: syntax error in target selector "target powerpc_405_nocache" for " dg-skip-if 6 "other options override -mcpu=405" { ! powerpc_405_nocache } { "*" } { "" } "
UNRESOLVED: gcc.target/powerpc/405-machhw-1.c: syntax error in target selector "target powerpc_405_nocache" for " dg-skip-if 6 "other options override -mcpu=405" { ! powerpc_405_nocache } { "*" } { "" } "
ERROR: gcc.target/powerpc/405-machhw-2.c: syntax error in target selector "target powerpc_405_nocache" for " dg-skip-if 6 "other options override -mcpu=405" { ! powerpc_405_nocache } { "*" } { "" } "
UNRESOLVED: gcc.target/powerpc/405-machhw-2.c: syntax error in target selector "target powerpc_405_nocache" for " dg-skip-if 6 "other options override -mcpu=405" { ! powerpc_405_nocache } { "*" } { "" } "
ERROR: gcc.target/powerpc/405-machhwu-1.c: syntax error in target selector "target powerpc_405_nocache" for " dg-skip-if 6 "other options override -mcpu=405" { ! powerpc_405_nocache } { "*" } { "" } "
UNRESOLVED: gcc.target/powerpc/405-machhwu-1.c: syntax error in target selector "target powerpc_405_nocache" for " dg-skip-if 6 "other options override -mcpu=405" { ! powerpc_405_nocache } { "*" } { "" } "
ERROR: gcc.target/powerpc/405-machhwu-2.c: syntax error in target selector "target powerpc_405_nocache" for " dg-skip-if 6 "other options override -mcpu=405" { ! powerpc_405_nocache } { "*" } { "" } "
UNRESOLVED: gcc.target/powerpc/405-machhwu-2.c: syntax error in target selector "target powerpc_405_nocache" for " dg-skip-if 6 "other options override -mcpu=405" { ! powerpc_405_nocache } { "*" } { "" } "
ERROR: gcc.target/powerpc/405-maclhw-1.c: syntax error in target selector "target powerpc_405_nocache" for " dg-skip-if 6 "other options override -mcpu=405" { ! powerpc_405_nocache } { "*" } { "" } "
UNRESOLVED: gcc.target/powerpc/405-maclhw-1.c: syntax error in target selector "target powerpc_405_nocache" for " dg-skip-if 6 "other options override -mcpu=405" { ! powerpc_405_nocache } { "*" } { "" } "
ERROR: gcc.target/powerpc/405-maclhw-2.c: syntax error in target selector "target powerpc_405_nocache" for " dg-skip-if 6 "other options override -mcpu=405" { ! powerpc_405_nocache } { "*" } { "" } "
UNRESOLVED: gcc.target/powerpc/405-maclhw-2.c: syntax error in target selector "target powerpc_405_nocache" for " dg-skip-if 6 "other options override -mcpu=405" { ! powerpc_405_nocache } { "*" } { "" } "
ERROR: gcc.target/powerpc/405-maclhwu-1.c: syntax error in target selector "target powerpc_405_nocache" for " dg-skip-if 6 "other options override -mcpu=405" { ! powerpc_405_nocache } { "*" } { "" } "
UNRESOLVED: gcc.target/powerpc/405-maclhwu-1.c: syntax error in target selector "target powerpc_405_nocache" for " dg-skip-if 6 "other options override -mcpu=405" { ! powerpc_405_nocache } { "*" } { "" } "
ERROR: gcc.target/powerpc/405-maclhwu-2.c: syntax error in target selector "target powerpc_405_nocache" for " dg-skip-if 6 "other options override -mcpu=405" { ! powerpc_405_nocache } { "*" } { "" } "
UNRESOLVED: gcc.target/powerpc/405-maclhwu-2.c: syntax error in target selector "target powerpc_405_nocache" for " dg-skip-if 6 "other options override -mcpu=405" { ! powerpc_405_nocache } { "*" } { "" } "
ERROR: gcc.target/powerpc/405-mulchw-1.c: syntax error in target selector "target powerpc_405_nocache" for " dg-skip-if 6 "other options override -mcpu=405" { ! powerpc_405_nocache } { "*" } { "" } "
UNRESOLVED: gcc.target/powerpc/405-mulchw-1.c: syntax error in target selector "target powerpc_405_nocache" for " dg-skip-if 6 "other options override -mcpu=405" { ! powerpc_405_nocache } { "*" } { "" } "
ERROR: gcc.target/powerpc/405-mulchw-2.c: syntax error in target selector "target powerpc_405_nocache" for " dg-skip-if 6 "other options override -mcpu=405" { ! powerpc_405_nocache } { "*" } { "" } "
UNRESOLVED: gcc.target/powerpc/405-mulchw-2.c: syntax error in target selector "target powerpc_405_nocache" for " dg-skip-if 6 "other options override -mcpu=405" { ! powerpc_405_nocache } { "*" } { "" } "
ERROR: gcc.target/powerpc/405-mulchwu-1.c: syntax error in target selector "target powerpc_405_nocache" for " dg-skip-if 6 "other options override -mcpu=405" { ! powerpc_405_nocache } { "*" } { "" } "
UNRESOLVED: gcc.target/powerpc/405-mulchwu-1.c: syntax error in target selector "target powerpc_405_nocache" for " dg-skip-if 6 "other options override -mcpu=405" { ! powerpc_405_nocache } { "*" } { "" } "
ERROR: gcc.target/powerpc/405-mulchwu-2.c: syntax error in target selector "target powerpc_405_nocache" for " dg-skip-if 6 "other options override -mcpu=405" { ! powerpc_405_nocache } { "*" } { "" } "
UNRESOLVED: gcc.target/powerpc/405-mulchwu-2.c: syntax error in target selector "target powerpc_405_nocache" for " dg-skip-if 6 "other options override -mcpu=405" { ! powerpc_405_nocache } { "*" } { "" } "
ERROR: gcc.target/powerpc/405-mulhhw-1.c: syntax error in target selector "target powerpc_405_nocache" for " dg-skip-if 6 "other options override -mcpu=405" { ! powerpc_405_nocache } { "*" } { "" } "
UNRESOLVED: gcc.target/powerpc/405-mulhhw-1.c: syntax error in target selector "target powerpc_405_nocache" for " dg-skip-if 6 "other options override -mcpu=405" { ! powerpc_405_nocache } { "*" } { "" } "
ERROR: gcc.target/powerpc/405-mulhhw-2.c: syntax error in target selector "target powerpc_405_nocache" for " dg-skip-if 6 "other options override -mcpu=405" { ! powerpc_405_nocache } { "*" } { "" } "
UNRESOLVED: gcc.target/powerpc/405-mulhhw-2.c: syntax error in target selector "target powerpc_405_nocache" for " dg-skip-if 6 "other options override -mcpu=405" { ! powerpc_405_nocache } { "*" } { "" } "
ERROR: gcc.target/powerpc/405-mulhhwu-1.c: syntax error in target selector "target powerpc_405_nocache" for " dg-skip-if 6 "other options override -mcpu=405" { ! powerpc_405_nocache } { "*" } { "" } "
UNRESOLVED: gcc.target/powerpc/405-mulhhwu-1.c: syntax error in target selector "target powerpc_405_nocache" for " dg-skip-if 6 "other options override -mcpu=405" { ! powerpc_405_nocache } { "*" } { "" } "
ERROR: gcc.target/powerpc/405-mulhhwu-2.c: syntax error in target selector "target powerpc_405_nocache" for " dg-skip-if 6 "other options override -mcpu=405" { ! powerpc_405_nocache } { "*" } { "" } "
UNRESOLVED: gcc.target/powerpc/405-mulhhwu-2.c: syntax error in target selector "target powerpc_405_nocache" for " dg-skip-if 6 "other options override -mcpu=405" { ! powerpc_405_nocache } { "*" } { "" } "
ERROR: gcc.target/powerpc/405-mullhw-1.c: syntax error in target selector "target powerpc_405_nocache" for " dg-skip-if 6 "other options override -mcpu=405" { ! powerpc_405_nocache } { "*" } { "" } "
UNRESOLVED: gcc.target/powerpc/405-mullhw-1.c: syntax error in target selector "target powerpc_405_nocache" for " dg-skip-if 6 "other options override -mcpu=405" { ! powerpc_405_nocache } { "*" } { "" } "
ERROR: gcc.target/powerpc/405-mullhw-2.c: syntax error in target selector "target powerpc_405_nocache" for " dg-skip-if 6 "other options override -mcpu=405" { ! powerpc_405_nocache } { "*" } { "" } "
UNRESOLVED: gcc.target/powerpc/405-mullhw-2.c: syntax error in target selector "target powerpc_405_nocache" for " dg-skip-if 6 "other options override -mcpu=405" { ! powerpc_405_nocache } { "*" } { "" } "
ERROR: gcc.target/powerpc/405-mullhwu-1.c: syntax error in target selector "target powerpc_405_nocache" for " dg-skip-if 6 "other options override -mcpu=405" { ! powerpc_405_nocache } { "*" } { "" } "
UNRESOLVED: gcc.target/powerpc/405-mullhwu-1.c: syntax error in target selector "target powerpc_405_nocache" for " dg-skip-if 6 "other options override -mcpu=405" { ! powerpc_405_nocache } { "*" } { "" } "
ERROR: gcc.target/powerpc/405-mullhwu-2.c: syntax error in target selector "target powerpc_405_nocache" for " dg-skip-if 6 "other options override -mcpu=405" { ! powerpc_405_nocache } { "*" } { "" } "
UNRESOLVED: gcc.target/powerpc/405-mullhwu-2.c: syntax error in target selector "target powerpc_405_nocache" for " dg-skip-if 6 "other options override -mcpu=405" { ! powerpc_405_nocache } { "*" } { "" } "
ERROR: gcc.target/powerpc/405-nmacchw-1.c: syntax error in target selector "target powerpc_405_nocache" for " dg-skip-if 6 "other options override -mcpu=405" { ! powerpc_405_nocache } { "*" } { "" } "
UNRESOLVED: gcc.target/powerpc/405-nmacchw-1.c: syntax error in target selector "target powerpc_405_nocache" for " dg-skip-if 6 "other options override -mcpu=405" { ! powerpc_405_nocache } { "*" } { "" } "
ERROR: gcc.target/powerpc/405-nmacchw-2.c: syntax error in target selector "target powerpc_405_nocache" for " dg-skip-if 6 "other options override -mcpu=405" { ! powerpc_405_nocache } { "*" } { "" } "
UNRESOLVED: gcc.target/powerpc/405-nmacchw-2.c: syntax error in target selector "target powerpc_405_nocache" for " dg-skip-if 6 "other options override -mcpu=405" { ! powerpc_405_nocache } { "*" } { "" } "
ERROR: gcc.target/powerpc/405-nmachhw-1.c: syntax error in target selector "target powerpc_405_nocache" for " dg-skip-if 6 "other options override -mcpu=405" { ! powerpc_405_nocache } { "*" } { "" } "
UNRESOLVED: gcc.target/powerpc/405-nmachhw-1.c: syntax error in target selector "target powerpc_405_nocache" for " dg-skip-if 6 "other options override -mcpu=405" { ! powerpc_405_nocache } { "*" } { "" } "
ERROR: gcc.target/powerpc/405-nmachhw-2.c: syntax error in target selector "target powerpc_405_nocache" for " dg-skip-if 6 "other options override -mcpu=405" { ! powerpc_405_nocache } { "*" } { "" } "
UNRESOLVED: gcc.target/powerpc/405-nmachhw-2.c: syntax error in target selector "target powerpc_405_nocache" for " dg-skip-if 6 "other options override -mcpu=405" { ! powerpc_405_nocache } { "*" } { "" } "
ERROR: gcc.target/powerpc/405-nmaclhw-1.c: syntax error in target selector "target powerpc_405_nocache" for " dg-skip-if 6 "other options override -mcpu=405" { ! powerpc_405_nocache } { "*" } { "" } "
UNRESOLVED: gcc.target/powerpc/405-nmaclhw-1.c: syntax error in target selector "target powerpc_405_nocache" for " dg-skip-if 6 "other options override -mcpu=405" { ! powerpc_405_nocache } { "*" } { "" } "
ERROR: gcc.target/powerpc/405-nmaclhw-2.c: syntax error in target selector "target powerpc_405_nocache" for " dg-skip-if 6 "other options override -mcpu=405" { ! powerpc_405_nocache } { "*" } { "" } "
UNRESOLVED: gcc.target/powerpc/405-nmaclhw-2.c: syntax error in target selector "target powerpc_405_nocache" for " dg-skip-if 6 "other options override -mcpu=405" { ! powerpc_405_nocache } { "*" } { "" } "
=== gcc Summary for unix/-m32 ===
# of expected passes 53538
# of unexpected failures 5
# of expected failures 198
# of unresolved testcases 31
# of unsupported tests 541
Running target unix/-m64
FAIL: gcc.dg/and-1.c scan-assembler-not nand
FAIL: gcc.dg/pr35729.c scan-rtl-dump-times loop2_invariant "Decided to move invariant" 0
FAIL: gcc.dg/tree-ssa/vrp47.c scan-tree-dump-times vrp1 "[xy][^ ]* !=" 0
FAIL: gcc.dg/tree-ssa/vrp47.c scan-tree-dump-times dom1 "x[^ ]* & y" 1
FAIL: gcc.target/powerpc/ppc64-double-1.c scan-assembler-not stfd
=== gcc Summary for unix/-m64 ===
# of expected passes 53444
# of unexpected failures 5
# of expected failures 201
# of unsupported tests 607
=== gcc Summary ===
# of expected passes 106982
# of unexpected failures 10
# of expected failures 399
# of unresolved testcases 31
# of unsupported tests 1148
/extra_space/gccbuild/build/nightly/build-gcc-trunk/gcc/xgcc version 4.4.0 20090110 (experimental) [trunk revision 143252] (GCC)
=== gfortran tests ===
Running target unix/-m32
FAIL: gfortran.dg/csqrt_2.f -O0 execution test
FAIL: gfortran.dg/csqrt_2.f -O1 execution test
FAIL: gfortran.dg/csqrt_2.f -O2 execution test
FAIL: gfortran.dg/csqrt_2.f -O3 -fomit-frame-pointer execution test
FAIL: gfortran.dg/csqrt_2.f -O3 -fomit-frame-pointer -funroll-loops execution test
FAIL: gfortran.dg/csqrt_2.f -O3 -fomit-frame-pointer -funroll-all-loops -finline-functions execution test
FAIL: gfortran.dg/csqrt_2.f -O3 -g execution test
FAIL: gfortran.dg/csqrt_2.f -Os execution test
=== gfortran Summary for unix/-m32 ===
# of expected passes 28708
# of unexpected failures 8
# of expected failures 11
# of unsupported tests 255
Running target unix/-m64
FAIL: gfortran.dg/csqrt_2.f -O0 execution test
FAIL: gfortran.dg/csqrt_2.f -O1 execution test
FAIL: gfortran.dg/csqrt_2.f -O2 execution test
FAIL: gfortran.dg/csqrt_2.f -O3 -fomit-frame-pointer execution test
FAIL: gfortran.dg/csqrt_2.f -O3 -fomit-frame-pointer -funroll-loops execution test
FAIL: gfortran.dg/csqrt_2.f -O3 -fomit-frame-pointer -funroll-all-loops -finline-functions execution test
FAIL: gfortran.dg/csqrt_2.f -O3 -g execution test
FAIL: gfortran.dg/csqrt_2.f -Os execution test
=== gfortran Summary for unix/-m64 ===
# of expected passes 28857
# of unexpected failures 8
# of expected failures 11
# of unsupported tests 182
=== gfortran Summary ===
# of expected passes 57565
# of unexpected failures 16
# of expected failures 22
# of unsupported tests 437
/extra_space/gccbuild/build/nightly/build-gcc-trunk/gcc/testsuite/gfortran/../../gfortran version 4.4.0 20090110 (experimental) [trunk revision 143252] (GCC)
=== libgomp tests ===
Running target unix/-m32
=== libgomp Summary for unix/-m32 ===
# of expected passes 2345
Running target unix/-m64
=== libgomp Summary for unix/-m64 ===
# of expected passes 2345
=== libgomp Summary ===
# of expected passes 4690
=== libmudflap tests ===
Running target unix/-m32
FAIL: libmudflap.c++/pass41-frag.cxx execution test
FAIL: libmudflap.c++/pass41-frag.cxx (-static) execution test
FAIL: libmudflap.c++/pass41-frag.cxx (-O2) execution test
FAIL: libmudflap.c++/pass41-frag.cxx (-O3) execution test
WARNING: program timed out.
FAIL: libmudflap.cth/pass39-frag.c (-O3) (rerun 1) execution test
FAIL: libmudflap.cth/pass39-frag.c (-O3) (rerun 1) output pattern test
WARNING: program timed out.
FAIL: libmudflap.cth/pass39-frag.c (-O3) (rerun 4) execution test
FAIL: libmudflap.cth/pass39-frag.c (-O3) (rerun 4) output pattern test
=== libmudflap Summary for unix/-m32 ===
# of expected passes 1886
# of unexpected failures 8
Running target unix/-m64
FAIL: libmudflap.c/fail27-frag.c output pattern test
FAIL: libmudflap.c/fail27-frag.c (-O2) output pattern test
FAIL: libmudflap.c/fail27-frag.c (-O3) output pattern test
FAIL: libmudflap.c++/pass41-frag.cxx execution test
FAIL: libmudflap.c++/pass41-frag.cxx (-static) execution test
FAIL: libmudflap.c++/pass41-frag.cxx (-O2) execution test
FAIL: libmudflap.c++/pass41-frag.cxx (-O3) execution test
WARNING: program timed out.
FAIL: libmudflap.cth/pass37-frag.c execution test
FAIL: libmudflap.cth/pass37-frag.c output pattern test
WARNING: program timed out.
FAIL: libmudflap.cth/pass39-frag.c (rerun 5) execution test
FAIL: libmudflap.cth/pass39-frag.c (rerun 5) output pattern test
WARNING: program timed out.
FAIL: libmudflap.cth/pass39-frag.c (rerun 17) execution test
FAIL: libmudflap.cth/pass39-frag.c (rerun 17) output pattern test
WARNING: program timed out.
FAIL: libmudflap.cth/pass37-frag.c (-static -DSTATIC) (rerun 14) execution test
FAIL: libmudflap.cth/pass37-frag.c (-static -DSTATIC) (rerun 14) output pattern test
WARNING: program timed out.
FAIL: libmudflap.cth/pass39-frag.c (-static -DSTATIC) execution test
FAIL: libmudflap.cth/pass39-frag.c (-static -DSTATIC) output pattern test
WARNING: program timed out.
FAIL: libmudflap.cth/pass39-frag.c (-O2) execution test
FAIL: libmudflap.cth/pass39-frag.c (-O2) output pattern test
=== libmudflap Summary for unix/-m64 ===
# of expected passes 1875
# of unexpected failures 19
=== libmudflap Summary ===
# of expected passes 3761
# of unexpected failures 27
=== libstdc++ tests ===
Running target unix/-m32
FAIL: abi_check
XPASS: 26_numerics/headers/cmath/c99_classification_macros_c.cc (test for excess errors)
=== libstdc++ Summary for unix/-m32 ===
# of expected passes 6416
# of unexpected successes 1
# of unexpected failures 1
# of expected failures 79
# of unsupported tests 10
Running target unix/-m64
FAIL: abi_check
XPASS: 26_numerics/complex/13450.cc execution test
XPASS: 26_numerics/complex/complex_value.cc execution test
XPASS: 26_numerics/complex/pow.cc execution test
XPASS: 26_numerics/headers/cmath/c99_classification_macros_c.cc (test for excess errors)
=== libstdc++ Summary for unix/-m64 ===
# of expected passes 6413
# of unexpected successes 4
# of unexpected failures 1
# of expected failures 79
# of unsupported tests 10
=== libstdc++ Summary ===
# of expected passes 12829
# of unexpected failures 2
# of unexpected successes 5
# of expected failures 158
# of unsupported tests 20
Compiler version: 4.4.0 20090110 (experimental) [trunk revision 143252] (GCC)
Platform: powerpc64-unknown-linux-gnu
configure flags: --prefix=/opt/gcc-nightly/trunk-20090110 --build=powerpc64-linux --host=powerpc64-linux --target=powerpc64-linux --with-cpu=default32 --with-as=/opt/gcc-nightly/binutils-20080904/bin/as --with-ld=/opt/gcc-nightly/binutils-20080904/bin/ld --enable-threads=posix --enable-shared --enable-__cxa_atexit --enable-languages=c,c++,fortran --enable-checking --disable-alsa --with-gmp=/opt/gcc-nightly/gmp-mpfr-static --with-mpfr=/opt/gcc-nightly/gmp-mpfr-static --enable-decimal-float
=== Test Framework Summary ===
# of expected passes 2531