This is the mail archive of the
gcc-testresults@gcc.gnu.org
mailing list for the GCC project.
Results for 4.4.0 20081230 (experimental) (GCC) testsuite on powerpc-apple-darwin8.5.0
- From: regress at apple dot com (regress)
- To: gcc-testresults at gcc dot gnu dot org
- Date: Tue, 30 Dec 2008 07:04:36 -0800 (PST)
- Subject: Results for 4.4.0 20081230 (experimental) (GCC) testsuite on powerpc-apple-darwin8.5.0
This build run by an automatic regression tester.
See <http://gcc.gnu.org/regtest/HEAD/> for more information.
Date: 2008-12-30T06:32:27Z
Revision: 142958
URL: svn://gcc.gnu.org/svn/gcc/trunk
Status: regress-25
Prev-Endtime: 2008-12-30T06:29:20Z
LAST_UPDATED:
Native configuration is powerpc-apple-darwin8.5.0
=== g++ tests ===
Running target unix
FAIL: g++.dg/debug/dwarf2/imported-module-2.C scan-assembler DW_TAG_imported
FAIL: g++.dg/ext/alignof2.C execution test
FAIL: g++.dg/other/unused1.C scan-assembler (string|ascii?)z?[\\t ]"printer("|\\\\\\\\0)
FAIL: g++.dg/pubtypes.C scan-assembler long+[ \\t]+0x24+[ \\t]+[#;]+[ \\t]+Length of Public Type Names Info
FAIL: g++.dg/pch/pch.C -g assembly comparison
FAIL: g++.dg/pch/pch.C -O2 -g assembly comparison
FAIL: g++.dg/special/conpr-3.C execution test
FAIL: g++.dg/special/initpri1.C execution test
FAIL: g++.dg/tree-prof/indir-call-prof.C compilation, -g -fprofile-generate
UNRESOLVED: g++.dg/tree-prof/indir-call-prof.C execution, -g -fprofile-generate
UNRESOLVED: g++.dg/tree-prof/indir-call-prof.C compilation, -g -fprofile-use
UNRESOLVED: g++.dg/tree-prof/indir-call-prof.C execution, -g -fprofile-use
FAIL: g++.dg/tree-prof/indir-call-prof.C compilation, -O0 -fprofile-generate
UNRESOLVED: g++.dg/tree-prof/indir-call-prof.C execution, -O0 -fprofile-generate
UNRESOLVED: g++.dg/tree-prof/indir-call-prof.C compilation, -O0 -fprofile-use
UNRESOLVED: g++.dg/tree-prof/indir-call-prof.C execution, -O0 -fprofile-use
FAIL: g++.dg/tree-prof/indir-call-prof.C compilation, -O1 -fprofile-generate
UNRESOLVED: g++.dg/tree-prof/indir-call-prof.C execution, -O1 -fprofile-generate
UNRESOLVED: g++.dg/tree-prof/indir-call-prof.C compilation, -O1 -fprofile-use
UNRESOLVED: g++.dg/tree-prof/indir-call-prof.C execution, -O1 -fprofile-use
FAIL: g++.dg/tree-prof/indir-call-prof.C compilation, -O2 -fprofile-generate
UNRESOLVED: g++.dg/tree-prof/indir-call-prof.C execution, -O2 -fprofile-generate
UNRESOLVED: g++.dg/tree-prof/indir-call-prof.C compilation, -O2 -fprofile-use
UNRESOLVED: g++.dg/tree-prof/indir-call-prof.C execution, -O2 -fprofile-use
FAIL: g++.dg/tree-prof/indir-call-prof.C compilation, -O3 -fprofile-generate
UNRESOLVED: g++.dg/tree-prof/indir-call-prof.C execution, -O3 -fprofile-generate
UNRESOLVED: g++.dg/tree-prof/indir-call-prof.C compilation, -O3 -fprofile-use
UNRESOLVED: g++.dg/tree-prof/indir-call-prof.C execution, -O3 -fprofile-use
FAIL: g++.dg/tree-prof/indir-call-prof.C compilation, -O3 -g -fprofile-generate
UNRESOLVED: g++.dg/tree-prof/indir-call-prof.C execution, -O3 -g -fprofile-generate
UNRESOLVED: g++.dg/tree-prof/indir-call-prof.C compilation, -O3 -g -fprofile-use
UNRESOLVED: g++.dg/tree-prof/indir-call-prof.C execution, -O3 -g -fprofile-use
FAIL: g++.dg/tree-prof/indir-call-prof.C compilation, -Os -fprofile-generate
UNRESOLVED: g++.dg/tree-prof/indir-call-prof.C execution, -Os -fprofile-generate
UNRESOLVED: g++.dg/tree-prof/indir-call-prof.C compilation, -Os -fprofile-use
UNRESOLVED: g++.dg/tree-prof/indir-call-prof.C execution, -Os -fprofile-use
=== g++ Summary ===
# of expected passes 18654
# of unexpected failures 15
# of expected failures 135
# of unresolved testcases 21
# of unsupported tests 160
/Users/regress/tbox/native/build/gcc/testsuite/g++/../../g++ version 4.4.0 20081230 (experimental) (GCC)
=== gcc tests ===
Running target unix
FAIL: gcc.c-torture/compile/limits-exprparen.c -O0 (test for excess errors)
FAIL: gcc.c-torture/compile/limits-exprparen.c -O1 (test for excess errors)
FAIL: gcc.c-torture/compile/limits-exprparen.c -O2 (test for excess errors)
FAIL: gcc.c-torture/compile/limits-exprparen.c -O3 -fomit-frame-pointer (test for excess errors)
FAIL: gcc.c-torture/compile/limits-exprparen.c -O3 -g (test for excess errors)
FAIL: gcc.c-torture/compile/limits-exprparen.c -Os (test for excess errors)
FAIL: gcc.dg/debug/dwarf2/pr37726.c scan-assembler-times "parm[^
FAIL: gcc.dg/debug/dwarf2/pr37726.c scan-assembler-times "var[^
FAIL: gcc.dg/and-1.c scan-assembler-not nand
FAIL: gcc.dg/initpri1.c execution test
FAIL: gcc.dg/memcpy-1.c scan-tree-dump-times optimized "nasty_local" 0
FAIL: gcc.dg/pr35729.c scan-rtl-dump-times loop2_invariant "Decided to move invariant" 0
FAIL: gcc.dg/matrix/transpose-1.c compilation, -fprofile-generate -O3
UNRESOLVED: gcc.dg/matrix/transpose-1.c execution, -fprofile-generate -O3
UNRESOLVED: gcc.dg/matrix/transpose-1.c compilation, -fprofile-use -fipa-matrix-reorg -fdump-ipa-matrix-reorg -O3 -fwhole-program -combine
UNRESOLVED: gcc.dg/matrix/transpose-1.c execution, -fprofile-use -fipa-matrix-reorg -fdump-ipa-matrix-reorg -O3 -fwhole-program -combine
FAIL: gcc.dg/matrix/transpose-2.c compilation, -fprofile-generate -O3
UNRESOLVED: gcc.dg/matrix/transpose-2.c execution, -fprofile-generate -O3
UNRESOLVED: gcc.dg/matrix/transpose-2.c compilation, -fprofile-use -fipa-matrix-reorg -fdump-ipa-matrix-reorg -O3 -fwhole-program -combine
UNRESOLVED: gcc.dg/matrix/transpose-2.c execution, -fprofile-use -fipa-matrix-reorg -fdump-ipa-matrix-reorg -O3 -fwhole-program -combine
FAIL: gcc.dg/matrix/transpose-3.c compilation, -fprofile-generate -O3
UNRESOLVED: gcc.dg/matrix/transpose-3.c execution, -fprofile-generate -O3
UNRESOLVED: gcc.dg/matrix/transpose-3.c compilation, -fprofile-use -fipa-matrix-reorg -fdump-ipa-matrix-reorg -O3 -fwhole-program -combine
UNRESOLVED: gcc.dg/matrix/transpose-3.c execution, -fprofile-use -fipa-matrix-reorg -fdump-ipa-matrix-reorg -O3 -fwhole-program -combine
FAIL: gcc.dg/matrix/transpose-4.c compilation, -fprofile-generate -O3
UNRESOLVED: gcc.dg/matrix/transpose-4.c execution, -fprofile-generate -O3
UNRESOLVED: gcc.dg/matrix/transpose-4.c compilation, -fprofile-use -fipa-matrix-reorg -fdump-ipa-matrix-reorg -O3 -fwhole-program -combine
UNRESOLVED: gcc.dg/matrix/transpose-4.c execution, -fprofile-use -fipa-matrix-reorg -fdump-ipa-matrix-reorg -O3 -fwhole-program -combine
FAIL: gcc.dg/matrix/transpose-5.c compilation, -fprofile-generate -O3
UNRESOLVED: gcc.dg/matrix/transpose-5.c execution, -fprofile-generate -O3
UNRESOLVED: gcc.dg/matrix/transpose-5.c compilation, -fprofile-use -fipa-matrix-reorg -fdump-ipa-matrix-reorg -O3 -fwhole-program -combine
UNRESOLVED: gcc.dg/matrix/transpose-5.c execution, -fprofile-use -fipa-matrix-reorg -fdump-ipa-matrix-reorg -O3 -fwhole-program -combine
FAIL: gcc.dg/matrix/transpose-6.c compilation, -fprofile-generate -O3
UNRESOLVED: gcc.dg/matrix/transpose-6.c execution, -fprofile-generate -O3
UNRESOLVED: gcc.dg/matrix/transpose-6.c compilation, -fprofile-use -fipa-matrix-reorg -fdump-ipa-matrix-reorg -O3 -fwhole-program -combine
UNRESOLVED: gcc.dg/matrix/transpose-6.c execution, -fprofile-use -fipa-matrix-reorg -fdump-ipa-matrix-reorg -O3 -fwhole-program -combine
FAIL: gcc.dg/pch/save-temps-1.c -O0 -g assembly comparison
FAIL: gcc.dg/pch/save-temps-1.c -O3 -g assembly comparison
FAIL: gcc.dg/struct/w_prof_global_array.c compilation, -O3 -fwhole-program -combine -fipa-type-escape -fprofile-generate
UNRESOLVED: gcc.dg/struct/w_prof_global_array.c execution, -O3 -fwhole-program -combine -fipa-type-escape -fprofile-generate
UNRESOLVED: gcc.dg/struct/w_prof_global_array.c compilation, -O3 -fwhole-program -combine -fipa-type-escape -fprofile-use -fipa-struct-reorg -fdump-ipa-all
UNRESOLVED: gcc.dg/struct/w_prof_global_array.c execution, -O3 -fwhole-program -combine -fipa-type-escape -fprofile-use -fipa-struct-reorg -fdump-ipa-all
FAIL: gcc.dg/struct/w_prof_global_var.c compilation, -O3 -fwhole-program -combine -fipa-type-escape -fprofile-generate
UNRESOLVED: gcc.dg/struct/w_prof_global_var.c execution, -O3 -fwhole-program -combine -fipa-type-escape -fprofile-generate
UNRESOLVED: gcc.dg/struct/w_prof_global_var.c compilation, -O3 -fwhole-program -combine -fipa-type-escape -fprofile-use -fipa-struct-reorg -fdump-ipa-all
UNRESOLVED: gcc.dg/struct/w_prof_global_var.c execution, -O3 -fwhole-program -combine -fipa-type-escape -fprofile-use -fipa-struct-reorg -fdump-ipa-all
FAIL: gcc.dg/struct/w_prof_local_array.c compilation, -O3 -fwhole-program -combine -fipa-type-escape -fprofile-generate
UNRESOLVED: gcc.dg/struct/w_prof_local_array.c execution, -O3 -fwhole-program -combine -fipa-type-escape -fprofile-generate
UNRESOLVED: gcc.dg/struct/w_prof_local_array.c compilation, -O3 -fwhole-program -combine -fipa-type-escape -fprofile-use -fipa-struct-reorg -fdump-ipa-all
UNRESOLVED: gcc.dg/struct/w_prof_local_array.c execution, -O3 -fwhole-program -combine -fipa-type-escape -fprofile-use -fipa-struct-reorg -fdump-ipa-all
FAIL: gcc.dg/struct/w_prof_local_var.c compilation, -O3 -fwhole-program -combine -fipa-type-escape -fprofile-generate
UNRESOLVED: gcc.dg/struct/w_prof_local_var.c execution, -O3 -fwhole-program -combine -fipa-type-escape -fprofile-generate
UNRESOLVED: gcc.dg/struct/w_prof_local_var.c compilation, -O3 -fwhole-program -combine -fipa-type-escape -fprofile-use -fipa-struct-reorg -fdump-ipa-all
UNRESOLVED: gcc.dg/struct/w_prof_local_var.c execution, -O3 -fwhole-program -combine -fipa-type-escape -fprofile-use -fipa-struct-reorg -fdump-ipa-all
FAIL: gcc.dg/struct/w_prof_single_str_global.c compilation, -O3 -fwhole-program -combine -fipa-type-escape -fprofile-generate
UNRESOLVED: gcc.dg/struct/w_prof_single_str_global.c execution, -O3 -fwhole-program -combine -fipa-type-escape -fprofile-generate
UNRESOLVED: gcc.dg/struct/w_prof_single_str_global.c compilation, -O3 -fwhole-program -combine -fipa-type-escape -fprofile-use -fipa-struct-reorg -fdump-ipa-all
UNRESOLVED: gcc.dg/struct/w_prof_single_str_global.c execution, -O3 -fwhole-program -combine -fipa-type-escape -fprofile-use -fipa-struct-reorg -fdump-ipa-all
FAIL: gcc.dg/struct/w_prof_two_strs.c compilation, -O3 -fwhole-program -combine -fipa-type-escape -fprofile-generate
UNRESOLVED: gcc.dg/struct/w_prof_two_strs.c execution, -O3 -fwhole-program -combine -fipa-type-escape -fprofile-generate
UNRESOLVED: gcc.dg/struct/w_prof_two_strs.c compilation, -O3 -fwhole-program -combine -fipa-type-escape -fprofile-use -fipa-struct-reorg -fdump-ipa-all
UNRESOLVED: gcc.dg/struct/w_prof_two_strs.c execution, -O3 -fwhole-program -combine -fipa-type-escape -fprofile-use -fipa-struct-reorg -fdump-ipa-all
FAIL: gcc.dg/struct/w_ratio_cold_str.c compilation, -O3 -fwhole-program -combine -fipa-type-escape -fprofile-generate
UNRESOLVED: gcc.dg/struct/w_ratio_cold_str.c execution, -O3 -fwhole-program -combine -fipa-type-escape -fprofile-generate
UNRESOLVED: gcc.dg/struct/w_ratio_cold_str.c compilation, -O3 -fwhole-program -combine -fipa-type-escape -fprofile-use -fipa-struct-reorg -fdump-ipa-all --param struct-reorg-cold-struct-ratio=30
UNRESOLVED: gcc.dg/struct/w_ratio_cold_str.c execution, -O3 -fwhole-program -combine -fipa-type-escape -fprofile-use -fipa-struct-reorg -fdump-ipa-all --param struct-reorg-cold-struct-ratio=30
FAIL: gcc.dg/tree-prof/bb-reorg.c compilation, -fprofile-generate -D_PROFILE_GENERATE
UNRESOLVED: gcc.dg/tree-prof/bb-reorg.c execution, -fprofile-generate -D_PROFILE_GENERATE
UNRESOLVED: gcc.dg/tree-prof/bb-reorg.c compilation, -fprofile-use -D_PROFILE_USE
UNRESOLVED: gcc.dg/tree-prof/bb-reorg.c execution, -fprofile-use -D_PROFILE_USE
FAIL: gcc.dg/tree-prof/ic-misattribution-1.c compilation, -fprofile-generate -D_PROFILE_GENERATE
UNRESOLVED: gcc.dg/tree-prof/ic-misattribution-1.c execution, -fprofile-generate -D_PROFILE_GENERATE
UNRESOLVED: gcc.dg/tree-prof/ic-misattribution-1.c compilation, -fprofile-use -D_PROFILE_USE
UNRESOLVED: gcc.dg/tree-prof/ic-misattribution-1.c execution, -fprofile-use -D_PROFILE_USE
FAIL: gcc.dg/tree-prof/ic-misattribution-1a.c compilation, -fprofile-generate -D_PROFILE_GENERATE
UNRESOLVED: gcc.dg/tree-prof/ic-misattribution-1a.c execution, -fprofile-generate -D_PROFILE_GENERATE
UNRESOLVED: gcc.dg/tree-prof/ic-misattribution-1a.c compilation, -fprofile-use -D_PROFILE_USE
UNRESOLVED: gcc.dg/tree-prof/ic-misattribution-1a.c execution, -fprofile-use -D_PROFILE_USE
FAIL: gcc.dg/tree-prof/indir-call-prof.c compilation, -fprofile-generate -D_PROFILE_GENERATE
UNRESOLVED: gcc.dg/tree-prof/indir-call-prof.c execution, -fprofile-generate -D_PROFILE_GENERATE
UNRESOLVED: gcc.dg/tree-prof/indir-call-prof.c compilation, -fprofile-use -D_PROFILE_USE
UNRESOLVED: gcc.dg/tree-prof/indir-call-prof.c execution, -fprofile-use -D_PROFILE_USE
FAIL: gcc.dg/tree-prof/inliner-1.c compilation, -fprofile-generate -D_PROFILE_GENERATE
UNRESOLVED: gcc.dg/tree-prof/inliner-1.c execution, -fprofile-generate -D_PROFILE_GENERATE
UNRESOLVED: gcc.dg/tree-prof/inliner-1.c compilation, -fprofile-use -D_PROFILE_USE
UNRESOLVED: gcc.dg/tree-prof/inliner-1.c execution, -fprofile-use -D_PROFILE_USE
FAIL: gcc.dg/tree-prof/pr34999.c compilation, -fprofile-generate -D_PROFILE_GENERATE
UNRESOLVED: gcc.dg/tree-prof/pr34999.c execution, -fprofile-generate -D_PROFILE_GENERATE
UNRESOLVED: gcc.dg/tree-prof/pr34999.c compilation, -fprofile-use -D_PROFILE_USE
UNRESOLVED: gcc.dg/tree-prof/pr34999.c execution, -fprofile-use -D_PROFILE_USE
FAIL: gcc.dg/tree-prof/stringop-1.c compilation, -fprofile-generate -D_PROFILE_GENERATE
UNRESOLVED: gcc.dg/tree-prof/stringop-1.c execution, -fprofile-generate -D_PROFILE_GENERATE
UNRESOLVED: gcc.dg/tree-prof/stringop-1.c compilation, -fprofile-use -D_PROFILE_USE
UNRESOLVED: gcc.dg/tree-prof/stringop-1.c execution, -fprofile-use -D_PROFILE_USE
FAIL: gcc.dg/tree-prof/stringop-2.c compilation, -fprofile-generate -D_PROFILE_GENERATE
UNRESOLVED: gcc.dg/tree-prof/stringop-2.c execution, -fprofile-generate -D_PROFILE_GENERATE
UNRESOLVED: gcc.dg/tree-prof/stringop-2.c compilation, -fprofile-use -D_PROFILE_USE
UNRESOLVED: gcc.dg/tree-prof/stringop-2.c execution, -fprofile-use -D_PROFILE_USE
FAIL: gcc.dg/tree-prof/tracer-1.c compilation, -fprofile-generate -D_PROFILE_GENERATE
UNRESOLVED: gcc.dg/tree-prof/tracer-1.c execution, -fprofile-generate -D_PROFILE_GENERATE
UNRESOLVED: gcc.dg/tree-prof/tracer-1.c compilation, -fprofile-use -D_PROFILE_USE
UNRESOLVED: gcc.dg/tree-prof/tracer-1.c execution, -fprofile-use -D_PROFILE_USE
FAIL: gcc.dg/tree-prof/update-cunroll-2.c compilation, -fprofile-generate -D_PROFILE_GENERATE
UNRESOLVED: gcc.dg/tree-prof/update-cunroll-2.c execution, -fprofile-generate -D_PROFILE_GENERATE
UNRESOLVED: gcc.dg/tree-prof/update-cunroll-2.c compilation, -fprofile-use -D_PROFILE_USE
UNRESOLVED: gcc.dg/tree-prof/update-cunroll-2.c execution, -fprofile-use -D_PROFILE_USE
FAIL: gcc.dg/tree-prof/update-loopch.c compilation, -fprofile-generate -D_PROFILE_GENERATE
UNRESOLVED: gcc.dg/tree-prof/update-loopch.c execution, -fprofile-generate -D_PROFILE_GENERATE
UNRESOLVED: gcc.dg/tree-prof/update-loopch.c compilation, -fprofile-use -D_PROFILE_USE
UNRESOLVED: gcc.dg/tree-prof/update-loopch.c execution, -fprofile-use -D_PROFILE_USE
FAIL: gcc.dg/tree-prof/update-tailcall.c compilation, -fprofile-generate -D_PROFILE_GENERATE
UNRESOLVED: gcc.dg/tree-prof/update-tailcall.c execution, -fprofile-generate -D_PROFILE_GENERATE
UNRESOLVED: gcc.dg/tree-prof/update-tailcall.c compilation, -fprofile-use -D_PROFILE_USE
UNRESOLVED: gcc.dg/tree-prof/update-tailcall.c execution, -fprofile-use -D_PROFILE_USE
FAIL: gcc.dg/tree-prof/val-prof-1.c compilation, -fprofile-generate -D_PROFILE_GENERATE
UNRESOLVED: gcc.dg/tree-prof/val-prof-1.c execution, -fprofile-generate -D_PROFILE_GENERATE
UNRESOLVED: gcc.dg/tree-prof/val-prof-1.c compilation, -fprofile-use -D_PROFILE_USE
UNRESOLVED: gcc.dg/tree-prof/val-prof-1.c execution, -fprofile-use -D_PROFILE_USE
FAIL: gcc.dg/tree-prof/val-prof-2.c compilation, -fprofile-generate -D_PROFILE_GENERATE
UNRESOLVED: gcc.dg/tree-prof/val-prof-2.c execution, -fprofile-generate -D_PROFILE_GENERATE
UNRESOLVED: gcc.dg/tree-prof/val-prof-2.c compilation, -fprofile-use -D_PROFILE_USE
UNRESOLVED: gcc.dg/tree-prof/val-prof-2.c execution, -fprofile-use -D_PROFILE_USE
FAIL: gcc.dg/tree-prof/val-prof-3.c compilation, -fprofile-generate -D_PROFILE_GENERATE
UNRESOLVED: gcc.dg/tree-prof/val-prof-3.c execution, -fprofile-generate -D_PROFILE_GENERATE
UNRESOLVED: gcc.dg/tree-prof/val-prof-3.c compilation, -fprofile-use -D_PROFILE_USE
UNRESOLVED: gcc.dg/tree-prof/val-prof-3.c execution, -fprofile-use -D_PROFILE_USE
FAIL: gcc.dg/tree-prof/val-prof-4.c compilation, -fprofile-generate -D_PROFILE_GENERATE
UNRESOLVED: gcc.dg/tree-prof/val-prof-4.c execution, -fprofile-generate -D_PROFILE_GENERATE
UNRESOLVED: gcc.dg/tree-prof/val-prof-4.c compilation, -fprofile-use -D_PROFILE_USE
UNRESOLVED: gcc.dg/tree-prof/val-prof-4.c execution, -fprofile-use -D_PROFILE_USE
FAIL: gcc.dg/tree-prof/val-prof-5.c compilation, -fprofile-generate -D_PROFILE_GENERATE
UNRESOLVED: gcc.dg/tree-prof/val-prof-5.c execution, -fprofile-generate -D_PROFILE_GENERATE
UNRESOLVED: gcc.dg/tree-prof/val-prof-5.c compilation, -fprofile-use -D_PROFILE_USE
UNRESOLVED: gcc.dg/tree-prof/val-prof-5.c execution, -fprofile-use -D_PROFILE_USE
FAIL: gcc.dg/tree-prof/val-prof-6.c compilation, -fprofile-generate -D_PROFILE_GENERATE
UNRESOLVED: gcc.dg/tree-prof/val-prof-6.c execution, -fprofile-generate -D_PROFILE_GENERATE
UNRESOLVED: gcc.dg/tree-prof/val-prof-6.c compilation, -fprofile-use -D_PROFILE_USE
UNRESOLVED: gcc.dg/tree-prof/val-prof-6.c execution, -fprofile-use -D_PROFILE_USE
FAIL: gcc.dg/tree-prof/wcoverage-mismatch.c compilation, -fprofile-generate -D_PROFILE_GENERATE
UNRESOLVED: gcc.dg/tree-prof/wcoverage-mismatch.c execution, -fprofile-generate -D_PROFILE_GENERATE
UNRESOLVED: gcc.dg/tree-prof/wcoverage-mismatch.c compilation, -fprofile-use -D_PROFILE_USE
UNRESOLVED: gcc.dg/tree-prof/wcoverage-mismatch.c execution, -fprofile-use -D_PROFILE_USE
FAIL: gcc.dg/tree-ssa/vrp47.c scan-tree-dump-times vrp1 "[xy][^ ]* !=" 0
FAIL: gcc.dg/tree-ssa/vrp47.c scan-tree-dump-times dom1 "x[^ ]* & y" 1
FAIL: gcc.dg/vect/section-anchors-pr27770.c (test for excess errors)
FAIL: gcc.dg/vect/section-anchors-vect-69.c (test for excess errors)
FAIL: gcc.dg/vect/section-anchors-vect-69.c scan-tree-dump-times vect "Alignment of access forced using peeling" 4
FAIL: gcc.target/powerpc/ppc64-double-1.c scan-assembler-not stfd
=== gcc Summary ===
# of expected passes 51336
# of unexpected failures 52
# of expected failures 197
# of unresolved testcases 96
# of unsupported tests 617
/Users/regress/tbox/native/build/gcc/xgcc version 4.4.0 20081230 (experimental) (GCC)
=== gfortran tests ===
Running target unix
FAIL: gfortran.dg/large_real_kind_3.F90 -O0 execution test
=== gfortran Summary ===
# of expected passes 28824
# of unexpected failures 1
# of expected failures 42
# of unsupported tests 140
/Users/regress/tbox/native/build/gcc/testsuite/gfortran/../../gfortran version 4.4.0 20081230 (experimental) (GCC)
=== objc tests ===
Running target unix
FAIL: objc/execute/forward-1.m execution, -O0 -fgnu-runtime
FAIL: objc/execute/forward-1.m execution, -O1 -fgnu-runtime
FAIL: objc/execute/forward-1.m execution, -O2 -fgnu-runtime
FAIL: objc/execute/forward-1.m execution, -O3 -fomit-frame-pointer -fgnu-runtime
FAIL: objc/execute/forward-1.m execution, -O3 -fomit-frame-pointer -funroll-loops -fgnu-runtime
FAIL: objc/execute/forward-1.m execution, -O3 -fomit-frame-pointer -funroll-all-loops -finline-functions -fgnu-runtime
FAIL: objc/execute/forward-1.m execution, -O3 -g -fgnu-runtime
FAIL: objc/execute/forward-1.m execution, -Os -fgnu-runtime
FAIL: objc.dg-struct-layout-encoding-1/t001_main.m execution test
FAIL: objc.dg-struct-layout-encoding-1/t005_main.m execution test
FAIL: objc.dg-struct-layout-encoding-1/t009_main.m execution test
FAIL: objc.dg-struct-layout-encoding-1/t010_main.m execution test
FAIL: objc.dg-struct-layout-encoding-1/t013_main.m execution test
FAIL: objc.dg-struct-layout-encoding-1/t014_main.m execution test
FAIL: objc.dg-struct-layout-encoding-1/t016_main.m execution test
FAIL: objc.dg-struct-layout-encoding-1/t017_main.m execution test
FAIL: objc.dg-struct-layout-encoding-1/t018_main.m execution test
FAIL: objc.dg-struct-layout-encoding-1/t019_main.m execution test
FAIL: objc.dg-struct-layout-encoding-1/t020_main.m execution test
FAIL: objc.dg-struct-layout-encoding-1/t021_main.m execution test
FAIL: objc.dg-struct-layout-encoding-1/t023_main.m execution test
FAIL: objc.dg-struct-layout-encoding-1/t024_main.m execution test
=== objc Summary ===
# of expected passes 3065
# of unexpected failures 22
# of expected failures 17
# of unsupported tests 1
/Users/regress/tbox/native/build/gcc/xgcc version 4.4.0 20081230 (experimental) (GCC)
=== libffi tests ===
Running target unix
=== libffi Summary ===
# of expected passes 1389
# of unsupported tests 10
=== libgomp tests ===
Running target unix
=== libgomp Summary ===
# of expected passes 2089
# of unsupported tests 128
=== libjava tests ===
Running target unix
FAIL: Thread_Sleep_2 output - source compiled test
FAIL: Thread_Sleep_2 -findirect-dispatch output - source compiled test
FAIL: Thread_Sleep_2 -O3 output - source compiled test
FAIL: Thread_Sleep_2 -O3 -findirect-dispatch output - source compiled test
=== libjava Summary ===
# of expected passes 2570
# of unexpected failures 4
=== libstdc++ tests ===
Running target unix
FAIL: ext/mt_allocator/deallocate_local_thread-5.cc execution test
FAIL: ext/mt_allocator/deallocate_local_thread-7.cc execution test
=== libstdc++ Summary ===
# of expected passes 5584
# of unexpected failures 2
# of expected failures 76
# of unsupported tests 427
=== libstdc++ Summary ===
Compiler version: 4.4.0 20081230 (experimental) (GCC)
Platform: powerpc-apple-darwin8.5.0
configure flags: --prefix=/Users/regress/tbox/objs --target=powerpc-apple-darwin8.5.0