This is the mail archive of the
gcc-testresults@gcc.gnu.org
mailing list for the GCC project.
Results for 4.4.0 20081213 (GCC) testsuite on sparc-sun-solaris2.10
- From: botcazou at ACT-Europe dot FR (Eric Botcazou)
- To: gcc-testresults at gcc dot gnu dot org
- Date: Mon, 15 Dec 2008 08:56:02 +0100 (CET)
- Subject: Results for 4.4.0 20081213 (GCC) testsuite on sparc-sun-solaris2.10
LAST_UPDATED:
=== acats tests ===
=== acats Summary ===
# of expected passes 2315
# of unexpected failures 0
Native configuration is sparc-sun-solaris2.10
=== g++ tests ===
Running target unix
XPASS: g++.dg/other/ucnid-1.C (test for excess errors)
XPASS: g++.old-deja/g++.other/init19.C execution test
=== g++ Summary ===
# of expected passes 18487
# of unexpected successes 2
# of expected failures 136
# of unsupported tests 225
/nfs/nile/nile.build/botcazou/gcc-head/sparc-sun-solaris2.10/gcc/testsuite/g++/../../g++ version 4.4.0 20081213 for GNAT Pro 6.2.0w (20081212) (GCC)
=== gcc tests ===
Running target unix
WARNING: program timed out.
FAIL: gcc.dg/20020425-1.c (test for excess errors)
FAIL: gcc.dg/pr35729.c scan-rtl-dump-times loop2_invariant "Decided to move invariant" 0
XPASS: gcc.dg/ucnid-2.c (test for excess errors)
XPASS: gcc.dg/ucnid-3.c (test for excess errors)
XPASS: gcc.dg/ucnid-4.c (test for excess errors)
FAIL: gcc.dg/vect/vect-35.c scan-tree-dump-times vect "vectorized 1 loops" 1
FAIL: gcc.dg/vect/vect-multitypes-12.c scan-tree-dump-times vect "vectorized 1 loops" 1
FAIL: gcc.dg/vect/vect-multitypes-5.c scan-tree-dump-times vect "vectorized 1 loops" 1
FAIL: gcc.dg/vect/vect-multitypes-6.c scan-tree-dump-times vect "vectorized 1 loops" 1
FAIL: gcc.dg/vect/vect-outer-5.c scan-tree-dump-times vect "OUTER LOOP VECTORIZED" 1
FAIL: gcc.dg/vect/vect-outer-6.c scan-tree-dump-times vect "OUTER LOOP VECTORIZED" 1
FAIL: gcc.dg/vect/vect-outer-6.c scan-tree-dump-times vect "zero step in outer loop." 1
FAIL: gcc.dg/vect/slp-multitypes-2.c execution test
FAIL: gcc.dg/vect/slp-multitypes-3.c scan-tree-dump-times vect "vectorized 1 loops" 1
FAIL: gcc.dg/vect/slp-multitypes-3.c scan-tree-dump-times vect "vectorizing stmts using SLP" 2
=== gcc Summary ===
# of expected passes 49433
# of unexpected failures 12
# of unexpected successes 3
# of expected failures 231
# of unsupported tests 666
/nfs/nile/nile.build/botcazou/gcc-head/sparc-sun-solaris2.10/gcc/xgcc version 4.4.0 20081213 for GNAT Pro 6.2.0w (20081212) (GCC)
=== gfortran tests ===
Running target unix
=== gfortran Summary ===
# of expected passes 28788
# of expected failures 12
# of unsupported tests 134
/nfs/nile/nile.build/botcazou/gcc-head/sparc-sun-solaris2.10/gcc/testsuite/gfortran/../../gfortran version 4.4.0 20081213 for GNAT Pro 6.2.0w (20081212) (GCC)
=== gnat tests ===
Running target unix
=== gnat Summary ===
# of expected passes 603
# of expected failures 6
=== obj-c++ tests ===
Running target unix
XPASS: obj-c++.dg/comp-types-10.mm (test for excess errors)
WARNING: obj-c++.dg/lookup-2.mm compilation failed to produce executable
WARNING: obj-c++.dg/try-catch-2.mm compilation failed to produce executable
WARNING: obj-c++.dg/try-catch-9.mm compilation failed to produce executable
=== obj-c++ Summary ===
# of expected passes 436
# of unexpected successes 1
# of expected failures 9
# of unsupported tests 13
/nfs/nile/nile.build/botcazou/gcc-head/sparc-sun-solaris2.10/gcc/testsuite/obj-c++/../../g++ version 4.4.0 20081213 for GNAT Pro 6.2.0w (20081212) (GCC)
=== objc tests ===
Running target unix
=== objc Summary ===
# of expected passes 1814
# of expected failures 7
# of unsupported tests 24
/nfs/nile/nile.build/botcazou/gcc-head/sparc-sun-solaris2.10/gcc/xgcc version 4.4.0 20081213 for GNAT Pro 6.2.0w (20081212) (GCC)
=== libgomp tests ===
Running target unix
=== libgomp Summary ===
# of expected passes 2309
# of unsupported tests 9
=== libstdc++ tests ===
Running target unix
XPASS: 27_io/basic_istream/extractors_arithmetic/char/12.cc execution test
XPASS: 27_io/basic_istream/extractors_arithmetic/wchar_t/12.cc execution test
FAIL: 29_atomics/atomic/operators/integral_assignment.cc (test for excess errors)
WARNING: 29_atomics/atomic/operators/integral_assignment.cc compilation failed to produce executable
FAIL: 29_atomics/atomic/operators/integral_conversion.cc (test for excess errors)
WARNING: 29_atomics/atomic/operators/integral_conversion.cc compilation failed to produce executable
FAIL: 29_atomics/atomic_flag/requirements/standard_layout.cc (test for excess errors)
WARNING: 29_atomics/atomic_flag/requirements/standard_layout.cc compilation failed to produce executable
FAIL: 29_atomics/atomic_integral/operators/integral_assignment.cc (test for excess errors)
WARNING: 29_atomics/atomic_integral/operators/integral_assignment.cc compilation failed to produce executable
FAIL: 29_atomics/atomic_integral/operators/integral_conversion.cc (test for excess errors)
WARNING: 29_atomics/atomic_integral/operators/integral_conversion.cc compilation failed to produce executable
=== libstdc++ Summary ===
# of expected passes 5470
# of unexpected failures 5
# of unexpected successes 2
# of expected failures 78
# of unsupported tests 485
Compiler version: 4.4.0 20081213 for GNAT Pro 6.2.0w (20081212) (GCC)
Platform: sparc-sun-solaris2.10
configure flags: --prefix=/nile.build/botcazou/gcc-head/install_sparc --with-as=/nile.build/botcazou/gcc-head/install_sparc/bin/as --with-gmp=/nile.build/botcazou/gcc-head/install_sparc --with-mpfr=/nile.build/botcazou/gcc-head/install_sparc --enable-languages=c,c++,objc,obj-c++,fortran,ada --enable-checking=release --disable-nls
BOOT_CFLAGS=-g -O2