This is the mail archive of the
gcc-testresults@gcc.gnu.org
mailing list for the GCC project.
Results for 4.4.0 20081211 (experimental) [trunk revision 142687] (GCC) testsuite on powerpc-unknown-linux-gnu
- From: Andreas Tobler <andreast-list at fgznet dot ch>
- To: gcc-testresults at gcc dot gnu dot org
- Date: Fri, 12 Dec 2008 19:54:17 +0100
- Subject: Results for 4.4.0 20081211 (experimental) [trunk revision 142687] (GCC) testsuite on powerpc-unknown-linux-gnu
LAST_UPDATED: Thu Dec 11 18:10:16 UTC 2008 (revision 142687)
Native configuration is powerpc-unknown-linux-gnu
=== gcc tests ===
Running target unix
XPASS: gcc.dg/20020103-1.c scan-assembler-not LC[0-9]
WARNING: program timed out.
FAIL: gcc.dg/20020425-1.c (test for excess errors)
FAIL: gcc.dg/and-1.c scan-assembler-not nand
FAIL: gcc.dg/memcpy-1.c scan-tree-dump-times optimized "nasty_local" 0
FAIL: gcc.dg/pr35442.c (test for excess errors)
FAIL: gcc.dg/pr35729.c scan-rtl-dump-times loop2_invariant "Decided to move invariant" 0
FAIL: gcc.dg/tree-ssa/vrp47.c scan-tree-dump-times vrp1 "[xy][^ ]* !=" 0
FAIL: gcc.dg/tree-ssa/vrp47.c scan-tree-dump-times dom1 "x[^ ]* & y" 1
FAIL: gcc.target/powerpc/ppc64-double-1.c scan-assembler-not stfd
=== gcc Summary ===
# of expected passes 52628
# of unexpected failures 8
# of unexpected successes 1
# of expected failures 198
# of unsupported tests 541
/home/andreast/devel/gcc/head/objdir_test/gcc/xgcc version 4.4.0 20081211 (experimental) [trunk revision 142687] (GCC)
=== gfortran tests ===
Running target unix
XPASS: gfortran.dg/nint_2.f90 -O0 execution test
=== gfortran Summary ===
# of expected passes 28779
# of unexpected successes 1
# of expected failures 34
# of unsupported tests 126
/home/andreast/devel/gcc/head/objdir_test/gcc/testsuite/gfortran/../../gfortran version 4.4.0 20081211 (experimental) [trunk revision 142687] (GCC)
=== g++ tests ===
Running target unix
FAIL: g++.dg/ext/altivec-types-1.C (test for errors, line 30)
=== g++ Summary ===
# of expected passes 18831
# of unexpected failures 1
# of expected failures 135
# of unsupported tests 127
/home/andreast/devel/gcc/head/objdir_test/gcc/testsuite/g++/../../g++ version 4.4.0 20081211 (experimental) [trunk revision 142687] (GCC)
=== obj-c++ tests ===
Running target unix
XPASS: obj-c++.dg/bitfield-1.mm (test for warnings, line 26)
XPASS: obj-c++.dg/comp-types-10.mm (test for excess errors)
WARNING: obj-c++.dg/lookup-2.mm compilation failed to produce executable
WARNING: obj-c++.dg/try-catch-2.mm compilation failed to produce executable
WARNING: obj-c++.dg/try-catch-9.mm compilation failed to produce executable
=== obj-c++ Summary ===
# of expected passes 435
# of unexpected successes 2
# of expected failures 9
# of unsupported tests 13
/home/andreast/devel/gcc/head/objdir_test/gcc/testsuite/obj-c++/../../g++ version 4.4.0 20081211 (experimental) [trunk revision 142687] (GCC)
=== objc tests ===
Running target unix
=== objc Summary ===
# of expected passes 1814
# of expected failures 7
# of unsupported tests 24
/home/andreast/devel/gcc/head/objdir_test/gcc/xgcc version 4.4.0 20081211 (experimental) [trunk revision 142687] (GCC)
=== libffi tests ===
Running target unix
=== libffi Summary ===
# of expected passes 1444
# of unsupported tests 10
=== libgomp tests ===
Running target unix
=== libgomp Summary ===
# of expected passes 2327
=== libjava tests ===
Running target unix
=== libjava Summary ===
# of expected passes 2574
=== libmudflap tests ===
Running target unix
FAIL: libmudflap.c++/pass41-frag.cxx execution test
FAIL: libmudflap.c++/pass41-frag.cxx (-O2) execution test
FAIL: libmudflap.c++/pass41-frag.cxx (-O3) execution test
=== libmudflap Summary ===
# of expected passes 1424
# of unexpected failures 3
=== libstdc++ tests ===
Running target unix
XPASS: 26_numerics/headers/cmath/c99_classification_macros_c.cc (test for excess errors)
=== libstdc++ Summary ===
# of expected passes 6371
# of unexpected successes 1
# of expected failures 74
# of unsupported tests 10
Compiler version: 4.4.0 20081211 (experimental) [trunk revision 142687] (GCC)
Platform: powerpc-unknown-linux-gnu
configure flags: --prefix=/home/andreast/devel/gcc/head/testbin --enable-languages=c,c++,objc,obj-c++,java,fortran --enable-java-awt=gtk --with-long-double-128 --disable-multilib --disable-static --disable-checking