This is the mail archive of the
gcc-testresults@gcc.gnu.org
mailing list for the GCC project.
Results for 4.4.0 20081211 (experimental) [trunk revision 142678] (GCC) testsuite on x86_64-unknown-linux-gnu
- From: guerby at gcc13 dot fsffrance dot org
- To: gcc-testresults at gcc dot gnu dot org
- Date: Thu, 11 Dec 2008 17:58:17 +0100
- Subject: Results for 4.4.0 20081211 (experimental) [trunk revision 142678] (GCC) testsuite on x86_64-unknown-linux-gnu
LAST_UPDATED: Thu Dec 11 13:30:34 UTC 2008 (revision 142678)
=== acats tests ===
=== acats Summary ===
# of expected passes 2314
# of unexpected failures 0
Native configuration is x86_64-unknown-linux-gnu
=== gcc tests ===
Running target unix
FAIL: gcc.dg/tree-prof/bb-reorg.c compilation, -fprofile-use -D_PROFILE_USE
UNRESOLVED: gcc.dg/tree-prof/bb-reorg.c execution, -fprofile-use -D_PROFILE_USE
FAIL: gcc.dg/tree-prof/pr34999.c compilation, -fprofile-use -D_PROFILE_USE
UNRESOLVED: gcc.dg/tree-prof/pr34999.c execution, -fprofile-use -D_PROFILE_USE
FAIL: gcc.target/i386/pr34256.c scan-assembler-times mov 2
=== gcc Summary ===
# of expected passes 54406
# of unexpected failures 3
# of expected failures 184
# of unresolved testcases 2
# of unsupported tests 1267
/home/guerby/build/gcc/xgcc version 4.4.0 20081211 (experimental) [trunk revision 142678] (GCC)
=== gnat tests ===
Running target unix
=== gnat Summary ===
# of expected passes 602
# of expected failures 6
=== libgomp tests ===
Running target unix
=== libgomp Summary ===
# of expected passes 247
=== libmudflap tests ===
Running target unix
=== libmudflap Summary ===
# of expected passes 1740
# of unsupported tests 2
Compiler version: 4.4.0 20081211 (experimental) [trunk revision 142678] (GCC)
Platform: x86_64-unknown-linux-gnu
configure flags: --prefix=/n/13/guerby/install-trunk --enable-languages=c,ada --enable-__cxa_atexit --disable-nls --enable-threads=posix --with-mpfr=/opt/cfarm/mpfr-2.3.1