This is the mail archive of the
gcc-testresults@gcc.gnu.org
mailing list for the GCC project.
Results for 4.4.0 20081203 (experimental) (GCC) testsuite on powerpc-unknown-linux-gnuspe
- From: Edmar Wienskoski-RA8797 <ra8797 at freescale dot com>
- To: gcc-testresults at gcc dot gnu dot org
- Date: Thu, 4 Dec 2008 03:14:16 -0600
- Subject: Results for 4.4.0 20081203 (experimental) (GCC) testsuite on powerpc-unknown-linux-gnuspe
LAST_UPDATED:
Target is powerpc-unknown-linux-gnuspe
Host is x86_64-unknown-linux-gnu
=== g++ tests ===
Running target REG_barney
WARNING: program timed out.
FAIL: g++.dg/debug/trivial.C -gdwarf-2 -O3 execution test
FAIL: g++.dg/init/copy5.C (internal compiler error)
FAIL: g++.dg/init/copy5.C (test for excess errors)
FAIL: g++.dg/ipa/iinline-1.C scan-ipa-dump inline "String::funcOne[^\\n]*inline copy in int main"
WARNING: program timed out.
FAIL: g++.dg/opt/anchor1.C execution test
FAIL: g++.dg/torture/type-generic-1.C -O0 execution test
FAIL: g++.dg/torture/type-generic-1.C -O1 execution test
FAIL: g++.dg/torture/type-generic-1.C -O2 execution test
FAIL: g++.dg/torture/type-generic-1.C -O3 -fomit-frame-pointer execution test
FAIL: g++.dg/torture/type-generic-1.C -O3 -g execution test
FAIL: g++.dg/torture/type-generic-1.C -Os execution test
WARNING: program timed out.
FAIL: g++.old-deja/g++.jason/overload36.C execution test
WARNING: program timed out.
FAIL: g++.old-deja/g++.law/operators27.C execution test
WARNING: program timed out.
FAIL: g++.old-deja/g++.mike/net46.C execution test
WARNING: program timed out.
FAIL: g++.old-deja/g++.mike/ns1.C execution test
WARNING: program timed out.
FAIL: g++.old-deja/g++.mike/p16146.C execution test
WARNING: program timed out.
FAIL: g++.old-deja/g++.other/init5.C execution test
=== g++ Summary ===
# of expected passes 18649
# of unexpected failures 17
# of expected failures 135
# of unsupported tests 158
/tmp/edmar/build_cde/job_31/obj_gcc/gcc/testsuite/g++/../../g++ version 4.4.0 20081203 (experimental) (GCC)
Host is x86_64-unknown-linux-gnu
=== gcc tests ===
Running target REG_barney
WARNING: program timed out.
FAIL: gcc.c-torture/execute/builtins/memset.c execution, -O0
WARNING: program timed out.
FAIL: gcc.c-torture/execute/builtins/memset.c execution, -O2
WARNING: program timed out.
FAIL: gcc.c-torture/execute/20000227-1.c execution, -O3 -g
WARNING: program timed out.
FAIL: gcc.c-torture/execute/20000227-1.c execution, -Os
WARNING: program timed out.
FAIL: gcc.c-torture/execute/20000402-1.c execution, -O3 -g
WARNING: program timed out.
FAIL: gcc.c-torture/execute/20000402-1.c execution, -Os
WARNING: program timed out.
FAIL: gcc.c-torture/execute/20000403-1.c execution, -O0
WARNING: program timed out.
FAIL: gcc.c-torture/execute/20000403-1.c execution, -O1
WARNING: program timed out.
FAIL: gcc.c-torture/execute/20000403-1.c execution, -O2
WARNING: program timed out.
FAIL: gcc.c-torture/execute/20000605-3.c execution, -Os
WARNING: program timed out.
FAIL: gcc.c-torture/execute/20000622-1.c execution, -O0
WARNING: program timed out.
FAIL: gcc.c-torture/execute/20000622-1.c execution, -O3 -fomit-frame-pointer
WARNING: program timed out.
FAIL: gcc.c-torture/execute/20000731-1.c execution, -O3 -fomit-frame-pointer -funroll-loops
FAIL: gcc.c-torture/execute/20000731-1.c execution, -O3 -fomit-frame-pointer -funroll-all-loops -finline-functions
WARNING: program timed out.
FAIL: gcc.c-torture/execute/20000731-1.c execution, -O3 -g
WARNING: program timed out.
FAIL: gcc.c-torture/execute/20000731-1.c execution, -Os
WARNING: program timed out.
FAIL: gcc.c-torture/execute/20000731-2.c execution, -O0
WARNING: program timed out.
FAIL: gcc.c-torture/execute/20000731-2.c execution, -O1
WARNING: program timed out.
FAIL: gcc.c-torture/execute/20000801-1.c execution, -O1
WARNING: program timed out.
FAIL: gcc.c-torture/execute/20000801-1.c execution, -O3 -g
WARNING: program timed out.
FAIL: gcc.c-torture/execute/20000801-4.c execution, -O1
WARNING: program timed out.
FAIL: gcc.c-torture/execute/20000815-1.c execution, -O3 -fomit-frame-pointer -funroll-all-loops -finline-functions
WARNING: program timed out.
FAIL: gcc.c-torture/execute/20000815-1.c execution, -O3 -g
WARNING: program timed out.
FAIL: gcc.c-torture/execute/20000815-1.c execution, -Os
WARNING: program timed out.
FAIL: gcc.c-torture/execute/20001017-1.c execution, -O3 -g
WARNING: program timed out.
FAIL: gcc.c-torture/execute/20001203-1.c execution, -Os
WARNING: program timed out.
FAIL: gcc.c-torture/execute/20010129-1.c execution, -O1
WARNING: program timed out.
FAIL: gcc.c-torture/execute/20011113-1.c execution, -O3 -fomit-frame-pointer
WARNING: program timed out.
FAIL: gcc.c-torture/execute/20011113-1.c execution, -O3 -g
WARNING: program timed out.
FAIL: gcc.c-torture/execute/20030323-1.c execution, -O1
WARNING: program timed out.
FAIL: gcc.c-torture/execute/20030828-2.c execution, -O2
FAIL: gcc.c-torture/execute/20030828-2.c execution, -O3 -fomit-frame-pointer
WARNING: program timed out.
FAIL: gcc.c-torture/execute/20030828-2.c execution, -O3 -g
WARNING: program timed out.
FAIL: gcc.c-torture/execute/20030828-2.c execution, -Os
WARNING: program timed out.
FAIL: gcc.c-torture/execute/20030913-1.c execution, -O1
WARNING: program timed out.
FAIL: gcc.c-torture/execute/20031204-1.c execution, -O2
WARNING: program timed out.
FAIL: gcc.c-torture/execute/20040208-1.c execution, -O0
WARNING: program timed out.
FAIL: gcc.c-torture/execute/20040208-1.c execution, -O1
WARNING: program timed out.
FAIL: gcc.c-torture/execute/20040309-1.c execution, -O1
WARNING: program timed out.
FAIL: gcc.c-torture/execute/20040409-1.c execution, -O2
FAIL: gcc.c-torture/execute/20040409-1.c execution, -O3 -fomit-frame-pointer
WARNING: program timed out.
FAIL: gcc.c-torture/execute/20071202-1.c execution, -O1
WARNING: program timed out.
FAIL: gcc.c-torture/execute/20081112-1.c execution, -O2
FAIL: gcc.c-torture/execute/20081112-1.c execution, -O3 -fomit-frame-pointer
WARNING: program timed out.
FAIL: gcc.c-torture/execute/20081112-1.c execution, -O3 -g
WARNING: program timed out.
FAIL: gcc.c-torture/execute/920501-7.c execution, -O1
WARNING: program timed out.
FAIL: gcc.c-torture/execute/920728-1.c execution, -O0
WARNING: program timed out.
FAIL: gcc.c-torture/execute/920731-1.c execution, -O2
WARNING: program timed out.
FAIL: gcc.c-torture/execute/921123-1.c execution, -O3 -g
WARNING: program timed out.
FAIL: gcc.c-torture/execute/930208-1.c execution, -O1
WARNING: program timed out.
FAIL: gcc.c-torture/execute/930208-1.c execution, -O2
FAIL: gcc.c-torture/execute/930208-1.c execution, -O3 -fomit-frame-pointer
FAIL: gcc.c-torture/execute/930718-1.c compilation, -O1 (internal compiler error)
UNRESOLVED: gcc.c-torture/execute/930718-1.c execution, -O1
FAIL: gcc.c-torture/execute/930718-1.c compilation, -O2 (internal compiler error)
UNRESOLVED: gcc.c-torture/execute/930718-1.c execution, -O2
FAIL: gcc.c-torture/execute/930718-1.c compilation, -O3 -fomit-frame-pointer (internal compiler error)
UNRESOLVED: gcc.c-torture/execute/930718-1.c execution, -O3 -fomit-frame-pointer
FAIL: gcc.c-torture/execute/930718-1.c compilation, -O3 -g (internal compiler error)
UNRESOLVED: gcc.c-torture/execute/930718-1.c execution, -O3 -g
FAIL: gcc.c-torture/execute/930718-1.c compilation, -Os (internal compiler error)
UNRESOLVED: gcc.c-torture/execute/930718-1.c execution, -Os
WARNING: program timed out.
FAIL: gcc.c-torture/execute/950612-1.c execution, -Os
WARNING: program timed out.
FAIL: gcc.c-torture/execute/950621-1.c execution, -O0
WARNING: program timed out.
FAIL: gcc.c-torture/execute/960209-1.c execution, -O0
WARNING: program timed out.
FAIL: gcc.c-torture/execute/961206-1.c execution, -O2
FAIL: gcc.c-torture/execute/961206-1.c execution, -O3 -fomit-frame-pointer
WARNING: program timed out.
FAIL: gcc.c-torture/execute/980716-1.c execution, -O3 -fomit-frame-pointer
WARNING: program timed out.
FAIL: gcc.c-torture/execute/981019-1.c execution, -O3 -fomit-frame-pointer -funroll-all-loops -finline-functions
FAIL: gcc.c-torture/execute/991112-1.c execution, -O0
FAIL: gcc.c-torture/execute/991112-1.c execution, -O1
FAIL: gcc.c-torture/execute/991112-1.c execution, -O2
FAIL: gcc.c-torture/execute/991112-1.c execution, -O3 -fomit-frame-pointer
FAIL: gcc.c-torture/execute/991112-1.c execution, -O3 -g
FAIL: gcc.c-torture/execute/991112-1.c execution, -Os
WARNING: program timed out.
FAIL: gcc.c-torture/execute/align-3.c execution, -Os
WARNING: program timed out.
FAIL: gcc.c-torture/execute/builtin-prefetch-2.c execution, -O1
WARNING: program timed out.
FAIL: gcc.c-torture/execute/builtin-prefetch-2.c execution, -O2
WARNING: program timed out.
FAIL: gcc.c-torture/execute/loop-1.c execution, -O0
WARNING: program timed out.
FAIL: gcc.c-torture/execute/loop-10.c execution, -Os
WARNING: program timed out.
FAIL: gcc.c-torture/execute/memset-3.c execution, -O3 -g
WARNING: program timed out.
FAIL: gcc.c-torture/execute/nestfunc-6.c execution, -O2
FAIL: gcc.c-torture/execute/nestfunc-6.c execution, -O3 -fomit-frame-pointer
WARNING: program timed out.
FAIL: gcc.c-torture/execute/pr16790-1.c execution, -O3 -g
WARNING: program timed out.
FAIL: gcc.c-torture/execute/pr33870-1.c execution, -Os
WARNING: program timed out.
FAIL: gcc.c-torture/execute/strct-stdarg-1.c execution, -O2
FAIL: gcc.c-torture/execute/strct-stdarg-1.c execution, -O3 -fomit-frame-pointer
WARNING: program timed out.
FAIL: gcc.dg/debug/pr36690-2.c -gstabs+1 execution test
XPASS: gcc.dg/20020103-1.c scan-assembler-not LC[0-9]
FAIL: gcc.dg/and-1.c scan-assembler-not nand
WARNING: program timed out.
FAIL: gcc.dg/builtins-32.c execution test
WARNING: program timed out.
FAIL: gcc.dg/builtins-48.c execution test
FAIL: gcc.dg/memcpy-1.c scan-tree-dump-times optimized "nasty_local" 0
FAIL: gcc.dg/pr28796-2.c execution test
FAIL: gcc.dg/pr35729.c scan-rtl-dump-times loop2_invariant "Decided to move invariant" 0
WARNING: program timed out.
FAIL: gcc.dg/torture/pr27603.c -O3 -fomit-frame-pointer execution test
FAIL: gcc.dg/torture/type-generic-1.c -O0 execution test
FAIL: gcc.dg/torture/type-generic-1.c -O1 execution test
FAIL: gcc.dg/torture/type-generic-1.c -O2 execution test
FAIL: gcc.dg/torture/type-generic-1.c -O3 -fomit-frame-pointer execution test
FAIL: gcc.dg/torture/type-generic-1.c -O3 -g execution test
FAIL: gcc.dg/torture/type-generic-1.c -Os execution test
FAIL: gcc.dg/tree-prof/ic-misattribution-1.c compilation, -fprofile-use -D_PROFILE_USE
UNRESOLVED: gcc.dg/tree-prof/ic-misattribution-1.c execution, -fprofile-use -D_PROFILE_USE
FAIL: gcc.dg/tree-ssa/vrp47.c scan-tree-dump-times vrp1 "[xy][^ ]* !=" 0
FAIL: gcc.dg/tree-ssa/vrp47.c scan-tree-dump-times dom1 "x[^ ]* & y" 1
FAIL: gcc.target/powerpc/altivec-macros.c __vector redefined (test for warnings, line 44)
FAIL: gcc.target/powerpc/altivec-macros.c __pixel redefined (test for warnings, line 45)
FAIL: gcc.target/powerpc/altivec-macros.c __bool redefined (test for warnings, line 46)
FAIL: gcc.target/powerpc/altivec-macros.c vector redefined (test for warnings, line 47)
FAIL: gcc.target/powerpc/altivec-macros.c pixel redefined (test for warnings, line 48)
FAIL: gcc.target/powerpc/altivec-macros.c bool redefined (test for warnings, line 49)
FAIL: gcc.target/powerpc/altivec-macros.c prev __vector defn (test for warnings, line 24)
FAIL: gcc.target/powerpc/altivec-macros.c prev __pixel defn (test for warnings, line 27)
FAIL: gcc.target/powerpc/altivec-macros.c prev __bool defn (test for warnings, line 30)
FAIL: gcc.target/powerpc/altivec-macros.c prev vector defn (test for warnings, line 33)
FAIL: gcc.target/powerpc/altivec-macros.c prev pixel defn (test for warnings, line 36)
FAIL: gcc.target/powerpc/altivec-macros.c prev bool defn (test for warnings, line 39)
FAIL: gcc.target/powerpc/altivec-macros.c (test for excess errors)
FAIL: gcc.target/powerpc/darwin-longlong.c (test for excess errors)
FAIL: gcc.target/powerpc/spe-unwind-1.c execution test
=== gcc Summary ===
# of expected passes 47968
# of unexpected failures 114
# of unexpected successes 1
# of expected failures 125
# of unresolved testcases 6
# of unsupported tests 625
/tmp/edmar/build_cde/job_31/obj_gcc/gcc/xgcc version 4.4.0 20081203 (experimental) (GCC)
Host is x86_64-unknown-linux-gnu
=== gfortran tests ===
Running target REG_barney
WARNING: program timed out.
WARNING: program timed out.
FAIL: gfortran.dg/achar_2.f90 -Os execution test
WARNING: program timed out.
FAIL: gfortran.dg/achar_4.f90 -O1 execution test
WARNING: program timed out.
FAIL: gfortran.dg/alloc_comp_basics_1.f90 -O3 -fomit-frame-pointer -funroll-all-loops -finline-functions execution test
WARNING: program timed out.
FAIL: gfortran.dg/alloc_comp_basics_1.f90 -O3 -g execution test
WARNING: program timed out.
FAIL: gfortran.dg/alloc_comp_misc_1.f90 -Os execution test
WARNING: program timed out.
FAIL: gfortran.dg/array_constructor_type_10.f03 -O0 execution test
WARNING: program timed out.
FAIL: gfortran.dg/assign_5.f90 -O2 execution test
WARNING: program timed out.
FAIL: gfortran.dg/binding_label_tests_16.f03 -O3 -g execution test
WARNING: program timed out.
FAIL: gfortran.dg/blockdata_1.f90 -O0 execution test
WARNING: program timed out.
FAIL: gfortran.dg/blockdata_1.f90 -O2 execution test
FAIL: gfortran.dg/blockdata_1.f90 -Os execution test
FAIL: gfortran.dg/bound_1.f90 -O0 execution test
FAIL: gfortran.dg/bound_1.f90 -O1 execution test
FAIL: gfortran.dg/bound_1.f90 -O2 execution test
FAIL: gfortran.dg/bound_1.f90 -O3 -fomit-frame-pointer execution test
FAIL: gfortran.dg/bound_1.f90 -O3 -fomit-frame-pointer -funroll-loops execution test
FAIL: gfortran.dg/bound_1.f90 -O3 -fomit-frame-pointer -funroll-all-loops -finline-functions execution test
FAIL: gfortran.dg/bound_1.f90 -O3 -g execution test
FAIL: gfortran.dg/bound_1.f90 -Os execution test
FAIL: gfortran.dg/bound_2.f90 -O0 execution test
FAIL: gfortran.dg/bound_2.f90 -O1 execution test
FAIL: gfortran.dg/bound_2.f90 -O2 execution test
WARNING: program timed out.
FAIL: gfortran.dg/bounds_check_9.f90 -O3 -fomit-frame-pointer -funroll-all-loops -finline-functions execution test
WARNING: program timed out.
FAIL: gfortran.dg/boz_14.f90 -O3 -g execution test
WARNING: program timed out.
FAIL: gfortran.dg/c_assoc.f90 -O1 execution test
WARNING: program timed out.
FAIL: gfortran.dg/c_assoc.f90 -O3 -fomit-frame-pointer -funroll-all-loops -finline-functions execution test
WARNING: program timed out.
FAIL: gfortran.dg/char_eoshift_3.f90 -O2 execution test
WARNING: program timed out.
FAIL: gfortran.dg/common_equivalence_1.f -O3 -g execution test
WARNING: program timed out.
FAIL: gfortran.dg/constant_substring.f -Os execution test
WARNING: program timed out.
FAIL: gfortran.dg/contained_1.f90 -O0 execution test
WARNING: program timed out.
FAIL: gfortran.dg/cray_pointers_5.f90 -O3 -g execution test
FAIL: gfortran.dg/default_format_denormal_1.f90 -O0 execution test
FAIL: gfortran.dg/default_format_denormal_1.f90 -O1 execution test
FAIL: gfortran.dg/default_format_denormal_1.f90 -O2 execution test
FAIL: gfortran.dg/default_format_denormal_1.f90 -O3 -fomit-frame-pointer execution test
FAIL: gfortran.dg/default_format_denormal_1.f90 -O3 -fomit-frame-pointer -funroll-loops execution test
FAIL: gfortran.dg/default_format_denormal_1.f90 -O3 -fomit-frame-pointer -funroll-all-loops -finline-functions execution test
FAIL: gfortran.dg/default_format_denormal_1.f90 -O3 -g execution test
FAIL: gfortran.dg/default_format_denormal_1.f90 -Os execution test
WARNING: program timed out.
FAIL: gfortran.dg/direct_io_10.f -Os execution test
WARNING: program timed out.
FAIL: gfortran.dg/extends_4.f03 -O3 -fomit-frame-pointer -funroll-all-loops -finline-functions execution test
WARNING: program timed out.
FAIL: gfortran.dg/f2003_io_6.f03 -O3 -fomit-frame-pointer -funroll-loops execution test
FAIL: gfortran.dg/fmt_float.f90 -O0 output pattern test, is 0.10E+01 0.10E+00 0.10E-01
FAIL: gfortran.dg/fmt_float.f90 -O1 output pattern test, is 0.10E+01 0.10E+00 0.10E-01
FAIL: gfortran.dg/fmt_float.f90 -O2 output pattern test, is 0.10E+01 0.10E+00 0.10E-01
FAIL: gfortran.dg/fmt_float.f90 -O3 -fomit-frame-pointer output pattern test, is 0.10E+01 0.10E+00 0.10E-01
FAIL: gfortran.dg/fmt_float.f90 -O3 -fomit-frame-pointer -funroll-loops output pattern test, is 0.10E+01 0.10E+00 0.10E-01
FAIL: gfortran.dg/fmt_float.f90 -O3 -fomit-frame-pointer -funroll-all-loops -finline-functions output pattern test, is 0.10E+01 0.10E+00 0.10E-01
FAIL: gfortran.dg/fmt_float.f90 -O3 -g output pattern test, is 0.10E+01 0.10E+00 0.10E-01
FAIL: gfortran.dg/fmt_float.f90 -Os output pattern test, is 0.10E+01 0.10E+00 0.10E-01
WARNING: program timed out.
FAIL: gfortran.dg/fmt_g0_1.f08 -O3 -fomit-frame-pointer -funroll-all-loops -finline-functions execution test
FAIL: gfortran.dg/fmt_l.f90 -O0 output pattern test, is At line 14 of file /tmp/edmar/build_cde/job_31/gcc/gcc/testsuite/gfortran.dg/fmt_l.f90
FAIL: gfortran.dg/fmt_l.f90 -O1 output pattern test, is At line 14 of file /tmp/edmar/build_cde/job_31/gcc/gcc/testsuite/gfortran.dg/fmt_l.f90
FAIL: gfortran.dg/fmt_l.f90 -O2 output pattern test, is At line 14 of file /tmp/edmar/build_cde/job_31/gcc/gcc/testsuite/gfortran.dg/fmt_l.f90
FAIL: gfortran.dg/fmt_l.f90 -O3 -fomit-frame-pointer output pattern test, is At line 14 of file /tmp/edmar/build_cde/job_31/gcc/gcc/testsuite/gfortran.dg/fmt_l.f90
FAIL: gfortran.dg/fmt_l.f90 -O3 -fomit-frame-pointer -funroll-loops output pattern test, is At line 14 of file /tmp/edmar/build_cde/job_31/gcc/gcc/testsuite/gfortran.dg/fmt_l.f90
FAIL: gfortran.dg/fmt_l.f90 -O3 -fomit-frame-pointer -funroll-all-loops -finline-functions output pattern test, is At line 14 of file /tmp/edmar/build_cde/job_31/gcc/gcc/testsuite/gfortran.dg/fmt_l.f90
FAIL: gfortran.dg/fmt_l.f90 -O3 -g output pattern test, is At line 14 of file /tmp/edmar/build_cde/job_31/gcc/gcc/testsuite/gfortran.dg/fmt_l.f90
FAIL: gfortran.dg/fmt_l.f90 -Os output pattern test, is At line 14 of file /tmp/edmar/build_cde/job_31/gcc/gcc/testsuite/gfortran.dg/fmt_l.f90
FAIL: gfortran.dg/fmt_zero_precision.f90 -O0 output pattern test, is 1.<
FAIL: gfortran.dg/fmt_zero_precision.f90 -O1 output pattern test, is 1.<
FAIL: gfortran.dg/fmt_zero_precision.f90 -O2 output pattern test, is 1.<
FAIL: gfortran.dg/fmt_zero_precision.f90 -O3 -fomit-frame-pointer output pattern test, is 1.<
FAIL: gfortran.dg/fmt_zero_precision.f90 -O3 -fomit-frame-pointer -funroll-loops output pattern test, is 1.<
FAIL: gfortran.dg/fmt_zero_precision.f90 -O3 -fomit-frame-pointer -funroll-all-loops -finline-functions output pattern test, is 1.<
FAIL: gfortran.dg/fmt_zero_precision.f90 -O3 -g output pattern test, is 1.<
FAIL: gfortran.dg/fmt_zero_precision.f90 -Os output pattern test, is 1.<
WARNING: program timed out.
FAIL: gfortran.dg/forall_12.f90 -O3 -g execution test
FAIL: gfortran.dg/init_flag_3.f90 -O0 execution test
FAIL: gfortran.dg/init_flag_3.f90 -O1 execution test
FAIL: gfortran.dg/init_flag_3.f90 -O2 execution test
FAIL: gfortran.dg/init_flag_3.f90 -O3 -fomit-frame-pointer execution test
FAIL: gfortran.dg/init_flag_3.f90 -O3 -fomit-frame-pointer -funroll-loops execution test
FAIL: gfortran.dg/init_flag_3.f90 -O3 -fomit-frame-pointer -funroll-all-loops -finline-functions execution test
FAIL: gfortran.dg/init_flag_3.f90 -O3 -g execution test
FAIL: gfortran.dg/init_flag_3.f90 -Os execution test
FAIL: gfortran.dg/init_flag_4.f90 -O0 execution test
FAIL: gfortran.dg/init_flag_4.f90 -O1 execution test
FAIL: gfortran.dg/init_flag_4.f90 -O2 execution test
FAIL: gfortran.dg/init_flag_4.f90 -O3 -fomit-frame-pointer execution test
FAIL: gfortran.dg/init_flag_4.f90 -O3 -fomit-frame-pointer -funroll-loops execution test
FAIL: gfortran.dg/init_flag_4.f90 -O3 -fomit-frame-pointer -funroll-all-loops -finline-functions execution test
FAIL: gfortran.dg/init_flag_4.f90 -O3 -g execution test
FAIL: gfortran.dg/init_flag_4.f90 -Os execution test
FAIL: gfortran.dg/init_flag_5.f90 -O0 execution test
FAIL: gfortran.dg/init_flag_5.f90 -O1 execution test
FAIL: gfortran.dg/init_flag_5.f90 -O2 execution test
FAIL: gfortran.dg/init_flag_5.f90 -O3 -fomit-frame-pointer execution test
FAIL: gfortran.dg/init_flag_5.f90 -O3 -fomit-frame-pointer -funroll-loops execution test
FAIL: gfortran.dg/init_flag_5.f90 -O3 -fomit-frame-pointer -funroll-all-loops -finline-functions execution test
FAIL: gfortran.dg/init_flag_5.f90 -O3 -g execution test
FAIL: gfortran.dg/init_flag_5.f90 -Os execution test
FAIL: gfortran.dg/integer_exponentiation_5.F90 -O0 execution test
FAIL: gfortran.dg/integer_exponentiation_5.F90 -O1 execution test
FAIL: gfortran.dg/integer_exponentiation_5.F90 -O2 execution test
FAIL: gfortran.dg/integer_exponentiation_5.F90 -O3 -fomit-frame-pointer execution test
FAIL: gfortran.dg/integer_exponentiation_5.F90 -O3 -fomit-frame-pointer -funroll-loops execution test
FAIL: gfortran.dg/integer_exponentiation_5.F90 -O3 -fomit-frame-pointer -funroll-all-loops -finline-functions execution test
FAIL: gfortran.dg/integer_exponentiation_5.F90 -O3 -g execution test
FAIL: gfortran.dg/integer_exponentiation_5.F90 -Os execution test
WARNING: program timed out.
FAIL: gfortran.dg/io_real_boz2.f90 -O3 -fomit-frame-pointer -funroll-all-loops -finline-functions output pattern test, is /_TOOLS_/dist/gnu_toolchain/build_support-x86_64-unknown-linux-gnu/sshp/ssh_filter_w_bridge.sh to REG_barney failed for /tmp/io_real_boz2.exe.32447, , should match At line 12 .*Expected INTEGER .* in formatted transfer, got REAL
WARNING: program timed out.
FAIL: gfortran.dg/iostat_4.f90 -O0 execution test
FAIL: gfortran.dg/isnan_1.f90 -O0 execution test
FAIL: gfortran.dg/isnan_1.f90 -O1 execution test
FAIL: gfortran.dg/isnan_1.f90 -O2 execution test
FAIL: gfortran.dg/isnan_1.f90 -O3 -fomit-frame-pointer execution test
FAIL: gfortran.dg/isnan_1.f90 -O3 -fomit-frame-pointer -funroll-loops execution test
FAIL: gfortran.dg/isnan_1.f90 -O3 -fomit-frame-pointer -funroll-all-loops -finline-functions execution test
FAIL: gfortran.dg/isnan_1.f90 -O3 -g execution test
FAIL: gfortran.dg/isnan_1.f90 -Os execution test
FAIL: gfortran.dg/namelist_print_1.f -O0 output pattern test, is &MYNML
FAIL: gfortran.dg/namelist_print_1.f -O1 output pattern test, is &MYNML
FAIL: gfortran.dg/namelist_print_1.f -O2 output pattern test, is &MYNML
FAIL: gfortran.dg/namelist_print_1.f -O3 -fomit-frame-pointer output pattern test, is &MYNML
FAIL: gfortran.dg/namelist_print_1.f -O3 -fomit-frame-pointer -funroll-loops output pattern test, is &MYNML
FAIL: gfortran.dg/namelist_print_1.f -O3 -fomit-frame-pointer -funroll-all-loops -finline-functions output pattern test, is &MYNML
FAIL: gfortran.dg/namelist_print_1.f -O3 -g output pattern test, is &MYNML
FAIL: gfortran.dg/namelist_print_1.f -Os output pattern test, is &MYNML
FAIL: gfortran.dg/nan_1.f90 -O0 execution test
FAIL: gfortran.dg/nan_1.f90 -O1 execution test
FAIL: gfortran.dg/nan_1.f90 -O2 execution test
FAIL: gfortran.dg/nan_1.f90 -O3 -fomit-frame-pointer execution test
FAIL: gfortran.dg/nan_1.f90 -O3 -fomit-frame-pointer -funroll-loops execution test
FAIL: gfortran.dg/nan_1.f90 -O3 -fomit-frame-pointer -funroll-all-loops -finline-functions execution test
FAIL: gfortran.dg/nan_1.f90 -O3 -g execution test
FAIL: gfortran.dg/nan_1.f90 -Os execution test
FAIL: gfortran.dg/nan_2.f90 -O0 execution test
FAIL: gfortran.dg/nan_2.f90 -O1 execution test
FAIL: gfortran.dg/nan_2.f90 -O2 execution test
FAIL: gfortran.dg/nan_2.f90 -O3 -fomit-frame-pointer execution test
FAIL: gfortran.dg/nan_2.f90 -O3 -fomit-frame-pointer -funroll-loops execution test
FAIL: gfortran.dg/nan_2.f90 -O3 -fomit-frame-pointer -funroll-all-loops -finline-functions execution test
FAIL: gfortran.dg/nan_2.f90 -O3 -g execution test
FAIL: gfortran.dg/nan_2.f90 -Os execution test
FAIL: gfortran.dg/nearest_1.f90 -O0 execution test
FAIL: gfortran.dg/nearest_1.f90 -O1 execution test
FAIL: gfortran.dg/nearest_1.f90 -O2 execution test
FAIL: gfortran.dg/nearest_1.f90 -O3 -fomit-frame-pointer execution test
FAIL: gfortran.dg/nearest_1.f90 -O3 -fomit-frame-pointer -funroll-loops execution test
FAIL: gfortran.dg/nearest_1.f90 -O3 -fomit-frame-pointer -funroll-all-loops -finline-functions execution test
FAIL: gfortran.dg/nearest_1.f90 -O3 -g execution test
FAIL: gfortran.dg/nearest_1.f90 -Os execution test
FAIL: gfortran.dg/nearest_3.f90 -O0 execution test
FAIL: gfortran.dg/nearest_3.f90 -O1 execution test
FAIL: gfortran.dg/nearest_3.f90 -O2 execution test
FAIL: gfortran.dg/nearest_3.f90 -O3 -fomit-frame-pointer execution test
FAIL: gfortran.dg/nearest_3.f90 -O3 -fomit-frame-pointer -funroll-loops execution test
FAIL: gfortran.dg/nearest_3.f90 -O3 -fomit-frame-pointer -funroll-all-loops -finline-functions execution test
FAIL: gfortran.dg/nearest_3.f90 -O3 -g execution test
FAIL: gfortran.dg/nearest_3.f90 -Os execution test
XPASS: gfortran.dg/nint_2.f90 -O0 execution test
FAIL: gfortran.dg/parameter_array_dummy.f90 -O0 output pattern test, is 1 aa
FAIL: gfortran.dg/parameter_array_dummy.f90 -O1 output pattern test, is 1 aa
FAIL: gfortran.dg/parameter_array_dummy.f90 -O2 output pattern test, is 1 aa
FAIL: gfortran.dg/parameter_array_dummy.f90 -O3 -fomit-frame-pointer output pattern test, is 1 aa
FAIL: gfortran.dg/parameter_array_dummy.f90 -O3 -fomit-frame-pointer -funroll-loops output pattern test, is 1 aa
FAIL: gfortran.dg/parameter_array_dummy.f90 -O3 -fomit-frame-pointer -funroll-all-loops -finline-functions output pattern test, is 1 aa
FAIL: gfortran.dg/parameter_array_dummy.f90 -O3 -g output pattern test, is 1 aa
FAIL: gfortran.dg/parameter_array_dummy.f90 -Os output pattern test, is 1 aa
FAIL: gfortran.dg/real_const_3.f90 -O0 execution test
FAIL: gfortran.dg/real_const_3.f90 -O1 execution test
FAIL: gfortran.dg/real_const_3.f90 -O2 execution test
FAIL: gfortran.dg/real_const_3.f90 -O3 -fomit-frame-pointer execution test
FAIL: gfortran.dg/real_const_3.f90 -O3 -fomit-frame-pointer -funroll-loops execution test
FAIL: gfortran.dg/real_const_3.f90 -O3 -fomit-frame-pointer -funroll-all-loops -finline-functions execution test
FAIL: gfortran.dg/real_const_3.f90 -O3 -g execution test
FAIL: gfortran.dg/real_const_3.f90 -Os execution test
FAIL: gfortran.dg/g77/f77-edit-apostrophe-out.f -O0 output pattern test, is abcde
FAIL: gfortran.dg/g77/f77-edit-apostrophe-out.f -O1 output pattern test, is abcde
FAIL: gfortran.dg/g77/f77-edit-apostrophe-out.f -O2 output pattern test, is abcde
FAIL: gfortran.dg/g77/f77-edit-apostrophe-out.f -O3 -fomit-frame-pointer output pattern test, is abcde
FAIL: gfortran.dg/g77/f77-edit-apostrophe-out.f -O3 -fomit-frame-pointer -funroll-loops output pattern test, is abcde
FAIL: gfortran.dg/g77/f77-edit-apostrophe-out.f -O3 -fomit-frame-pointer -funroll-all-loops -finline-functions output pattern test, is abcde
FAIL: gfortran.dg/g77/f77-edit-apostrophe-out.f -O3 -g output pattern test, is abcde
FAIL: gfortran.dg/g77/f77-edit-apostrophe-out.f -Os output pattern test, is abcde
FAIL: gfortran.dg/g77/f77-edit-colon-out.f -O0 output pattern test, is 123
FAIL: gfortran.dg/g77/f77-edit-colon-out.f -O1 output pattern test, is 123
FAIL: gfortran.dg/g77/f77-edit-colon-out.f -O2 output pattern test, is 123
FAIL: gfortran.dg/g77/f77-edit-colon-out.f -O3 -fomit-frame-pointer output pattern test, is 123
FAIL: gfortran.dg/g77/f77-edit-colon-out.f -O3 -fomit-frame-pointer -funroll-loops output pattern test, is 123
FAIL: gfortran.dg/g77/f77-edit-colon-out.f -O3 -fomit-frame-pointer -funroll-all-loops -finline-functions output pattern test, is 123
FAIL: gfortran.dg/g77/f77-edit-colon-out.f -O3 -g output pattern test, is 123
FAIL: gfortran.dg/g77/f77-edit-colon-out.f -Os output pattern test, is 123
FAIL: gfortran.dg/g77/f77-edit-h-out.f -O0 output pattern test, is 1
FAIL: gfortran.dg/g77/f77-edit-h-out.f -O1 output pattern test, is 1
FAIL: gfortran.dg/g77/f77-edit-h-out.f -O2 output pattern test, is 1
FAIL: gfortran.dg/g77/f77-edit-h-out.f -O3 -fomit-frame-pointer output pattern test, is 1
FAIL: gfortran.dg/g77/f77-edit-h-out.f -O3 -fomit-frame-pointer -funroll-loops output pattern test, is 1
FAIL: gfortran.dg/g77/f77-edit-h-out.f -O3 -fomit-frame-pointer -funroll-all-loops -finline-functions output pattern test, is 1
FAIL: gfortran.dg/g77/f77-edit-h-out.f -O3 -g output pattern test, is 1
FAIL: gfortran.dg/g77/f77-edit-h-out.f -Os output pattern test, is 1
FAIL: gfortran.dg/g77/f77-edit-i-out.f -O0 output pattern test, is 1
FAIL: gfortran.dg/g77/f77-edit-i-out.f -O1 output pattern test, is 1
FAIL: gfortran.dg/g77/f77-edit-i-out.f -O2 output pattern test, is 1
FAIL: gfortran.dg/g77/f77-edit-i-out.f -O3 -fomit-frame-pointer output pattern test, is 1
FAIL: gfortran.dg/g77/f77-edit-i-out.f -O3 -fomit-frame-pointer -funroll-loops output pattern test, is 1
FAIL: gfortran.dg/g77/f77-edit-i-out.f -O3 -fomit-frame-pointer -funroll-all-loops -finline-functions output pattern test, is 1
FAIL: gfortran.dg/g77/f77-edit-i-out.f -O3 -g output pattern test, is 1
FAIL: gfortran.dg/g77/f77-edit-i-out.f -Os output pattern test, is 1
FAIL: gfortran.dg/g77/f77-edit-s-out.f -O0 output pattern test, is +10 20
FAIL: gfortran.dg/g77/f77-edit-s-out.f -O1 output pattern test, is +10 20
FAIL: gfortran.dg/g77/f77-edit-s-out.f -O2 output pattern test, is +10 20
FAIL: gfortran.dg/g77/f77-edit-s-out.f -O3 -fomit-frame-pointer output pattern test, is +10 20
FAIL: gfortran.dg/g77/f77-edit-s-out.f -O3 -fomit-frame-pointer -funroll-loops output pattern test, is +10 20
FAIL: gfortran.dg/g77/f77-edit-s-out.f -O3 -fomit-frame-pointer -funroll-all-loops -finline-functions output pattern test, is +10 20
FAIL: gfortran.dg/g77/f77-edit-s-out.f -O3 -g output pattern test, is +10 20
FAIL: gfortran.dg/g77/f77-edit-s-out.f -Os output pattern test, is +10 20
FAIL: gfortran.dg/g77/f77-edit-slash-out.f -O0 output pattern test, is 123
FAIL: gfortran.dg/g77/f77-edit-slash-out.f -O1 output pattern test, is 123
FAIL: gfortran.dg/g77/f77-edit-slash-out.f -O2 output pattern test, is 123
FAIL: gfortran.dg/g77/f77-edit-slash-out.f -O3 -fomit-frame-pointer output pattern test, is 123
FAIL: gfortran.dg/g77/f77-edit-slash-out.f -O3 -fomit-frame-pointer -funroll-loops output pattern test, is 123
FAIL: gfortran.dg/g77/f77-edit-slash-out.f -O3 -fomit-frame-pointer -funroll-all-loops -finline-functions output pattern test, is 123
FAIL: gfortran.dg/g77/f77-edit-slash-out.f -O3 -g output pattern test, is 123
FAIL: gfortran.dg/g77/f77-edit-slash-out.f -Os output pattern test, is 123
FAIL: gfortran.dg/g77/f77-edit-t-out.f -O0 output pattern test, is 1234 8
FAIL: gfortran.dg/g77/f77-edit-t-out.f -O1 output pattern test, is 1234 8
FAIL: gfortran.dg/g77/f77-edit-t-out.f -O2 output pattern test, is 1234 8
FAIL: gfortran.dg/g77/f77-edit-t-out.f -O3 -fomit-frame-pointer output pattern test, is 1234 8
FAIL: gfortran.dg/g77/f77-edit-t-out.f -O3 -fomit-frame-pointer -funroll-loops output pattern test, is 1234 8
FAIL: gfortran.dg/g77/f77-edit-t-out.f -O3 -fomit-frame-pointer -funroll-all-loops -finline-functions output pattern test, is 1234 8
FAIL: gfortran.dg/g77/f77-edit-t-out.f -O3 -g output pattern test, is 1234 8
FAIL: gfortran.dg/g77/f77-edit-t-out.f -Os output pattern test, is 1234 8
FAIL: gfortran.dg/g77/f77-edit-x-out.f -O0 output pattern test, is 1 2 3
FAIL: gfortran.dg/g77/f77-edit-x-out.f -O1 output pattern test, is 1 2 3
FAIL: gfortran.dg/g77/f77-edit-x-out.f -O2 output pattern test, is 1 2 3
FAIL: gfortran.dg/g77/f77-edit-x-out.f -O3 -fomit-frame-pointer output pattern test, is 1 2 3
FAIL: gfortran.dg/g77/f77-edit-x-out.f -O3 -fomit-frame-pointer -funroll-loops output pattern test, is 1 2 3
FAIL: gfortran.dg/g77/f77-edit-x-out.f -O3 -fomit-frame-pointer -funroll-all-loops -finline-functions output pattern test, is 1 2 3
FAIL: gfortran.dg/g77/f77-edit-x-out.f -O3 -g output pattern test, is 1 2 3
FAIL: gfortran.dg/g77/f77-edit-x-out.f -Os output pattern test, is 1 2 3
FAIL: gfortran.fortran-torture/execute/intrinsic_fraction_exponent.f90 execution, -O0
FAIL: gfortran.fortran-torture/execute/intrinsic_fraction_exponent.f90 execution, -O1
FAIL: gfortran.fortran-torture/execute/intrinsic_fraction_exponent.f90 execution, -O2
FAIL: gfortran.fortran-torture/execute/intrinsic_fraction_exponent.f90 execution, -O2 -fomit-frame-pointer -finline-functions
FAIL: gfortran.fortran-torture/execute/intrinsic_fraction_exponent.f90 execution, -O2 -fomit-frame-pointer -finline-functions -funroll-loops
FAIL: gfortran.fortran-torture/execute/intrinsic_fraction_exponent.f90 execution, -O2 -fbounds-check
FAIL: gfortran.fortran-torture/execute/intrinsic_fraction_exponent.f90 execution, -O3 -g
FAIL: gfortran.fortran-torture/execute/intrinsic_fraction_exponent.f90 execution, -Os
FAIL: gfortran.fortran-torture/execute/intrinsic_nearest.f90 execution, -O0
FAIL: gfortran.fortran-torture/execute/intrinsic_nearest.f90 execution, -O1
FAIL: gfortran.fortran-torture/execute/intrinsic_nearest.f90 execution, -O2
FAIL: gfortran.fortran-torture/execute/intrinsic_nearest.f90 execution, -O2 -fomit-frame-pointer -finline-functions
FAIL: gfortran.fortran-torture/execute/intrinsic_nearest.f90 execution, -O2 -fomit-frame-pointer -finline-functions -funroll-loops
FAIL: gfortran.fortran-torture/execute/intrinsic_nearest.f90 execution, -O2 -fbounds-check
FAIL: gfortran.fortran-torture/execute/intrinsic_nearest.f90 execution, -O3 -g
FAIL: gfortran.fortran-torture/execute/intrinsic_nearest.f90 execution, -Os
WARNING: program timed out.
FAIL: gfortran.fortran-torture/execute/intrinsic_present.f90 execution, -O2
FAIL: gfortran.fortran-torture/execute/intrinsic_set_exponent.f90 execution, -O1
FAIL: gfortran.fortran-torture/execute/intrinsic_set_exponent.f90 execution, -O2
FAIL: gfortran.fortran-torture/execute/intrinsic_set_exponent.f90 execution, -O2 -fomit-frame-pointer -finline-functions
FAIL: gfortran.fortran-torture/execute/intrinsic_set_exponent.f90 execution, -O2 -fomit-frame-pointer -finline-functions -funroll-loops
FAIL: gfortran.fortran-torture/execute/intrinsic_set_exponent.f90 execution, -O2 -fbounds-check
FAIL: gfortran.fortran-torture/execute/intrinsic_set_exponent.f90 execution, -O3 -g
FAIL: gfortran.fortran-torture/execute/intrinsic_set_exponent.f90 execution, -Os
FAIL: gfortran.fortran-torture/execute/nan_inf_fmt.f90 execution, -O0
FAIL: gfortran.fortran-torture/execute/nan_inf_fmt.f90 execution, -O1
FAIL: gfortran.fortran-torture/execute/nan_inf_fmt.f90 execution, -O2
FAIL: gfortran.fortran-torture/execute/nan_inf_fmt.f90 execution, -O2 -fomit-frame-pointer -finline-functions
FAIL: gfortran.fortran-torture/execute/nan_inf_fmt.f90 execution, -O2 -fomit-frame-pointer -finline-functions -funroll-loops
FAIL: gfortran.fortran-torture/execute/nan_inf_fmt.f90 execution, -O2 -fbounds-check
FAIL: gfortran.fortran-torture/execute/nan_inf_fmt.f90 execution, -O3 -g
FAIL: gfortran.fortran-torture/execute/nan_inf_fmt.f90 execution, -Os
=== gfortran Summary ===
# of expected passes 25235
# of unexpected failures 262
# of unexpected successes 1
# of expected failures 34
# of unsupported tests 1344
/tmp/edmar/build_cde/job_31/obj_gcc/gcc/testsuite/gfortran/../../gfortran version 4.4.0 20081203 (experimental) (GCC)
Compiler version: 4.4.0 20081203 (experimental) (GCC)
Platform: powerpc-unknown-linux-gnuspe
configure flags: --target=powerpc-unknown-linux-gnuspe --prefix=/_TOOLS_/dist/local-/ppc-/regression-gcc-trunk-e500v1/i686-pc-linux2.4 --with-sysroot=/_TOOLS_/dist/local-/ppc-/regression-gcc-trunk-e500v1/i686-pc-linux2.4/sysroot --disable-libssp --disable-libmudflap --enable-languages=c,c++ --with-gmp=/_TOOLS_/dist/gnu_toolchain/build_support-x86_64-unknown-linux-gnu/install_gmp-4.1.4 --with-mpfr=/_TOOLS_/dist/gnu_toolchain/build_support-x86_64-unknown-linux-gnu/install_mpfr-2.3.0 --disable-decimal-float --enable-languages=c,c++,fortran