This is the mail archive of the
gcc-testresults@gcc.gnu.org
mailing list for the GCC project.
Results for 4.4.0 20081118 (experimental) [trunk revision 141979] (GCC) testsuite on sparc-sun-solaris2.10
- From: Andreas Tobler <andreast-list at fgznet dot ch>
- To: gcc-testresults at gcc dot gnu dot org
- Date: Thu, 20 Nov 2008 22:17:48 +0100
- Subject: Results for 4.4.0 20081118 (experimental) [trunk revision 141979] (GCC) testsuite on sparc-sun-solaris2.10
LAST_UPDATED: Tue Nov 18 22:05:23 UTC 2008 (revision 141979)
Native configuration is sparc-sun-solaris2.10
=== g++ tests ===
Running target unix/-m64
WARNING: g++.dg/other/ucnid-1.C compilation failed to produce executable
XPASS: g++.old-deja/g++.other/init19.C execution test
=== g++ Summary for unix/-m64 ===
# of expected passes 18303
# of unexpected successes 1
# of expected failures 137
# of unsupported tests 243
Running target unix
WARNING: g++.dg/other/ucnid-1.C compilation failed to produce executable
XPASS: g++.old-deja/g++.other/init19.C execution test
=== g++ Summary for unix ===
# of expected passes 18337
# of unexpected successes 1
# of expected failures 137
# of unsupported tests 241
=== g++ Summary ===
# of expected passes 36640
# of unexpected successes 2
# of expected failures 274
# of unsupported tests 484
/export/data/tobleran/gcc-test/head/objdir/gcc/testsuite/g++/../../g++ version 4.4.0 20081118 (experimental) [trunk revision 141979] (GCC)
=== gcc tests ===
Running target unix/-m64
WARNING: program timed out.
FAIL: gcc.c-torture/compile/limits-fnargs.c -O2 (test for excess errors)
WARNING: program timed out.
FAIL: gcc.c-torture/compile/limits-fnargs.c -O3 -fomit-frame-pointer (test for excess errors)
WARNING: program timed out.
FAIL: gcc.c-torture/compile/limits-fnargs.c -O3 -g (test for excess errors)
WARNING: program timed out.
FAIL: gcc.c-torture/compile/limits-fnargs.c -Os (test for excess errors)
FAIL: gcc.c-torture/execute/pr38051.c execution, -O0
FAIL: gcc.c-torture/execute/pr38051.c execution, -O1
FAIL: gcc.c-torture/execute/pr38051.c execution, -O2
FAIL: gcc.c-torture/execute/pr38051.c execution, -O3 -fomit-frame-pointer
FAIL: gcc.c-torture/execute/pr38051.c execution, -O3 -fomit-frame-pointer -funroll-loops
FAIL: gcc.c-torture/execute/pr38051.c execution, -O3 -fomit-frame-pointer -funroll-all-loops -finline-functions
FAIL: gcc.c-torture/execute/pr38051.c execution, -O3 -g
FAIL: gcc.c-torture/execute/pr38051.c execution, -Os
FAIL: gcc.dg/cpp/trad/include.c -fno-show-column (internal compiler error)
FAIL: gcc.dg/cpp/trad/include.c -fno-show-column (test for excess errors)
WARNING: program timed out.
FAIL: gcc.dg/20020425-1.c (test for excess errors)
FAIL: gcc.dg/pr35729.c scan-rtl-dump-times loop2_invariant "Decided to move invariant" 0
WARNING: gcc.dg/ucnid-2.c compilation failed to produce executable
WARNING: gcc.dg/ucnid-3.c compilation failed to produce executable
WARNING: gcc.dg/ucnid-4.c compilation failed to produce executable
FAIL: gcc.dg/vect/vect-67.c scan-tree-dump-times vect "vectorized 1 loops" 1
FAIL: gcc.dg/vect/vect-outer-5.c scan-tree-dump-times vect "OUTER LOOP VECTORIZED" 1
FAIL: gcc.dg/vect/vect-outer-6.c scan-tree-dump-times vect "OUTER LOOP VECTORIZED" 1
FAIL: gcc.dg/vect/vect-outer-6.c scan-tree-dump-times vect "zero step in outer loop." 1
FAIL: gcc.dg/weak/weak-1.c scan-assembler weak[^ \\t]*[ \\t]_?j
FAIL: gcc.dg/weak/weak-16.c scan-assembler weak[^ \\t]*[ \\t]_?kallsyms_token_index
=== gcc Summary for unix/-m64 ===
# of expected passes 49217
# of unexpected failures 22
# of expected failures 236
# of unsupported tests 682
Running target unix
WARNING: program timed out.
FAIL: gcc.c-torture/compile/limits-fnargs.c -O2 (test for excess errors)
WARNING: program timed out.
FAIL: gcc.c-torture/compile/limits-fnargs.c -O3 -fomit-frame-pointer (test for excess errors)
WARNING: program timed out.
FAIL: gcc.c-torture/compile/limits-fnargs.c -O3 -g (test for excess errors)
WARNING: program timed out.
FAIL: gcc.c-torture/compile/limits-fnargs.c -Os (test for excess errors)
FAIL: gcc.c-torture/execute/pr38051.c execution, -O0
FAIL: gcc.c-torture/execute/pr38051.c execution, -O1
FAIL: gcc.c-torture/execute/pr38051.c execution, -O2
FAIL: gcc.c-torture/execute/pr38051.c execution, -O3 -fomit-frame-pointer
FAIL: gcc.c-torture/execute/pr38051.c execution, -O3 -fomit-frame-pointer -funroll-loops
FAIL: gcc.c-torture/execute/pr38051.c execution, -O3 -fomit-frame-pointer -funroll-all-loops -finline-functions
FAIL: gcc.c-torture/execute/pr38051.c execution, -O3 -g
FAIL: gcc.c-torture/execute/pr38051.c execution, -Os
WARNING: program timed out.
FAIL: gcc.dg/20020425-1.c (test for excess errors)
FAIL: gcc.dg/pr35729.c scan-rtl-dump-times loop2_invariant "Decided to move invariant" 0
WARNING: gcc.dg/ucnid-2.c compilation failed to produce executable
WARNING: gcc.dg/ucnid-3.c compilation failed to produce executable
WARNING: gcc.dg/ucnid-4.c compilation failed to produce executable
FAIL: gcc.dg/vect/vect-35.c scan-tree-dump-times vect "vectorized 1 loops" 1
FAIL: gcc.dg/vect/vect-67.c scan-tree-dump-times vect "vectorized 1 loops" 1
FAIL: gcc.dg/vect/vect-multitypes-12.c scan-tree-dump-times vect "vectorized 1 loops" 1
FAIL: gcc.dg/vect/vect-multitypes-5.c scan-tree-dump-times vect "vectorized 1 loops" 1
FAIL: gcc.dg/vect/vect-multitypes-6.c scan-tree-dump-times vect "vectorized 1 loops" 1
FAIL: gcc.dg/vect/vect-outer-5.c scan-tree-dump-times vect "OUTER LOOP VECTORIZED" 1
FAIL: gcc.dg/vect/vect-outer-6.c scan-tree-dump-times vect "OUTER LOOP VECTORIZED" 1
FAIL: gcc.dg/vect/vect-outer-6.c scan-tree-dump-times vect "zero step in outer loop." 1
FAIL: gcc.dg/vect/slp-multitypes-2.c execution test
FAIL: gcc.dg/vect/slp-multitypes-3.c scan-tree-dump-times vect "vectorized 1 loops" 1
FAIL: gcc.dg/vect/slp-multitypes-3.c scan-tree-dump-times vect "vectorizing stmts using SLP" 2
FAIL: gcc.dg/weak/weak-1.c scan-assembler weak[^ \\t]*[ \\t]_?j
FAIL: gcc.dg/weak/weak-16.c scan-assembler weak[^ \\t]*[ \\t]_?kallsyms_token_index
=== gcc Summary for unix ===
# of expected passes 49222
# of unexpected failures 27
# of expected failures 235
# of unsupported tests 679
=== gcc Summary ===
# of expected passes 98439
# of unexpected failures 49
# of expected failures 471
# of unsupported tests 1361
/export/data/tobleran/gcc-test/head/objdir/gcc/xgcc version 4.4.0 20081118 (experimental) [trunk revision 141979] (GCC)
=== gfortran tests ===
Running target unix/-m64
FAIL: gfortran.dg/function_kinds_5.f90 -O (test for errors, line 8)
=== gfortran Summary for unix/-m64 ===
# of expected passes 28506
# of unexpected failures 1
# of expected failures 12
# of unsupported tests 75
Running target unix
FAIL: gfortran.dg/function_kinds_5.f90 -O (test for errors, line 8)
=== gfortran Summary for unix ===
# of expected passes 28317
# of unexpected failures 1
# of expected failures 52
# of unsupported tests 148
=== gfortran Summary ===
# of expected passes 56823
# of unexpected failures 2
# of expected failures 64
# of unsupported tests 223
/export/data/tobleran/gcc-test/head/objdir/gcc/testsuite/gfortran/../../gfortran version 4.4.0 20081118 (experimental) [trunk revision 141979] (GCC)
=== objc tests ===
Running target unix/-m64
FAIL: objc/execute/exceptions/foward-1.m execution, -O3 -fomit-frame-pointer -funroll-loops -fgnu-runtime
FAIL: objc/execute/exceptions/foward-1.m execution, -O3 -fomit-frame-pointer -funroll-all-loops -finline-functions -fgnu-runtime
=== objc Summary for unix/-m64 ===
# of expected passes 1812
# of unexpected failures 2
# of expected failures 7
# of unsupported tests 24
Running target unix
FAIL: objc/execute/exceptions/foward-1.m execution, -O3 -fomit-frame-pointer -funroll-loops -fgnu-runtime
FAIL: objc/execute/exceptions/foward-1.m execution, -O3 -fomit-frame-pointer -funroll-all-loops -finline-functions -fgnu-runtime
=== objc Summary for unix ===
# of expected passes 1812
# of unexpected failures 2
# of expected failures 7
# of unsupported tests 24
=== objc Summary ===
# of expected passes 3624
# of unexpected failures 4
# of expected failures 14
# of unsupported tests 48
/export/data/tobleran/gcc-test/head/objdir/gcc/xgcc version 4.4.0 20081118 (experimental) [trunk revision 141979] (GCC)
=== libffi tests ===
Running target unix/-m64
=== libffi Summary for unix/-m64 ===
# of expected passes 1389
# of unsupported tests 10
Running target unix
FAIL: libffi.call/return_sc.c -O0 -W -Wall execution test
=== libffi Summary for unix ===
# of expected passes 1388
# of unexpected failures 1
# of unsupported tests 10
=== libffi Summary ===
# of expected passes 2777
# of unexpected failures 1
# of unsupported tests 20
=== libgomp tests ===
Running target unix/-m64
FAIL: libgomp.c++/ctor-10.C -O3 -fomit-frame-pointer execution test
FAIL: libgomp.c++/ctor-10.C -O3 -fomit-frame-pointer -funroll-loops execution test
FAIL: libgomp.c++/ctor-10.C -O3 -fomit-frame-pointer -funroll-all-loops -finline-functions execution test
FAIL: libgomp.c++/ctor-10.C -Os execution test
FAIL: libgomp.c++/ctor-8.C -O0 execution test
FAIL: libgomp.c++/ctor-8.C -O3 -fomit-frame-pointer execution test
FAIL: libgomp.c++/ctor-8.C -O3 -fomit-frame-pointer -funroll-loops execution test
FAIL: libgomp.c++/ctor-8.C -Os execution test
FAIL: libgomp.c++/ctor-9.C -O3 -g execution test
FAIL: libgomp.c++/ctor-9.C -Os execution test
FAIL: libgomp.fortran/crayptr2.f90 -O1 execution test
FAIL: libgomp.fortran/crayptr2.f90 -O3 -fomit-frame-pointer -funroll-loops execution test
FAIL: libgomp.fortran/crayptr2.f90 -O3 -fomit-frame-pointer -funroll-all-loops -finline-functions execution test
FAIL: libgomp.fortran/crayptr2.f90 -O3 -g execution test
FAIL: libgomp.fortran/crayptr2.f90 -Os execution test
FAIL: libgomp.fortran/pr25162.f -O0 execution test
FAIL: libgomp.fortran/pr25162.f -O1 execution test
FAIL: libgomp.fortran/pr25162.f -O2 execution test
FAIL: libgomp.fortran/pr25162.f -O3 -fomit-frame-pointer execution test
FAIL: libgomp.fortran/pr25162.f -O3 -fomit-frame-pointer -funroll-loops execution test
FAIL: libgomp.fortran/pr25162.f -O3 -fomit-frame-pointer -funroll-all-loops -finline-functions execution test
FAIL: libgomp.fortran/pr25162.f -O3 -g execution test
FAIL: libgomp.fortran/pr25162.f -Os execution test
FAIL: libgomp.fortran/threadprivate1.f90 -O0 execution test
FAIL: libgomp.fortran/threadprivate1.f90 -O3 -fomit-frame-pointer execution test
FAIL: libgomp.fortran/threadprivate1.f90 -O3 -fomit-frame-pointer -funroll-loops execution test
FAIL: libgomp.fortran/threadprivate2.f90 -O0 execution test
FAIL: libgomp.fortran/threadprivate2.f90 -O1 execution test
FAIL: libgomp.fortran/threadprivate2.f90 -O2 execution test
FAIL: libgomp.fortran/threadprivate2.f90 -O3 -fomit-frame-pointer execution test
FAIL: libgomp.fortran/threadprivate2.f90 -O3 -fomit-frame-pointer -funroll-loops execution test
FAIL: libgomp.fortran/threadprivate2.f90 -O3 -fomit-frame-pointer -funroll-all-loops -finline-functions execution test
FAIL: libgomp.fortran/threadprivate2.f90 -O3 -g execution test
FAIL: libgomp.fortran/threadprivate2.f90 -Os execution test
FAIL: libgomp.fortran/threadprivate3.f90 -O0 execution test
FAIL: libgomp.fortran/threadprivate3.f90 -O1 execution test
FAIL: libgomp.fortran/threadprivate3.f90 -O2 execution test
FAIL: libgomp.fortran/threadprivate3.f90 -O3 -fomit-frame-pointer execution test
FAIL: libgomp.fortran/threadprivate3.f90 -O3 -fomit-frame-pointer -funroll-loops execution test
FAIL: libgomp.fortran/threadprivate3.f90 -O3 -fomit-frame-pointer -funroll-all-loops -finline-functions execution test
FAIL: libgomp.fortran/threadprivate3.f90 -O3 -g execution test
FAIL: libgomp.fortran/threadprivate3.f90 -Os execution test
=== libgomp Summary for unix/-m64 ===
# of expected passes 2229
# of unexpected failures 42
# of unsupported tests 9
Running target unix
FAIL: libgomp.c++/ctor-10.C -O3 -fomit-frame-pointer execution test
FAIL: libgomp.c++/ctor-10.C -O3 -fomit-frame-pointer -funroll-loops execution test
FAIL: libgomp.c++/ctor-10.C -O3 -fomit-frame-pointer -funroll-all-loops -finline-functions execution test
FAIL: libgomp.c++/ctor-10.C -Os execution test
FAIL: libgomp.c++/ctor-8.C -O1 execution test
FAIL: libgomp.c++/ctor-8.C -O2 execution test
FAIL: libgomp.c++/ctor-8.C -O3 -fomit-frame-pointer execution test
FAIL: libgomp.c++/ctor-9.C -O3 -fomit-frame-pointer execution test
FAIL: libgomp.c++/ctor-9.C -O3 -fomit-frame-pointer -funroll-loops execution test
FAIL: libgomp.fortran/omp_parse3.f90 -O0 execution test
FAIL: libgomp.fortran/omp_parse3.f90 -O1 execution test
FAIL: libgomp.fortran/omp_parse3.f90 -O2 execution test
FAIL: libgomp.fortran/omp_parse3.f90 -O3 -fomit-frame-pointer execution test
FAIL: libgomp.fortran/omp_parse3.f90 -O3 -fomit-frame-pointer -funroll-loops execution test
FAIL: libgomp.fortran/omp_parse3.f90 -O3 -fomit-frame-pointer -funroll-all-loops -finline-functions execution test
FAIL: libgomp.fortran/omp_parse3.f90 -O3 -g execution test
FAIL: libgomp.fortran/pr25162.f -O0 execution test
FAIL: libgomp.fortran/pr25162.f -O1 execution test
FAIL: libgomp.fortran/pr25162.f -O2 execution test
FAIL: libgomp.fortran/pr25162.f -O3 -fomit-frame-pointer execution test
FAIL: libgomp.fortran/pr25162.f -O3 -fomit-frame-pointer -funroll-loops execution test
FAIL: libgomp.fortran/pr25162.f -O3 -fomit-frame-pointer -funroll-all-loops -finline-functions execution test
FAIL: libgomp.fortran/pr25162.f -O3 -g execution test
FAIL: libgomp.fortran/pr25162.f -Os execution test
FAIL: libgomp.fortran/threadprivate1.f90 -O0 execution test
FAIL: libgomp.fortran/threadprivate2.f90 -O0 execution test
FAIL: libgomp.fortran/threadprivate2.f90 -O1 execution test
FAIL: libgomp.fortran/threadprivate2.f90 -O2 execution test
FAIL: libgomp.fortran/threadprivate2.f90 -O3 -fomit-frame-pointer execution test
FAIL: libgomp.fortran/threadprivate2.f90 -O3 -fomit-frame-pointer -funroll-loops execution test
FAIL: libgomp.fortran/threadprivate2.f90 -O3 -fomit-frame-pointer -funroll-all-loops -finline-functions execution test
FAIL: libgomp.fortran/threadprivate2.f90 -O3 -g execution test
FAIL: libgomp.fortran/threadprivate2.f90 -Os execution test
FAIL: libgomp.fortran/threadprivate3.f90 -O0 execution test
FAIL: libgomp.fortran/threadprivate3.f90 -O1 execution test
FAIL: libgomp.fortran/threadprivate3.f90 -O2 execution test
FAIL: libgomp.fortran/threadprivate3.f90 -O3 -fomit-frame-pointer execution test
FAIL: libgomp.fortran/threadprivate3.f90 -O3 -fomit-frame-pointer -funroll-loops execution test
FAIL: libgomp.fortran/threadprivate3.f90 -O3 -fomit-frame-pointer -funroll-all-loops -finline-functions execution test
FAIL: libgomp.fortran/threadprivate3.f90 -O3 -g execution test
FAIL: libgomp.fortran/threadprivate3.f90 -Os execution test
=== libgomp Summary for unix ===
# of expected passes 2230
# of unexpected failures 41
# of unsupported tests 9
=== libgomp Summary ===
# of expected passes 4459
# of unexpected failures 83
# of unsupported tests 18
=== libjava tests ===
Running target unix/-m64
FAIL: InvokeInterface execution - source compiled test
FAIL: InvokeInterface -O3 execution - source compiled test
=== libjava Summary for unix/-m64 ===
# of expected passes 2570
# of unexpected failures 2
# of untested testcases 2
Running target unix
FAIL: events output
FAIL: InvokeInterface execution - source compiled test
FAIL: InvokeInterface -O3 execution - source compiled test
=== libjava Summary for unix ===
# of expected passes 2569
# of unexpected failures 3
# of untested testcases 2
=== libjava Summary ===
# of expected passes 5139
# of unexpected failures 5
# of untested testcases 4
=== libstdc++ tests ===
Running target unix/-m64
XPASS: 27_io/basic_istream/extractors_arithmetic/char/12.cc execution test
XPASS: 27_io/basic_istream/extractors_arithmetic/wchar_t/12.cc execution test
FAIL: 30_threads/thread/this_thread/2.cc execution test
FAIL: 30_threads/thread/this_thread/3.cc (test for excess errors)
WARNING: 30_threads/thread/this_thread/3.cc compilation failed to produce executable
FAIL: 30_threads/thread/this_thread/4.cc (test for excess errors)
WARNING: 30_threads/thread/this_thread/4.cc compilation failed to produce executable
FAIL: ext/enc_filebuf/char/13598.cc execution test
=== libstdc++ Summary for unix/-m64 ===
# of expected passes 5626
# of unexpected failures 4
# of unexpected successes 2
# of expected failures 74
# of unsupported tests 378
Running target unix
XPASS: 27_io/basic_istream/extractors_arithmetic/char/12.cc execution test
XPASS: 27_io/basic_istream/extractors_arithmetic/wchar_t/12.cc execution test
FAIL: 30_threads/thread/this_thread/2.cc execution test
FAIL: 30_threads/thread/this_thread/3.cc (test for excess errors)
WARNING: 30_threads/thread/this_thread/3.cc compilation failed to produce executable
FAIL: 30_threads/thread/this_thread/4.cc (test for excess errors)
WARNING: 30_threads/thread/this_thread/4.cc compilation failed to produce executable
FAIL: ext/enc_filebuf/char/13598.cc execution test
=== libstdc++ Summary for unix ===
# of expected passes 5626
# of unexpected failures 4
# of unexpected successes 2
# of expected failures 74
# of unsupported tests 378
=== libstdc++ Summary ===
# of expected passes 11252
# of unexpected failures 8
# of unexpected successes 4
# of expected failures 148
# of unsupported tests 756
Compiler version: 4.4.0 20081118 (experimental) [trunk revision 141979] (GCC)
Platform: sparc-sun-solaris2.10
configure flags: --with-as=/usr/ccs/bin/as --with-ld=/usr/ccs/bin/ld --prefix=/export/data/tobleran/gcc-test/head/testbin --disable-static --with-gmp=/export/data/tobleran/install --with-mpfr=/export/data/tobleran/install --disable-nls --disable-tls --enable-languages=c,c++,fortran,java,objc