This is the mail archive of the
gcc-testresults@gcc.gnu.org
mailing list for the GCC project.
Results for 4.4.0 20081115 (experimental) [trunk revision 141878] (GCC) testsuite on hppa-unknown-linux-gnu
- From: dave at mx3210 dot hia dot nrc dot ca (John David Anglin)
- To: dave dot anglin at nrc-cnrc dot gc dot ca, gcc-testresults at gcc dot gnu dot org
- Date: Sun, 16 Nov 2008 14:53:01 -0500 (EST)
- Subject: Results for 4.4.0 20081115 (experimental) [trunk revision 141878] (GCC) testsuite on hppa-unknown-linux-gnu
LAST_UPDATED: Sat Nov 15 02:05:01 UTC 2008 (revision 141878)
=== acats tests ===
FAIL: cd1c04e
=== acats Summary ===
# of expected passes 2314
# of unexpected failures 1
Native configuration is hppa-unknown-linux-gnu
=== g++ tests ===
Running target unix
FAIL: g++.dg/eh/pr29166.C execution test
=== g++ Summary ===
# of expected passes 18557
# of unexpected failures 1
# of expected failures 135
# of unsupported tests 152
/home/dave/gnu/gcc/objdir/gcc/testsuite/g++/../../g++ version 4.4.0 20081115 (experimental) [trunk revision 141878] (GCC)
=== gcc tests ===
Running target unix
WARNING: program timed out.
FAIL: gcc.c-torture/compile/930120-1.c -O3 -fomit-frame-pointer (test for excess errors)
WARNING: program timed out.
FAIL: gcc.c-torture/execute/builtins/strpcpy.c compilation, -O3 -fomit-frame-pointer
UNRESOLVED: gcc.c-torture/execute/builtins/strpcpy.c execution, -O3 -fomit-frame-pointer
WARNING: program timed out.
FAIL: gcc.c-torture/execute/20020911-1.c compilation, -O1
UNRESOLVED: gcc.c-torture/execute/20020911-1.c execution, -O1
WARNING: program timed out.
FAIL: gcc.c-torture/execute/va-arg-15.c compilation, -Os
UNRESOLVED: gcc.c-torture/execute/va-arg-15.c execution, -Os
FAIL: gcc.dg/pr35729.c scan-rtl-dump-times loop2_invariant "Decided to move invariant" 0
WARNING: program timed out.
FAIL: gcc.dg/pr36584.c (test for excess errors)
UNRESOLVED: gcc.dg/pr36584.c compilation failed to produce executable
FAIL: gcc.dg/pch/valid-1b.c -O0 -g -I. (test for excess errors)
FAIL: gcc.dg/pch/valid-1b.c -O0 -g assembly comparison
FAIL: gcc.dg/pch/valid-1b.c -O0 -I. (test for excess errors)
FAIL: gcc.dg/pch/valid-1b.c -O0 assembly comparison
FAIL: gcc.dg/pch/valid-1b.c -O1 -I. (test for excess errors)
FAIL: gcc.dg/pch/valid-1b.c -O1 assembly comparison
FAIL: gcc.dg/pch/valid-1b.c -O2 -I. (test for excess errors)
FAIL: gcc.dg/pch/valid-1b.c -O2 assembly comparison
FAIL: gcc.dg/pch/valid-1b.c -O3 -fomit-frame-pointer -I. (test for excess errors)
FAIL: gcc.dg/pch/valid-1b.c -O3 -fomit-frame-pointer assembly comparison
FAIL: gcc.dg/pch/valid-1b.c -O3 -g -I. (test for excess errors)
FAIL: gcc.dg/pch/valid-1b.c -O3 -g assembly comparison
FAIL: gcc.dg/pch/valid-1b.c -Os -I. (test for excess errors)
FAIL: gcc.dg/pch/valid-1b.c -Os assembly comparison
XPASS: gcc.dg/tree-ssa/loop-1.c scan-assembler-times foo 5
=== gcc Summary ===
# of expected passes 48313
# of unexpected failures 20
# of unexpected successes 1
# of expected failures 127
# of unresolved testcases 4
# of unsupported tests 504
/home/dave/gnu/gcc/objdir/gcc/xgcc version 4.4.0 20081115 (experimental) [trunk revision 141878] (GCC)
=== gfortran tests ===
Running target unix
WARNING: program timed out.
FAIL: gfortran.dg/achar_4.f90 -O1 (test for excess errors)
UNRESOLVED: gfortran.dg/achar_4.f90 -O1 compilation failed to produce executable
WARNING: program timed out.
FAIL: gfortran.dg/array_constructor_11.f90 -O2 (test for excess errors)
UNRESOLVED: gfortran.dg/array_constructor_11.f90 -O2 compilation failed to produce executable
=== gfortran Summary ===
# of expected passes 27538
# of unexpected failures 2
# of expected failures 50
# of unresolved testcases 2
# of unsupported tests 254
/home/dave/gnu/gcc/objdir/gcc/testsuite/gfortran/../../gfortran version 4.4.0 20081115 (experimental) [trunk revision 141878] (GCC)
=== gnat tests ===
Running target unix
=== gnat Summary ===
# of expected passes 598
# of expected failures 6
=== obj-c++ tests ===
Running target unix
UNRESOLVED: obj-c++.dg/bitfield-1.mm compilation failed to produce executable
UNRESOLVED: obj-c++.dg/lookup-2.mm compilation failed to produce executable
UNRESOLVED: obj-c++.dg/try-catch-2.mm compilation failed to produce executable
UNRESOLVED: obj-c++.dg/try-catch-9.mm compilation failed to produce executable
=== obj-c++ Summary ===
# of expected passes 437
# of expected failures 11
# of unresolved testcases 4
# of unsupported tests 13
/home/dave/gnu/gcc/objdir/gcc/testsuite/obj-c++/../../g++ version 4.4.0 20081115 (experimental) [trunk revision 141878] (GCC)
=== objc tests ===
Running target unix
WARNING: program timed out.
FAIL: objc/execute/class_self-1.m compilation, -O1 -fgnu-runtime
UNRESOLVED: objc/execute/class_self-1.m execution, -O1 -fgnu-runtime
=== objc Summary ===
# of expected passes 1812
# of unexpected failures 1
# of expected failures 7
# of unresolved testcases 1
# of unsupported tests 24
/home/dave/gnu/gcc/objdir/gcc/xgcc version 4.4.0 20081115 (experimental) [trunk revision 141878] (GCC)
=== libffi tests ===
Running target unix
FAIL: libffi.special/unwindtest.cc -shared-libgcc -lstdc++ execution test
=== libffi Summary ===
# of expected passes 1387
# of unexpected failures 1
# of unsupported tests 10
=== libgomp tests ===
Running target unix
FAIL: libgomp.fortran/vla6.f90 -O0 execution test
=== libgomp Summary ===
# of expected passes 2274
# of unexpected failures 1
# of unsupported tests 7
=== libjava tests ===
Running target unix
=== libjava Summary ===
# of expected passes 2574
=== libmudflap tests ===
Running target unix
FAIL: libmudflap.c++/pass41-frag.cxx execution test
FAIL: libmudflap.c++/pass41-frag.cxx (-static) execution test
FAIL: libmudflap.c++/pass41-frag.cxx (-O2) execution test
FAIL: libmudflap.c++/pass41-frag.cxx (-O3) execution test
WARNING: program timed out.
FAIL: libmudflap.cth/pass40-frag.c execution test
FAIL: libmudflap.cth/pass40-frag.c output pattern test
WARNING: program timed out.
FAIL: libmudflap.cth/pass40-frag.c (-static -DSTATIC) execution test
FAIL: libmudflap.cth/pass40-frag.c (-static -DSTATIC) output pattern test
WARNING: program timed out.
FAIL: libmudflap.cth/pass40-frag.c (-O2) execution test
FAIL: libmudflap.cth/pass40-frag.c (-O2) output pattern test
WARNING: program timed out.
FAIL: libmudflap.cth/pass40-frag.c (-O3) execution test
FAIL: libmudflap.cth/pass40-frag.c (-O3) output pattern test
=== libmudflap Summary ===
# of expected passes 1882
# of unexpected failures 12
=== libstdc++ tests ===
Running target unix
FAIL: abi_check
FAIL: 22_locale/time_get/get_date/wchar_t/4.cc execution test
XPASS: 26_numerics/headers/cmath/c99_classification_macros_c.cc (test for excess errors)
FAIL: ext/pb_ds/regression/hash_data_map_rand.cc execution test
WARNING: program timed out.
FAIL: ext/pb_ds/regression/tree_no_data_map_rand.cc (test for excess errors)
UNRESOLVED: ext/pb_ds/regression/tree_no_data_map_rand.cc compilation failed to produce executable
WARNING: program timed out.
FAIL: thread/pthread7-rope.cc execution test
=== libstdc++ Summary ===
# of expected passes 6344
# of unexpected failures 5
# of unexpected successes 1
# of expected failures 74
# of unresolved testcases 1
# of unsupported tests 13
Compiler version: 4.4.0 20081115 (experimental) [trunk revision 141878] (GCC)
Platform: hppa-unknown-linux-gnu
configure flags: --with-gnu-as --with-gnu-ld --enable-shared --prefix=/home/dave/opt/gnu/gcc/gcc-4.4.0 --with-local-prefix=/home/dave/opt/gnu --enable-threads=posix --enable-__cxa_atexit --build=hppa-linux --enable-clocale=gnu --enable-java-gc=boehm --enable-java-awt=xlib --enable-languages=c,c++,objc,fortran,obj-c++,java,ada