This is the mail archive of the
gcc-testresults@gcc.gnu.org
mailing list for the GCC project.
Results for 4.4.0 20081115 (experimental) [trunk revision 141901] (GCC) testsuite on hppa-unknown-linux-gnu
- From: dave at gsyprf11 dot external dot hp dot com (John David Anglin)
- To: dave dot anglin at nrc-cnrc dot gc dot ca, gcc-testresults at gcc dot gnu dot org
- Date: Sun, 16 Nov 2008 11:17:41 -0800 (PST)
- Subject: Results for 4.4.0 20081115 (experimental) [trunk revision 141901] (GCC) testsuite on hppa-unknown-linux-gnu
LAST_UPDATED: Sat Nov 15 23:00:42 UTC 2008 (revision 141901)
=== acats tests ===
FAIL: cd1c04e
=== acats Summary ===
# of expected passes 2314
# of unexpected failures 1
Native configuration is hppa-unknown-linux-gnu
=== g++ tests ===
Running target unix
WARNING: program timed out.
FAIL: g++.dg/torture/pr31863.C -O2 (test for excess errors)
WARNING: program timed out.
FAIL: g++.dg/torture/pr31863.C -O3 -fomit-frame-pointer (test for excess errors)
WARNING: program timed out.
FAIL: g++.dg/torture/pr31863.C -Os (test for excess errors)
=== g++ Summary ===
# of expected passes 18564
# of unexpected failures 3
# of expected failures 135
# of unsupported tests 152
/home/dave/gcc-4.4/objdir/gcc/testsuite/g++/../../g++ version 4.4.0 20081115 (experimental) [trunk revision 141901] (GCC)
=== gcc tests ===
Running target unix
WARNING: program timed out.
FAIL: gcc.c-torture/compile/20001226-1.c -O3 -fomit-frame-pointer (test for excess errors)
WARNING: program timed out.
FAIL: gcc.c-torture/compile/20001226-1.c -O3 -g (test for excess errors)
FAIL: gcc.c-torture/execute/pr38051.c execution, -O0
FAIL: gcc.c-torture/execute/pr38051.c execution, -O1
FAIL: gcc.c-torture/execute/pr38051.c execution, -O2
FAIL: gcc.c-torture/execute/pr38051.c execution, -O3 -fomit-frame-pointer
FAIL: gcc.c-torture/execute/pr38051.c execution, -O3 -fomit-frame-pointer -funroll-loops
FAIL: gcc.c-torture/execute/pr38051.c execution, -O3 -fomit-frame-pointer -funroll-all-loops -finline-functions
FAIL: gcc.c-torture/execute/pr38051.c execution, -O3 -g
FAIL: gcc.c-torture/execute/pr38051.c execution, -Os
FAIL: gcc.dg/pr35729.c scan-rtl-dump-times loop2_invariant "Decided to move invariant" 0
XPASS: gcc.dg/tree-ssa/loop-1.c scan-assembler-times foo 5
=== gcc Summary ===
# of expected passes 48368
# of unexpected failures 11
# of unexpected successes 1
# of expected failures 127
# of unsupported tests 504
/home/dave/gcc-4.4/objdir/gcc/xgcc version 4.4.0 20081115 (experimental) [trunk revision 141901] (GCC)
=== gfortran tests ===
Running target unix
=== gfortran Summary ===
# of expected passes 27576
# of expected failures 50
# of unsupported tests 254
/home/dave/gcc-4.4/objdir/gcc/testsuite/gfortran/../../gfortran version 4.4.0 20081115 (experimental) [trunk revision 141901] (GCC)
=== gnat tests ===
Running target unix
=== gnat Summary ===
# of expected passes 598
# of expected failures 6
=== obj-c++ tests ===
Running target unix
UNRESOLVED: obj-c++.dg/bitfield-1.mm compilation failed to produce executable
UNRESOLVED: obj-c++.dg/lookup-2.mm compilation failed to produce executable
UNRESOLVED: obj-c++.dg/try-catch-2.mm compilation failed to produce executable
UNRESOLVED: obj-c++.dg/try-catch-9.mm compilation failed to produce executable
=== obj-c++ Summary ===
# of expected passes 437
# of expected failures 11
# of unresolved testcases 4
# of unsupported tests 13
/home/dave/gcc-4.4/objdir/gcc/testsuite/obj-c++/../../g++ version 4.4.0 20081115 (experimental) [trunk revision 141901] (GCC)
=== objc tests ===
Running target unix
=== objc Summary ===
# of expected passes 1814
# of expected failures 7
# of unsupported tests 24
/home/dave/gcc-4.4/objdir/gcc/xgcc version 4.4.0 20081115 (experimental) [trunk revision 141901] (GCC)
=== libffi tests ===
Running target unix
=== libffi Summary ===
# of expected passes 1389
# of unsupported tests 10
=== libgomp tests ===
Running target unix
FAIL: libgomp.fortran/vla6.f90 -O0 execution test
=== libgomp Summary ===
# of expected passes 2274
# of unexpected failures 1
# of unsupported tests 7
=== libjava tests ===
Running target unix
FAIL: Process_3 -findirect-dispatch output - source compiled test
=== libjava Summary ===
# of expected passes 2573
# of unexpected failures 1
=== libmudflap tests ===
Running target unix
FAIL: libmudflap.c++/pass41-frag.cxx execution test
FAIL: libmudflap.c++/pass41-frag.cxx (-static) execution test
FAIL: libmudflap.c++/pass41-frag.cxx (-O2) execution test
FAIL: libmudflap.c++/pass41-frag.cxx (-O3) execution test
=== libmudflap Summary ===
# of expected passes 1890
# of unexpected failures 4
=== libstdc++ tests ===
Running target unix
FAIL: abi_check
XPASS: 26_numerics/headers/cmath/c99_classification_macros_c.cc (test for excess errors)
=== libstdc++ Summary ===
# of expected passes 5717
# of unexpected failures 1
# of unexpected successes 1
# of expected failures 74
# of unsupported tests 329
Compiler version: 4.4.0 20081115 (experimental) [trunk revision 141901] (GCC)
Platform: hppa-unknown-linux-gnu
configure flags: --with-gnu-as --with-gnu-ld --enable-shared --enable-nls --prefix=/home/dave/opt/gnu/gcc/gcc-4.4.0 --with-local-prefix=/home/dave/opt/gnu --enable-threads=posix --enable-__cxa_atexit --build=hppa-linux --enable-clocale=gnu --enable-java-gc=boehm --enable-java-awt=xlib --enable-languages=c,c++,objc,fortran,obj-c++,java,ada