This is the mail archive of the
gcc-testresults@gcc.gnu.org
mailing list for the GCC project.
Results for 4.3.3 20081112 (prerelease) [gcc-4_3-branch revision 141811] (GCC) testsuite on x86_64-unknown-linux-gnu
- From: guerby <guerby at gcc12 dot fsffrance dot org>
- To: gcc-testresults at gcc dot gnu dot org
- Date: Thu, 13 Nov 2008 03:32:23 +0100
- Subject: Results for 4.3.3 20081112 (prerelease) [gcc-4_3-branch revision 141811] (GCC) testsuite on x86_64-unknown-linux-gnu
LAST_UPDATED: Wed Nov 12 22:55:50 UTC 2008 (revision 141811)
=== acats tests ===
=== acats Summary ===
# of expected passes 2313
# of unexpected failures 0
Native configuration is x86_64-unknown-linux-gnu
=== gcc tests ===
Running target unix
FAIL: gcc.target/i386/mmx-8.c (internal compiler error)
FAIL: gcc.target/i386/mmx-8.c (test for excess errors)
UNRESOLVED: gcc.target/i386/mmx-8.c compilation failed to produce executable
=== gcc Summary ===
# of expected passes 49268
# of unexpected failures 2
# of expected failures 168
# of unresolved testcases 1
# of untested testcases 35
# of unsupported tests 468
/home/guerby/build43/gcc/xgcc version 4.3.3 20081112 (prerelease) [gcc-4_3-branch revision 141811] (GCC)
=== gnat tests ===
Running target unix
=== gnat Summary ===
# of expected passes 374
# of expected failures 1
=== libgomp tests ===
Running target unix
=== libgomp Summary ===
# of expected passes 185
=== libmudflap tests ===
Running target unix
WARNING: program timed out.
FAIL: libmudflap.cth/pass40-frag.c execution test
FAIL: libmudflap.cth/pass40-frag.c output pattern test
WARNING: program timed out.
FAIL: libmudflap.cth/pass40-frag.c (-O3) execution test
FAIL: libmudflap.cth/pass40-frag.c (-O3) output pattern test
=== libmudflap Summary ===
# of expected passes 1696
# of unexpected failures 4
# of unsupported tests 2
Compiler version: 4.3.3 20081112 (prerelease) [gcc-4_3-branch revision 141811] (GCC)
Platform: x86_64-unknown-linux-gnu
configure flags: --prefix=/n/12/guerby/install-4.3 --enable-languages=c,ada --enable-__cxa_atexit --disable-nls --enable-threads=posix --disable-multilib --with-mpfr=/opt/cfarm/mpfr-2.3.1