This is the mail archive of the
gcc-testresults@gcc.gnu.org
mailing list for the GCC project.
Results for 4.4.0 20081109 (experimental) (GCC) testsuite on s390-ibm-linux-gnu
- From: Andreas Krebbel <Andreas dot Krebbel at de dot ibm dot com>
- To: gcc-testresults at gcc dot gnu dot org
- Date: Sun, 9 Nov 2008 09:22:39 +0100
- Subject: Results for 4.4.0 20081109 (experimental) (GCC) testsuite on s390-ibm-linux-gnu
LAST_UPDATED: Sun Nov 9 05:47:28 UTC 2008 (revision 141713M)
Native configuration is s390-ibm-linux-gnu
=== g++ tests ===
Running target unix
FAIL: g++.dg/compat/eh/unexpected1 cp_compat_x_tst.o-cp_compat_y_tst.o execute
FAIL: g++.dg/eh/registers1.C execution test
FAIL: g++.dg/eh/unexpected1.C execution test
FAIL: g++.dg/ipa/iinline-1.C scan-ipa-dump inline "String::funcOne[^\\n]*inline copy in int main"
FAIL: g++.old-deja/g++.abi/cxa_vec.C execution test
WARNING: program timed out.
FAIL: g++.old-deja/g++.eh/inline2.C execution test
FAIL: g++.old-deja/g++.eh/spec2.C execution test
FAIL: g++.old-deja/g++.eh/spec3.C execution test
FAIL: g++.old-deja/g++.eh/spec4.C execution test
FAIL: g++.old-deja/g++.mike/eh33.C execution test
FAIL: g++.old-deja/g++.mike/eh50.C execution test
FAIL: g++.old-deja/g++.mike/eh51.C execution test
=== g++ Summary ===
# of expected passes 18488
# of unexpected failures 12
# of expected failures 135
# of unsupported tests 151
/build/BUILD/gcc/obj-s390-redhat-linux/gcc/testsuite/g++/../../g++ version 4.4.0 20081109 (experimental) (GCC)
=== gcc tests ===
Running target unix
FAIL: gcc.c-torture/compile/pr11832.c -O0 (internal compiler error)
FAIL: gcc.c-torture/compile/pr11832.c -O1 (internal compiler error)
FAIL: gcc.c-torture/compile/pr11832.c -O2 (internal compiler error)
FAIL: gcc.c-torture/compile/pr11832.c -O3 -fomit-frame-pointer (internal compiler error)
FAIL: gcc.c-torture/compile/pr11832.c -O3 -fomit-frame-pointer -funroll-loops (internal compiler error)
FAIL: gcc.c-torture/compile/pr11832.c -O3 -fomit-frame-pointer -funroll-all-loops -finline-functions (internal compiler error)
FAIL: gcc.c-torture/compile/pr11832.c -O3 -g (internal compiler error)
FAIL: gcc.c-torture/compile/pr11832.c -Os (internal compiler error)
FAIL: gcc.c-torture/compile/pr33009.c -O0 (internal compiler error)
FAIL: gcc.c-torture/compile/pr33009.c -O1 (internal compiler error)
FAIL: gcc.c-torture/compile/pr33009.c -O2 (internal compiler error)
FAIL: gcc.c-torture/compile/pr33009.c -O3 -fomit-frame-pointer (internal compiler error)
FAIL: gcc.c-torture/compile/pr33009.c -O3 -fomit-frame-pointer -funroll-loops (internal compiler error)
FAIL: gcc.c-torture/compile/pr33009.c -O3 -fomit-frame-pointer -funroll-all-loops -finline-functions (internal compiler error)
FAIL: gcc.c-torture/compile/pr33009.c -O3 -g (internal compiler error)
FAIL: gcc.c-torture/compile/pr33009.c -Os (internal compiler error)
FAIL: gcc.dg/pr35729.c scan-rtl-dump-times loop2_invariant "Decided to move invariant" 0
FAIL: gcc.dg/uninit-13.c unconditional (test for warnings, line 8)
FAIL: gcc.dg/uninit-13.c (test for excess errors)
FAIL: gcc.dg/tree-prof/bb-reorg.c compilation, -fprofile-use -D_PROFILE_USE
UNRESOLVED: gcc.dg/tree-prof/bb-reorg.c execution, -fprofile-use -D_PROFILE_USE
FAIL: gcc.dg/tree-prof/pr34999.c compilation, -fprofile-use -D_PROFILE_USE
UNRESOLVED: gcc.dg/tree-prof/pr34999.c execution, -fprofile-use -D_PROFILE_USE
XPASS: gcc.dg/tree-ssa/20040204-1.c scan-tree-dump-times optimized "link_error" 0
FAIL: gcc.dg/tree-ssa/vrp47.c scan-tree-dump-times vrp1 "[xy][^ ]* !=" 0
FAIL: gcc.dg/tree-ssa/vrp47.c scan-tree-dump-times dom1 "x[^ ]* & y" 1
FAIL: gcc.dg/tree-ssa/vrp47.c scan-tree-dump-times vrp1 "x[^ ]* [|] y" 1
=== gcc Summary ===
# of expected passes 48376
# of unexpected failures 24
# of unexpected successes 1
# of expected failures 110
# of unresolved testcases 2
# of unsupported tests 493
/build/BUILD/gcc/obj-s390-redhat-linux/gcc/xgcc version 4.4.0 20081109 (experimental) (GCC)
=== gfortran tests ===
Running target unix
FAIL: gfortran.dg/f2003_io_1.f03 -O0 execution test
FAIL: gfortran.dg/f2003_io_1.f03 -O1 execution test
FAIL: gfortran.dg/f2003_io_1.f03 -O2 execution test
FAIL: gfortran.dg/f2003_io_1.f03 -O3 -fomit-frame-pointer execution test
FAIL: gfortran.dg/f2003_io_1.f03 -O3 -fomit-frame-pointer -funroll-loops execution test
FAIL: gfortran.dg/f2003_io_1.f03 -O3 -fomit-frame-pointer -funroll-all-loops -finline-functions execution test
FAIL: gfortran.dg/f2003_io_1.f03 -O3 -g execution test
FAIL: gfortran.dg/f2003_io_1.f03 -Os execution test
FAIL: gfortran.dg/f2003_io_4.f03 -O0 execution test
FAIL: gfortran.dg/f2003_io_4.f03 -O1 execution test
FAIL: gfortran.dg/f2003_io_4.f03 -O2 execution test
FAIL: gfortran.dg/f2003_io_4.f03 -O3 -fomit-frame-pointer execution test
FAIL: gfortran.dg/f2003_io_4.f03 -O3 -fomit-frame-pointer -funroll-loops execution test
FAIL: gfortran.dg/f2003_io_4.f03 -O3 -fomit-frame-pointer -funroll-all-loops -finline-functions execution test
FAIL: gfortran.dg/f2003_io_4.f03 -O3 -g execution test
FAIL: gfortran.dg/f2003_io_4.f03 -Os execution test
FAIL: gfortran.dg/f2003_io_5.f03 -O0 execution test
FAIL: gfortran.dg/f2003_io_5.f03 -O1 execution test
FAIL: gfortran.dg/f2003_io_5.f03 -O2 execution test
FAIL: gfortran.dg/f2003_io_5.f03 -O3 -fomit-frame-pointer execution test
FAIL: gfortran.dg/f2003_io_5.f03 -O3 -fomit-frame-pointer -funroll-loops execution test
FAIL: gfortran.dg/f2003_io_5.f03 -O3 -fomit-frame-pointer -funroll-all-loops -finline-functions execution test
FAIL: gfortran.dg/f2003_io_5.f03 -O3 -g execution test
FAIL: gfortran.dg/f2003_io_5.f03 -Os execution test
FAIL: gfortran.dg/f2003_io_6.f03 -O0 execution test
FAIL: gfortran.dg/f2003_io_6.f03 -O1 execution test
FAIL: gfortran.dg/f2003_io_6.f03 -O2 execution test
FAIL: gfortran.dg/f2003_io_6.f03 -O3 -fomit-frame-pointer execution test
FAIL: gfortran.dg/f2003_io_6.f03 -O3 -fomit-frame-pointer -funroll-loops execution test
FAIL: gfortran.dg/f2003_io_6.f03 -O3 -fomit-frame-pointer -funroll-all-loops -finline-functions execution test
FAIL: gfortran.dg/f2003_io_6.f03 -O3 -g execution test
FAIL: gfortran.dg/f2003_io_6.f03 -Os execution test
FAIL: gfortran.dg/f2003_io_7.f03 -O0 execution test
FAIL: gfortran.dg/f2003_io_7.f03 -O1 execution test
FAIL: gfortran.dg/f2003_io_7.f03 -O2 execution test
FAIL: gfortran.dg/f2003_io_7.f03 -O3 -fomit-frame-pointer execution test
FAIL: gfortran.dg/f2003_io_7.f03 -O3 -fomit-frame-pointer -funroll-loops execution test
FAIL: gfortran.dg/f2003_io_7.f03 -O3 -fomit-frame-pointer -funroll-all-loops -finline-functions execution test
FAIL: gfortran.dg/f2003_io_7.f03 -O3 -g execution test
FAIL: gfortran.dg/f2003_io_7.f03 -Os execution test
=== gfortran Summary ===
# of expected passes 27811
# of unexpected failures 40
# of expected failures 10
# of unsupported tests 117
/build/BUILD/gcc/obj-s390-redhat-linux/gcc/testsuite/gfortran/../../gfortran version 4.4.0 20081109 (experimental) (GCC)
=== obj-c++ tests ===
Running target unix
WARNING: obj-c++.dg/bitfield-1.mm compilation failed to produce executable
WARNING: obj-c++.dg/lookup-2.mm compilation failed to produce executable
WARNING: obj-c++.dg/try-catch-2.mm compilation failed to produce executable
WARNING: obj-c++.dg/try-catch-9.mm compilation failed to produce executable
=== obj-c++ Summary ===
# of expected passes 437
# of expected failures 11
# of unsupported tests 13
/build/BUILD/gcc/obj-s390-redhat-linux/gcc/testsuite/obj-c++/../../g++ version 4.4.0 20081109 (experimental) (GCC)
=== objc tests ===
Running target unix
FAIL: objc/execute/exceptions/catchall-1.m execution, -O1 -fgnu-runtime
FAIL: objc/execute/exceptions/catchall-1.m execution, -O2 -fgnu-runtime
FAIL: objc/execute/exceptions/catchall-1.m execution, -O3 -fomit-frame-pointer -fgnu-runtime
FAIL: objc/execute/exceptions/catchall-1.m execution, -O3 -g -fgnu-runtime
FAIL: objc/execute/exceptions/local-variables-1.m execution, -O1 -fgnu-runtime
FAIL: objc/execute/exceptions/local-variables-1.m execution, -Os -fgnu-runtime
=== objc Summary ===
# of expected passes 1808
# of unexpected failures 6
# of expected failures 7
# of unsupported tests 24
/build/BUILD/gcc/obj-s390-redhat-linux/gcc/xgcc version 4.4.0 20081109 (experimental) (GCC)
=== libffi tests ===
Running target unix
=== libffi Summary ===
# of expected passes 1389
# of unsupported tests 10
=== libgomp tests ===
Running target unix
=== libgomp Summary ===
# of expected passes 2289
=== libjava tests ===
Running target unix
FAIL: Divide_1 execution - source compiled test
FAIL: Divide_1 -findirect-dispatch execution - source compiled test
FAIL: Divide_1 -O3 execution - source compiled test
FAIL: Divide_1 -O3 -findirect-dispatch execution - source compiled test
FAIL: assign2 -O3 -findirect-dispatch execution - source compiled test
FAIL: pr83 -O3 execution - source compiled test
=== libjava Summary ===
# of expected passes 2562
# of unexpected failures 6
# of untested testcases 6
=== libmudflap tests ===
Running target unix
FAIL: libmudflap.c++/pass41-frag.cxx execution test
FAIL: libmudflap.c++/pass41-frag.cxx (-static) execution test
FAIL: libmudflap.c++/pass41-frag.cxx (-O2) execution test
FAIL: libmudflap.c++/pass41-frag.cxx (-O3) execution test
=== libmudflap Summary ===
# of expected passes 1882
# of unexpected failures 4
=== libstdc++ tests ===
Running target unix
FAIL: 18_support/exception_ptr/rethrow_exception.cc execution test
FAIL: 20_util/shared_ptr/thread/default_weaktoshared.cc execution test
FAIL: 20_util/shared_ptr/thread/mutex_weaktoshared.cc execution test
FAIL: 22_locale/locale/cons/12352.cc execution test
FAIL: 23_containers/list/modifiers/3.cc execution test
FAIL: 23_containers/vector/capacity/2.cc execution test
FAIL: 23_containers/vector/cons/4.cc execution test
XPASS: 26_numerics/headers/cmath/c99_classification_macros_c.cc (test for excess errors)
FAIL: 27_io/basic_filebuf/underflow/wchar_t/11603.cc execution test
FAIL: 27_io/basic_istream/exceptions/char/9561.cc execution test
FAIL: 27_io/ios_base/storage/11584.cc execution test
FAIL: ext/enc_filebuf/char/13189.cc execution test
FAIL: ext/enc_filebuf/wchar_t/13189.cc execution test
FAIL: ext/pb_ds/regression/hash_data_map_rand.cc execution test
FAIL: ext/pb_ds/regression/hash_no_data_map_rand.cc execution test
FAIL: ext/pb_ds/regression/priority_queue_rand.cc execution test
FAIL: ext/pb_ds/regression/tree_data_map_rand.cc execution test
FAIL: ext/pb_ds/regression/tree_no_data_map_rand.cc execution test
FAIL: ext/pb_ds/regression/trie_data_map_rand.cc execution test
FAIL: ext/pb_ds/regression/trie_no_data_map_rand.cc execution test
FAIL: ext/pool_allocator/allocate_chunk.cc execution test
FAIL: tr1/2_general_utilities/shared_ptr/thread/default_weaktoshared.cc execution test
FAIL: tr1/2_general_utilities/shared_ptr/thread/mutex_weaktoshared.cc execution test
=== libstdc++ Summary ===
# of expected passes 6303
# of unexpected failures 22
# of unexpected successes 1
# of expected failures 74
# of unsupported tests 10
Compiler version: 4.4.0 20081109 (experimental) (GCC)
Platform: s390-ibm-linux-gnu
configure flags: --prefix=/usr --mandir=/usr/share/man --infodir=/usr/share/info --enable-shared --enable-threads=posix --enable-checking --with-system-zlib --enable-__cxa_atexit --with-long-double-128 --host=s390-redhat-linux --build=s390-redhat-linux --target=s390-redhat-linux --enable-languages=c,c++,objc,obj-c++,java,fortran