This is the mail archive of the
gcc-testresults@gcc.gnu.org
mailing list for the GCC project.
Results for 4.4.0 20081028 (experimental) [trunk revision 141412] (GCC) testsuite on i386-pc-solaris2.10
- From: ro at techfak dot uni-bielefeld dot de
- To: gcc-testresults at gcc dot gnu dot org
- Date: Fri, 7 Nov 2008 17:44:31 +0100 (MET)
- Subject: Results for 4.4.0 20081028 (experimental) [trunk revision 141412] (GCC) testsuite on i386-pc-solaris2.10
LAST_UPDATED: Tue Oct 28 19:20:22 UTC 2008 (revision 141412)
=== acats tests ===
FAIL: c34009l
FAIL: c761006
FAIL: ce3410a
FAIL: ce3410e
FAIL: cxa5a05
FAIL: cxa5a06
FAIL: cxg2004
FAIL: cxg2013
=== acats Summary ===
# of expected passes 2307
# of unexpected failures 8
Native configuration is i386-pc-solaris2.10
=== g++ tests ===
Running target unix
FAIL: g++.dg/other/PR23205.C scan-assembler .stabs.*foobar:c=i
FAIL: g++.dg/other/anon5.C undefined (test for warnings, line )
FAIL: g++.dg/other/anon5.C (test for excess errors)
XPASS: g++.dg/other/ucnid-1.C (test for excess errors)
XPASS: g++.old-deja/g++.oliva/dwarf2.C (test for excess errors)
XPASS: g++.old-deja/g++.oliva/dwarf3.C (test for excess errors)
XPASS: g++.old-deja/g++.other/init19.C execution test
=== g++ Summary for unix ===
# of expected passes 18989
# of unexpected failures 3
# of unexpected successes 4
# of expected failures 136
# of unsupported tests 130
Running target unix/-m64
FAIL: g++.dg/other/PR23205.C scan-assembler .stabs.*foobar:c=i
FAIL: g++.dg/other/anon5.C undefined (test for warnings, line )
FAIL: g++.dg/other/anon5.C (test for excess errors)
XPASS: g++.dg/other/ucnid-1.C (test for excess errors)
FAIL: g++.dg/tls/static-1.C execution test
FAIL: g++.old-deja/g++.law/profile1.C (test for excess errors)
WARNING: g++.old-deja/g++.law/profile1.C compilation failed to produce executable
FAIL: g++.old-deja/g++.mike/warn1.C (test for errors, line 12)
FAIL: g++.old-deja/g++.mike/warn1.C (test for excess errors)
XPASS: g++.old-deja/g++.oliva/dwarf2.C (test for excess errors)
XPASS: g++.old-deja/g++.oliva/dwarf3.C (test for excess errors)
XPASS: g++.old-deja/g++.other/init19.C execution test
=== g++ Summary for unix/-m64 ===
# of expected passes 18679
# of unexpected failures 7
# of unexpected successes 4
# of expected failures 136
# of unsupported tests 276
=== g++ Summary ===
# of expected passes 37668
# of unexpected failures 10
# of unexpected successes 8
# of expected failures 272
# of unsupported tests 406
/vol/gccsrc/obj/gcc-4.4.0-20081028/10-gcc-hidden/gcc/testsuite/g++/../../g++ version 4.4.0 20081028 (experimental) [trunk revision 141412] (GCC)
=== gcc tests ===
Running target unix
FAIL: gcc.c-torture/execute/ieee/copysign1.c execution, -O1
FAIL: gcc.c-torture/execute/ieee/copysign1.c execution, -O2
FAIL: gcc.c-torture/execute/ieee/copysign1.c execution, -Os
FAIL: gcc.dg/pr33645-3.c scan-assembler-not var1_t
XPASS: gcc.dg/ucnid-2.c (test for excess errors)
XPASS: gcc.dg/ucnid-3.c (test for excess errors)
XPASS: gcc.dg/ucnid-4.c (test for excess errors)
FAIL: gcc.dg/pch/largefile.c -O0 -g assembly comparison
XPASS: largefile.c -O0 (test for excess errors)
FAIL: gcc.dg/pch/largefile.c -O0 assembly comparison
XPASS: largefile.c -O1 (test for excess errors)
FAIL: gcc.dg/pch/largefile.c -O1 assembly comparison
XPASS: largefile.c -O2 (test for excess errors)
FAIL: gcc.dg/pch/largefile.c -O2 assembly comparison
XPASS: largefile.c -O3 -fomit-frame-pointer (test for excess errors)
FAIL: gcc.dg/pch/largefile.c -O3 -fomit-frame-pointer assembly comparison
FAIL: gcc.dg/pch/largefile.c -O3 -g assembly comparison
XPASS: largefile.c -Os (test for excess errors)
FAIL: gcc.dg/pch/largefile.c -Os assembly comparison
FAIL: gcc.dg/torture/fp-int-convert-float128.c -O0 (test for excess errors)
WARNING: gcc.dg/torture/fp-int-convert-float128.c -O0 compilation failed to produce executable
FAIL: gcc.dg/torture/fp-int-convert-float128.c -O1 (test for excess errors)
WARNING: gcc.dg/torture/fp-int-convert-float128.c -O1 compilation failed to produce executable
FAIL: gcc.dg/torture/fp-int-convert-float128.c -O2 (test for excess errors)
WARNING: gcc.dg/torture/fp-int-convert-float128.c -O2 compilation failed to produce executable
FAIL: gcc.dg/torture/fp-int-convert-float128.c -O3 -fomit-frame-pointer (test for excess errors)
WARNING: gcc.dg/torture/fp-int-convert-float128.c -O3 -fomit-frame-pointer compilation failed to produce executable
FAIL: gcc.dg/torture/fp-int-convert-float128.c -O3 -g (test for excess errors)
WARNING: gcc.dg/torture/fp-int-convert-float128.c -O3 -g compilation failed to produce executable
FAIL: gcc.dg/torture/fp-int-convert-float128.c -Os (test for excess errors)
WARNING: gcc.dg/torture/fp-int-convert-float128.c -Os compilation failed to produce executable
XPASS: gcc.dg/tree-ssa/20040204-1.c scan-tree-dump-times optimized "link_error" 0
FAIL: gcc.dg/tree-ssa/ltrans-1.c scan-tree-dump-times ltrans "converted loop nest to perfect loop nest" 1
FAIL: gcc.dg/tree-ssa/ltrans-1.c scan-tree-dump-times ltrans "transformed loop" 1
FAIL: gcc.dg/tree-ssa/ltrans-3.c scan-tree-dump-times ltrans "transformed loop" 1
FAIL: gcc.dg/tree-ssa/ltrans-4.c scan-tree-dump-times ltrans "transformed loop" 1
FAIL: gcc.dg/tree-ssa/ltrans-5.c scan-tree-dump-times ltrans "transformed loop" 1
FAIL: gcc.dg/tree-ssa/ltrans-6.c scan-tree-dump-times ltrans "transformed loop" 1
FAIL: gcc.dg/tree-ssa/ltrans-8.c scan-tree-dump-times ltrans "transformed loop" 1
FAIL: gcc.dg/tree-ssa/vrp47.c scan-tree-dump-times vrp1 "[xy][^ ]* !=" 0
FAIL: gcc.dg/tree-ssa/vrp47.c scan-tree-dump-times dom1 "x[^ ]* & y" 1
FAIL: gcc.dg/tree-ssa/vrp47.c scan-tree-dump-times vrp1 "x[^ ]* [|] y" 1
FAIL: gcc.dg/vect/costmodel/i386/costmodel-vect-68.c execution test
FAIL: gcc.dg/vect/vect-107.c execution test
FAIL: gcc.dg/vect/vect-112.c execution test
FAIL: gcc.dg/vect/vect-113.c execution test
FAIL: gcc.dg/vect/vect-115.c execution test
FAIL: gcc.dg/vect/vect-14.c execution test
FAIL: gcc.dg/vect/vect-26.c execution test
FAIL: gcc.dg/vect/vect-31.c execution test
FAIL: gcc.dg/vect/vect-32.c execution test
FAIL: gcc.dg/vect/vect-36.c execution test
FAIL: gcc.dg/vect/vect-62.c execution test
FAIL: gcc.dg/vect/vect-64.c execution test
FAIL: gcc.dg/vect/vect-65.c execution test
FAIL: gcc.dg/vect/vect-67.c scan-tree-dump-times vect "vectorized 1 loops" 1
FAIL: gcc.dg/vect/vect-68.c execution test
FAIL: gcc.dg/vect/vect-float-truncate-1.c execution test
FAIL: gcc.dg/vect/vect-floatint-conversion-2.c execution test
FAIL: gcc.dg/vect/vect-iv-10.c execution test
FAIL: gcc.dg/vect/vect-iv-3.c execution test
FAIL: gcc.dg/vect/vect-iv-4.c execution test
FAIL: gcc.dg/vect/vect-outer-5.c execution test
FAIL: gcc.dg/vect/vect-strided-float.c execution test
FAIL: gcc.dg/vect/slp-8.c execution test
FAIL: gcc.dg/vect/no-trapping-math-2.c execution test
FAIL: gcc.dg/vect/no-trapping-math-vect-111.c execution test
FAIL: gcc.dg/vect/no-scevccp-outer-13.c scan-tree-dump-times vect "OUTER LOOP VECTORIZED." 1
FAIL: gcc.dg/vect/no-scevccp-outer-7.c scan-tree-dump-times vect "OUTER LOOP VECTORIZED." 1
FAIL: gcc.target/i386/pr22076.c scan-assembler-times movq 3
FAIL: gcc.target/i386/pr22076.c scan-assembler-times movl 1
=== gcc Summary for unix ===
# of expected passes 53283
# of unexpected failures 56
# of unexpected successes 9
# of expected failures 192
# of unsupported tests 1072
Running target unix/-m64
FAIL: tmpdir-gcc.dg-struct-layout-1/t028 c_compat_x_tst.o-c_compat_y_tst.o execute
FAIL: gcc.dg/cpp/trad/include.c -fno-show-column (internal compiler error)
FAIL: gcc.dg/cpp/trad/include.c -fno-show-column (test for excess errors)
FAIL: gcc.dg/nest.c (test for excess errors)
WARNING: gcc.dg/nest.c compilation failed to produce executable
FAIL: gcc.dg/nested-func-4.c (test for excess errors)
WARNING: gcc.dg/nested-func-4.c compilation failed to produce executable
FAIL: gcc.dg/pr32450.c (test for excess errors)
WARNING: gcc.dg/pr32450.c compilation failed to produce executable
FAIL: gcc.dg/pr33645-3.c scan-assembler-not var1_t
XPASS: gcc.dg/ucnid-2.c (test for excess errors)
XPASS: gcc.dg/ucnid-3.c (test for excess errors)
XPASS: gcc.dg/ucnid-4.c (test for excess errors)
FAIL: gcc.dg/pch/largefile.c -O0 -g assembly comparison
XPASS: largefile.c -O0 (test for excess errors)
FAIL: gcc.dg/pch/largefile.c -O0 assembly comparison
XPASS: largefile.c -O1 (test for excess errors)
FAIL: gcc.dg/pch/largefile.c -O1 assembly comparison
XPASS: largefile.c -O2 (test for excess errors)
FAIL: gcc.dg/pch/largefile.c -O2 assembly comparison
XPASS: largefile.c -O3 -fomit-frame-pointer (test for excess errors)
FAIL: gcc.dg/pch/largefile.c -O3 -fomit-frame-pointer assembly comparison
FAIL: gcc.dg/pch/largefile.c -O3 -g assembly comparison
XPASS: largefile.c -Os (test for excess errors)
FAIL: gcc.dg/pch/largefile.c -Os assembly comparison
FAIL: gcc.dg/torture/fp-int-convert-float128-timode.c -O0 (test for excess errors)
WARNING: gcc.dg/torture/fp-int-convert-float128-timode.c -O0 compilation failed to produce executable
FAIL: gcc.dg/torture/fp-int-convert-float128-timode.c -O1 (test for excess errors)
WARNING: gcc.dg/torture/fp-int-convert-float128-timode.c -O1 compilation failed to produce executable
FAIL: gcc.dg/torture/fp-int-convert-float128-timode.c -O2 (test for excess errors)
WARNING: gcc.dg/torture/fp-int-convert-float128-timode.c -O2 compilation failed to produce executable
FAIL: gcc.dg/torture/fp-int-convert-float128-timode.c -O3 -fomit-frame-pointer (test for excess errors)
WARNING: gcc.dg/torture/fp-int-convert-float128-timode.c -O3 -fomit-frame-pointer compilation failed to produce executable
FAIL: gcc.dg/torture/fp-int-convert-float128-timode.c -O3 -g (test for excess errors)
WARNING: gcc.dg/torture/fp-int-convert-float128-timode.c -O3 -g compilation failed to produce executable
FAIL: gcc.dg/torture/fp-int-convert-float128-timode.c -Os (test for excess errors)
WARNING: gcc.dg/torture/fp-int-convert-float128-timode.c -Os compilation failed to produce executable
FAIL: gcc.dg/torture/fp-int-convert-float128.c -O0 (test for excess errors)
WARNING: gcc.dg/torture/fp-int-convert-float128.c -O0 compilation failed to produce executable
FAIL: gcc.dg/torture/fp-int-convert-float128.c -O1 (test for excess errors)
WARNING: gcc.dg/torture/fp-int-convert-float128.c -O1 compilation failed to produce executable
FAIL: gcc.dg/torture/fp-int-convert-float128.c -O2 (test for excess errors)
WARNING: gcc.dg/torture/fp-int-convert-float128.c -O2 compilation failed to produce executable
FAIL: gcc.dg/torture/fp-int-convert-float128.c -O3 -fomit-frame-pointer (test for excess errors)
WARNING: gcc.dg/torture/fp-int-convert-float128.c -O3 -fomit-frame-pointer compilation failed to produce executable
FAIL: gcc.dg/torture/fp-int-convert-float128.c -O3 -g (test for excess errors)
WARNING: gcc.dg/torture/fp-int-convert-float128.c -O3 -g compilation failed to produce executable
FAIL: gcc.dg/torture/fp-int-convert-float128.c -Os (test for excess errors)
WARNING: gcc.dg/torture/fp-int-convert-float128.c -Os compilation failed to produce executable
FAIL: gcc.dg/vect/vect-67.c scan-tree-dump-times vect "vectorized 1 loops" 1
FAIL: gcc.dg/vect/no-scevccp-outer-13.c scan-tree-dump-times vect "OUTER LOOP VECTORIZED." 1
FAIL: gcc.dg/vect/no-scevccp-outer-7.c scan-tree-dump-times vect "OUTER LOOP VECTORIZED." 1
FAIL: gcc.misc-tests/linkage.c link
FAIL: gcc.target/i386/amd64-abi-3.c scan-assembler subq[\\\\t ]*\\\\\$88,[\\\\t ]*%rsp
FAIL: gcc.target/i386/pr22076.c scan-assembler-times movq 3
FAIL: gcc.target/i386/pr32661-1.c scan-assembler-times mov 2
FAIL: gcc.target/i386/pr34256.c scan-assembler-times mov 2
FAIL: gcc.target/i386/pr36246.c scan-assembler-not movq
FAIL: gcc.target/i386/sse-10.c (test for excess errors)
=== gcc Summary for unix/-m64 ===
# of expected passes 52859
# of unexpected failures 36
# of unexpected successes 8
# of expected failures 193
# of unsupported tests 1354
=== gcc Summary ===
# of expected passes 106142
# of unexpected failures 92
# of unexpected successes 17
# of expected failures 385
# of unsupported tests 2426
/vol/gccsrc/obj/gcc-4.4.0-20081028/10-gcc-hidden/gcc/xgcc version 4.4.0 20081028 (experimental) [trunk revision 141412] (GCC)
=== gfortran tests ===
Running target unix
FAIL: gfortran.dg/array_constructor_23.f -O3 -fomit-frame-pointer execution test
FAIL: gfortran.dg/array_constructor_23.f -O3 -fomit-frame-pointer -funroll-loops execution test
FAIL: gfortran.dg/array_constructor_23.f -O3 -fomit-frame-pointer -funroll-all-loops -finline-functions execution test
FAIL: gfortran.dg/array_constructor_23.f -O3 -g execution test
FAIL: gfortran.dg/array_constructor_24.f -O3 -fomit-frame-pointer execution test
FAIL: gfortran.dg/array_constructor_24.f -O3 -fomit-frame-pointer -funroll-loops execution test
FAIL: gfortran.dg/array_constructor_24.f -O3 -fomit-frame-pointer -funroll-all-loops -finline-functions execution test
FAIL: gfortran.dg/array_constructor_24.f -O3 -g execution test
FAIL: gfortran.dg/ltrans-7.f90 -O scan-tree-dump-times ltrans "transformed loop" 1
FAIL: gfortran.dg/stat_1.f90 -O0 execution test
FAIL: gfortran.dg/stat_1.f90 -O1 execution test
FAIL: gfortran.dg/stat_1.f90 -O2 execution test
FAIL: gfortran.dg/stat_1.f90 -O3 -fomit-frame-pointer execution test
FAIL: gfortran.dg/stat_1.f90 -O3 -fomit-frame-pointer -funroll-loops execution test
FAIL: gfortran.dg/stat_1.f90 -O3 -fomit-frame-pointer -funroll-all-loops -finline-functions execution test
FAIL: gfortran.dg/stat_1.f90 -O3 -g execution test
FAIL: gfortran.dg/stat_1.f90 -Os execution test
FAIL: gfortran.dg/stat_2.f90 -O0 execution test
FAIL: gfortran.dg/stat_2.f90 -O1 execution test
FAIL: gfortran.dg/stat_2.f90 -O2 execution test
FAIL: gfortran.dg/stat_2.f90 -O3 -fomit-frame-pointer execution test
FAIL: gfortran.dg/stat_2.f90 -O3 -fomit-frame-pointer -funroll-loops execution test
FAIL: gfortran.dg/stat_2.f90 -O3 -fomit-frame-pointer -funroll-all-loops -finline-functions execution test
FAIL: gfortran.dg/stat_2.f90 -O3 -g execution test
FAIL: gfortran.dg/stat_2.f90 -Os execution test
=== gfortran Summary for unix ===
# of expected passes 28272
# of unexpected failures 25
# of expected failures 10
# of unsupported tests 113
Running target unix/-m64
FAIL: gfortran.dg/stat_1.f90 -O0 execution test
FAIL: gfortran.dg/stat_1.f90 -O1 execution test
FAIL: gfortran.dg/stat_1.f90 -O2 execution test
FAIL: gfortran.dg/stat_1.f90 -O3 -fomit-frame-pointer execution test
FAIL: gfortran.dg/stat_1.f90 -O3 -fomit-frame-pointer -funroll-loops execution test
FAIL: gfortran.dg/stat_1.f90 -O3 -fomit-frame-pointer -funroll-all-loops -finline-functions execution test
FAIL: gfortran.dg/stat_1.f90 -O3 -g execution test
FAIL: gfortran.dg/stat_1.f90 -Os execution test
FAIL: gfortran.dg/stat_2.f90 -O0 execution test
FAIL: gfortran.dg/stat_2.f90 -O1 execution test
FAIL: gfortran.dg/stat_2.f90 -O2 execution test
FAIL: gfortran.dg/stat_2.f90 -O3 -fomit-frame-pointer execution test
FAIL: gfortran.dg/stat_2.f90 -O3 -fomit-frame-pointer -funroll-loops execution test
FAIL: gfortran.dg/stat_2.f90 -O3 -fomit-frame-pointer -funroll-all-loops -finline-functions execution test
FAIL: gfortran.dg/stat_2.f90 -O3 -g execution test
FAIL: gfortran.dg/stat_2.f90 -Os execution test
=== gfortran Summary for unix/-m64 ===
# of expected passes 28412
# of unexpected failures 16
# of expected failures 10
# of unsupported tests 50
=== gfortran Summary ===
# of expected passes 56684
# of unexpected failures 41
# of expected failures 20
# of unsupported tests 163
/vol/gccsrc/obj/gcc-4.4.0-20081028/10-gcc-hidden/gcc/testsuite/gfortran/../../gfortran version 4.4.0 20081028 (experimental) [trunk revision 141412] (GCC)
=== gnat tests ===
Running target unix
=== gnat Summary for unix ===
# of expected passes 583
# of expected failures 6
Running target unix/-m64
FAIL: gnat.dg/abstract1.adb (test for excess errors)
FAIL: gnat.dg/abstract_with_anonymous_result.adb (test for excess errors)
WARNING: gnat.dg/abstract_with_anonymous_result.adb compilation failed to produce executable
FAIL: gnat.dg/access3.adb (test for excess errors)
FAIL: gnat.dg/access4.adb (test for excess errors)
WARNING: gnat.dg/access4.adb compilation failed to produce executable
FAIL: gnat.dg/access_discr.adb (test for excess errors)
FAIL: gnat.dg/access_discr2.adb (test for excess errors)
WARNING: gnat.dg/access_discr2.adb compilation failed to produce executable
FAIL: gnat.dg/access_test.adb (test for excess errors)
WARNING: gnat.dg/access_test.adb compilation failed to produce executable
FAIL: gnat.dg/addr2.adb (test for excess errors)
WARNING: gnat.dg/addr2.adb compilation failed to produce executable
FAIL: gnat.dg/address_conversion.adb (test for excess errors)
WARNING: gnat.dg/address_conversion.adb compilation failed to produce executable
FAIL: gnat.dg/aggr1.adb (test for excess errors)
WARNING: gnat.dg/aggr1.adb compilation failed to produce executable
FAIL: gnat.dg/aggr3.adb (test for excess errors)
WARNING: gnat.dg/aggr3.adb compilation failed to produce executable
FAIL: gnat.dg/aggr7.adb (test for excess errors)
FAIL: gnat.dg/aliased_prefix_accessibility.adb (test for excess errors)
WARNING: gnat.dg/aliased_prefix_accessibility.adb compilation failed to produce executable
FAIL: gnat.dg/align_check.adb (test for excess errors)
WARNING: gnat.dg/align_check.adb compilation failed to produce executable
FAIL: gnat.dg/aligned_vla.adb (test for excess errors)
WARNING: gnat.dg/aligned_vla.adb compilation failed to produce executable
FAIL: gnat.dg/alignment1.adb (test for excess errors)
WARNING: gnat.dg/alignment1.adb compilation failed to produce executable
FAIL: gnat.dg/alignment2.adb (test for excess errors)
WARNING: gnat.dg/alignment2.adb compilation failed to produce executable
FAIL: gnat.dg/alignment3.adb (test for excess errors)
FAIL: gnat.dg/allocator_maxalign1.adb (test for excess errors)
WARNING: gnat.dg/allocator_maxalign1.adb compilation failed to produce executable
FAIL: gnat.dg/array3.adb (test for excess errors)
WARNING: gnat.dg/array3.adb compilation failed to produce executable
FAIL: gnat.dg/array4.adb (test for excess errors)
WARNING: gnat.dg/array4.adb compilation failed to produce executable
FAIL: gnat.dg/assert1.adb (test for excess errors)
WARNING: gnat.dg/assert1.adb compilation failed to produce executable
FAIL: gnat.dg/assign_from_packed.adb (test for excess errors)
WARNING: gnat.dg/assign_from_packed.adb compilation failed to produce executable
FAIL: gnat.dg/asynch.adb (test for excess errors)
FAIL: gnat.dg/biased_uc.adb (test for excess errors)
WARNING: gnat.dg/biased_uc.adb compilation failed to produce executable
FAIL: gnat.dg/bip_aggregate_bug.adb (test for excess errors)
WARNING: gnat.dg/bip_aggregate_bug.adb compilation failed to produce executable
FAIL: gnat.dg/bip_prim_func.adb (test for excess errors)
FAIL: gnat.dg/bit_packed_array3.adb (test for excess errors)
WARNING: gnat.dg/bit_packed_array3.adb compilation failed to produce executable
FAIL: gnat.dg/blkextract_from_reg.adb (test for excess errors)
WARNING: gnat.dg/blkextract_from_reg.adb compilation failed to produce executable
FAIL: gnat.dg/bltins.adb (test for excess errors)
WARNING: gnat.dg/bltins.adb compilation failed to produce executable
FAIL: gnat.dg/boolean_expr2.adb (test for excess errors)
WARNING: gnat.dg/boolean_expr2.adb compilation failed to produce executable
FAIL: gnat.dg/c_words.adb (test for excess errors)
FAIL: gnat.dg/capture_value.adb (test for excess errors)
WARNING: gnat.dg/capture_value.adb compilation failed to produce executable
FAIL: gnat.dg/check_displace_generation.adb (test for excess errors)
WARNING: gnat.dg/check_displace_generation.adb compilation failed to produce executable
FAIL: gnat.dg/check_elaboration_code.adb (test for excess errors)
WARNING: gnat.dg/check_elaboration_code.adb compilation failed to produce executable
FAIL: gnat.dg/class_wide.adb (test for excess errors)
FAIL: gnat.dg/compose.adb (test for excess errors)
WARNING: gnat.dg/compose.adb compilation failed to produce executable
FAIL: gnat.dg/concat_length.adb (test for excess errors)
WARNING: gnat.dg/concat_length.adb compilation failed to produce executable
FAIL: gnat.dg/controlled_record.adb (test for excess errors)
FAIL: gnat.dg/conv_bug.adb (test for excess errors)
WARNING: gnat.dg/conv_bug.adb compilation failed to produce executable
FAIL: gnat.dg/conv_decimal.adb (test for excess errors)
WARNING: gnat.dg/conv_decimal.adb compilation failed to produce executable
FAIL: gnat.dg/conv_real.adb (test for excess errors)
WARNING: gnat.dg/conv_real.adb compilation failed to produce executable
FAIL: gnat.dg/curr_task.adb (test for excess errors)
WARNING: gnat.dg/curr_task.adb compilation failed to produce executable
FAIL: gnat.dg/deferred_const2.adb (test for excess errors)
WARNING: gnat.dg/deferred_const2.adb compilation failed to produce executable
FAIL: gnat.dg/deferred_const3.adb (test for excess errors)
WARNING: gnat.dg/deferred_const3.adb compilation failed to produce executable
FAIL: gnat.dg/derived_aggregate.adb (test for excess errors)
WARNING: gnat.dg/derived_aggregate.adb compilation failed to produce executable
FAIL: gnat.dg/discr4.adb (test for excess errors)
WARNING: gnat.dg/discr4.adb compilation failed to produce executable
FAIL: gnat.dg/dispatch1.adb (test for excess errors)
WARNING: gnat.dg/dispatch1.adb compilation failed to produce executable
FAIL: gnat.dg/dispatch2.adb (test for excess errors)
WARNING: gnat.dg/dispatch2.adb compilation failed to produce executable
FAIL: gnat.dg/dispatch2_p.adb (test for excess errors)
FAIL: gnat.dg/elim1.adb (test for excess errors)
FAIL: gnat.dg/elim2.adb (test for excess errors)
WARNING: gnat.dg/elim2.adb compilation failed to produce executable
FAIL: gnat.dg/empty_vector_length.adb (test for excess errors)
WARNING: gnat.dg/empty_vector_length.adb compilation failed to produce executable
FAIL: gnat.dg/entry_queues.adb (test for excess errors)
WARNING: gnat.dg/entry_queues.adb compilation failed to produce executable
FAIL: gnat.dg/exp0_eval.adb (test for excess errors)
WARNING: gnat.dg/exp0_eval.adb compilation failed to produce executable
FAIL: gnat.dg/expect1.adb (test for excess errors)
WARNING: gnat.dg/expect1.adb compilation failed to produce executable
FAIL: gnat.dg/finalized.adb (test for excess errors)
FAIL: gnat.dg/fixce.adb (test for excess errors)
WARNING: gnat.dg/fixce.adb compilation failed to produce executable
FAIL: gnat.dg/fixedpnt.adb (test for excess errors)
WARNING: gnat.dg/fixedpnt.adb compilation failed to produce executable
FAIL: gnat.dg/frame_overflow.adb (test for errors, line 14)
FAIL: gnat.dg/frame_overflow.adb (test for errors, line 17)
FAIL: gnat.dg/frame_overflow.adb (test for errors, line 24)
FAIL: gnat.dg/gen_disp.adb (test for excess errors)
FAIL: gnat.dg/generic_dispatch.adb (test for excess errors)
WARNING: gnat.dg/generic_dispatch.adb compilation failed to produce executable
FAIL: gnat.dg/generic_dispatch_p.adb (test for excess errors)
FAIL: gnat.dg/gnat_malloc.adb (test for excess errors)
WARNING: gnat.dg/gnat_malloc.adb compilation failed to produce executable
FAIL: gnat.dg/gnatg.adb (test for excess errors)
FAIL: gnat.dg/graphic.adb (test for excess errors)
FAIL: gnat.dg/iface_test.adb (test for excess errors)
FAIL: gnat.dg/ifaces.adb (test for excess errors)
FAIL: gnat.dg/in_out_parameter.adb (test for excess errors)
WARNING: gnat.dg/in_out_parameter.adb compilation failed to produce executable
FAIL: gnat.dg/init_scalar1.adb (test for excess errors)
WARNING: gnat.dg/init_scalar1.adb compilation failed to produce executable
FAIL: gnat.dg/inline_tagged.adb (test for excess errors)
WARNING: gnat.dg/inline_tagged.adb compilation failed to produce executable
FAIL: gnat.dg/interface1.adb (test for excess errors)
WARNING: gnat.dg/interface1.adb compilation failed to produce executable
FAIL: gnat.dg/interface2.adb (test for excess errors)
WARNING: gnat.dg/interface2.adb compilation failed to produce executable
FAIL: gnat.dg/interface3.adb (test for excess errors)
WARNING: gnat.dg/interface3.adb compilation failed to produce executable
FAIL: gnat.dg/interface5.adb (test for excess errors)
FAIL: gnat.dg/interface_conv.adb (test for excess errors)
WARNING: gnat.dg/interface_conv.adb compilation failed to produce executable
FAIL: gnat.dg/iprot_test.adb (test for excess errors)
WARNING: gnat.dg/iprot_test.adb compilation failed to produce executable
FAIL: gnat.dg/kill_value.adb (test for excess errors)
WARNING: gnat.dg/kill_value.adb compilation failed to produce executable
FAIL: gnat.dg/late_overriding.adb (test for excess errors)
FAIL: gnat.dg/lhs_view_convert.adb (test for excess errors)
WARNING: gnat.dg/lhs_view_convert.adb compilation failed to produce executable
FAIL: gnat.dg/loop_address2.adb (test for excess errors)
FAIL: gnat.dg/loop_optimization2.adb (test for excess errors)
FAIL: gnat.dg/loop_optimization3.adb (test for excess errors)
WARNING: gnat.dg/loop_optimization3.adb compilation failed to produce executable
FAIL: gnat.dg/loop_optimization4.adb (test for excess errors)
WARNING: gnat.dg/loop_optimization4.adb compilation failed to produce executable
FAIL: gnat.dg/md5_test.adb (test for excess errors)
WARNING: gnat.dg/md5_test.adb compilation failed to produce executable
FAIL: gnat.dg/missing_acc_check.adb (test for excess errors)
WARNING: gnat.dg/missing_acc_check.adb compilation failed to produce executable
FAIL: gnat.dg/modular1.adb (test for excess errors)
WARNING: gnat.dg/modular1.adb compilation failed to produce executable
FAIL: gnat.dg/modular2.adb (test for excess errors)
WARNING: gnat.dg/modular2.adb compilation failed to produce executable
FAIL: gnat.dg/mutable1.adb (test for excess errors)
WARNING: gnat.dg/mutable1.adb compilation failed to produce executable
FAIL: gnat.dg/named_test.adb (test for excess errors)
WARNING: gnat.dg/named_test.adb compilation failed to produce executable
FAIL: gnat.dg/nat1r.adb (test for excess errors)
WARNING: gnat.dg/nat1r.adb compilation failed to produce executable
FAIL: gnat.dg/nested_controlled_alloc.adb (test for excess errors)
WARNING: gnat.dg/nested_controlled_alloc.adb compilation failed to produce executable
FAIL: gnat.dg/nested_return_test.adb (test for excess errors)
WARNING: gnat.dg/nested_return_test.adb compilation failed to produce executable
FAIL: gnat.dg/no_final.adb (test for excess errors)
WARNING: gnat.dg/no_final.adb compilation failed to produce executable
FAIL: gnat.dg/not_null.adb (test for excess errors)
WARNING: gnat.dg/not_null.adb compilation failed to produce executable
FAIL: gnat.dg/outer_agg_bitfield_constructor.adb (test for excess errors)
WARNING: gnat.dg/outer_agg_bitfield_constructor.adb compilation failed to produce executable
FAIL: gnat.dg/overriding_ops.adb (test for excess errors)
FAIL: gnat.dg/pack10.adb (test for excess errors)
WARNING: gnat.dg/pack10.adb compilation failed to produce executable
FAIL: gnat.dg/pack3.adb (test for excess errors)
WARNING: gnat.dg/pack3.adb compilation failed to produce executable
FAIL: gnat.dg/pack4.adb (test for excess errors)
WARNING: gnat.dg/pack4.adb compilation failed to produce executable
FAIL: gnat.dg/packed_subtype.adb (test for excess errors)
WARNING: gnat.dg/packed_subtype.adb compilation failed to produce executable
FAIL: gnat.dg/pak.adb (test for excess errors)
FAIL: gnat.dg/parent_ltd_with-child_full_view.adb (test for excess errors)
FAIL: gnat.dg/pointer_conversion.adb (test for excess errors)
WARNING: gnat.dg/pointer_conversion.adb compilation failed to produce executable
FAIL: gnat.dg/prefix1.adb (test for excess errors)
FAIL: gnat.dg/prefix2.adb (test for excess errors)
FAIL: gnat.dg/prot_def.adb (test for excess errors)
WARNING: gnat.dg/prot_def.adb compilation failed to produce executable
FAIL: gnat.dg/protected_self_ref1.adb (test for excess errors)
WARNING: gnat.dg/protected_self_ref1.adb compilation failed to produce executable
FAIL: gnat.dg/quote.adb (test for excess errors)
WARNING: gnat.dg/quote.adb compilation failed to produce executable
FAIL: gnat.dg/range_check.adb (test for excess errors)
WARNING: gnat.dg/range_check.adb compilation failed to produce executable
FAIL: gnat.dg/ref_type.adb (test for excess errors)
FAIL: gnat.dg/regpat1.adb (test for excess errors)
WARNING: gnat.dg/regpat1.adb compilation failed to produce executable
FAIL: gnat.dg/release_unc_maxalign.adb (test for excess errors)
WARNING: gnat.dg/release_unc_maxalign.adb compilation failed to produce executable
FAIL: gnat.dg/renaming2.adb (test for excess errors)
WARNING: gnat.dg/renaming2.adb compilation failed to produce executable
FAIL: gnat.dg/renaming3.adb (test for excess errors)
WARNING: gnat.dg/renaming3.adb compilation failed to produce executable
FAIL: gnat.dg/requeue1.adb (test for excess errors)
WARNING: gnat.dg/requeue1.adb compilation failed to produce executable
FAIL: gnat.dg/return1.adb (test for excess errors)
FAIL: gnat.dg/scalar_mode_agg_compare.adb (test for excess errors)
WARNING: gnat.dg/scalar_mode_agg_compare.adb compilation failed to produce executable
FAIL: gnat.dg/self1.adb (test for excess errors)
FAIL: gnat.dg/self_aggregate_with_array.adb (test for excess errors)
WARNING: gnat.dg/self_aggregate_with_array.adb compilation failed to produce executable
FAIL: gnat.dg/self_aggregate_with_call.adb (test for excess errors)
WARNING: gnat.dg/self_aggregate_with_call.adb compilation failed to produce executable
FAIL: gnat.dg/self_aggregate_with_pointer.adb (test for excess errors)
WARNING: gnat.dg/self_aggregate_with_pointer.adb compilation failed to produce executable
FAIL: gnat.dg/self_aggregate_with_zeros.adb (test for excess errors)
WARNING: gnat.dg/self_aggregate_with_zeros.adb compilation failed to produce executable
FAIL: gnat.dg/set_in_pproc.adb (test for excess errors)
FAIL: gnat.dg/sizetype.adb (test for excess errors)
WARNING: gnat.dg/sizetype.adb compilation failed to produce executable
FAIL: gnat.dg/slice3.adb (test for excess errors)
WARNING: gnat.dg/slice3.adb compilation failed to produce executable
FAIL: gnat.dg/slice4.adb (test for excess errors)
WARNING: gnat.dg/slice4.adb compilation failed to produce executable
FAIL: gnat.dg/small_alignment.adb (test for excess errors)
WARNING: gnat.dg/small_alignment.adb compilation failed to produce executable
FAIL: gnat.dg/socket1.adb (test for excess errors)
WARNING: gnat.dg/socket1.adb compilation failed to produce executable
FAIL: gnat.dg/sort2.adb (test for excess errors)
WARNING: gnat.dg/sort2.adb compilation failed to produce executable
FAIL: gnat.dg/spipaterr.adb (test for excess errors)
WARNING: gnat.dg/spipaterr.adb compilation failed to produce executable
FAIL: gnat.dg/string_slice.adb (test for excess errors)
WARNING: gnat.dg/string_slice.adb compilation failed to produce executable
FAIL: gnat.dg/sync1.adb (test for excess errors)
FAIL: gnat.dg/sync_iface_test.adb (test for excess errors)
FAIL: gnat.dg/tag1.adb (test for excess errors)
WARNING: gnat.dg/tag1.adb compilation failed to produce executable
FAIL: gnat.dg/tagged_type_pkg.adb (test for excess errors)
FAIL: gnat.dg/tail_call.adb (test for excess errors)
WARNING: gnat.dg/tail_call.adb compilation failed to produce executable
FAIL: gnat.dg/task_name.adb (test for excess errors)
FAIL: gnat.dg/task_stack_align.adb (test for excess errors)
WARNING: gnat.dg/task_stack_align.adb compilation failed to produce executable
FAIL: gnat.dg/test_address_null_init.adb (test for excess errors)
WARNING: gnat.dg/test_address_null_init.adb compilation failed to produce executable
FAIL: gnat.dg/test_allocator_maxalign2.adb (test for excess errors)
WARNING: gnat.dg/test_allocator_maxalign2.adb compilation failed to produce executable
FAIL: gnat.dg/test_bounded.adb (test for excess errors)
WARNING: gnat.dg/test_bounded.adb compilation failed to produce executable
FAIL: gnat.dg/test_call.adb (test for excess errors)
FAIL: gnat.dg/test_delay.adb (test for excess errors)
WARNING: gnat.dg/test_delay.adb compilation failed to produce executable
FAIL: gnat.dg/test_direct_io.adb (test for excess errors)
WARNING: gnat.dg/test_direct_io.adb compilation failed to produce executable
FAIL: gnat.dg/test_enum_io.adb (test for excess errors)
WARNING: gnat.dg/test_enum_io.adb compilation failed to produce executable
FAIL: gnat.dg/test_fixed_io.adb (test for excess errors)
WARNING: gnat.dg/test_fixed_io.adb compilation failed to produce executable
FAIL: gnat.dg/test_iface_aggr.adb (test for excess errors)
WARNING: gnat.dg/test_iface_aggr.adb compilation failed to produce executable
FAIL: gnat.dg/test_ifaces.adb (test for excess errors)
WARNING: gnat.dg/test_ifaces.adb compilation failed to produce executable
FAIL: gnat.dg/test_image.adb (test for excess errors)
WARNING: gnat.dg/test_image.adb compilation failed to produce executable
FAIL: gnat.dg/test_image_p.adb (test for excess errors)
FAIL: gnat.dg/test_nested_subtype_byref.adb (test for excess errors)
WARNING: gnat.dg/test_nested_subtype_byref.adb compilation failed to produce executable
FAIL: gnat.dg/test_oalign.adb (test for excess errors)
WARNING: gnat.dg/test_oalign.adb compilation failed to produce executable
FAIL: gnat.dg/test_overflow_sum.adb (test for excess errors)
WARNING: gnat.dg/test_overflow_sum.adb compilation failed to produce executable
FAIL: gnat.dg/test_prefix1.adb (test for excess errors)
WARNING: gnat.dg/test_prefix1.adb compilation failed to produce executable
FAIL: gnat.dg/test_prio.adb (test for excess errors)
WARNING: gnat.dg/test_prio.adb compilation failed to produce executable
FAIL: gnat.dg/test_raise_from_pure.adb (test for excess errors)
WARNING: gnat.dg/test_raise_from_pure.adb compilation failed to produce executable
FAIL: gnat.dg/test_self.adb (test for excess errors)
WARNING: gnat.dg/test_self.adb compilation failed to produce executable
FAIL: gnat.dg/test_self_ref.adb (test for excess errors)
WARNING: gnat.dg/test_self_ref.adb compilation failed to produce executable
FAIL: gnat.dg/test_table1.adb (test for excess errors)
WARNING: gnat.dg/test_table1.adb compilation failed to produce executable
FAIL: gnat.dg/test_tamdt.adb (test for excess errors)
WARNING: gnat.dg/test_tamdt.adb compilation failed to produce executable
FAIL: gnat.dg/test_time_stamp.adb (test for excess errors)
WARNING: gnat.dg/test_time_stamp.adb compilation failed to produce executable
FAIL: gnat.dg/test_version.adb (test for excess errors)
WARNING: gnat.dg/test_version.adb compilation failed to produce executable
FAIL: gnat.dg/testint.adb (test for excess errors)
WARNING: gnat.dg/testint.adb compilation failed to produce executable
FAIL: gnat.dg/tf_interface_1.adb (test for excess errors)
FAIL: gnat.dg/tfren.adb (test for excess errors)
WARNING: gnat.dg/tfren.adb compilation failed to produce executable
FAIL: gnat.dg/timing_events.adb (test for excess errors)
WARNING: gnat.dg/timing_events.adb compilation failed to produce executable
FAIL: gnat.dg/trampoline2.adb (test for excess errors)
WARNING: gnat.dg/trampoline2.adb compilation failed to produce executable
FAIL: gnat.dg/tree_static_use.adb (test for excess errors)
WARNING: gnat.dg/tree_static_use.adb compilation failed to produce executable
FAIL: gnat.dg/unc_memfree.adb (test for excess errors)
WARNING: gnat.dg/unc_memfree.adb compilation failed to produce executable
FAIL: gnat.dg/unchecked_convert1.adb (test for excess errors)
WARNING: gnat.dg/unchecked_convert1.adb compilation failed to produce executable
FAIL: gnat.dg/unchecked_convert2.adb (test for excess errors)
WARNING: gnat.dg/unchecked_convert2.adb compilation failed to produce executable
FAIL: gnat.dg/unchecked_union1.adb (test for excess errors)
WARNING: gnat.dg/unchecked_union1.adb compilation failed to produce executable
FAIL: gnat.dg/valid1.adb (test for excess errors)
WARNING: gnat.dg/valid1.adb compilation failed to produce executable
FAIL: gnat.dg/warn1.adb (test for excess errors)
WARNING: gnat.dg/warn1.adb compilation failed to produce executable
FAIL: gnat.dg/warn5.adb (test for excess errors)
FAIL: gnat.dg/wide_test.adb (test for excess errors)
WARNING: gnat.dg/wide_test.adb compilation failed to produce executable
FAIL: gnat.dg/specs/abstract_limited.ads (test for excess errors)
FAIL: gnat.dg/specs/ai_116.ads (test for excess errors)
FAIL: gnat.dg/specs/box1.ads (test for excess errors)
FAIL: gnat.dg/specs/controller.ads (test for excess errors)
FAIL: gnat.dg/specs/cpp1.ads (test for excess errors)
FAIL: gnat.dg/specs/cpp_assignment.ads (test for excess errors)
FAIL: gnat.dg/specs/double_record_extension1.ads (test for excess errors)
FAIL: gnat.dg/specs/double_record_extension2.ads (test for excess errors)
FAIL: gnat.dg/specs/elab1.ads (test for excess errors)
FAIL: gnat.dg/specs/gen_interface.ads (test for excess errors)
FAIL: gnat.dg/specs/limited1.ads (test for excess errors)
FAIL: gnat.dg/specs/null_aggr_bug.ads (test for excess errors)
FAIL: gnat.dg/specs/preelab.ads (test for excess errors)
FAIL: gnat.dg/specs/private_with.ads (test for excess errors)
FAIL: gnat.dg/specs/self_class.ads (test for excess errors)
FAIL: gnat.dg/specs/static_initializer4.ads (test for excess errors)
FAIL: gnat.dg/specs/tag1.ads (test for excess errors)
=== gnat Summary for unix/-m64 ===
# of expected passes 251
# of unexpected failures 196
# of expected failures 6
=== gnat Summary ===
# of expected passes 834
# of unexpected failures 196
# of expected failures 12
=== objc tests ===
Running target unix
=== objc Summary for unix ===
# of expected passes 1814
# of expected failures 7
# of unsupported tests 24
Running target unix/-m64
=== objc Summary for unix/-m64 ===
# of expected passes 1814
# of expected failures 7
# of unsupported tests 24
=== objc Summary ===
# of expected passes 3628
# of expected failures 14
# of unsupported tests 48
/vol/gccsrc/obj/gcc-4.4.0-20081028/10-gcc-hidden/gcc/xgcc version 4.4.0 20081028 (experimental) [trunk revision 141412] (GCC)
=== libffi tests ===
Running target unix
=== libffi Summary for unix ===
# of expected passes 1389
# of unsupported tests 10
Running target unix/-m64
FAIL: libffi.special/unwindtest.cc -shared-libgcc -lstdc++ execution test
FAIL: libffi.special/unwindtest_ffi_call.cc -shared-libgcc -lstdc++ execution test
FAIL: libffi.special/unwindtest.cc -shared-libgcc -lstdc++ execution test
FAIL: libffi.special/unwindtest_ffi_call.cc -shared-libgcc -lstdc++ execution test
FAIL: libffi.special/unwindtest.cc -shared-libgcc -lstdc++ execution test
FAIL: libffi.special/unwindtest_ffi_call.cc -shared-libgcc -lstdc++ execution test
FAIL: libffi.special/unwindtest.cc -shared-libgcc -lstdc++ execution test
FAIL: libffi.special/unwindtest_ffi_call.cc -shared-libgcc -lstdc++ execution test
=== libffi Summary for unix/-m64 ===
# of expected passes 1373
# of unexpected failures 8
# of unsupported tests 10
=== libffi Summary ===
# of expected passes 2762
# of unexpected failures 8
# of unsupported tests 20
=== libgomp tests ===
Running target unix
=== libgomp Summary for unix ===
# of expected passes 2285
# of unsupported tests 2
Running target unix/-m64
FAIL: libgomp.c/atomic-2.c (test for excess errors)
WARNING: libgomp.c/atomic-2.c compilation failed to produce executable
FAIL: libgomp.c/atomic-5.c (test for excess errors)
WARNING: libgomp.c/atomic-5.c compilation failed to produce executable
FAIL: libgomp.c/copyin-3.c execution test
FAIL: libgomp.c/nqueens-1.c execution test
FAIL: libgomp.c/pr24455.c execution test
FAIL: libgomp.c++/ctor-10.C -O0 execution test
FAIL: libgomp.c++/ctor-10.C -O1 execution test
FAIL: libgomp.c++/ctor-10.C -O2 execution test
FAIL: libgomp.c++/ctor-10.C -O3 -fomit-frame-pointer execution test
FAIL: libgomp.c++/ctor-10.C -O3 -fomit-frame-pointer -funroll-loops execution test
FAIL: libgomp.c++/ctor-10.C -O3 -fomit-frame-pointer -funroll-all-loops -finline-functions execution test
FAIL: libgomp.c++/ctor-10.C -O3 -g execution test
FAIL: libgomp.c++/ctor-10.C -Os execution test
FAIL: libgomp.c++/pr24455.C -O0 execution test
FAIL: libgomp.c++/pr24455.C -O1 execution test
FAIL: libgomp.c++/pr24455.C -O2 execution test
FAIL: libgomp.c++/pr24455.C -O3 -fomit-frame-pointer execution test
FAIL: libgomp.c++/pr24455.C -O3 -fomit-frame-pointer -funroll-loops execution test
FAIL: libgomp.c++/pr24455.C -O3 -fomit-frame-pointer -funroll-all-loops -finline-functions execution test
FAIL: libgomp.c++/pr24455.C -O3 -g execution test
FAIL: libgomp.c++/pr24455.C -Os execution test
FAIL: libgomp.fortran/appendix-a/a.22.8.f90 -O0 execution test
FAIL: libgomp.fortran/appendix-a/a.22.8.f90 -O1 execution test
FAIL: libgomp.fortran/appendix-a/a.22.8.f90 -O2 execution test
FAIL: libgomp.fortran/appendix-a/a.22.8.f90 -O3 -fomit-frame-pointer execution test
FAIL: libgomp.fortran/appendix-a/a.22.8.f90 -O3 -fomit-frame-pointer -funroll-loops execution test
FAIL: libgomp.fortran/appendix-a/a.22.8.f90 -O3 -fomit-frame-pointer -funroll-all-loops -finline-functions execution test
FAIL: libgomp.fortran/appendix-a/a.22.8.f90 -O3 -g execution test
FAIL: libgomp.fortran/appendix-a/a.22.8.f90 -Os execution test
FAIL: libgomp.fortran/threadprivate1.f90 -O0 execution test
FAIL: libgomp.fortran/threadprivate1.f90 -O1 execution test
FAIL: libgomp.fortran/threadprivate1.f90 -O2 execution test
FAIL: libgomp.fortran/threadprivate1.f90 -O3 -fomit-frame-pointer execution test
FAIL: libgomp.fortran/threadprivate1.f90 -O3 -fomit-frame-pointer -funroll-loops execution test
FAIL: libgomp.fortran/threadprivate1.f90 -O3 -fomit-frame-pointer -funroll-all-loops -finline-functions execution test
FAIL: libgomp.fortran/threadprivate1.f90 -O3 -g execution test
FAIL: libgomp.fortran/threadprivate1.f90 -Os execution test
FAIL: libgomp.fortran/threadprivate2.f90 -O0 execution test
FAIL: libgomp.fortran/threadprivate2.f90 -O1 execution test
FAIL: libgomp.fortran/threadprivate2.f90 -O2 execution test
FAIL: libgomp.fortran/threadprivate2.f90 -O3 -fomit-frame-pointer execution test
FAIL: libgomp.fortran/threadprivate2.f90 -O3 -fomit-frame-pointer -funroll-loops execution test
FAIL: libgomp.fortran/threadprivate2.f90 -O3 -fomit-frame-pointer -funroll-all-loops -finline-functions execution test
FAIL: libgomp.fortran/threadprivate2.f90 -O3 -g execution test
FAIL: libgomp.fortran/threadprivate2.f90 -Os execution test
=== libgomp Summary for unix/-m64 ===
# of expected passes 2238
# of unexpected failures 45
# of unsupported tests 2
=== libgomp Summary ===
# of expected passes 4523
# of unexpected failures 45
# of unsupported tests 4
=== libjava tests ===
Running target unix
FAIL: events output
FAIL: Throw_2 output - source compiled test
FAIL: Throw_2 -findirect-dispatch output - source compiled test
FAIL: Throw_2 -O3 output - source compiled test
FAIL: Throw_2 -O3 -findirect-dispatch output - source compiled test
=== libjava Summary for unix ===
# of expected passes 2569
# of unexpected failures 5
Running target unix/-m64
FAIL: /vol/gcc/src/gcc-dist/libjava/testsuite/libjava.jar/TestClosureGC.jar execution - gij test
FAIL: /vol/gcc/src/gcc-dist/libjava/testsuite/libjava.jar/simple.jar execution - gij test
FAIL: PR15133 execution - gij test
FAIL: PR18116 execution - gij test
FAIL: PR28178 execution - gij test
FAIL: bytebuffer execution - gij test
FAIL: calls execution - gij test
FAIL: cxxtest execution - gij test
FAIL: directbuffer execution - gij test
FAIL: field execution - gij test
FAIL: final_method execution - gij test
FAIL: findclass execution - gij test
FAIL: findclass2 execution - gij test
FAIL: iface execution - gij test
FAIL: init execution - gij test
FAIL: invoke execution - gij test
FAIL: jniutf execution - gij test
FAIL: martin execution - gij test
FAIL: noclass execution - gij test
FAIL: overload execution - gij test
FAIL: pr11951 run
FAIL: pr18278 execution - gij test
FAIL: pr23739 execution - gij test
FAIL: register execution - gij test
FAIL: register2 execution - gij test
FAIL: simple_int execution - gij test
FAIL: throwit execution - gij test
FAIL: virtual execution - gij test
FAIL: PR16923 run
FAIL: pr29812 execution - gij test
FAIL: getargssize run
FAIL: getlocalvartable run
FAIL: getstacktrace run
FAIL: ExtraClassLoader execution - source compiled test
FAIL: ExtraClassLoader -findirect-dispatch execution - source compiled test
FAIL: ExtraClassLoader -O3 execution - source compiled test
FAIL: ExtraClassLoader -O3 -findirect-dispatch execution - source compiled test
FAIL: ProxyTest execution - source compiled test
FAIL: ProxyTest -findirect-dispatch execution - source compiled test
FAIL: ProxyTest -O3 execution - source compiled test
FAIL: ProxyTest -O3 -findirect-dispatch execution - source compiled test
FAIL: TestProxy execution - source compiled test
FAIL: TestProxy -findirect-dispatch execution - source compiled test
FAIL: TestProxy -O3 execution - source compiled test
FAIL: TestProxy -O3 -findirect-dispatch execution - source compiled test
FAIL: Throw_2 execution - source compiled test
FAIL: Throw_2 -findirect-dispatch execution - source compiled test
FAIL: Throw_2 -O3 execution - source compiled test
FAIL: Throw_2 -O3 -findirect-dispatch execution - source compiled test
FAIL: invokethrow execution - source compiled test
FAIL: invokethrow -findirect-dispatch execution - source compiled test
FAIL: invokethrow -O3 execution - source compiled test
FAIL: invokethrow -O3 -findirect-dispatch execution - source compiled test
FAIL: /vol/gccsrc/obj/gcc-4.4.0-20081028/10-gcc-hidden/i386-pc-solaris2.10/libjava/testsuite/TestEarlyGC.exe execution - /vol/gccsrc/obj/gcc-4.4.0-20081028/10-gcc-hidden/i386-pc-solaris2.10/libjava/testsuite/TestEarlyGC.exe
=== libjava Summary for unix/-m64 ===
# of expected passes 2469
# of unexpected failures 54
# of untested testcases 54
=== libjava Summary ===
# of expected passes 5038
# of unexpected failures 59
# of untested testcases 54
=== libstdc++ tests ===
Running target unix
FAIL: 30_threads/thread/this_thread/2.cc execution test
FAIL: 30_threads/thread/this_thread/3.cc (test for excess errors)
WARNING: 30_threads/thread/this_thread/3.cc compilation failed to produce executable
FAIL: 30_threads/thread/this_thread/4.cc (test for excess errors)
WARNING: 30_threads/thread/this_thread/4.cc compilation failed to produce executable
FAIL: ext/enc_filebuf/char/13598.cc execution test
=== libstdc++ Summary for unix ===
# of expected passes 5542
# of unexpected failures 4
# of expected failures 74
# of unsupported tests 381
Running target unix/-m64
XPASS: 22_locale/num_put/put/char/14220.cc execution test
XPASS: 22_locale/num_put/put/wchar_t/14220.cc execution test
FAIL: 30_threads/thread/this_thread/2.cc execution test
FAIL: 30_threads/thread/this_thread/3.cc (test for excess errors)
WARNING: 30_threads/thread/this_thread/3.cc compilation failed to produce executable
FAIL: 30_threads/thread/this_thread/4.cc (test for excess errors)
WARNING: 30_threads/thread/this_thread/4.cc compilation failed to produce executable
FAIL: ext/enc_filebuf/char/13598.cc execution test
=== libstdc++ Summary for unix/-m64 ===
# of expected passes 5548
# of unexpected failures 4
# of unexpected successes 2
# of expected failures 72
# of unsupported tests 378
=== libstdc++ Summary ===
# of expected passes 11090
# of unexpected failures 8
# of unexpected successes 2
# of expected failures 146
# of unsupported tests 759
Compiler version: 4.4.0 20081028 (experimental) [trunk revision 141412] (GCC)
Platform: i386-pc-solaris2.10
configure flags: --prefix=/vol/gcc --with-local-prefix=/vol/gcc --disable-nls --with-gnu-as --with-as=/usr/sfw/bin/gas --with-gmp=/vol/gcc --with-mpfr=/vol/gcc --enable-languages=c,c++,fortran,java,objc,ada --disable-libmudflap
BOOT_CFLAGS=-g -O2