This is the mail archive of the
gcc-testresults@gcc.gnu.org
mailing list for the GCC project.
Results for 4.4.0 20081105 (experimental) (GCC) testsuite on arm-none-linux-gnueabi
- From: CodeSourcery Automatic Testing System <gcc at codesourcery dot com>
- To: gcc-testresults at gcc dot gnu dot org
- Date: Wed, 5 Nov 2008 21:06:57 -0800 (PST)
- Subject: Results for 4.4.0 20081105 (experimental) (GCC) testsuite on arm-none-linux-gnueabi
LAST_UPDATED: Wed Nov 5 08:10:53 UTC 2008 (/trunk revision 141600)
Target is arm-none-linux-gnueabi
Host is i686-pc-linux-gnu
=== g++ tests ===
Running target qemu-default
FAIL: g++.dg/ipa/iinline-1.C scan-ipa-dump inline "String::funcOne[^\\n]*inline copy in int main"
XPASS: g++.dg/other/packed1.C execution test
FAIL: g++.dg/template/cond5.C (internal compiler error)
FAIL: g++.dg/template/cond5.C (test for excess errors)
FAIL: g++.dg/tree-ssa/new1.C scan-tree-dump-not forwprop1 "= .* \\+ -"
FAIL: g++.dg/vect/pr36648.cc scan-tree-dump-times vect "vectorized 1 loops" 1
FAIL: g++.dg/vect/pr36648.cc scan-tree-dump-times vect "vectorizing stmts using SLP" 1
=== g++ Summary ===
# of expected passes 18516
# of unexpected failures 6
# of unexpected successes 1
# of expected failures 135
# of unsupported tests 154
/scratch/gcc/nightly-2008-10-30-mainline/arm-none-linux-gnueabi/obj/test-mainline-0-arm-none-linux-gnueabi/host-i686-pc-linux-gnu/fsf-mainline/bin/arm-none-linux-gnueabi-g++ version 4.4.0 20081105 (experimental) (GCC)
Host is i686-pc-linux-gnu
=== gcc tests ===
Running target qemu-default
FAIL: gcc.c-torture/compile/pr11832.c -O0 (internal compiler error)
FAIL: gcc.c-torture/compile/pr11832.c -O1 (internal compiler error)
FAIL: gcc.c-torture/compile/pr11832.c -O2 (internal compiler error)
FAIL: gcc.c-torture/compile/pr11832.c -O3 -fomit-frame-pointer (internal compiler error)
FAIL: gcc.c-torture/compile/pr11832.c -O3 -fomit-frame-pointer -funroll-loops (internal compiler error)
FAIL: gcc.c-torture/compile/pr11832.c -O3 -fomit-frame-pointer -funroll-all-loops -finline-functions (internal compiler error)
FAIL: gcc.c-torture/compile/pr11832.c -O3 -g (internal compiler error)
FAIL: gcc.c-torture/compile/pr11832.c -Os (internal compiler error)
FAIL: gcc.c-torture/compile/pr33009.c -O0 (internal compiler error)
FAIL: gcc.c-torture/compile/pr33009.c -O1 (internal compiler error)
FAIL: gcc.c-torture/compile/pr33009.c -O2 (internal compiler error)
FAIL: gcc.c-torture/compile/pr33009.c -O3 -fomit-frame-pointer (internal compiler error)
FAIL: gcc.c-torture/compile/pr33009.c -O3 -fomit-frame-pointer -funroll-loops (internal compiler error)
FAIL: gcc.c-torture/compile/pr33009.c -O3 -fomit-frame-pointer -funroll-all-loops -finline-functions (internal compiler error)
FAIL: gcc.c-torture/compile/pr33009.c -O3 -g (internal compiler error)
FAIL: gcc.c-torture/compile/pr33009.c -Os (internal compiler error)
FAIL: gcc.c-torture/compile/pr37433.c -O1 (internal compiler error)
FAIL: gcc.c-torture/compile/pr37433.c -O1 (test for excess errors)
FAIL: gcc.c-torture/compile/pr37433.c -O2 (internal compiler error)
FAIL: gcc.c-torture/compile/pr37433.c -O2 (test for excess errors)
FAIL: gcc.c-torture/compile/pr37433.c -O3 -fomit-frame-pointer (internal compiler error)
FAIL: gcc.c-torture/compile/pr37433.c -O3 -fomit-frame-pointer (test for excess errors)
FAIL: gcc.c-torture/compile/pr37433.c -O3 -g (internal compiler error)
FAIL: gcc.c-torture/compile/pr37433.c -O3 -g (test for excess errors)
FAIL: gcc.c-torture/compile/pr37433.c -Os (internal compiler error)
FAIL: gcc.c-torture/compile/pr37433.c -Os (test for excess errors)
FAIL: gcc.c-torture/execute/991112-1.c execution, -O0
FAIL: gcc.c-torture/execute/991112-1.c execution, -O1
FAIL: gcc.c-torture/execute/991112-1.c execution, -O2
FAIL: gcc.c-torture/execute/991112-1.c execution, -O3 -fomit-frame-pointer
FAIL: gcc.c-torture/execute/991112-1.c execution, -O3 -g
FAIL: gcc.c-torture/execute/991112-1.c execution, -Os
FAIL: gcc.dg/memcpy-1.c scan-tree-dump-times optimized "nasty_local" 0
FAIL: gcc.dg/pr35729.c scan-rtl-dump-times loop2_invariant "Decided to move invariant" 0
FAIL: gcc.dg/uninit-13.c unconditional (test for warnings, line 8)
FAIL: gcc.dg/uninit-13.c (test for excess errors)
FAIL: gcc.dg/visibility-16.c scan-hidden hidden[ \\t_]*foo
FAIL: gcc.dg/pch/valid-1b.c -O0 -g -I. (test for excess errors)
FAIL: gcc.dg/pch/valid-1b.c -O0 -g assembly comparison
FAIL: gcc.dg/pch/valid-1b.c -O0 -I. (test for excess errors)
FAIL: gcc.dg/pch/valid-1b.c -O0 assembly comparison
FAIL: gcc.dg/pch/valid-1b.c -O1 -I. (test for excess errors)
FAIL: gcc.dg/pch/valid-1b.c -O1 assembly comparison
FAIL: gcc.dg/pch/valid-1b.c -O2 -I. (test for excess errors)
FAIL: gcc.dg/pch/valid-1b.c -O2 assembly comparison
FAIL: gcc.dg/pch/valid-1b.c -O3 -fomit-frame-pointer -I. (test for excess errors)
FAIL: gcc.dg/pch/valid-1b.c -O3 -fomit-frame-pointer assembly comparison
FAIL: gcc.dg/pch/valid-1b.c -O3 -g -I. (test for excess errors)
FAIL: gcc.dg/pch/valid-1b.c -O3 -g assembly comparison
FAIL: gcc.dg/pch/valid-1b.c -Os -I. (test for excess errors)
FAIL: gcc.dg/pch/valid-1b.c -Os assembly comparison
FAIL: gcc.dg/tree-prof/bb-reorg.c compilation, -fprofile-use -D_PROFILE_USE
UNRESOLVED: gcc.dg/tree-prof/bb-reorg.c execution, -fprofile-use -D_PROFILE_USE
FAIL: gcc.dg/tree-prof/pr34999.c compilation, -fprofile-use -D_PROFILE_USE
UNRESOLVED: gcc.dg/tree-prof/pr34999.c execution, -fprofile-use -D_PROFILE_USE
FAIL: gcc.dg/vect/vect-67.c scan-tree-dump-times vect "vectorized 1 loops" 1
FAIL: gcc.dg/vect/vect-complex-1.c scan-tree-dump-times vect "vectorized 1 loops" 1
FAIL: gcc.dg/vect/vect-complex-1.c scan-tree-dump-times vect "vectorizing stmts using SLP" 1
XPASS: gcc.dg/vect/vect-iv-6.c scan-tree-dump-times vect "vectorized 1 loops" 1
FAIL: gcc.dg/vect/slp-7.c scan-tree-dump-times vect "vectorized 2 loops" 1
FAIL: gcc.dg/vect/slp-7.c scan-tree-dump-times vect "vectorizing stmts using SLP" 2
FAIL: gcc.dg/weak/weak-1.c scan-assembler weak[^ \\t]*[ \\t]_?j
FAIL: gcc.dg/weak/weak-16.c scan-assembler weak[^ \\t]*[ \\t]_?kallsyms_token_index
FAIL: gcc.target/arm/neon/polytypes.c (test for excess errors)
FAIL: gcc.target/arm/neon/vget_lowf32.c scan-assembler vmov[ \\t]+[dD][0-9]+, [dD][0-9]+!?([ \\t]+@[a-zA-Z0-9 ]+)?\\n
FAIL: gcc.target/arm/neon/vget_lowp16.c scan-assembler vmov[ \\t]+[dD][0-9]+, [dD][0-9]+!?([ \\t]+@[a-zA-Z0-9 ]+)?\\n
FAIL: gcc.target/arm/neon/vget_lowp8.c scan-assembler vmov[ \\t]+[dD][0-9]+, [dD][0-9]+!?([ \\t]+@[a-zA-Z0-9 ]+)?\\n
FAIL: gcc.target/arm/neon/vget_lows16.c scan-assembler vmov[ \\t]+[dD][0-9]+, [dD][0-9]+!?([ \\t]+@[a-zA-Z0-9 ]+)?\\n
FAIL: gcc.target/arm/neon/vget_lows32.c scan-assembler vmov[ \\t]+[dD][0-9]+, [dD][0-9]+!?([ \\t]+@[a-zA-Z0-9 ]+)?\\n
FAIL: gcc.target/arm/neon/vget_lows64.c scan-assembler vmov[ \\t]+[dD][0-9]+, [dD][0-9]+!?([ \\t]+@[a-zA-Z0-9 ]+)?\\n
FAIL: gcc.target/arm/neon/vget_lows8.c scan-assembler vmov[ \\t]+[dD][0-9]+, [dD][0-9]+!?([ \\t]+@[a-zA-Z0-9 ]+)?\\n
FAIL: gcc.target/arm/neon/vget_lowu16.c scan-assembler vmov[ \\t]+[dD][0-9]+, [dD][0-9]+!?([ \\t]+@[a-zA-Z0-9 ]+)?\\n
FAIL: gcc.target/arm/neon/vget_lowu32.c scan-assembler vmov[ \\t]+[dD][0-9]+, [dD][0-9]+!?([ \\t]+@[a-zA-Z0-9 ]+)?\\n
FAIL: gcc.target/arm/neon/vget_lowu64.c scan-assembler vmov[ \\t]+[dD][0-9]+, [dD][0-9]+!?([ \\t]+@[a-zA-Z0-9 ]+)?\\n
FAIL: gcc.target/arm/neon/vget_lowu8.c scan-assembler vmov[ \\t]+[dD][0-9]+, [dD][0-9]+!?([ \\t]+@[a-zA-Z0-9 ]+)?\\n
=== gcc Summary ===
# of expected passes 52804
# of unexpected failures 72
# of unexpected successes 1
# of expected failures 238
# of unresolved testcases 2
# of unsupported tests 575
/scratch/gcc/nightly-2008-10-30-mainline/arm-none-linux-gnueabi/obj/test-mainline-0-arm-none-linux-gnueabi/host-i686-pc-linux-gnu/fsf-mainline/bin/arm-none-linux-gnueabi-gcc version 4.4.0 20081105 (experimental) (GCC)
Host is i686-pc-linux-gnu
=== libstdc++ tests ===
Running target qemu-default
FAIL: 30_threads/call_once/call_once1.cc (test for excess errors)
UNRESOLVED: 30_threads/call_once/call_once1.cc compilation failed to produce executable
FAIL: 30_threads/thread/cons/2.cc (test for excess errors)
UNRESOLVED: 30_threads/thread/cons/2.cc compilation failed to produce executable
FAIL: 30_threads/thread/cons/3.cc (test for excess errors)
UNRESOLVED: 30_threads/thread/cons/3.cc compilation failed to produce executable
FAIL: 30_threads/thread/cons/4.cc (test for excess errors)
UNRESOLVED: 30_threads/thread/cons/4.cc compilation failed to produce executable
=== libstdc++ Summary ===
# of expected passes 5630
# of unexpected failures 4
# of expected failures 75
# of unresolved testcases 4
# of unsupported tests 340
Host is i686-pc-linux-gnu
=== g++ tests ===
Running target qemu-default/-mthumb
FAIL: g++.dg/abi/covariant4.C execution test
FAIL: g++.dg/abi/covariant5.C execution test
FAIL: g++.dg/inherit/covariant1.C execution test
FAIL: g++.dg/inherit/covariant2.C execution test
FAIL: g++.dg/ipa/iinline-1.C scan-ipa-dump inline "String::funcOne[^\\n]*inline copy in int main"
FAIL: g++.dg/opt/pr23299.C (test for excess errors)
FAIL: g++.dg/opt/thunk1.C execution test
XPASS: g++.dg/other/packed1.C execution test
FAIL: g++.dg/other/vthunk1.C execution test
FAIL: g++.dg/template/cond5.C (internal compiler error)
FAIL: g++.dg/template/cond5.C (test for excess errors)
FAIL: g++.dg/tree-ssa/new1.C scan-tree-dump-not forwprop1 "= .* \\+ -"
FAIL: g++.old-deja/g++.abi/vtable3a.C execution test
FAIL: g++.old-deja/g++.abi/vtable3b.C execution test
FAIL: g++.old-deja/g++.abi/vtable3c.C execution test
FAIL: g++.old-deja/g++.abi/vtable3d.C execution test
FAIL: g++.old-deja/g++.abi/vtable3e.C execution test
FAIL: g++.old-deja/g++.jason/overload13.C (test for excess errors)
FAIL: g++.old-deja/g++.jason/thunk1.C execution test
FAIL: g++.old-deja/g++.jason/thunk2.C execution test
FAIL: g++.old-deja/g++.jason/thunk3.C execution test
FAIL: g++.old-deja/g++.mike/mi2.C (test for excess errors)
FAIL: g++.old-deja/g++.mike/misc13.C execution test
FAIL: g++.old-deja/g++.mike/net39.C execution test
FAIL: g++.old-deja/g++.mike/p1567.C (test for excess errors)
FAIL: g++.old-deja/g++.mike/p2846b.C (test for excess errors)
FAIL: g++.old-deja/g++.mike/p2960.C execution test
FAIL: g++.old-deja/g++.mike/p3068.C execution test
FAIL: g++.old-deja/g++.mike/p3708b.C execution test
FAIL: g++.old-deja/g++.mike/p4246.C execution test
FAIL: g++.old-deja/g++.mike/p4511.C (test for excess errors)
FAIL: g++.old-deja/g++.mike/pmf2.C execution test
FAIL: g++.old-deja/g++.mike/virt4.C (test for excess errors)
FAIL: g++.old-deja/g++.other/dyncast1.C (test for excess errors)
FAIL: g++.old-deja/g++.other/dyncast2.C (test for excess errors)
FAIL: g++.old-deja/g++.other/dyncast3.C (test for excess errors)
FAIL: g++.old-deja/g++.other/dyncast5.C (test for excess errors)
FAIL: g++.old-deja/g++.other/pmf4.C execution test
FAIL: g++.old-deja/g++.other/vtbl2.C (test for excess errors)
FAIL: g++.old-deja/g++.pt/mi1.C (test for excess errors)
FAIL: g++.old-deja/g++.pt/repo3.C (test for excess errors)
=== g++ Summary ===
# of expected passes 18351
# of unexpected failures 40
# of unexpected successes 1
# of expected failures 135
# of unsupported tests 174
/scratch/gcc/nightly-2008-10-30-mainline/arm-none-linux-gnueabi/obj/test-mainline-0-arm-none-linux-gnueabi/host-i686-pc-linux-gnu/fsf-mainline/bin/arm-none-linux-gnueabi-g++ version 4.4.0 20081105 (experimental) (GCC)
Host is i686-pc-linux-gnu
=== gcc tests ===
Running target qemu-default/-mthumb
FAIL: gcc.c-torture/compile/920413-1.c -O1 (internal compiler error)
FAIL: gcc.c-torture/compile/920413-1.c -O1 (test for excess errors)
FAIL: gcc.c-torture/compile/920413-1.c -O2 (internal compiler error)
FAIL: gcc.c-torture/compile/920413-1.c -O2 (test for excess errors)
FAIL: gcc.c-torture/compile/920413-1.c -O3 -fomit-frame-pointer (internal compiler error)
FAIL: gcc.c-torture/compile/920413-1.c -O3 -fomit-frame-pointer (test for excess errors)
FAIL: gcc.c-torture/compile/920413-1.c -O3 -g (internal compiler error)
FAIL: gcc.c-torture/compile/920413-1.c -O3 -g (test for excess errors)
FAIL: gcc.c-torture/compile/920413-1.c -Os (internal compiler error)
FAIL: gcc.c-torture/compile/920413-1.c -Os (test for excess errors)
FAIL: gcc.c-torture/compile/pr11832.c -O0 (internal compiler error)
FAIL: gcc.c-torture/compile/pr11832.c -O1 (internal compiler error)
FAIL: gcc.c-torture/compile/pr11832.c -O2 (internal compiler error)
FAIL: gcc.c-torture/compile/pr11832.c -O3 -fomit-frame-pointer (internal compiler error)
FAIL: gcc.c-torture/compile/pr11832.c -O3 -fomit-frame-pointer -funroll-loops (internal compiler error)
FAIL: gcc.c-torture/compile/pr11832.c -O3 -fomit-frame-pointer -funroll-all-loops -finline-functions (internal compiler error)
FAIL: gcc.c-torture/compile/pr11832.c -O3 -g (internal compiler error)
FAIL: gcc.c-torture/compile/pr11832.c -Os (internal compiler error)
FAIL: gcc.c-torture/compile/pr33009.c -O0 (internal compiler error)
FAIL: gcc.c-torture/compile/pr33009.c -O1 (internal compiler error)
FAIL: gcc.c-torture/compile/pr33009.c -O2 (internal compiler error)
FAIL: gcc.c-torture/compile/pr33009.c -O3 -fomit-frame-pointer (internal compiler error)
FAIL: gcc.c-torture/compile/pr33009.c -O3 -fomit-frame-pointer -funroll-loops (internal compiler error)
FAIL: gcc.c-torture/compile/pr33009.c -O3 -fomit-frame-pointer -funroll-all-loops -finline-functions (internal compiler error)
FAIL: gcc.c-torture/compile/pr33009.c -O3 -g (internal compiler error)
FAIL: gcc.c-torture/compile/pr33009.c -Os (internal compiler error)
FAIL: gcc.c-torture/compile/pr37433.c -O1 (internal compiler error)
FAIL: gcc.c-torture/compile/pr37433.c -O1 (test for excess errors)
FAIL: gcc.c-torture/compile/pr37433.c -O2 (internal compiler error)
FAIL: gcc.c-torture/compile/pr37433.c -O2 (test for excess errors)
FAIL: gcc.c-torture/compile/pr37433.c -O3 -fomit-frame-pointer (internal compiler error)
FAIL: gcc.c-torture/compile/pr37433.c -O3 -fomit-frame-pointer (test for excess errors)
FAIL: gcc.c-torture/compile/pr37433.c -O3 -g (internal compiler error)
FAIL: gcc.c-torture/compile/pr37433.c -O3 -g (test for excess errors)
FAIL: gcc.c-torture/compile/pr37433.c -Os (internal compiler error)
FAIL: gcc.c-torture/compile/pr37433.c -Os (test for excess errors)
FAIL: gcc.c-torture/execute/991112-1.c execution, -O0
FAIL: gcc.c-torture/execute/991112-1.c execution, -O1
FAIL: gcc.c-torture/execute/991112-1.c execution, -O2
FAIL: gcc.c-torture/execute/991112-1.c execution, -O3 -fomit-frame-pointer
FAIL: gcc.c-torture/execute/991112-1.c execution, -O3 -g
FAIL: gcc.c-torture/execute/991112-1.c execution, -Os
FAIL: gcc.dg/memcpy-1.c scan-tree-dump-times optimized "nasty_local" 0
FAIL: gcc.dg/nested-func-4.c (test for excess errors)
UNRESOLVED: gcc.dg/nested-func-4.c compilation failed to produce executable
FAIL: gcc.dg/pr35729.c scan-rtl-dump-times loop2_invariant "Decided to move invariant" 0
FAIL: gcc.dg/sibcall-3.c execution test
FAIL: gcc.dg/sibcall-4.c execution test
FAIL: gcc.dg/uninit-13.c unconditional (test for warnings, line 8)
FAIL: gcc.dg/uninit-13.c (test for excess errors)
FAIL: gcc.dg/visibility-16.c scan-hidden hidden[ \\t_]*foo
FAIL: gcc.dg/pch/valid-1b.c -O0 -g -I. (test for excess errors)
FAIL: gcc.dg/pch/valid-1b.c -O0 -g assembly comparison
FAIL: gcc.dg/pch/valid-1b.c -O0 -I. (test for excess errors)
FAIL: gcc.dg/pch/valid-1b.c -O0 assembly comparison
FAIL: gcc.dg/pch/valid-1b.c -O1 -I. (test for excess errors)
FAIL: gcc.dg/pch/valid-1b.c -O1 assembly comparison
FAIL: gcc.dg/pch/valid-1b.c -O2 -I. (test for excess errors)
FAIL: gcc.dg/pch/valid-1b.c -O2 assembly comparison
FAIL: gcc.dg/pch/valid-1b.c -O3 -fomit-frame-pointer -I. (test for excess errors)
FAIL: gcc.dg/pch/valid-1b.c -O3 -fomit-frame-pointer assembly comparison
FAIL: gcc.dg/pch/valid-1b.c -O3 -g -I. (test for excess errors)
FAIL: gcc.dg/pch/valid-1b.c -O3 -g assembly comparison
FAIL: gcc.dg/pch/valid-1b.c -Os -I. (test for excess errors)
FAIL: gcc.dg/pch/valid-1b.c -Os assembly comparison
FAIL: gcc.dg/tree-prof/bb-reorg.c compilation, -fprofile-use -D_PROFILE_USE
UNRESOLVED: gcc.dg/tree-prof/bb-reorg.c execution, -fprofile-use -D_PROFILE_USE
FAIL: gcc.dg/tree-prof/pr34999.c compilation, -fprofile-use -D_PROFILE_USE
UNRESOLVED: gcc.dg/tree-prof/pr34999.c execution, -fprofile-use -D_PROFILE_USE
FAIL: gcc.dg/weak/weak-1.c scan-assembler weak[^ \\t]*[ \\t]_?j
FAIL: gcc.dg/weak/weak-16.c scan-assembler weak[^ \\t]*[ \\t]_?kallsyms_token_index
=== gcc Summary ===
# of expected passes 48073
# of unexpected failures 68
# of expected failures 110
# of unresolved testcases 3
# of unsupported tests 2450
/scratch/gcc/nightly-2008-10-30-mainline/arm-none-linux-gnueabi/obj/test-mainline-0-arm-none-linux-gnueabi/host-i686-pc-linux-gnu/fsf-mainline/bin/arm-none-linux-gnueabi-gcc version 4.4.0 20081105 (experimental) (GCC)
Host is i686-pc-linux-gnu
=== libstdc++ tests ===
Running target qemu-default/-mthumb
FAIL: 23_containers/deque/init-list.cc execution test
FAIL: 27_io/basic_ios/imbue/14072.cc (test for excess errors)
FAIL: 30_threads/call_once/call_once1.cc (test for excess errors)
UNRESOLVED: 30_threads/call_once/call_once1.cc compilation failed to produce executable
FAIL: 30_threads/thread/cons/2.cc (test for excess errors)
UNRESOLVED: 30_threads/thread/cons/2.cc compilation failed to produce executable
FAIL: 30_threads/thread/cons/3.cc (test for excess errors)
UNRESOLVED: 30_threads/thread/cons/3.cc compilation failed to produce executable
FAIL: 30_threads/thread/cons/4.cc (test for excess errors)
UNRESOLVED: 30_threads/thread/cons/4.cc compilation failed to produce executable
=== libstdc++ Summary ===
# of expected passes 5628
# of unexpected failures 6
# of expected failures 75
# of unresolved testcases 4
# of unsupported tests 340
Compiler version: 4.4.0 20081105 (experimental) (GCC)
Platform: arm-none-linux-gnueabi
configure flags: --build=i686-pc-linux-gnu --host=i686-pc-linux-gnu --target=arm-none-linux-gnueabi --enable-threads --disable-libmudflap --disable-libssp --disable-libstdcxx-pch --with-gnu-as --with-gnu-ld --enable-languages=c,c++ --enable-shared --enable-symvers=gnu --enable-__cxa_atexit --disable-nls --prefix=/opt/codesourcery --with-sysroot=/opt/codesourcery/arm-none-linux-gnueabi/libc --with-build-sysroot=/scratch/gcc/nightly-2008-10-30-mainline/arm-none-linux-gnueabi/install/arm-none-linux-gnueabi/libc --with-gmp=/scratch/gcc/nightly-2008-10-30-mainline/arm-none-linux-gnueabi/obj/host-libs-mainline-0-arm-none-linux-gnueabi-i686-pc-linux-gnu/usr --with-mpfr=/scratch/gcc/nightly-2008-10-30-mainline/arm-none-linux-gnueabi/obj/host-libs-mainline-0-arm-none-linux-gnueabi-i686-pc-linux-gnu/usr --disable-libgomp --enable-poison-system-directories --with-build-time-tools=/scratch/gcc/nightly-2008-10-30-mainline/arm-none-linux-gnueabi/install/arm-none-linux-gnueabi/bin --with-bu
ild-time-tools=/scratch/gcc/nightly-2008-10-30-mainline/arm-none-linux-gnueabi/install/arm-none-linux-gnueabi/bin