This is the mail archive of the
gcc-testresults@gcc.gnu.org
mailing list for the GCC project.
Results for 4.4.0 20081101 (experimental) [trunk revision 141527] (GCC) gcc testsuite on powerpc-unknown-eabisim
- From: Mike Stein <mstein dot lists at googlemail dot com>
- To: gcc-testresults at gcc dot gnu dot org
- Date: Sun, 2 Nov 2008 23:55:10 +0100
- Subject: Results for 4.4.0 20081101 (experimental) [trunk revision 141527] (GCC) gcc testsuite on powerpc-unknown-eabisim
- Reply-to: gcc at gcc dot gnu dot org
Debian 4 on x86_64
cross tool versions:
GNU assembler (GNU Binutils) 2.18.50.20080809
GNU gdb (GDB) 6.8.50.20080809-cvs
GNU ld (GNU Binutils) 2.18.50.20080809
GNU Make 3.81
expect version 5.43.0
host gcc version: gcc (GCC) 4.4.0 20080823 (experimental) [trunk revision 139524]
LAST_UPDATED: Sat Nov 1 23:03:20 UTC 2008 (revision 141527)
Target is powerpc-unknown-eabisim
Host is x86_64-unknown-linux-gnu
=== gcc tests ===
Running target powerpc-sim
FAIL: gcc.c-torture/execute/builtins/20010124-1.c compilation, -Os
UNRESOLVED: gcc.c-torture/execute/builtins/20010124-1.c execution, -Os
FAIL: gcc.c-torture/execute/builtins/abs-1.c compilation, -Os
UNRESOLVED: gcc.c-torture/execute/builtins/abs-1.c execution, -Os
FAIL: gcc.c-torture/execute/builtins/abs-2.c compilation, -Os
UNRESOLVED: gcc.c-torture/execute/builtins/abs-2.c execution, -Os
FAIL: gcc.c-torture/execute/builtins/abs-3.c compilation, -Os
UNRESOLVED: gcc.c-torture/execute/builtins/abs-3.c execution, -Os
FAIL: gcc.c-torture/execute/builtins/complex-1.c compilation, -Os
UNRESOLVED: gcc.c-torture/execute/builtins/complex-1.c execution, -Os
FAIL: gcc.c-torture/execute/builtins/fprintf.c compilation, -Os
UNRESOLVED: gcc.c-torture/execute/builtins/fprintf.c execution, -Os
FAIL: gcc.c-torture/execute/builtins/fputs.c compilation, -Os
UNRESOLVED: gcc.c-torture/execute/builtins/fputs.c execution, -Os
FAIL: gcc.c-torture/execute/builtins/memchr.c compilation, -Os
UNRESOLVED: gcc.c-torture/execute/builtins/memchr.c execution, -Os
FAIL: gcc.c-torture/execute/builtins/memcmp.c compilation, -Os
UNRESOLVED: gcc.c-torture/execute/builtins/memcmp.c execution, -Os
FAIL: gcc.c-torture/execute/builtins/memcpy-chk.c compilation, -Os
UNRESOLVED: gcc.c-torture/execute/builtins/memcpy-chk.c execution, -Os
FAIL: gcc.c-torture/execute/builtins/memmove-2.c compilation, -Os
UNRESOLVED: gcc.c-torture/execute/builtins/memmove-2.c execution, -Os
FAIL: gcc.c-torture/execute/builtins/memmove-chk.c compilation, -Os
UNRESOLVED: gcc.c-torture/execute/builtins/memmove-chk.c execution, -Os
FAIL: gcc.c-torture/execute/builtins/memmove.c compilation, -Os
UNRESOLVED: gcc.c-torture/execute/builtins/memmove.c execution, -Os
FAIL: gcc.c-torture/execute/builtins/memops-asm.c compilation, -Os
UNRESOLVED: gcc.c-torture/execute/builtins/memops-asm.c execution, -Os
FAIL: gcc.c-torture/execute/builtins/mempcpy-2.c compilation, -Os
UNRESOLVED: gcc.c-torture/execute/builtins/mempcpy-2.c execution, -Os
FAIL: gcc.c-torture/execute/builtins/mempcpy-chk.c compilation, -Os
UNRESOLVED: gcc.c-torture/execute/builtins/mempcpy-chk.c execution, -Os
FAIL: gcc.c-torture/execute/builtins/mempcpy.c compilation, -Os
UNRESOLVED: gcc.c-torture/execute/builtins/mempcpy.c execution, -Os
FAIL: gcc.c-torture/execute/builtins/memset-chk.c compilation, -Os
UNRESOLVED: gcc.c-torture/execute/builtins/memset-chk.c execution, -Os
FAIL: gcc.c-torture/execute/builtins/memset.c compilation, -Os
UNRESOLVED: gcc.c-torture/execute/builtins/memset.c execution, -Os
FAIL: gcc.c-torture/execute/builtins/pr22237.c compilation, -Os
UNRESOLVED: gcc.c-torture/execute/builtins/pr22237.c execution, -Os
FAIL: gcc.c-torture/execute/builtins/pr23484-chk.c compilation, -Os
UNRESOLVED: gcc.c-torture/execute/builtins/pr23484-chk.c execution, -Os
FAIL: gcc.c-torture/execute/builtins/printf.c execution, -O1
FAIL: gcc.c-torture/execute/builtins/printf.c compilation, -Os
UNRESOLVED: gcc.c-torture/execute/builtins/printf.c execution, -Os
FAIL: gcc.c-torture/execute/builtins/snprintf-chk.c compilation, -Os
UNRESOLVED: gcc.c-torture/execute/builtins/snprintf-chk.c execution, -Os
FAIL: gcc.c-torture/execute/builtins/sprintf-chk.c compilation, -Os
UNRESOLVED: gcc.c-torture/execute/builtins/sprintf-chk.c execution, -Os
FAIL: gcc.c-torture/execute/builtins/sprintf.c compilation, -Os
UNRESOLVED: gcc.c-torture/execute/builtins/sprintf.c execution, -Os
FAIL: gcc.c-torture/execute/builtins/stpcpy-chk.c compilation, -Os
UNRESOLVED: gcc.c-torture/execute/builtins/stpcpy-chk.c execution, -Os
FAIL: gcc.c-torture/execute/builtins/strcat-chk.c compilation, -Os
UNRESOLVED: gcc.c-torture/execute/builtins/strcat-chk.c execution, -Os
FAIL: gcc.c-torture/execute/builtins/strcat.c compilation, -Os
UNRESOLVED: gcc.c-torture/execute/builtins/strcat.c execution, -Os
FAIL: gcc.c-torture/execute/builtins/strchr.c compilation, -Os
UNRESOLVED: gcc.c-torture/execute/builtins/strchr.c execution, -Os
FAIL: gcc.c-torture/execute/builtins/strcmp.c compilation, -Os
UNRESOLVED: gcc.c-torture/execute/builtins/strcmp.c execution, -Os
FAIL: gcc.c-torture/execute/builtins/strcpy-2.c compilation, -Os
UNRESOLVED: gcc.c-torture/execute/builtins/strcpy-2.c execution, -Os
FAIL: gcc.c-torture/execute/builtins/strcpy-chk.c compilation, -Os
UNRESOLVED: gcc.c-torture/execute/builtins/strcpy-chk.c execution, -Os
FAIL: gcc.c-torture/execute/builtins/strcpy.c compilation, -Os
UNRESOLVED: gcc.c-torture/execute/builtins/strcpy.c execution, -Os
FAIL: gcc.c-torture/execute/builtins/strcspn.c compilation, -Os
UNRESOLVED: gcc.c-torture/execute/builtins/strcspn.c execution, -Os
FAIL: gcc.c-torture/execute/builtins/strlen-2.c compilation, -Os
UNRESOLVED: gcc.c-torture/execute/builtins/strlen-2.c execution, -Os
FAIL: gcc.c-torture/execute/builtins/strlen-3.c compilation, -Os
UNRESOLVED: gcc.c-torture/execute/builtins/strlen-3.c execution, -Os
FAIL: gcc.c-torture/execute/builtins/strlen.c compilation, -Os
UNRESOLVED: gcc.c-torture/execute/builtins/strlen.c execution, -Os
FAIL: gcc.c-torture/execute/builtins/strncat-chk.c compilation, -Os
UNRESOLVED: gcc.c-torture/execute/builtins/strncat-chk.c execution, -Os
FAIL: gcc.c-torture/execute/builtins/strncat.c compilation, -Os
UNRESOLVED: gcc.c-torture/execute/builtins/strncat.c execution, -Os
FAIL: gcc.c-torture/execute/builtins/strncmp-2.c compilation, -Os
UNRESOLVED: gcc.c-torture/execute/builtins/strncmp-2.c execution, -Os
FAIL: gcc.c-torture/execute/builtins/strncmp.c compilation, -Os
UNRESOLVED: gcc.c-torture/execute/builtins/strncmp.c execution, -Os
FAIL: gcc.c-torture/execute/builtins/strncpy-chk.c compilation, -Os
UNRESOLVED: gcc.c-torture/execute/builtins/strncpy-chk.c execution, -Os
FAIL: gcc.c-torture/execute/builtins/strncpy.c compilation, -Os
UNRESOLVED: gcc.c-torture/execute/builtins/strncpy.c execution, -Os
FAIL: gcc.c-torture/execute/builtins/strpbrk.c compilation, -Os
UNRESOLVED: gcc.c-torture/execute/builtins/strpbrk.c execution, -Os
FAIL: gcc.c-torture/execute/builtins/strpcpy-2.c compilation, -Os
UNRESOLVED: gcc.c-torture/execute/builtins/strpcpy-2.c execution, -Os
FAIL: gcc.c-torture/execute/builtins/strpcpy.c compilation, -Os
UNRESOLVED: gcc.c-torture/execute/builtins/strpcpy.c execution, -Os
FAIL: gcc.c-torture/execute/builtins/strrchr.c compilation, -Os
UNRESOLVED: gcc.c-torture/execute/builtins/strrchr.c execution, -Os
FAIL: gcc.c-torture/execute/builtins/strspn.c compilation, -Os
UNRESOLVED: gcc.c-torture/execute/builtins/strspn.c execution, -Os
FAIL: gcc.c-torture/execute/builtins/strstr-asm.c compilation, -Os
UNRESOLVED: gcc.c-torture/execute/builtins/strstr-asm.c execution, -Os
FAIL: gcc.c-torture/execute/builtins/strstr.c compilation, -Os
UNRESOLVED: gcc.c-torture/execute/builtins/strstr.c execution, -Os
FAIL: gcc.c-torture/execute/builtins/vsnprintf-chk.c compilation, -Os
UNRESOLVED: gcc.c-torture/execute/builtins/vsnprintf-chk.c execution, -Os
FAIL: gcc.c-torture/execute/builtins/vsprintf-chk.c compilation, -Os
UNRESOLVED: gcc.c-torture/execute/builtins/vsprintf-chk.c execution, -Os
FAIL: gcc.c-torture/execute/20000112-1.c compilation, -Os
UNRESOLVED: gcc.c-torture/execute/20000112-1.c execution, -Os
FAIL: gcc.c-torture/execute/20000412-3.c compilation, -Os
UNRESOLVED: gcc.c-torture/execute/20000412-3.c execution, -Os
FAIL: gcc.c-torture/execute/20000412-4.c compilation, -Os
UNRESOLVED: gcc.c-torture/execute/20000412-4.c execution, -Os
FAIL: gcc.c-torture/execute/20000703-1.c compilation, -Os
UNRESOLVED: gcc.c-torture/execute/20000703-1.c execution, -Os
FAIL: gcc.c-torture/execute/20000808-1.c compilation, -Os
UNRESOLVED: gcc.c-torture/execute/20000808-1.c execution, -Os
FAIL: gcc.c-torture/execute/20000815-1.c compilation, -Os
UNRESOLVED: gcc.c-torture/execute/20000815-1.c execution, -Os
FAIL: gcc.c-torture/execute/20000822-1.c compilation, -Os
UNRESOLVED: gcc.c-torture/execute/20000822-1.c execution, -Os
FAIL: gcc.c-torture/execute/20000910-1.c compilation, -Os
UNRESOLVED: gcc.c-torture/execute/20000910-1.c execution, -Os
FAIL: gcc.c-torture/execute/20000910-2.c compilation, -Os
UNRESOLVED: gcc.c-torture/execute/20000910-2.c execution, -Os
FAIL: gcc.c-torture/execute/20001130-1.c compilation, -Os
UNRESOLVED: gcc.c-torture/execute/20001130-1.c execution, -Os
FAIL: gcc.c-torture/execute/20001203-2.c compilation, -Os
UNRESOLVED: gcc.c-torture/execute/20001203-2.c execution, -Os
FAIL: gcc.c-torture/execute/20010116-1.c compilation, -Os
UNRESOLVED: gcc.c-torture/execute/20010116-1.c execution, -Os
FAIL: gcc.c-torture/execute/20010122-1.c compilation, -Os
UNRESOLVED: gcc.c-torture/execute/20010122-1.c execution, -Os
FAIL: gcc.c-torture/execute/20010129-1.c compilation, -Os
UNRESOLVED: gcc.c-torture/execute/20010129-1.c execution, -Os
FAIL: gcc.c-torture/execute/20010209-1.c compilation, -Os
UNRESOLVED: gcc.c-torture/execute/20010209-1.c execution, -Os
FAIL: gcc.c-torture/execute/20010409-1.c compilation, -Os
UNRESOLVED: gcc.c-torture/execute/20010409-1.c execution, -Os
FAIL: gcc.c-torture/execute/20010605-2.c compilation, -Os
UNRESOLVED: gcc.c-torture/execute/20010605-2.c execution, -Os
FAIL: gcc.c-torture/execute/20010915-1.c compilation, -Os
UNRESOLVED: gcc.c-torture/execute/20010915-1.c execution, -Os
FAIL: gcc.c-torture/execute/20011024-1.c compilation, -Os
UNRESOLVED: gcc.c-torture/execute/20011024-1.c execution, -Os
FAIL: gcc.c-torture/execute/20011109-1.c compilation, -Os
UNRESOLVED: gcc.c-torture/execute/20011109-1.c execution, -Os
FAIL: gcc.c-torture/execute/20011113-1.c compilation, -Os
UNRESOLVED: gcc.c-torture/execute/20011113-1.c execution, -Os
FAIL: gcc.c-torture/execute/20020201-1.c compilation, -Os
UNRESOLVED: gcc.c-torture/execute/20020201-1.c execution, -Os
FAIL: gcc.c-torture/execute/20020226-1.c compilation, -Os
UNRESOLVED: gcc.c-torture/execute/20020226-1.c execution, -Os
FAIL: gcc.c-torture/execute/20020314-1.c compilation, -Os
UNRESOLVED: gcc.c-torture/execute/20020314-1.c execution, -Os
FAIL: gcc.c-torture/execute/20020320-1.c compilation, -Os
UNRESOLVED: gcc.c-torture/execute/20020320-1.c execution, -Os
FAIL: gcc.c-torture/execute/20020402-3.c compilation, -Os
UNRESOLVED: gcc.c-torture/execute/20020402-3.c execution, -Os
FAIL: gcc.c-torture/execute/20020406-1.c compilation, -Os
UNRESOLVED: gcc.c-torture/execute/20020406-1.c execution, -Os
FAIL: gcc.c-torture/execute/20020412-1.c compilation, -Os
UNRESOLVED: gcc.c-torture/execute/20020412-1.c execution, -Os
FAIL: gcc.c-torture/execute/20020413-1.c compilation, -Os
UNRESOLVED: gcc.c-torture/execute/20020413-1.c execution, -Os
FAIL: gcc.c-torture/execute/20020506-1.c compilation, -Os
UNRESOLVED: gcc.c-torture/execute/20020506-1.c execution, -Os
FAIL: gcc.c-torture/execute/20020508-1.c compilation, -Os
UNRESOLVED: gcc.c-torture/execute/20020508-1.c execution, -Os
FAIL: gcc.c-torture/execute/20020508-2.c compilation, -Os
UNRESOLVED: gcc.c-torture/execute/20020508-2.c execution, -Os
FAIL: gcc.c-torture/execute/20020508-3.c compilation, -Os
UNRESOLVED: gcc.c-torture/execute/20020508-3.c execution, -Os
FAIL: gcc.c-torture/execute/20020529-1.c compilation, -Os
UNRESOLVED: gcc.c-torture/execute/20020529-1.c execution, -Os
FAIL: gcc.c-torture/execute/20020615-1.c compilation, -Os
UNRESOLVED: gcc.c-torture/execute/20020615-1.c execution, -Os
FAIL: gcc.c-torture/execute/20021011-1.c compilation, -Os
UNRESOLVED: gcc.c-torture/execute/20021011-1.c execution, -Os
FAIL: gcc.c-torture/execute/20021015-1.c compilation, -Os
UNRESOLVED: gcc.c-torture/execute/20021015-1.c execution, -Os
FAIL: gcc.c-torture/execute/20021113-1.c compilation, -Os
UNRESOLVED: gcc.c-torture/execute/20021113-1.c execution, -Os
FAIL: gcc.c-torture/execute/20021118-2.c compilation, -Os
UNRESOLVED: gcc.c-torture/execute/20021118-2.c execution, -Os
FAIL: gcc.c-torture/execute/20021120-1.c compilation, -Os
UNRESOLVED: gcc.c-torture/execute/20021120-1.c execution, -Os
FAIL: gcc.c-torture/execute/20021120-3.c compilation, -Os
UNRESOLVED: gcc.c-torture/execute/20021120-3.c execution, -Os
FAIL: gcc.c-torture/execute/20030323-1.c compilation, -Os
UNRESOLVED: gcc.c-torture/execute/20030323-1.c execution, -Os
FAIL: gcc.c-torture/execute/20030606-1.c compilation, -Os
UNRESOLVED: gcc.c-torture/execute/20030606-1.c execution, -Os
FAIL: gcc.c-torture/execute/20030714-1.c compilation, -Os
UNRESOLVED: gcc.c-torture/execute/20030714-1.c execution, -Os
FAIL: gcc.c-torture/execute/20030715-1.c compilation, -Os
UNRESOLVED: gcc.c-torture/execute/20030715-1.c execution, -Os
FAIL: gcc.c-torture/execute/20030914-1.c compilation, -Os
UNRESOLVED: gcc.c-torture/execute/20030914-1.c execution, -Os
FAIL: gcc.c-torture/execute/20031012-1.c compilation, -Os
UNRESOLVED: gcc.c-torture/execute/20031012-1.c execution, -Os
FAIL: gcc.c-torture/execute/20031201-1.c compilation, -Os
UNRESOLVED: gcc.c-torture/execute/20031201-1.c execution, -Os
FAIL: gcc.c-torture/execute/20040218-1.c compilation, -Os
UNRESOLVED: gcc.c-torture/execute/20040218-1.c execution, -Os
FAIL: gcc.c-torture/execute/20040223-1.c compilation, -Os
UNRESOLVED: gcc.c-torture/execute/20040223-1.c execution, -Os
FAIL: gcc.c-torture/execute/20040308-1.c compilation, -Os
UNRESOLVED: gcc.c-torture/execute/20040308-1.c execution, -Os
FAIL: gcc.c-torture/execute/20040409-1.c compilation, -Os
UNRESOLVED: gcc.c-torture/execute/20040409-1.c execution, -Os
FAIL: gcc.c-torture/execute/20040409-2.c compilation, -Os
UNRESOLVED: gcc.c-torture/execute/20040409-2.c execution, -Os
FAIL: gcc.c-torture/execute/20040409-3.c compilation, -Os
UNRESOLVED: gcc.c-torture/execute/20040409-3.c execution, -Os
FAIL: gcc.c-torture/execute/20040411-1.c compilation, -Os
UNRESOLVED: gcc.c-torture/execute/20040411-1.c execution, -Os
FAIL: gcc.c-torture/execute/20040423-1.c compilation, -Os
UNRESOLVED: gcc.c-torture/execute/20040423-1.c execution, -Os
FAIL: gcc.c-torture/execute/20040625-1.c compilation, -Os
UNRESOLVED: gcc.c-torture/execute/20040625-1.c execution, -Os
FAIL: gcc.c-torture/execute/20040709-1.c compilation, -Os
UNRESOLVED: gcc.c-torture/execute/20040709-1.c execution, -Os
FAIL: gcc.c-torture/execute/20040709-2.c compilation, -Os
UNRESOLVED: gcc.c-torture/execute/20040709-2.c execution, -Os
FAIL: gcc.c-torture/execute/20040811-1.c compilation, -Os
UNRESOLVED: gcc.c-torture/execute/20040811-1.c execution, -Os
FAIL: gcc.c-torture/execute/20040917-1.c compilation, -Os
UNRESOLVED: gcc.c-torture/execute/20040917-1.c execution, -Os
FAIL: gcc.c-torture/execute/20041011-1.c compilation, -Os
UNRESOLVED: gcc.c-torture/execute/20041011-1.c execution, -Os
FAIL: gcc.c-torture/execute/20041214-1.c compilation, -Os
UNRESOLVED: gcc.c-torture/execute/20041214-1.c execution, -Os
FAIL: gcc.c-torture/execute/20041218-1.c compilation, -Os
UNRESOLVED: gcc.c-torture/execute/20041218-1.c execution, -Os
FAIL: gcc.c-torture/execute/20050218-1.c compilation, -Os
UNRESOLVED: gcc.c-torture/execute/20050218-1.c execution, -Os
FAIL: gcc.c-torture/execute/20050502-1.c compilation, -Os
UNRESOLVED: gcc.c-torture/execute/20050502-1.c execution, -Os
FAIL: gcc.c-torture/execute/20050502-2.c compilation, -Os
UNRESOLVED: gcc.c-torture/execute/20050502-2.c execution, -Os
FAIL: gcc.c-torture/execute/20050613-1.c compilation, -Os
UNRESOLVED: gcc.c-torture/execute/20050613-1.c execution, -Os
FAIL: gcc.c-torture/execute/20050713-1.c compilation, -Os
UNRESOLVED: gcc.c-torture/execute/20050713-1.c execution, -Os
FAIL: gcc.c-torture/execute/20050826-1.c compilation, -Os
UNRESOLVED: gcc.c-torture/execute/20050826-1.c execution, -Os
FAIL: gcc.c-torture/execute/20050826-2.c compilation, -Os
UNRESOLVED: gcc.c-torture/execute/20050826-2.c execution, -Os
FAIL: gcc.c-torture/execute/20051113-1.c compilation, -Os
UNRESOLVED: gcc.c-torture/execute/20051113-1.c execution, -Os
FAIL: gcc.c-torture/execute/20060420-1.c compilation, -Os
UNRESOLVED: gcc.c-torture/execute/20060420-1.c execution, -Os
FAIL: gcc.c-torture/execute/20060930-1.c compilation, -Os
UNRESOLVED: gcc.c-torture/execute/20060930-1.c execution, -Os
FAIL: gcc.c-torture/execute/20060930-2.c compilation, -Os
UNRESOLVED: gcc.c-torture/execute/20060930-2.c execution, -Os
FAIL: gcc.c-torture/execute/20061031-1.c compilation, -Os
UNRESOLVED: gcc.c-torture/execute/20061031-1.c execution, -Os
FAIL: gcc.c-torture/execute/20061101-1.c compilation, -Os
UNRESOLVED: gcc.c-torture/execute/20061101-1.c execution, -Os
FAIL: gcc.c-torture/execute/20061101-2.c compilation, -Os
UNRESOLVED: gcc.c-torture/execute/20061101-2.c execution, -Os
FAIL: gcc.c-torture/execute/20070201-1.c compilation, -Os
UNRESOLVED: gcc.c-torture/execute/20070201-1.c execution, -Os
FAIL: gcc.c-torture/execute/20070424-1.c compilation, -Os
UNRESOLVED: gcc.c-torture/execute/20070424-1.c execution, -Os
FAIL: gcc.c-torture/execute/20070517-1.c compilation, -Os
UNRESOLVED: gcc.c-torture/execute/20070517-1.c execution, -Os
FAIL: gcc.c-torture/execute/20070614-1.c compilation, -Os
UNRESOLVED: gcc.c-torture/execute/20070614-1.c execution, -Os
FAIL: gcc.c-torture/execute/20070824-1.c compilation, -Os
UNRESOLVED: gcc.c-torture/execute/20070824-1.c execution, -Os
FAIL: gcc.c-torture/execute/20070919-1.c compilation, -Os
UNRESOLVED: gcc.c-torture/execute/20070919-1.c execution, -Os
FAIL: gcc.c-torture/execute/20071018-1.c compilation, -Os
UNRESOLVED: gcc.c-torture/execute/20071018-1.c execution, -Os
FAIL: gcc.c-torture/execute/20071029-1.c compilation, -Os
UNRESOLVED: gcc.c-torture/execute/20071029-1.c execution, -Os
FAIL: gcc.c-torture/execute/20071030-1.c compilation, -Os
UNRESOLVED: gcc.c-torture/execute/20071030-1.c execution, -Os
FAIL: gcc.c-torture/execute/20071108-1.c compilation, -Os
UNRESOLVED: gcc.c-torture/execute/20071108-1.c execution, -Os
FAIL: gcc.c-torture/execute/20071202-1.c compilation, -Os
UNRESOLVED: gcc.c-torture/execute/20071202-1.c execution, -Os
FAIL: gcc.c-torture/execute/20071210-1.c compilation, -Os
UNRESOLVED: gcc.c-torture/execute/20071210-1.c execution, -Os
FAIL: gcc.c-torture/execute/20071213-1.c compilation, -Os
UNRESOLVED: gcc.c-torture/execute/20071213-1.c execution, -Os
FAIL: gcc.c-torture/execute/20071216-1.c compilation, -Os
UNRESOLVED: gcc.c-torture/execute/20071216-1.c execution, -Os
FAIL: gcc.c-torture/execute/20071219-1.c compilation, -Os
UNRESOLVED: gcc.c-torture/execute/20071219-1.c execution, -Os
FAIL: gcc.c-torture/execute/20080424-1.c compilation, -Os
UNRESOLVED: gcc.c-torture/execute/20080424-1.c execution, -Os
FAIL: gcc.c-torture/execute/20080522-1.c compilation, -Os
UNRESOLVED: gcc.c-torture/execute/20080522-1.c execution, -Os
FAIL: gcc.c-torture/execute/20080604-1.c compilation, -Os
UNRESOLVED: gcc.c-torture/execute/20080604-1.c execution, -Os
FAIL: gcc.c-torture/execute/920428-2.c compilation, -Os
UNRESOLVED: gcc.c-torture/execute/920428-2.c execution, -Os
FAIL: gcc.c-torture/execute/920501-2.c compilation, -Os
UNRESOLVED: gcc.c-torture/execute/920501-2.c execution, -Os
FAIL: gcc.c-torture/execute/920501-6.c compilation, -Os
UNRESOLVED: gcc.c-torture/execute/920501-6.c execution, -Os
FAIL: gcc.c-torture/execute/920501-7.c compilation, -Os
UNRESOLVED: gcc.c-torture/execute/920501-7.c execution, -Os
FAIL: gcc.c-torture/execute/920501-8.c compilation, -Os
UNRESOLVED: gcc.c-torture/execute/920501-8.c execution, -Os
FAIL: gcc.c-torture/execute/920501-9.c compilation, -Os
UNRESOLVED: gcc.c-torture/execute/920501-9.c execution, -Os
FAIL: gcc.c-torture/execute/920625-1.c compilation, -Os
UNRESOLVED: gcc.c-torture/execute/920625-1.c execution, -Os
FAIL: gcc.c-torture/execute/920721-2.c compilation, -Os
UNRESOLVED: gcc.c-torture/execute/920721-2.c execution, -Os
FAIL: gcc.c-torture/execute/920721-4.c compilation, -Os
UNRESOLVED: gcc.c-torture/execute/920721-4.c execution, -Os
FAIL: gcc.c-torture/execute/920726-1.c compilation, -Os
UNRESOLVED: gcc.c-torture/execute/920726-1.c execution, -Os
FAIL: gcc.c-torture/execute/920810-1.c compilation, -Os
UNRESOLVED: gcc.c-torture/execute/920810-1.c execution, -Os
FAIL: gcc.c-torture/execute/920929-1.c compilation, -Os
UNRESOLVED: gcc.c-torture/execute/920929-1.c execution, -Os
FAIL: gcc.c-torture/execute/921017-1.c compilation, -Os
UNRESOLVED: gcc.c-torture/execute/921017-1.c execution, -Os
FAIL: gcc.c-torture/execute/921113-1.c compilation, -Os
UNRESOLVED: gcc.c-torture/execute/921113-1.c execution, -Os
FAIL: gcc.c-torture/execute/921117-1.c compilation, -Os
UNRESOLVED: gcc.c-torture/execute/921117-1.c execution, -Os
FAIL: gcc.c-torture/execute/930628-1.c compilation, -Os
UNRESOLVED: gcc.c-torture/execute/930628-1.c execution, -Os
FAIL: gcc.c-torture/execute/931004-13.c compilation, -Os
UNRESOLVED: gcc.c-torture/execute/931004-13.c execution, -Os
FAIL: gcc.c-torture/execute/931018-1.c compilation, -Os
UNRESOLVED: gcc.c-torture/execute/931018-1.c execution, -Os
FAIL: gcc.c-torture/execute/941014-2.c compilation, -Os
UNRESOLVED: gcc.c-torture/execute/941014-2.c execution, -Os
FAIL: gcc.c-torture/execute/941202-1.c compilation, -Os
UNRESOLVED: gcc.c-torture/execute/941202-1.c execution, -Os
FAIL: gcc.c-torture/execute/950426-1.c compilation, -Os
UNRESOLVED: gcc.c-torture/execute/950426-1.c execution, -Os
FAIL: gcc.c-torture/execute/950612-1.c compilation, -Os
UNRESOLVED: gcc.c-torture/execute/950612-1.c execution, -Os
FAIL: gcc.c-torture/execute/960311-1.c compilation, -Os
UNRESOLVED: gcc.c-torture/execute/960311-1.c execution, -Os
FAIL: gcc.c-torture/execute/960311-2.c compilation, -Os
UNRESOLVED: gcc.c-torture/execute/960311-2.c execution, -Os
FAIL: gcc.c-torture/execute/960311-3.c compilation, -Os
UNRESOLVED: gcc.c-torture/execute/960311-3.c execution, -Os
FAIL: gcc.c-torture/execute/960521-1.c compilation, -Os
UNRESOLVED: gcc.c-torture/execute/960521-1.c execution, -Os
FAIL: gcc.c-torture/execute/961213-1.c compilation, -Os
UNRESOLVED: gcc.c-torture/execute/961213-1.c execution, -Os
FAIL: gcc.c-torture/execute/980526-2.c compilation, -Os
UNRESOLVED: gcc.c-torture/execute/980526-2.c execution, -Os
FAIL: gcc.c-torture/execute/980605-1.c compilation, -Os
UNRESOLVED: gcc.c-torture/execute/980605-1.c execution, -Os
FAIL: gcc.c-torture/execute/980707-1.c compilation, -Os
UNRESOLVED: gcc.c-torture/execute/980707-1.c execution, -Os
FAIL: gcc.c-torture/execute/981001-1.c compilation, -Os
UNRESOLVED: gcc.c-torture/execute/981001-1.c execution, -Os
FAIL: gcc.c-torture/execute/981019-1.c compilation, -Os
UNRESOLVED: gcc.c-torture/execute/981019-1.c execution, -Os
FAIL: gcc.c-torture/execute/990404-1.c compilation, -Os
UNRESOLVED: gcc.c-torture/execute/990404-1.c execution, -Os
FAIL: gcc.c-torture/execute/990513-1.c compilation, -Os
UNRESOLVED: gcc.c-torture/execute/990513-1.c execution, -Os
FAIL: gcc.c-torture/execute/990628-1.c compilation, -Os
UNRESOLVED: gcc.c-torture/execute/990628-1.c execution, -Os
FAIL: gcc.c-torture/execute/991016-1.c compilation, -Os
UNRESOLVED: gcc.c-torture/execute/991016-1.c execution, -Os
FAIL: gcc.c-torture/execute/991118-1.c compilation, -Os
UNRESOLVED: gcc.c-torture/execute/991118-1.c execution, -Os
FAIL: gcc.c-torture/execute/991216-1.c compilation, -Os
UNRESOLVED: gcc.c-torture/execute/991216-1.c execution, -Os
FAIL: gcc.c-torture/execute/991216-2.c compilation, -Os
UNRESOLVED: gcc.c-torture/execute/991216-2.c execution, -Os
FAIL: gcc.c-torture/execute/alloca-1.c compilation, -Os
UNRESOLVED: gcc.c-torture/execute/alloca-1.c execution, -Os
FAIL: gcc.c-torture/execute/arith-rand-ll.c compilation, -Os
UNRESOLVED: gcc.c-torture/execute/arith-rand-ll.c execution, -Os
FAIL: gcc.c-torture/execute/arith-rand.c compilation, -Os
UNRESOLVED: gcc.c-torture/execute/arith-rand.c execution, -Os
FAIL: gcc.c-torture/execute/ashldi-1.c compilation, -Os
UNRESOLVED: gcc.c-torture/execute/ashldi-1.c execution, -Os
FAIL: gcc.c-torture/execute/ashrdi-1.c compilation, -Os
UNRESOLVED: gcc.c-torture/execute/ashrdi-1.c execution, -Os
FAIL: gcc.c-torture/execute/bcp-1.c compilation, -Os
UNRESOLVED: gcc.c-torture/execute/bcp-1.c execution, -Os
FAIL: gcc.c-torture/execute/bf64-1.c compilation, -Os
UNRESOLVED: gcc.c-torture/execute/bf64-1.c execution, -Os
FAIL: gcc.c-torture/execute/bitfld-3.c compilation, -Os
UNRESOLVED: gcc.c-torture/execute/bitfld-3.c execution, -Os
FAIL: gcc.c-torture/execute/built-in-setjmp.c compilation, -Os
UNRESOLVED: gcc.c-torture/execute/built-in-setjmp.c execution, -Os
FAIL: gcc.c-torture/execute/builtin-bitops-1.c compilation, -Os
UNRESOLVED: gcc.c-torture/execute/builtin-bitops-1.c execution, -Os
FAIL: gcc.c-torture/execute/builtin-constant.c compilation, -Os
UNRESOLVED: gcc.c-torture/execute/builtin-constant.c execution, -Os
FAIL: gcc.c-torture/execute/builtin-prefetch-1.c compilation, -Os
UNRESOLVED: gcc.c-torture/execute/builtin-prefetch-1.c execution, -Os
FAIL: gcc.c-torture/execute/builtin-prefetch-2.c compilation, -Os
UNRESOLVED: gcc.c-torture/execute/builtin-prefetch-2.c execution, -Os
FAIL: gcc.c-torture/execute/builtin-prefetch-4.c compilation, -Os
UNRESOLVED: gcc.c-torture/execute/builtin-prefetch-4.c execution, -Os
FAIL: gcc.c-torture/execute/cmpsi-1.c compilation, -Os
UNRESOLVED: gcc.c-torture/execute/cmpsi-1.c execution, -Os
FAIL: gcc.c-torture/execute/comp-goto-1.c compilation, -Os
UNRESOLVED: gcc.c-torture/execute/comp-goto-1.c execution, -Os
FAIL: gcc.c-torture/execute/comp-goto-2.c compilation, -Os
UNRESOLVED: gcc.c-torture/execute/comp-goto-2.c execution, -Os
FAIL: gcc.c-torture/execute/complex-5.c compilation, -Os
UNRESOLVED: gcc.c-torture/execute/complex-5.c execution, -Os
FAIL: gcc.c-torture/execute/complex-6.c compilation, -Os
UNRESOLVED: gcc.c-torture/execute/complex-6.c execution, -Os
FAIL: gcc.c-torture/execute/complex-7.c compilation, -Os
UNRESOLVED: gcc.c-torture/execute/complex-7.c execution, -Os
FAIL: gcc.c-torture/execute/eeprof-1.c compilation, -Os
UNRESOLVED: gcc.c-torture/execute/eeprof-1.c execution, -Os
FAIL: gcc.c-torture/execute/fprintf-1.c execution, -O2
FAIL: gcc.c-torture/execute/fprintf-1.c execution, -O3 -fomit-frame-pointer
FAIL: gcc.c-torture/execute/fprintf-1.c compilation, -Os
UNRESOLVED: gcc.c-torture/execute/fprintf-1.c execution, -Os
FAIL: gcc.c-torture/execute/fprintf-chk-1.c execution, -O3 -g
FAIL: gcc.c-torture/execute/fprintf-chk-1.c compilation, -Os
UNRESOLVED: gcc.c-torture/execute/fprintf-chk-1.c execution, -Os
FAIL: gcc.c-torture/execute/frame-address.c compilation, -Os
UNRESOLVED: gcc.c-torture/execute/frame-address.c execution, -Os
FAIL: gcc.c-torture/execute/longlong.c compilation, -Os
UNRESOLVED: gcc.c-torture/execute/longlong.c execution, -Os
FAIL: gcc.c-torture/execute/loop-14.c compilation, -Os
UNRESOLVED: gcc.c-torture/execute/loop-14.c execution, -Os
FAIL: gcc.c-torture/execute/loop-15.c compilation, -Os
UNRESOLVED: gcc.c-torture/execute/loop-15.c execution, -Os
FAIL: gcc.c-torture/execute/lshrdi-1.c compilation, -Os
UNRESOLVED: gcc.c-torture/execute/lshrdi-1.c execution, -Os
FAIL: gcc.c-torture/execute/memcpy-2.c compilation, -Os
UNRESOLVED: gcc.c-torture/execute/memcpy-2.c execution, -Os
FAIL: gcc.c-torture/execute/memcpy-bi.c compilation, -Os
UNRESOLVED: gcc.c-torture/execute/memcpy-bi.c execution, -Os
FAIL: gcc.c-torture/execute/memset-1.c compilation, -Os
UNRESOLVED: gcc.c-torture/execute/memset-1.c execution, -Os
FAIL: gcc.c-torture/execute/memset-2.c compilation, -Os
UNRESOLVED: gcc.c-torture/execute/memset-2.c execution, -Os
FAIL: gcc.c-torture/execute/memset-3.c compilation, -Os
UNRESOLVED: gcc.c-torture/execute/memset-3.c execution, -Os
FAIL: gcc.c-torture/execute/mode-dependent-address.c compilation, -Os
UNRESOLVED: gcc.c-torture/execute/mode-dependent-address.c execution, -Os
FAIL: gcc.c-torture/execute/multi-ix.c compilation, -Os
UNRESOLVED: gcc.c-torture/execute/multi-ix.c execution, -Os
FAIL: gcc.c-torture/execute/nest-align-1.c execution, -O0
FAIL: gcc.c-torture/execute/nest-align-1.c execution, -O1
FAIL: gcc.c-torture/execute/nest-align-1.c execution, -O2
FAIL: gcc.c-torture/execute/nest-align-1.c execution, -Os
FAIL: gcc.c-torture/execute/nestfunc-1.c compilation, -Os
UNRESOLVED: gcc.c-torture/execute/nestfunc-1.c execution, -Os
FAIL: gcc.c-torture/execute/nestfunc-2.c compilation, -Os
UNRESOLVED: gcc.c-torture/execute/nestfunc-2.c execution, -Os
FAIL: gcc.c-torture/execute/nestfunc-3.c compilation, -Os
UNRESOLVED: gcc.c-torture/execute/nestfunc-3.c execution, -Os
FAIL: gcc.c-torture/execute/nestfunc-4.c compilation, -Os
UNRESOLVED: gcc.c-torture/execute/nestfunc-4.c execution, -Os
FAIL: gcc.c-torture/execute/nestfunc-5.c compilation, -Os
UNRESOLVED: gcc.c-torture/execute/nestfunc-5.c execution, -Os
FAIL: gcc.c-torture/execute/nestfunc-6.c compilation, -Os
UNRESOLVED: gcc.c-torture/execute/nestfunc-6.c execution, -Os
FAIL: gcc.c-torture/execute/p18298.c compilation, -Os
UNRESOLVED: gcc.c-torture/execute/p18298.c execution, -Os
FAIL: gcc.c-torture/execute/pr15296.c compilation, -Os
UNRESOLVED: gcc.c-torture/execute/pr15296.c execution, -Os
FAIL: gcc.c-torture/execute/pr17377.c compilation, -Os
UNRESOLVED: gcc.c-torture/execute/pr17377.c execution, -Os
FAIL: gcc.c-torture/execute/pr19005.c compilation, -Os
UNRESOLVED: gcc.c-torture/execute/pr19005.c execution, -Os
FAIL: gcc.c-torture/execute/pr20466-1.c compilation, -Os
UNRESOLVED: gcc.c-torture/execute/pr20466-1.c execution, -Os
FAIL: gcc.c-torture/execute/pr22061-1.c compilation, -Os
UNRESOLVED: gcc.c-torture/execute/pr22061-1.c execution, -Os
FAIL: gcc.c-torture/execute/pr22061-4.c compilation, -Os
UNRESOLVED: gcc.c-torture/execute/pr22061-4.c execution, -Os
FAIL: gcc.c-torture/execute/pr22348.c compilation, -Os
UNRESOLVED: gcc.c-torture/execute/pr22348.c execution, -Os
FAIL: gcc.c-torture/execute/pr23135.c compilation, -Os
UNRESOLVED: gcc.c-torture/execute/pr23135.c execution, -Os
FAIL: gcc.c-torture/execute/pr23324.c compilation, -Os
UNRESOLVED: gcc.c-torture/execute/pr23324.c execution, -Os
FAIL: gcc.c-torture/execute/pr24135.c compilation, -Os
UNRESOLVED: gcc.c-torture/execute/pr24135.c execution, -Os
FAIL: gcc.c-torture/execute/pr27285.c compilation, -Os
UNRESOLVED: gcc.c-torture/execute/pr27285.c execution, -Os
FAIL: gcc.c-torture/execute/pr28403.c compilation, -Os
UNRESOLVED: gcc.c-torture/execute/pr28403.c execution, -Os
FAIL: gcc.c-torture/execute/pr28982a.c compilation, -Os
UNRESOLVED: gcc.c-torture/execute/pr28982a.c execution, -Os
FAIL: gcc.c-torture/execute/pr30185.c compilation, -Os
UNRESOLVED: gcc.c-torture/execute/pr30185.c execution, -Os
FAIL: gcc.c-torture/execute/pr32500.c compilation, -Os
UNRESOLVED: gcc.c-torture/execute/pr32500.c execution, -Os
FAIL: gcc.c-torture/execute/pr33669.c compilation, -Os
UNRESOLVED: gcc.c-torture/execute/pr33669.c execution, -Os
FAIL: gcc.c-torture/execute/pr33870-1.c compilation, -Os
UNRESOLVED: gcc.c-torture/execute/pr33870-1.c execution, -Os
FAIL: gcc.c-torture/execute/pr33870.c compilation, -Os
UNRESOLVED: gcc.c-torture/execute/pr33870.c execution, -Os
FAIL: gcc.c-torture/execute/pr33992.c compilation, -Os
UNRESOLVED: gcc.c-torture/execute/pr33992.c execution, -Os
FAIL: gcc.c-torture/execute/pr34176.c compilation, -Os
UNRESOLVED: gcc.c-torture/execute/pr34176.c execution, -Os
FAIL: gcc.c-torture/execute/pr34415.c compilation, -Os
UNRESOLVED: gcc.c-torture/execute/pr34415.c execution, -Os
FAIL: gcc.c-torture/execute/pr34456.c compilation, -Os
UNRESOLVED: gcc.c-torture/execute/pr34456.c execution, -Os
FAIL: gcc.c-torture/execute/pr34768-1.c compilation, -Os
UNRESOLVED: gcc.c-torture/execute/pr34768-1.c execution, -Os
FAIL: gcc.c-torture/execute/pr34768-2.c compilation, -Os
UNRESOLVED: gcc.c-torture/execute/pr34768-2.c execution, -Os
FAIL: gcc.c-torture/execute/pr34971.c compilation, -Os
UNRESOLVED: gcc.c-torture/execute/pr34971.c execution, -Os
FAIL: gcc.c-torture/execute/pr35472.c compilation, -Os
UNRESOLVED: gcc.c-torture/execute/pr35472.c execution, -Os
FAIL: gcc.c-torture/execute/pr35800.c compilation, -Os
UNRESOLVED: gcc.c-torture/execute/pr35800.c execution, -Os
FAIL: gcc.c-torture/execute/pr36321.c compilation, -Os
UNRESOLVED: gcc.c-torture/execute/pr36321.c execution, -Os
FAIL: gcc.c-torture/execute/pr36343.c compilation, -Os
UNRESOLVED: gcc.c-torture/execute/pr36343.c execution, -Os
FAIL: gcc.c-torture/execute/pr36765.c compilation, -Os
UNRESOLVED: gcc.c-torture/execute/pr36765.c execution, -Os
FAIL: gcc.c-torture/execute/printf-1.c execution, -O0
FAIL: gcc.c-torture/execute/printf-1.c compilation, -Os
UNRESOLVED: gcc.c-torture/execute/printf-1.c execution, -Os
FAIL: gcc.c-torture/execute/printf-chk-1.c execution, -O3 -g
FAIL: gcc.c-torture/execute/printf-chk-1.c compilation, -Os
UNRESOLVED: gcc.c-torture/execute/printf-chk-1.c execution, -Os
FAIL: gcc.c-torture/execute/shiftdi.c compilation, -Os
UNRESOLVED: gcc.c-torture/execute/shiftdi.c execution, -Os
FAIL: gcc.c-torture/execute/simd-1.c compilation, -Os
UNRESOLVED: gcc.c-torture/execute/simd-1.c execution, -Os
FAIL: gcc.c-torture/execute/simd-2.c compilation, -Os
UNRESOLVED: gcc.c-torture/execute/simd-2.c execution, -Os
FAIL: gcc.c-torture/execute/simd-5.c compilation, -Os
UNRESOLVED: gcc.c-torture/execute/simd-5.c execution, -Os
FAIL: gcc.c-torture/execute/stdarg-1.c compilation, -Os
UNRESOLVED: gcc.c-torture/execute/stdarg-1.c execution, -Os
FAIL: gcc.c-torture/execute/stdarg-2.c compilation, -Os
UNRESOLVED: gcc.c-torture/execute/stdarg-2.c execution, -Os
FAIL: gcc.c-torture/execute/stdarg-3.c compilation, -Os
UNRESOLVED: gcc.c-torture/execute/stdarg-3.c execution, -Os
FAIL: gcc.c-torture/execute/stdarg-4.c compilation, -Os
UNRESOLVED: gcc.c-torture/execute/stdarg-4.c execution, -Os
FAIL: gcc.c-torture/execute/strcmp-1.c compilation, -Os
UNRESOLVED: gcc.c-torture/execute/strcmp-1.c execution, -Os
FAIL: gcc.c-torture/execute/strcpy-1.c compilation, -Os
UNRESOLVED: gcc.c-torture/execute/strcpy-1.c execution, -Os
FAIL: gcc.c-torture/execute/string-opt-17.c compilation, -Os
UNRESOLVED: gcc.c-torture/execute/string-opt-17.c execution, -Os
FAIL: gcc.c-torture/execute/string-opt-5.c compilation, -Os
UNRESOLVED: gcc.c-torture/execute/string-opt-5.c execution, -Os
FAIL: gcc.c-torture/execute/strlen-1.c compilation, -Os
UNRESOLVED: gcc.c-torture/execute/strlen-1.c execution, -Os
FAIL: gcc.c-torture/execute/strncmp-1.c compilation, -Os
UNRESOLVED: gcc.c-torture/execute/strncmp-1.c execution, -Os
FAIL: gcc.c-torture/execute/struct-cpy-1.c compilation, -Os
UNRESOLVED: gcc.c-torture/execute/struct-cpy-1.c execution, -Os
FAIL: gcc.c-torture/execute/struct-ret-1.c compilation, -Os
UNRESOLVED: gcc.c-torture/execute/struct-ret-1.c execution, -Os
FAIL: gcc.c-torture/execute/usmul.c compilation, -Os
UNRESOLVED: gcc.c-torture/execute/usmul.c execution, -Os
FAIL: gcc.c-torture/execute/va-arg-10.c compilation, -Os
UNRESOLVED: gcc.c-torture/execute/va-arg-10.c execution, -Os
FAIL: gcc.c-torture/execute/va-arg-13.c compilation, -Os
UNRESOLVED: gcc.c-torture/execute/va-arg-13.c execution, -Os
FAIL: gcc.c-torture/execute/va-arg-15.c compilation, -Os
UNRESOLVED: gcc.c-torture/execute/va-arg-15.c execution, -Os
FAIL: gcc.c-torture/execute/va-arg-2.c compilation, -Os
UNRESOLVED: gcc.c-torture/execute/va-arg-2.c execution, -Os
FAIL: gcc.c-torture/execute/va-arg-21.c compilation, -Os
UNRESOLVED: gcc.c-torture/execute/va-arg-21.c execution, -Os
FAIL: gcc.c-torture/execute/va-arg-22.c compilation, -Os
UNRESOLVED: gcc.c-torture/execute/va-arg-22.c execution, -Os
FAIL: gcc.c-torture/execute/va-arg-24.c compilation, -Os
UNRESOLVED: gcc.c-torture/execute/va-arg-24.c execution, -Os
FAIL: gcc.c-torture/execute/va-arg-4.c compilation, -Os
UNRESOLVED: gcc.c-torture/execute/va-arg-4.c execution, -Os
FAIL: gcc.c-torture/execute/va-arg-5.c compilation, -Os
UNRESOLVED: gcc.c-torture/execute/va-arg-5.c execution, -Os
FAIL: gcc.c-torture/execute/va-arg-9.c compilation, -Os
UNRESOLVED: gcc.c-torture/execute/va-arg-9.c execution, -Os
FAIL: gcc.c-torture/execute/va-arg-pack-1.c compilation, -Os
UNRESOLVED: gcc.c-torture/execute/va-arg-pack-1.c execution, -Os
FAIL: gcc.c-torture/execute/vector-2.c compilation, -Os
UNRESOLVED: gcc.c-torture/execute/vector-2.c execution, -Os
FAIL: gcc.c-torture/execute/vfprintf-1.c compilation, -Os
UNRESOLVED: gcc.c-torture/execute/vfprintf-1.c execution, -Os
FAIL: gcc.c-torture/execute/vfprintf-chk-1.c compilation, -Os
UNRESOLVED: gcc.c-torture/execute/vfprintf-chk-1.c execution, -Os
FAIL: gcc.c-torture/execute/vprintf-1.c compilation, -Os
UNRESOLVED: gcc.c-torture/execute/vprintf-1.c execution, -Os
FAIL: gcc.c-torture/execute/vprintf-chk-1.c compilation, -Os
UNRESOLVED: gcc.c-torture/execute/vprintf-chk-1.c execution, -Os
FAIL: gcc.c-torture/execute/ieee/920810-1.c compilation, -Os
UNRESOLVED: gcc.c-torture/execute/ieee/920810-1.c execution, -Os
FAIL: gcc.c-torture/execute/ieee/compare-fp-1.c compilation, -Os
UNRESOLVED: gcc.c-torture/execute/ieee/compare-fp-1.c execution, -Os
FAIL: gcc.c-torture/execute/ieee/compare-fp-4.c compilation, -Os
UNRESOLVED: gcc.c-torture/execute/ieee/compare-fp-4.c execution, -Os
FAIL: gcc.c-torture/execute/ieee/copysign1.c compilation, -Os
UNRESOLVED: gcc.c-torture/execute/ieee/copysign1.c execution, -Os
FAIL: gcc.c-torture/execute/ieee/copysign2.c compilation, -Os
UNRESOLVED: gcc.c-torture/execute/ieee/copysign2.c execution, -Os
FAIL: gcc.c-torture/execute/ieee/fp-cmp-4.c compilation, -Os
UNRESOLVED: gcc.c-torture/execute/ieee/fp-cmp-4.c execution, -Os
FAIL: gcc.c-torture/execute/ieee/fp-cmp-4f.c compilation, -Os
UNRESOLVED: gcc.c-torture/execute/ieee/fp-cmp-4f.c execution, -Os
FAIL: gcc.c-torture/execute/ieee/fp-cmp-4l.c compilation, -Os
UNRESOLVED: gcc.c-torture/execute/ieee/fp-cmp-4l.c execution, -Os
FAIL: gcc.c-torture/execute/ieee/fp-cmp-5.c compilation, -Os
UNRESOLVED: gcc.c-torture/execute/ieee/fp-cmp-5.c execution, -Os
FAIL: gcc.c-torture/execute/ieee/fp-cmp-8.c compilation, -Os
UNRESOLVED: gcc.c-torture/execute/ieee/fp-cmp-8.c execution, -Os
FAIL: gcc.c-torture/execute/ieee/fp-cmp-8f.c compilation, -Os
UNRESOLVED: gcc.c-torture/execute/ieee/fp-cmp-8f.c execution, -Os
FAIL: gcc.c-torture/execute/ieee/fp-cmp-8l.c compilation, -Os
UNRESOLVED: gcc.c-torture/execute/ieee/fp-cmp-8l.c execution, -Os
FAIL: gcc.c-torture/execute/ieee/inf-1.c execution, -O0
FAIL: gcc.c-torture/execute/ieee/mzero2.c compilation, -Os
UNRESOLVED: gcc.c-torture/execute/ieee/mzero2.c execution, -Os
FAIL: gcc.c-torture/execute/ieee/mzero3.c compilation, -Os
UNRESOLVED: gcc.c-torture/execute/ieee/mzero3.c execution, -Os
FAIL: gcc.dg/cpp/assert4.c -fno-show-column (test for excess errors)
XPASS: gcc.dg/20020103-1.c scan-assembler-not LC[0-9]
FAIL: gcc.dg/20061124-1.c execution test
FAIL: gcc.dg/and-1.c scan-assembler-not nand
FAIL: gcc.dg/ia64-sync-1.c execution test
FAIL: gcc.dg/ia64-sync-2.c execution test
FAIL: gcc.dg/ia64-sync-3.c execution test
FAIL: gcc.dg/memcpy-1.c scan-tree-dump-times optimized "nasty_local" 0
FAIL: gcc.dg/pr31507-1.c (test for excess errors)
UNRESOLVED: gcc.dg/pr31507-1.c compilation failed to produce executable
FAIL: gcc.dg/pr34856.c (test for excess errors)
FAIL: gcc.dg/pr35729.c scan-rtl-dump-times loop2_invariant "Decided to move invariant" 0
FAIL: gcc.dg/sync-2.c execution test
FAIL: gcc.dg/sync-3.c execution test
FAIL: gcc.dg/pch/valid-1b.c -O0 -g -I. (test for excess errors)
FAIL: gcc.dg/pch/valid-1b.c -O0 -g assembly comparison
FAIL: gcc.dg/pch/valid-1b.c -O0 -I. (test for excess errors)
FAIL: gcc.dg/pch/valid-1b.c -O0 assembly comparison
FAIL: gcc.dg/pch/valid-1b.c -O1 -I. (test for excess errors)
FAIL: gcc.dg/pch/valid-1b.c -O1 assembly comparison
FAIL: gcc.dg/pch/valid-1b.c -O2 -I. (test for excess errors)
FAIL: gcc.dg/pch/valid-1b.c -O2 assembly comparison
FAIL: gcc.dg/pch/valid-1b.c -O3 -fomit-frame-pointer -I. (test for excess errors)
FAIL: gcc.dg/pch/valid-1b.c -O3 -fomit-frame-pointer assembly comparison
FAIL: gcc.dg/pch/valid-1b.c -O3 -g -I. (test for excess errors)
FAIL: gcc.dg/pch/valid-1b.c -O3 -g assembly comparison
FAIL: gcc.dg/pch/valid-1b.c -Os -I. (test for excess errors)
FAIL: gcc.dg/pch/valid-1b.c -Os assembly comparison
FAIL: gcc.dg/torture/fp-int-convert-double.c -Os (test for excess errors)
UNRESOLVED: gcc.dg/torture/fp-int-convert-double.c -Os compilation failed to produce executable
FAIL: gcc.dg/torture/fp-int-convert-float.c -Os (test for excess errors)
UNRESOLVED: gcc.dg/torture/fp-int-convert-float.c -Os compilation failed to produce executable
FAIL: gcc.dg/torture/fp-int-convert-long-double.c -Os (test for excess errors)
UNRESOLVED: gcc.dg/torture/fp-int-convert-long-double.c -Os compilation failed to produce executable
FAIL: gcc.dg/torture/pr17526.c -Os (test for excess errors)
UNRESOLVED: gcc.dg/torture/pr17526.c -Os compilation failed to produce executable
FAIL: gcc.dg/torture/pr30375.c -Os (test for excess errors)
UNRESOLVED: gcc.dg/torture/pr30375.c -Os compilation failed to produce executable
FAIL: gcc.dg/torture/pr30665-2.c -Os (test for excess errors)
UNRESOLVED: gcc.dg/torture/pr30665-2.c -Os compilation failed to produce executable
FAIL: gcc.dg/torture/pr33560.c -Os (test for excess errors)
UNRESOLVED: gcc.dg/torture/pr33560.c -Os compilation failed to produce executable
FAIL: gcc.dg/torture/pr33848.c -Os (test for excess errors)
FAIL: gcc.dg/torture/type-generic-1.c -Os (test for excess errors)
UNRESOLVED: gcc.dg/torture/type-generic-1.c -Os compilation failed to produce executable
WARNING: program timed out.
FAIL: gcc.dg/tree-ssa/pr22236.c execution test
FAIL: gcc.dg/tree-ssa/vrp47.c scan-tree-dump-times vrp1 "[xy][^ ]* !=" 0
FAIL: gcc.dg/tree-ssa/vrp47.c scan-tree-dump-times dom1 "x[^ ]* & y" 1
FAIL: gcc.dg/vect/costmodel/ppc/costmodel-slp-12.c scan-tree-dump-times vect "vectorized 1 loops" 1
FAIL: gcc.dg/vect/costmodel/ppc/costmodel-slp-12.c scan-tree-dump-times vect "vectorizing stmts using SLP" 1
FAIL: gcc.dg/vect/vect-67.c scan-tree-dump-times vect "vectorized 1 loops" 1
FAIL: gcc.dg/vect/vect-82.c execution test
FAIL: gcc.dg/vect/vect-83.c execution test
FAIL: gcc.target/powerpc/20020118-1.c execution test
FAIL: gcc.target/powerpc/20030218-1.c (test for errors, line 14)
FAIL: gcc.target/powerpc/20030218-1.c (test for errors, line 18)
FAIL: gcc.target/powerpc/20030218-1.c (test for errors, line 21)
FAIL: gcc.target/powerpc/20030218-1.c (test for excess errors)
FAIL: gcc.target/powerpc/altivec-1.c execution test
FAIL: gcc.target/powerpc/altivec-12.c execution test
FAIL: gcc.target/powerpc/altivec-24.c execution test
FAIL: gcc.target/powerpc/altivec-3.c execution test
FAIL: gcc.target/powerpc/altivec-cell-2.c execution test
FAIL: gcc.target/powerpc/altivec-cell-3.c execution test
FAIL: gcc.target/powerpc/altivec-cell-4.c execution test
FAIL: gcc.target/powerpc/altivec-cell-8.c execution test
FAIL: gcc.target/powerpc/altivec-consts.c execution test
FAIL: gcc.target/powerpc/altivec-varargs-1.c execution test
FAIL: gcc.target/powerpc/altivec-vec-merge.c execution test
FAIL: gcc.target/powerpc/darwin-longlong.c execution test
FAIL: gcc.target/powerpc/ppc64-double-1.c scan-assembler-not stfd
FAIL: gcc.target/powerpc/pr18096-1.c stack frame too large (test for errors, line 8)
FAIL: gcc.target/powerpc/pr18096-1.c (test for excess errors)
FAIL: gcc.target/powerpc/pr35907.c execution test
FAIL: gcc.target/powerpc/spe1.c (test for excess errors)
=== gcc Summary ===
# of expected passes 49413
# of unexpected failures 384
# of unexpected successes 1
# of expected failures 200
# of unresolved testcases 317
# of unsupported tests 613
/home/mstein/sim/trunk/powerpc-eabisim/build/gcc/xgcc version 4.4.0 20081101 (experimental) [trunk revision 141527] (GCC)
Compiler version: 4.4.0 20081101 (experimental) [trunk revision 141527] (GCC) gcc
Platform: powerpc-unknown-eabisim
configure flags: --target=powerpc-eabisim --prefix=/home/mstein/cross-local/powerpc-eabisim --enable-languages=c --disable-nls --disable-build-warnings --with-sysroot=/home/mstein/cross-local/powerpc-eabisim --with-build-sysroot=/home/mstein/cross-local/powerpc-eabisim --with-ld=/home/mstein/cross-local/powerpc-eabisim/usr/bin/ld --with-as=/home/mstein/cross-local/powerpc-eabisim/usr/bin/as --disable-libssp --with-mpfr=/opt/cfarm/mpfr-2.3.1