This is the mail archive of the
gcc-testresults@gcc.gnu.org
mailing list for the GCC project.
Results for 4.4.0 20081014 (experimental) [trunk revision 141108] (GCC) testsuite on powerpc-unknown-rtems4.10
- From: "Joel Sherrill <joel dot sherrill at oarcorp dot com>" <joel at oarcorp dot com>
- To: gcc-testresults at gcc dot gnu dot org
- Date: Tue, 21 Oct 2008 13:17:48 -0500
- Subject: Results for 4.4.0 20081014 (experimental) [trunk revision 141108] (GCC) testsuite on powerpc-unknown-rtems4.10
LAST_UPDATED: Tue Oct 14 13:36:57 UTC 2008 (revision 141108)
Target is powerpc-unknown-rtems4.10
Host is i686-pc-linux-gnu
=== gcc tests ===
Running target rtems-powerpc-psim
FAIL: gcc.c-torture/compile/pr37669.c -O1 (internal compiler error)
FAIL: gcc.c-torture/compile/pr37669.c -O1 (test for excess errors)
FAIL: gcc.c-torture/compile/pr37669.c -O2 (internal compiler error)
FAIL: gcc.c-torture/compile/pr37669.c -O2 (test for excess errors)
FAIL: gcc.c-torture/compile/pr37669.c -O3 -fomit-frame-pointer (internal compiler error)
FAIL: gcc.c-torture/compile/pr37669.c -O3 -fomit-frame-pointer (test for excess errors)
FAIL: gcc.c-torture/compile/pr37669.c -O3 -g (internal compiler error)
FAIL: gcc.c-torture/compile/pr37669.c -O3 -g (test for excess errors)
FAIL: gcc.c-torture/compile/pr37669.c -Os (internal compiler error)
FAIL: gcc.c-torture/compile/pr37669.c -Os (test for excess errors)
FAIL: gcc.c-torture/execute/nest-align-1.c execution, -O0
FAIL: gcc.c-torture/execute/nest-align-1.c execution, -O1
FAIL: gcc.c-torture/execute/nest-align-1.c execution, -O2
FAIL: gcc.c-torture/execute/nest-align-1.c execution, -Os
FAIL: gcc.c-torture/execute/ieee/inf-1.c execution, -O0
FAIL: gcc.dg/cpp/assert4.c -fno-show-column (test for excess errors)
FAIL: gcc.dg/debug/dwarf2/dwarf-die3.c scan-assembler-not DW_AT_inline
XPASS: gcc.dg/20020103-1.c scan-assembler-not LC[0-9]
FAIL: gcc.dg/20021014-1.c (test for excess errors)
WARNING: gcc.dg/20021014-1.c compilation failed to produce executable
WARNING: program timed out.
FAIL: gcc.dg/20061124-1.c execution test
FAIL: gcc.dg/and-1.c scan-assembler-not nand
WARNING: program timed out.
FAIL: gcc.dg/ia64-sync-1.c execution test
WARNING: program timed out.
FAIL: gcc.dg/ia64-sync-2.c execution test
WARNING: program timed out.
FAIL: gcc.dg/ia64-sync-3.c execution test
FAIL: gcc.dg/initpri1.c (test for excess errors)
WARNING: gcc.dg/initpri1.c compilation failed to produce executable
FAIL: gcc.dg/memcpy-1.c scan-tree-dump-times optimized "nasty_local" 0
FAIL: gcc.dg/nest.c (test for excess errors)
WARNING: gcc.dg/nest.c compilation failed to produce executable
FAIL: gcc.dg/nested-func-4.c (test for excess errors)
WARNING: gcc.dg/nested-func-4.c compilation failed to produce executable
FAIL: gcc.dg/pr32450.c (test for excess errors)
WARNING: gcc.dg/pr32450.c compilation failed to produce executable
FAIL: gcc.dg/pr33645-3.c scan-assembler-not var1_t
FAIL: gcc.dg/pr34856.c (test for excess errors)
FAIL: gcc.dg/pr35729.c scan-rtl-dump-times loop2_invariant "Decided to move invariant" 0
WARNING: program timed out.
FAIL: gcc.dg/sync-2.c execution test
WARNING: program timed out.
FAIL: gcc.dg/sync-3.c execution test
WARNING: program timed out.
FAIL: gcc.dg/matrix/transpose-1.c compilation, -fprofile-generate -O3
UNRESOLVED: gcc.dg/matrix/transpose-1.c execution, -fprofile-generate -O3
UNRESOLVED: gcc.dg/matrix/transpose-1.c compilation, -fprofile-use -fipa-matrix-reorg -fdump-ipa-matrix-reorg -O3 -fwhole-program -combine
UNRESOLVED: gcc.dg/matrix/transpose-1.c execution, -fprofile-use -fipa-matrix-reorg -fdump-ipa-matrix-reorg -O3 -fwhole-program -combine
FAIL: gcc.dg/matrix/transpose-2.c compilation, -fprofile-generate -O3
UNRESOLVED: gcc.dg/matrix/transpose-2.c execution, -fprofile-generate -O3
UNRESOLVED: gcc.dg/matrix/transpose-2.c compilation, -fprofile-use -fipa-matrix-reorg -fdump-ipa-matrix-reorg -O3 -fwhole-program -combine
UNRESOLVED: gcc.dg/matrix/transpose-2.c execution, -fprofile-use -fipa-matrix-reorg -fdump-ipa-matrix-reorg -O3 -fwhole-program -combine
FAIL: gcc.dg/matrix/transpose-3.c compilation, -fprofile-generate -O3
UNRESOLVED: gcc.dg/matrix/transpose-3.c execution, -fprofile-generate -O3
UNRESOLVED: gcc.dg/matrix/transpose-3.c compilation, -fprofile-use -fipa-matrix-reorg -fdump-ipa-matrix-reorg -O3 -fwhole-program -combine
UNRESOLVED: gcc.dg/matrix/transpose-3.c execution, -fprofile-use -fipa-matrix-reorg -fdump-ipa-matrix-reorg -O3 -fwhole-program -combine
FAIL: gcc.dg/matrix/transpose-4.c compilation, -fprofile-generate -O3
UNRESOLVED: gcc.dg/matrix/transpose-4.c execution, -fprofile-generate -O3
UNRESOLVED: gcc.dg/matrix/transpose-4.c compilation, -fprofile-use -fipa-matrix-reorg -fdump-ipa-matrix-reorg -O3 -fwhole-program -combine
UNRESOLVED: gcc.dg/matrix/transpose-4.c execution, -fprofile-use -fipa-matrix-reorg -fdump-ipa-matrix-reorg -O3 -fwhole-program -combine
FAIL: gcc.dg/matrix/transpose-5.c compilation, -fprofile-generate -O3
UNRESOLVED: gcc.dg/matrix/transpose-5.c execution, -fprofile-generate -O3
UNRESOLVED: gcc.dg/matrix/transpose-5.c compilation, -fprofile-use -fipa-matrix-reorg -fdump-ipa-matrix-reorg -O3 -fwhole-program -combine
UNRESOLVED: gcc.dg/matrix/transpose-5.c execution, -fprofile-use -fipa-matrix-reorg -fdump-ipa-matrix-reorg -O3 -fwhole-program -combine
FAIL: gcc.dg/matrix/transpose-6.c compilation, -fprofile-generate -O3
UNRESOLVED: gcc.dg/matrix/transpose-6.c execution, -fprofile-generate -O3
UNRESOLVED: gcc.dg/matrix/transpose-6.c compilation, -fprofile-use -fipa-matrix-reorg -fdump-ipa-matrix-reorg -O3 -fwhole-program -combine
UNRESOLVED: gcc.dg/matrix/transpose-6.c execution, -fprofile-use -fipa-matrix-reorg -fdump-ipa-matrix-reorg -O3 -fwhole-program -combine
FAIL: gcc.dg/pch/valid-1b.c -O0 -g -I. (test for excess errors)
FAIL: gcc.dg/pch/valid-1b.c -O0 -g assembly comparison
FAIL: gcc.dg/pch/valid-1b.c -O0 -I. (test for excess errors)
FAIL: gcc.dg/pch/valid-1b.c -O0 assembly comparison
FAIL: gcc.dg/pch/valid-1b.c -O1 -I. (test for excess errors)
FAIL: gcc.dg/pch/valid-1b.c -O1 assembly comparison
FAIL: gcc.dg/pch/valid-1b.c -O2 -I. (test for excess errors)
FAIL: gcc.dg/pch/valid-1b.c -O2 assembly comparison
FAIL: gcc.dg/pch/valid-1b.c -O3 -fomit-frame-pointer -I. (test for excess errors)
FAIL: gcc.dg/pch/valid-1b.c -O3 -fomit-frame-pointer assembly comparison
FAIL: gcc.dg/pch/valid-1b.c -O3 -g -I. (test for excess errors)
FAIL: gcc.dg/pch/valid-1b.c -O3 -g assembly comparison
FAIL: gcc.dg/pch/valid-1b.c -Os -I. (test for excess errors)
FAIL: gcc.dg/pch/valid-1b.c -Os assembly comparison
FAIL: gcc.dg/struct/wo_prof_single_str_global.c execution test
FAIL: gcc.dg/struct/wo_prof_single_str_local.c execution test
FAIL: gcc.dg/struct/wo_prof_single_str_pointer.c execution test
FAIL: gcc.dg/struct/w_prof_global_array.c compilation, -O3 -fwhole-program -combine -fipa-type-escape -fprofile-generate
UNRESOLVED: gcc.dg/struct/w_prof_global_array.c execution, -O3 -fwhole-program -combine -fipa-type-escape -fprofile-generate
UNRESOLVED: gcc.dg/struct/w_prof_global_array.c compilation, -O3 -fwhole-program -combine -fipa-type-escape -fprofile-use -fipa-struct-reorg -fdump-ipa-all
UNRESOLVED: gcc.dg/struct/w_prof_global_array.c execution, -O3 -fwhole-program -combine -fipa-type-escape -fprofile-use -fipa-struct-reorg -fdump-ipa-all
FAIL: gcc.dg/struct/w_prof_global_var.c compilation, -O3 -fwhole-program -combine -fipa-type-escape -fprofile-generate
UNRESOLVED: gcc.dg/struct/w_prof_global_var.c execution, -O3 -fwhole-program -combine -fipa-type-escape -fprofile-generate
UNRESOLVED: gcc.dg/struct/w_prof_global_var.c compilation, -O3 -fwhole-program -combine -fipa-type-escape -fprofile-use -fipa-struct-reorg -fdump-ipa-all
UNRESOLVED: gcc.dg/struct/w_prof_global_var.c execution, -O3 -fwhole-program -combine -fipa-type-escape -fprofile-use -fipa-struct-reorg -fdump-ipa-all
FAIL: gcc.dg/struct/w_prof_local_array.c compilation, -O3 -fwhole-program -combine -fipa-type-escape -fprofile-generate
UNRESOLVED: gcc.dg/struct/w_prof_local_array.c execution, -O3 -fwhole-program -combine -fipa-type-escape -fprofile-generate
UNRESOLVED: gcc.dg/struct/w_prof_local_array.c compilation, -O3 -fwhole-program -combine -fipa-type-escape -fprofile-use -fipa-struct-reorg -fdump-ipa-all
UNRESOLVED: gcc.dg/struct/w_prof_local_array.c execution, -O3 -fwhole-program -combine -fipa-type-escape -fprofile-use -fipa-struct-reorg -fdump-ipa-all
FAIL: gcc.dg/struct/w_prof_local_var.c compilation, -O3 -fwhole-program -combine -fipa-type-escape -fprofile-generate
UNRESOLVED: gcc.dg/struct/w_prof_local_var.c execution, -O3 -fwhole-program -combine -fipa-type-escape -fprofile-generate
UNRESOLVED: gcc.dg/struct/w_prof_local_var.c compilation, -O3 -fwhole-program -combine -fipa-type-escape -fprofile-use -fipa-struct-reorg -fdump-ipa-all
UNRESOLVED: gcc.dg/struct/w_prof_local_var.c execution, -O3 -fwhole-program -combine -fipa-type-escape -fprofile-use -fipa-struct-reorg -fdump-ipa-all
FAIL: gcc.dg/struct/w_prof_single_str_global.c compilation, -O3 -fwhole-program -combine -fipa-type-escape -fprofile-generate
UNRESOLVED: gcc.dg/struct/w_prof_single_str_global.c execution, -O3 -fwhole-program -combine -fipa-type-escape -fprofile-generate
UNRESOLVED: gcc.dg/struct/w_prof_single_str_global.c compilation, -O3 -fwhole-program -combine -fipa-type-escape -fprofile-use -fipa-struct-reorg -fdump-ipa-all
UNRESOLVED: gcc.dg/struct/w_prof_single_str_global.c execution, -O3 -fwhole-program -combine -fipa-type-escape -fprofile-use -fipa-struct-reorg -fdump-ipa-all
FAIL: gcc.dg/struct/w_prof_two_strs.c compilation, -O3 -fwhole-program -combine -fipa-type-escape -fprofile-generate
UNRESOLVED: gcc.dg/struct/w_prof_two_strs.c execution, -O3 -fwhole-program -combine -fipa-type-escape -fprofile-generate
UNRESOLVED: gcc.dg/struct/w_prof_two_strs.c compilation, -O3 -fwhole-program -combine -fipa-type-escape -fprofile-use -fipa-struct-reorg -fdump-ipa-all
UNRESOLVED: gcc.dg/struct/w_prof_two_strs.c execution, -O3 -fwhole-program -combine -fipa-type-escape -fprofile-use -fipa-struct-reorg -fdump-ipa-all
FAIL: gcc.dg/struct/w_ratio_cold_str.c compilation, -O3 -fwhole-program -combine -fipa-type-escape -fprofile-generate
UNRESOLVED: gcc.dg/struct/w_ratio_cold_str.c execution, -O3 -fwhole-program -combine -fipa-type-escape -fprofile-generate
UNRESOLVED: gcc.dg/struct/w_ratio_cold_str.c compilation, -O3 -fwhole-program -combine -fipa-type-escape -fprofile-use -fipa-struct-reorg -fdump-ipa-all --param struct-reorg-cold-struct-ratio=30
UNRESOLVED: gcc.dg/struct/w_ratio_cold_str.c execution, -O3 -fwhole-program -combine -fipa-type-escape -fprofile-use -fipa-struct-reorg -fdump-ipa-all --param struct-reorg-cold-struct-ratio=30
FAIL: gcc.dg/tree-prof/bb-reorg.c compilation, -fprofile-generate -D_PROFILE_GENERATE
UNRESOLVED: gcc.dg/tree-prof/bb-reorg.c execution, -fprofile-generate -D_PROFILE_GENERATE
UNRESOLVED: gcc.dg/tree-prof/bb-reorg.c compilation, -fprofile-use -D_PROFILE_USE
UNRESOLVED: gcc.dg/tree-prof/bb-reorg.c execution, -fprofile-use -D_PROFILE_USE
FAIL: gcc.dg/tree-prof/ic-misattribution-1.c compilation, -fprofile-generate -D_PROFILE_GENERATE
UNRESOLVED: gcc.dg/tree-prof/ic-misattribution-1.c execution, -fprofile-generate -D_PROFILE_GENERATE
UNRESOLVED: gcc.dg/tree-prof/ic-misattribution-1.c compilation, -fprofile-use -D_PROFILE_USE
UNRESOLVED: gcc.dg/tree-prof/ic-misattribution-1.c execution, -fprofile-use -D_PROFILE_USE
FAIL: gcc.dg/tree-prof/ic-misattribution-1a.c compilation, -fprofile-generate -D_PROFILE_GENERATE
UNRESOLVED: gcc.dg/tree-prof/ic-misattribution-1a.c execution, -fprofile-generate -D_PROFILE_GENERATE
UNRESOLVED: gcc.dg/tree-prof/ic-misattribution-1a.c compilation, -fprofile-use -D_PROFILE_USE
UNRESOLVED: gcc.dg/tree-prof/ic-misattribution-1a.c execution, -fprofile-use -D_PROFILE_USE
FAIL: gcc.dg/tree-prof/indir-call-prof.c compilation, -fprofile-generate -D_PROFILE_GENERATE
UNRESOLVED: gcc.dg/tree-prof/indir-call-prof.c execution, -fprofile-generate -D_PROFILE_GENERATE
UNRESOLVED: gcc.dg/tree-prof/indir-call-prof.c compilation, -fprofile-use -D_PROFILE_USE
UNRESOLVED: gcc.dg/tree-prof/indir-call-prof.c execution, -fprofile-use -D_PROFILE_USE
FAIL: gcc.dg/tree-prof/inliner-1.c compilation, -fprofile-generate -D_PROFILE_GENERATE
UNRESOLVED: gcc.dg/tree-prof/inliner-1.c execution, -fprofile-generate -D_PROFILE_GENERATE
UNRESOLVED: gcc.dg/tree-prof/inliner-1.c compilation, -fprofile-use -D_PROFILE_USE
UNRESOLVED: gcc.dg/tree-prof/inliner-1.c execution, -fprofile-use -D_PROFILE_USE
FAIL: gcc.dg/tree-prof/pr34999.c compilation, -fprofile-generate -D_PROFILE_GENERATE
UNRESOLVED: gcc.dg/tree-prof/pr34999.c execution, -fprofile-generate -D_PROFILE_GENERATE
UNRESOLVED: gcc.dg/tree-prof/pr34999.c compilation, -fprofile-use -D_PROFILE_USE
UNRESOLVED: gcc.dg/tree-prof/pr34999.c execution, -fprofile-use -D_PROFILE_USE
FAIL: gcc.dg/tree-prof/stringop-1.c compilation, -fprofile-generate -D_PROFILE_GENERATE
UNRESOLVED: gcc.dg/tree-prof/stringop-1.c execution, -fprofile-generate -D_PROFILE_GENERATE
UNRESOLVED: gcc.dg/tree-prof/stringop-1.c compilation, -fprofile-use -D_PROFILE_USE
UNRESOLVED: gcc.dg/tree-prof/stringop-1.c execution, -fprofile-use -D_PROFILE_USE
FAIL: gcc.dg/tree-prof/stringop-2.c compilation, -fprofile-generate -D_PROFILE_GENERATE
UNRESOLVED: gcc.dg/tree-prof/stringop-2.c execution, -fprofile-generate -D_PROFILE_GENERATE
UNRESOLVED: gcc.dg/tree-prof/stringop-2.c compilation, -fprofile-use -D_PROFILE_USE
UNRESOLVED: gcc.dg/tree-prof/stringop-2.c execution, -fprofile-use -D_PROFILE_USE
FAIL: gcc.dg/tree-prof/tracer-1.c compilation, -fprofile-generate -D_PROFILE_GENERATE
UNRESOLVED: gcc.dg/tree-prof/tracer-1.c execution, -fprofile-generate -D_PROFILE_GENERATE
UNRESOLVED: gcc.dg/tree-prof/tracer-1.c compilation, -fprofile-use -D_PROFILE_USE
UNRESOLVED: gcc.dg/tree-prof/tracer-1.c execution, -fprofile-use -D_PROFILE_USE
FAIL: gcc.dg/tree-prof/update-cunroll-2.c compilation, -fprofile-generate -D_PROFILE_GENERATE
UNRESOLVED: gcc.dg/tree-prof/update-cunroll-2.c execution, -fprofile-generate -D_PROFILE_GENERATE
UNRESOLVED: gcc.dg/tree-prof/update-cunroll-2.c compilation, -fprofile-use -D_PROFILE_USE
UNRESOLVED: gcc.dg/tree-prof/update-cunroll-2.c execution, -fprofile-use -D_PROFILE_USE
FAIL: gcc.dg/tree-prof/update-loopch.c compilation, -fprofile-generate -D_PROFILE_GENERATE
UNRESOLVED: gcc.dg/tree-prof/update-loopch.c execution, -fprofile-generate -D_PROFILE_GENERATE
UNRESOLVED: gcc.dg/tree-prof/update-loopch.c compilation, -fprofile-use -D_PROFILE_USE
UNRESOLVED: gcc.dg/tree-prof/update-loopch.c execution, -fprofile-use -D_PROFILE_USE
FAIL: gcc.dg/tree-prof/update-tailcall.c compilation, -fprofile-generate -D_PROFILE_GENERATE
UNRESOLVED: gcc.dg/tree-prof/update-tailcall.c execution, -fprofile-generate -D_PROFILE_GENERATE
UNRESOLVED: gcc.dg/tree-prof/update-tailcall.c compilation, -fprofile-use -D_PROFILE_USE
UNRESOLVED: gcc.dg/tree-prof/update-tailcall.c execution, -fprofile-use -D_PROFILE_USE
FAIL: gcc.dg/tree-prof/val-prof-1.c compilation, -fprofile-generate -D_PROFILE_GENERATE
UNRESOLVED: gcc.dg/tree-prof/val-prof-1.c execution, -fprofile-generate -D_PROFILE_GENERATE
UNRESOLVED: gcc.dg/tree-prof/val-prof-1.c compilation, -fprofile-use -D_PROFILE_USE
UNRESOLVED: gcc.dg/tree-prof/val-prof-1.c execution, -fprofile-use -D_PROFILE_USE
FAIL: gcc.dg/tree-prof/val-prof-2.c compilation, -fprofile-generate -D_PROFILE_GENERATE
UNRESOLVED: gcc.dg/tree-prof/val-prof-2.c execution, -fprofile-generate -D_PROFILE_GENERATE
UNRESOLVED: gcc.dg/tree-prof/val-prof-2.c compilation, -fprofile-use -D_PROFILE_USE
UNRESOLVED: gcc.dg/tree-prof/val-prof-2.c execution, -fprofile-use -D_PROFILE_USE
FAIL: gcc.dg/tree-prof/val-prof-3.c compilation, -fprofile-generate -D_PROFILE_GENERATE
UNRESOLVED: gcc.dg/tree-prof/val-prof-3.c execution, -fprofile-generate -D_PROFILE_GENERATE
UNRESOLVED: gcc.dg/tree-prof/val-prof-3.c compilation, -fprofile-use -D_PROFILE_USE
UNRESOLVED: gcc.dg/tree-prof/val-prof-3.c execution, -fprofile-use -D_PROFILE_USE
FAIL: gcc.dg/tree-prof/val-prof-4.c compilation, -fprofile-generate -D_PROFILE_GENERATE
UNRESOLVED: gcc.dg/tree-prof/val-prof-4.c execution, -fprofile-generate -D_PROFILE_GENERATE
UNRESOLVED: gcc.dg/tree-prof/val-prof-4.c compilation, -fprofile-use -D_PROFILE_USE
UNRESOLVED: gcc.dg/tree-prof/val-prof-4.c execution, -fprofile-use -D_PROFILE_USE
FAIL: gcc.dg/tree-prof/val-prof-5.c compilation, -fprofile-generate -D_PROFILE_GENERATE
UNRESOLVED: gcc.dg/tree-prof/val-prof-5.c execution, -fprofile-generate -D_PROFILE_GENERATE
UNRESOLVED: gcc.dg/tree-prof/val-prof-5.c compilation, -fprofile-use -D_PROFILE_USE
UNRESOLVED: gcc.dg/tree-prof/val-prof-5.c execution, -fprofile-use -D_PROFILE_USE
FAIL: gcc.dg/tree-prof/val-prof-6.c compilation, -fprofile-generate -D_PROFILE_GENERATE
UNRESOLVED: gcc.dg/tree-prof/val-prof-6.c execution, -fprofile-generate -D_PROFILE_GENERATE
UNRESOLVED: gcc.dg/tree-prof/val-prof-6.c compilation, -fprofile-use -D_PROFILE_USE
UNRESOLVED: gcc.dg/tree-prof/val-prof-6.c execution, -fprofile-use -D_PROFILE_USE
FAIL: gcc.dg/tree-prof/wcoverage-mismatch.c compilation, -fprofile-generate -D_PROFILE_GENERATE
UNRESOLVED: gcc.dg/tree-prof/wcoverage-mismatch.c execution, -fprofile-generate -D_PROFILE_GENERATE
UNRESOLVED: gcc.dg/tree-prof/wcoverage-mismatch.c compilation, -fprofile-use -D_PROFILE_USE
UNRESOLVED: gcc.dg/tree-prof/wcoverage-mismatch.c execution, -fprofile-use -D_PROFILE_USE
WARNING: program timed out.
FAIL: gcc.dg/tree-ssa/pr22236.c execution test
FAIL: gcc.dg/tree-ssa/vrp47.c scan-tree-dump-times vrp1 "[xy][^ ]* !=" 0
FAIL: gcc.dg/tree-ssa/vrp47.c scan-tree-dump-times dom1 "x[^ ]* & y" 1
FAIL: gcc.dg/vect/costmodel/ppc/costmodel-slp-12.c scan-tree-dump-times vect "vectorized 1 loops" 1
FAIL: gcc.dg/vect/costmodel/ppc/costmodel-slp-12.c scan-tree-dump-times vect "vectorizing stmts using SLP" 1
FAIL: gcc.dg/vect/vect-67.c scan-tree-dump-times vect "vectorized 1 loops" 1
FAIL: gcc.misc-tests/bprob-1.c execution: file bprob-1.gcda does not exist, -fprofile-arcs
UNRESOLVED: gcc.misc-tests/bprob-1.c compilation, -fprofile-use
UNRESOLVED: gcc.misc-tests/bprob-1.c execution, -fprofile-use
FAIL: gcc.misc-tests/bprob-2.c execution: file bprob-2.gcda does not exist, -fprofile-arcs
UNRESOLVED: gcc.misc-tests/bprob-2.c compilation, -fprofile-use
UNRESOLVED: gcc.misc-tests/bprob-2.c execution, -fprofile-use
FAIL: gcc.target/powerpc/20020118-1.c execution test
FAIL: gcc.target/powerpc/405-dlmzb-strlen-1.c scan-assembler dlmzb\\\\.
FAIL: gcc.target/powerpc/405-macchw-1.c scan-assembler macchw
FAIL: gcc.target/powerpc/405-macchw-2.c scan-assembler macchw\\\\.
FAIL: gcc.target/powerpc/405-macchwu-1.c scan-assembler macchwu
FAIL: gcc.target/powerpc/405-macchwu-2.c scan-assembler macchwu\\\\.
FAIL: gcc.target/powerpc/405-machhw-1.c scan-assembler machhw
FAIL: gcc.target/powerpc/405-machhw-2.c scan-assembler machhw\\\\.
FAIL: gcc.target/powerpc/405-machhwu-1.c scan-assembler machhwu
FAIL: gcc.target/powerpc/405-machhwu-2.c scan-assembler machhwu\\\\.
FAIL: gcc.target/powerpc/405-maclhw-1.c scan-assembler maclhw
FAIL: gcc.target/powerpc/405-maclhw-2.c scan-assembler maclhw\\\\.
FAIL: gcc.target/powerpc/405-maclhwu-1.c scan-assembler maclhwu
FAIL: gcc.target/powerpc/405-maclhwu-2.c scan-assembler maclhwu\\\\.
FAIL: gcc.target/powerpc/405-mulchw-1.c scan-assembler mulchw
FAIL: gcc.target/powerpc/405-mulchw-2.c scan-assembler mulchw\\\\.
FAIL: gcc.target/powerpc/405-mulchwu-1.c scan-assembler mulchwu
FAIL: gcc.target/powerpc/405-mulchwu-2.c scan-assembler mulchwu\\\\.
FAIL: gcc.target/powerpc/405-mulhhw-1.c scan-assembler mulhhw
FAIL: gcc.target/powerpc/405-mulhhw-2.c scan-assembler mulhhw\\\\.
FAIL: gcc.target/powerpc/405-mulhhwu-1.c scan-assembler mulhhwu
FAIL: gcc.target/powerpc/405-mulhhwu-2.c scan-assembler mulhhwu\\\\.
FAIL: gcc.target/powerpc/405-mullhw-1.c scan-assembler mullhw
FAIL: gcc.target/powerpc/405-mullhw-2.c scan-assembler mullhw\\\\.
FAIL: gcc.target/powerpc/405-mullhwu-1.c scan-assembler mullhwu
FAIL: gcc.target/powerpc/405-mullhwu-2.c scan-assembler mullhwu\\\\.
FAIL: gcc.target/powerpc/405-nmacchw-1.c scan-assembler nmacchw
FAIL: gcc.target/powerpc/405-nmacchw-2.c scan-assembler nmacchw\\\\.
FAIL: gcc.target/powerpc/405-nmachhw-1.c scan-assembler nmachhw
FAIL: gcc.target/powerpc/405-nmachhw-2.c scan-assembler nmachhw\\\\.
FAIL: gcc.target/powerpc/405-nmaclhw-1.c scan-assembler nmaclhw
FAIL: gcc.target/powerpc/405-nmaclhw-2.c scan-assembler nmaclhw\\\\.
FAIL: gcc.target/powerpc/440-dlmzb-strlen-1.c scan-assembler dlmzb\\\\.
FAIL: gcc.target/powerpc/440-macchw-1.c scan-assembler macchw
FAIL: gcc.target/powerpc/440-macchw-2.c scan-assembler macchw\\\\.
FAIL: gcc.target/powerpc/440-macchwu-1.c scan-assembler macchwu
FAIL: gcc.target/powerpc/440-macchwu-2.c scan-assembler macchwu\\\\.
FAIL: gcc.target/powerpc/440-machhw-1.c scan-assembler machhw
FAIL: gcc.target/powerpc/440-machhw-2.c scan-assembler machhw\\\\.
FAIL: gcc.target/powerpc/440-machhwu-1.c scan-assembler machhwu
FAIL: gcc.target/powerpc/440-machhwu-2.c scan-assembler machhwu\\\\.
FAIL: gcc.target/powerpc/440-maclhw-1.c scan-assembler maclhw
FAIL: gcc.target/powerpc/440-maclhw-2.c scan-assembler maclhw\\\\.
FAIL: gcc.target/powerpc/440-maclhwu-1.c scan-assembler maclhwu
FAIL: gcc.target/powerpc/440-maclhwu-2.c scan-assembler maclhwu\\\\.
FAIL: gcc.target/powerpc/440-mulchw-1.c scan-assembler mulchw
FAIL: gcc.target/powerpc/440-mulchw-2.c scan-assembler mulchw\\\\.
FAIL: gcc.target/powerpc/440-mulchwu-1.c scan-assembler mulchwu
FAIL: gcc.target/powerpc/440-mulchwu-2.c scan-assembler mulchwu\\\\.
FAIL: gcc.target/powerpc/440-mulhhw-1.c scan-assembler mulhhw
FAIL: gcc.target/powerpc/440-mulhhw-2.c scan-assembler mulhhw\\\\.
FAIL: gcc.target/powerpc/440-mulhhwu-1.c scan-assembler mulhhwu
FAIL: gcc.target/powerpc/440-mulhhwu-2.c scan-assembler mulhhwu\\\\.
FAIL: gcc.target/powerpc/440-mullhw-1.c scan-assembler mullhw
FAIL: gcc.target/powerpc/440-mullhw-2.c scan-assembler mullhw\\\\.
FAIL: gcc.target/powerpc/440-mullhwu-1.c scan-assembler mullhwu
FAIL: gcc.target/powerpc/440-mullhwu-2.c scan-assembler mullhwu\\\\.
FAIL: gcc.target/powerpc/440-nmacchw-1.c scan-assembler nmacchw
FAIL: gcc.target/powerpc/440-nmacchw-2.c scan-assembler nmacchw\\\\.
FAIL: gcc.target/powerpc/440-nmachhw-1.c scan-assembler nmachhw
FAIL: gcc.target/powerpc/440-nmachhw-2.c scan-assembler nmachhw\\\\.
FAIL: gcc.target/powerpc/440-nmaclhw-1.c scan-assembler nmaclhw
FAIL: gcc.target/powerpc/440-nmaclhw-2.c scan-assembler nmaclhw\\\\.
WARNING: program timed out.
FAIL: gcc.target/powerpc/altivec-1.c execution test
WARNING: program timed out.
FAIL: gcc.target/powerpc/altivec-12.c execution test
WARNING: program timed out.
FAIL: gcc.target/powerpc/altivec-24.c execution test
WARNING: program timed out.
FAIL: gcc.target/powerpc/altivec-3.c execution test
WARNING: program timed out.
FAIL: gcc.target/powerpc/altivec-cell-2.c execution test
WARNING: program timed out.
FAIL: gcc.target/powerpc/altivec-cell-3.c execution test
WARNING: program timed out.
FAIL: gcc.target/powerpc/altivec-cell-4.c execution test
FAIL: gcc.target/powerpc/altivec-cell-6.c (test for excess errors)
FAIL: gcc.target/powerpc/altivec-cell-7.c (test for excess errors)
ERROR: gcc.target/powerpc/altivec-cell-7.c: error executing dg-final: couldn't open "altivec-cell-7.s": no such file or directory
UNRESOLVED: gcc.target/powerpc/altivec-cell-7.c: error executing dg-final: couldn't open "altivec-cell-7.s": no such file or directory
FAIL: gcc.target/powerpc/altivec-cell-8.c (test for excess errors)
WARNING: gcc.target/powerpc/altivec-cell-8.c compilation failed to produce executable
WARNING: program timed out.
FAIL: gcc.target/powerpc/altivec-consts.c execution test
WARNING: program timed out.
FAIL: gcc.target/powerpc/altivec-varargs-1.c execution test
WARNING: program timed out.
FAIL: gcc.target/powerpc/altivec-vec-merge.c execution test
WARNING: program timed out.
FAIL: gcc.target/powerpc/darwin-longlong.c execution test
FAIL: gcc.target/powerpc/parity-1.c scan-assembler popcntb
FAIL: gcc.target/powerpc/popcount-1.c scan-assembler popcntb
FAIL: gcc.target/powerpc/ppc64-double-1.c scan-assembler-not stfd
FAIL: gcc.target/powerpc/pr18096-1.c stack frame too large (test for errors, line 8)
FAIL: gcc.target/powerpc/pr18096-1.c (test for excess errors)
WARNING: program timed out.
FAIL: gcc.target/powerpc/pr35907.c execution test
FAIL: gcc.target/powerpc/rs6000-power2-2.c scan-assembler-not lfd
FAIL: gcc.target/powerpc/rs6000-power2-2.c scan-assembler lfq
FAIL: gcc.target/powerpc/rs6000-power2-2.c scan-assembler stfq
=== gcc Summary ===
# of expected passes 49765
# of unexpected failures 176
# of unexpected successes 1
# of expected failures 200
# of unresolved testcases 101
# of unsupported tests 617
/home/joel/work-gnat/svn/b-gcc1-powerpc/gcc/xgcc version 4.4.0 20081014 (experimental) [trunk revision 141108] (GCC)
Host is i686-pc-linux-gnu
=== g++ tests ===
Running target rtems-powerpc-psim
FAIL: g++.dg/bprob/g++-bprob-1.C execution: file g++-bprob-1.gcda does not exist, -g -fprofile-arcs
UNRESOLVED: g++.dg/bprob/g++-bprob-1.C compilation, -g -fprofile-use
UNRESOLVED: g++.dg/bprob/g++-bprob-1.C execution, -g -fprofile-use
FAIL: g++.dg/bprob/g++-bprob-1.C execution: file g++-bprob-1.gcda does not exist, -O0 -fprofile-arcs
UNRESOLVED: g++.dg/bprob/g++-bprob-1.C compilation, -O0 -fprofile-use
UNRESOLVED: g++.dg/bprob/g++-bprob-1.C execution, -O0 -fprofile-use
FAIL: g++.dg/bprob/g++-bprob-1.C execution: file g++-bprob-1.gcda does not exist, -O1 -fprofile-arcs
UNRESOLVED: g++.dg/bprob/g++-bprob-1.C compilation, -O1 -fprofile-use
UNRESOLVED: g++.dg/bprob/g++-bprob-1.C execution, -O1 -fprofile-use
FAIL: g++.dg/bprob/g++-bprob-1.C execution: file g++-bprob-1.gcda does not exist, -O2 -fprofile-arcs
UNRESOLVED: g++.dg/bprob/g++-bprob-1.C compilation, -O2 -fprofile-use
UNRESOLVED: g++.dg/bprob/g++-bprob-1.C execution, -O2 -fprofile-use
FAIL: g++.dg/bprob/g++-bprob-1.C execution: file g++-bprob-1.gcda does not exist, -O3 -fprofile-arcs
UNRESOLVED: g++.dg/bprob/g++-bprob-1.C compilation, -O3 -fprofile-use
UNRESOLVED: g++.dg/bprob/g++-bprob-1.C execution, -O3 -fprofile-use
FAIL: g++.dg/bprob/g++-bprob-1.C execution: file g++-bprob-1.gcda does not exist, -O3 -g -fprofile-arcs
UNRESOLVED: g++.dg/bprob/g++-bprob-1.C compilation, -O3 -g -fprofile-use
UNRESOLVED: g++.dg/bprob/g++-bprob-1.C execution, -O3 -g -fprofile-use
FAIL: g++.dg/bprob/g++-bprob-1.C execution: file g++-bprob-1.gcda does not exist, -Os -fprofile-arcs
UNRESOLVED: g++.dg/bprob/g++-bprob-1.C compilation, -Os -fprofile-use
UNRESOLVED: g++.dg/bprob/g++-bprob-1.C execution, -Os -fprofile-use
FAIL: g++.dg/bprob/g++-bprob-2.C execution: file g++-bprob-2.gcda does not exist, -g -fprofile-arcs
UNRESOLVED: g++.dg/bprob/g++-bprob-2.C compilation, -g -fprofile-use
UNRESOLVED: g++.dg/bprob/g++-bprob-2.C execution, -g -fprofile-use
FAIL: g++.dg/bprob/g++-bprob-2.C execution: file g++-bprob-2.gcda does not exist, -O0 -fprofile-arcs
UNRESOLVED: g++.dg/bprob/g++-bprob-2.C compilation, -O0 -fprofile-use
UNRESOLVED: g++.dg/bprob/g++-bprob-2.C execution, -O0 -fprofile-use
FAIL: g++.dg/bprob/g++-bprob-2.C execution: file g++-bprob-2.gcda does not exist, -O1 -fprofile-arcs
UNRESOLVED: g++.dg/bprob/g++-bprob-2.C compilation, -O1 -fprofile-use
UNRESOLVED: g++.dg/bprob/g++-bprob-2.C execution, -O1 -fprofile-use
FAIL: g++.dg/bprob/g++-bprob-2.C execution: file g++-bprob-2.gcda does not exist, -O2 -fprofile-arcs
UNRESOLVED: g++.dg/bprob/g++-bprob-2.C compilation, -O2 -fprofile-use
UNRESOLVED: g++.dg/bprob/g++-bprob-2.C execution, -O2 -fprofile-use
FAIL: g++.dg/bprob/g++-bprob-2.C execution: file g++-bprob-2.gcda does not exist, -O3 -fprofile-arcs
UNRESOLVED: g++.dg/bprob/g++-bprob-2.C compilation, -O3 -fprofile-use
UNRESOLVED: g++.dg/bprob/g++-bprob-2.C execution, -O3 -fprofile-use
FAIL: g++.dg/bprob/g++-bprob-2.C execution: file g++-bprob-2.gcda does not exist, -O3 -g -fprofile-arcs
UNRESOLVED: g++.dg/bprob/g++-bprob-2.C compilation, -O3 -g -fprofile-use
UNRESOLVED: g++.dg/bprob/g++-bprob-2.C execution, -O3 -g -fprofile-use
FAIL: g++.dg/bprob/g++-bprob-2.C execution: file g++-bprob-2.gcda does not exist, -Os -fprofile-arcs
UNRESOLVED: g++.dg/bprob/g++-bprob-2.C compilation, -Os -fprofile-use
UNRESOLVED: g++.dg/bprob/g++-bprob-2.C execution, -Os -fprofile-use
WARNING: program timed out.
FAIL: g++.dg/compat/eh/ctor2 cp_compat_x_tst.o-cp_compat_y_tst.o execute
WARNING: program timed out.
FAIL: g++.dg/compat/eh/dtor1 cp_compat_x_tst.o-cp_compat_y_tst.o execute
WARNING: program timed out.
FAIL: g++.dg/compat/eh/new1 cp_compat_x_tst.o-cp_compat_y_tst.o execute
WARNING: program timed out.
FAIL: g++.dg/compat/eh/nrv1 cp_compat_x_tst.o-cp_compat_y_tst.o execute
WARNING: program timed out.
FAIL: g++.dg/compat/eh/spec3 cp_compat_x_tst.o-cp_compat_y_tst.o execute
WARNING: program timed out.
FAIL: g++.dg/compat/eh/template1 cp_compat_x_tst.o-cp_compat_y_tst.o execute
WARNING: program timed out.
FAIL: g++.dg/compat/eh/unexpected1 cp_compat_x_tst.o-cp_compat_y_tst.o execute
WARNING: program timed out.
FAIL: g++.dg/compat/init/array5 cp_compat_x_tst.o-cp_compat_y_tst.o execute
WARNING: program timed out.
FAIL: g++.dg/compat/init/init-ref2 cp_compat_x_tst.o-cp_compat_y_tst.o execute
FAIL: g++.dg/conversion/simd1.C (test for excess errors)
WARNING: program timed out.
FAIL: g++.dg/cpp0x/variadic-tuple.C execution test
WARNING: program timed out.
FAIL: g++.dg/cpp0x/variadic73.C execution test
WARNING: program timed out.
FAIL: g++.dg/eh/alias1.C execution test
WARNING: program timed out.
FAIL: g++.dg/eh/cond1.C execution test
WARNING: program timed out.
FAIL: g++.dg/eh/crossjump1.C execution test
WARNING: program timed out.
FAIL: g++.dg/eh/ctor1.C execution test
WARNING: program timed out.
FAIL: g++.dg/eh/ctor2.C execution test
WARNING: program timed out.
FAIL: g++.dg/eh/delayslot1.C execution test
WARNING: program timed out.
FAIL: g++.dg/eh/dtor1.C execution test
WARNING: program timed out.
FAIL: g++.dg/eh/elide1.C execution test
WARNING: program timed out.
FAIL: g++.dg/eh/fp-regs.C execution test
WARNING: program timed out.
FAIL: g++.dg/eh/ia64-2.C execution test
WARNING: program timed out.
FAIL: g++.dg/eh/loop1.C execution test
WARNING: program timed out.
FAIL: g++.dg/eh/loop2.C execution test
WARNING: program timed out.
FAIL: g++.dg/eh/new1.C execution test
WARNING: program timed out.
FAIL: g++.dg/eh/omit-frame-pointer.C execution test
WARNING: program timed out.
FAIL: g++.dg/eh/omit-frame-pointer2.C execution test
WARNING: program timed out.
FAIL: g++.dg/eh/pr29166.C execution test
WARNING: program timed out.
FAIL: g++.dg/eh/registers1.C execution test
WARNING: program timed out.
FAIL: g++.dg/eh/simd-1.C execution test
FAIL: g++.dg/eh/simd-2.C (test for excess errors)
WARNING: g++.dg/eh/simd-2.C compilation failed to produce executable
WARNING: program timed out.
FAIL: g++.dg/eh/simd-3.C execution test
WARNING: program timed out.
FAIL: g++.dg/eh/spec3.C execution test
WARNING: program timed out.
FAIL: g++.dg/eh/spec7.C execution test
WARNING: program timed out.
FAIL: g++.dg/eh/spec9.C execution test
WARNING: program timed out.
FAIL: g++.dg/eh/synth2.C execution test
WARNING: program timed out.
FAIL: g++.dg/eh/template1.C execution test
WARNING: program timed out.
FAIL: g++.dg/eh/uncaught1.C execution test
WARNING: program timed out.
FAIL: g++.dg/eh/unexpected1.C execution test
WARNING: program timed out.
FAIL: g++.dg/eh/weak1.C execution test
FAIL: g++.dg/ext/altivec-2.C (test for excess errors)
FAIL: g++.dg/ext/altivec-3.C (test for excess errors)
WARNING: g++.dg/ext/altivec-3.C compilation failed to produce executable
FAIL: g++.dg/ext/altivec-cell-2.C (test for excess errors)
WARNING: g++.dg/ext/altivec-cell-2.C compilation failed to produce executable
FAIL: g++.dg/ext/altivec-cell-3.C (test for excess errors)
WARNING: g++.dg/ext/altivec-cell-3.C compilation failed to produce executable
FAIL: g++.dg/ext/altivec-cell-4.C (test for excess errors)
WARNING: g++.dg/ext/altivec-cell-4.C compilation failed to produce executable
FAIL: g++.dg/ext/attribute-test-1.C (test for excess errors)
FAIL: g++.dg/ext/attribute-test-2.C (test for excess errors)
FAIL: g++.dg/ext/attribute-test-3.C (test for excess errors)
FAIL: g++.dg/ext/attribute-test-4.C (test for excess errors)
WARNING: program timed out.
FAIL: g++.dg/init/array16.C execution test
WARNING: program timed out.
FAIL: g++.dg/init/array5.C execution test
WARNING: program timed out.
WARNING: program timed out.
FAIL: g++.dg/init/ctor1.C execution test
WARNING: program timed out.
FAIL: g++.dg/init/init-ref2.C execution test
WARNING: program timed out.
FAIL: g++.dg/init/placement2.C execution test
WARNING: program timed out.
FAIL: g++.dg/init/ref15.C execution test
WARNING: program timed out.
FAIL: g++.dg/init/ref9.C execution test
FAIL: g++.dg/ipa/iinline-1.C scan-ipa-dump inline "String::funcOne[^\\n]*inline copy in int main"
WARNING: program timed out.
FAIL: g++.dg/opt/eh2.C execution test
WARNING: program timed out.
FAIL: g++.dg/opt/eh3.C execution test
WARNING: program timed out.
FAIL: g++.dg/opt/pr15551.C execution test
WARNING: program timed out.
FAIL: g++.dg/opt/pr23478.C execution test
WARNING: program timed out.
FAIL: g++.dg/opt/pr36449.C execution test
WARNING: program timed out.
FAIL: g++.dg/opt/static5.C execution test
FAIL: g++.dg/other/PR23205.C scan-assembler .stabs.*foobar:c=i
WARNING: program timed out.
FAIL: g++.dg/other/profile1.C execution test
WARNING: program timed out.
FAIL: g++.dg/rtti/typeid4.C execution test
WARNING: program timed out.
FAIL: g++.dg/template/friend10.C execution test
WARNING: program timed out.
FAIL: g++.dg/tree-ssa/pr20458.C execution test
FAIL: g++.dg/special/conpr-1.C (test for excess errors)
WARNING: g++.dg/special/conpr-1.C compilation failed to produce executable
FAIL: g++.dg/special/conpr-2.C (test for excess errors)
WARNING: g++.dg/special/conpr-2.C compilation failed to produce executable
FAIL: g++.dg/special/conpr-3.C (test for excess errors)
WARNING: g++.dg/special/conpr-3.C compilation failed to produce executable
FAIL: g++.dg/special/conpr-4.C (test for excess errors)
WARNING: g++.dg/special/conpr-4.C compilation failed to produce executable
FAIL: g++.dg/special/initp1.C (test for excess errors)
WARNING: g++.dg/special/initp1.C compilation failed to produce executable
FAIL: g++.dg/special/initpri1.C (test for excess errors)
WARNING: g++.dg/special/initpri1.C compilation failed to produce executable
WARNING: program timed out.
FAIL: g++.dg/tree-prof/indir-call-prof.C compilation, -g -fprofile-generate
UNRESOLVED: g++.dg/tree-prof/indir-call-prof.C execution, -g -fprofile-generate
UNRESOLVED: g++.dg/tree-prof/indir-call-prof.C compilation, -g -fprofile-use
UNRESOLVED: g++.dg/tree-prof/indir-call-prof.C execution, -g -fprofile-use
FAIL: g++.dg/tree-prof/indir-call-prof.C compilation, -O0 -fprofile-generate
UNRESOLVED: g++.dg/tree-prof/indir-call-prof.C execution, -O0 -fprofile-generate
UNRESOLVED: g++.dg/tree-prof/indir-call-prof.C compilation, -O0 -fprofile-use
UNRESOLVED: g++.dg/tree-prof/indir-call-prof.C execution, -O0 -fprofile-use
FAIL: g++.dg/tree-prof/indir-call-prof.C compilation, -O1 -fprofile-generate
UNRESOLVED: g++.dg/tree-prof/indir-call-prof.C execution, -O1 -fprofile-generate
UNRESOLVED: g++.dg/tree-prof/indir-call-prof.C compilation, -O1 -fprofile-use
UNRESOLVED: g++.dg/tree-prof/indir-call-prof.C execution, -O1 -fprofile-use
FAIL: g++.dg/tree-prof/indir-call-prof.C compilation, -O2 -fprofile-generate
UNRESOLVED: g++.dg/tree-prof/indir-call-prof.C execution, -O2 -fprofile-generate
UNRESOLVED: g++.dg/tree-prof/indir-call-prof.C compilation, -O2 -fprofile-use
UNRESOLVED: g++.dg/tree-prof/indir-call-prof.C execution, -O2 -fprofile-use
FAIL: g++.dg/tree-prof/indir-call-prof.C compilation, -O3 -fprofile-generate
UNRESOLVED: g++.dg/tree-prof/indir-call-prof.C execution, -O3 -fprofile-generate
UNRESOLVED: g++.dg/tree-prof/indir-call-prof.C compilation, -O3 -fprofile-use
UNRESOLVED: g++.dg/tree-prof/indir-call-prof.C execution, -O3 -fprofile-use
FAIL: g++.dg/tree-prof/indir-call-prof.C compilation, -O3 -g -fprofile-generate
UNRESOLVED: g++.dg/tree-prof/indir-call-prof.C execution, -O3 -g -fprofile-generate
UNRESOLVED: g++.dg/tree-prof/indir-call-prof.C compilation, -O3 -g -fprofile-use
UNRESOLVED: g++.dg/tree-prof/indir-call-prof.C execution, -O3 -g -fprofile-use
FAIL: g++.dg/tree-prof/indir-call-prof.C compilation, -Os -fprofile-generate
UNRESOLVED: g++.dg/tree-prof/indir-call-prof.C execution, -Os -fprofile-generate
UNRESOLVED: g++.dg/tree-prof/indir-call-prof.C compilation, -Os -fprofile-use
UNRESOLVED: g++.dg/tree-prof/indir-call-prof.C execution, -Os -fprofile-use
WARNING: program timed out.
WARNING: program timed out.
FAIL: g++.old-deja/g++.abi/cxa_vec.C execution test
WARNING: program timed out.
FAIL: g++.old-deja/g++.benjamin/15071.C execution test
WARNING: program timed out.
FAIL: g++.old-deja/g++.brendan/copy9.C execution test
WARNING: program timed out.
FAIL: g++.old-deja/g++.brendan/eh1.C execution test
WARNING: program timed out.
FAIL: g++.old-deja/g++.brendan/nest21.C execution test
WARNING: program timed out.
FAIL: g++.old-deja/g++.brendan/ptolemy2.C execution test
WARNING: program timed out.
FAIL: g++.old-deja/g++.eh/badalloc1.C execution test
WARNING: program timed out.
FAIL: g++.old-deja/g++.eh/catch11.C execution test
WARNING: program timed out.
FAIL: g++.old-deja/g++.eh/catch12.C execution test
WARNING: program timed out.
FAIL: g++.old-deja/g++.eh/catch3.C execution test
WARNING: program timed out.
FAIL: g++.old-deja/g++.eh/catch3p.C execution test
WARNING: program timed out.
FAIL: g++.old-deja/g++.eh/catch4.C execution test
WARNING: program timed out.
FAIL: g++.old-deja/g++.eh/catch4p.C execution test
WARNING: program timed out.
FAIL: g++.old-deja/g++.eh/catch5.C execution test
WARNING: program timed out.
FAIL: g++.old-deja/g++.eh/catch5p.C execution test
WARNING: program timed out.
FAIL: g++.old-deja/g++.eh/catch6.C execution test
WARNING: program timed out.
FAIL: g++.old-deja/g++.eh/catch6p.C execution test
WARNING: program timed out.
FAIL: g++.old-deja/g++.eh/catch7.C execution test
WARNING: program timed out.
FAIL: g++.old-deja/g++.eh/catch7p.C execution test
WARNING: program timed out.
FAIL: g++.old-deja/g++.eh/catch8.C execution test
WARNING: program timed out.
FAIL: g++.old-deja/g++.eh/catch8p.C execution test
WARNING: program timed out.
FAIL: g++.old-deja/g++.eh/catch9.C execution test
WARNING: program timed out.
FAIL: g++.old-deja/g++.eh/catch9p.C execution test
WARNING: program timed out.
FAIL: g++.old-deja/g++.eh/catchptr1.C execution test
WARNING: program timed out.
FAIL: g++.old-deja/g++.eh/cleanup1.C execution test
WARNING: program timed out.
FAIL: g++.old-deja/g++.eh/cleanup2.C execution test
WARNING: program timed out.
FAIL: g++.old-deja/g++.eh/flow1.C execution test
WARNING: program timed out.
FAIL: g++.old-deja/g++.eh/fntry1.C execution test
WARNING: program timed out.
FAIL: g++.old-deja/g++.eh/ia64-1.C execution test
WARNING: program timed out.
FAIL: g++.old-deja/g++.eh/inline2.C execution test
WARNING: program timed out.
FAIL: g++.old-deja/g++.eh/new1.C execution test
WARNING: program timed out.
FAIL: g++.old-deja/g++.eh/new2.C execution test
WARNING: program timed out.
FAIL: g++.old-deja/g++.eh/pdel1.C execution test
WARNING: program timed out.
FAIL: g++.old-deja/g++.eh/pdel2.C execution test
WARNING: program timed out.
FAIL: g++.old-deja/g++.eh/ptr1.C execution test
WARNING: program timed out.
FAIL: g++.old-deja/g++.eh/rethrow1.C execution test
WARNING: program timed out.
FAIL: g++.old-deja/g++.eh/rethrow2.C execution test
WARNING: program timed out.
FAIL: g++.old-deja/g++.eh/rethrow3.C execution test
WARNING: program timed out.
FAIL: g++.old-deja/g++.eh/rethrow4.C execution test
WARNING: program timed out.
FAIL: g++.old-deja/g++.eh/rethrow5.C execution test
WARNING: program timed out.
FAIL: g++.old-deja/g++.eh/rethrow6.C execution test
WARNING: program timed out.
FAIL: g++.old-deja/g++.eh/spec1.C execution test
WARNING: program timed out.
FAIL: g++.old-deja/g++.eh/spec2.C execution test
WARNING: program timed out.
FAIL: g++.old-deja/g++.eh/spec3.C execution test
WARNING: program timed out.
FAIL: g++.old-deja/g++.eh/tmpl1.C execution test
WARNING: program timed out.
FAIL: g++.old-deja/g++.eh/unwind1.C execution test
WARNING: program timed out.
FAIL: g++.old-deja/g++.eh/vbase1.C execution test
WARNING: program timed out.
FAIL: g++.old-deja/g++.eh/vbase2.C execution test
WARNING: program timed out.
FAIL: g++.old-deja/g++.eh/vbase4.C execution test
WARNING: program timed out.
FAIL: g++.old-deja/g++.jason/2371.C execution test
WARNING: program timed out.
FAIL: g++.old-deja/g++.jason/pmf7.C execution test
WARNING: program timed out.
FAIL: g++.old-deja/g++.jason/template24.C execution test
WARNING: program timed out.
FAIL: g++.old-deja/g++.jason/template31.C execution test
WARNING: program timed out.
FAIL: g++.old-deja/g++.law/arg8.C execution test
WARNING: program timed out.
FAIL: g++.old-deja/g++.law/code-gen5.C execution test
WARNING: program timed out.
FAIL: g++.old-deja/g++.law/ctors12.C execution test
WARNING: program timed out.
FAIL: g++.old-deja/g++.law/cvt2.C execution test
FAIL: g++.old-deja/g++.law/profile1.C (test for excess errors)
WARNING: g++.old-deja/g++.law/profile1.C compilation failed to produce executable
WARNING: program timed out.
FAIL: g++.old-deja/g++.law/virtual3.C execution test
WARNING: program timed out.
FAIL: g++.old-deja/g++.martin/new1.C execution test
WARNING: program timed out.
FAIL: g++.old-deja/g++.mike/dyncast1.C execution test
WARNING: program timed out.
FAIL: g++.old-deja/g++.mike/dyncast2.C execution test
WARNING: program timed out.
FAIL: g++.old-deja/g++.mike/eh10.C execution test
WARNING: program timed out.
FAIL: g++.old-deja/g++.mike/eh12.C execution test
WARNING: program timed out.
FAIL: g++.old-deja/g++.mike/eh14.C execution test
WARNING: program timed out.
FAIL: g++.old-deja/g++.mike/eh16.C execution test
WARNING: program timed out.
FAIL: g++.old-deja/g++.mike/eh17.C execution test
WARNING: program timed out.
FAIL: g++.old-deja/g++.mike/eh18.C execution test
WARNING: program timed out.
FAIL: g++.old-deja/g++.mike/eh2.C execution test
WARNING: program timed out.
FAIL: g++.old-deja/g++.mike/eh21.C execution test
WARNING: program timed out.
FAIL: g++.old-deja/g++.mike/eh24.C execution test
WARNING: program timed out.
FAIL: g++.old-deja/g++.mike/eh26.C execution test
WARNING: program timed out.
FAIL: g++.old-deja/g++.mike/eh27.C execution test
WARNING: program timed out.
FAIL: g++.old-deja/g++.mike/eh28.C execution test
WARNING: program timed out.
FAIL: g++.old-deja/g++.mike/eh29.C execution test
WARNING: program timed out.
FAIL: g++.old-deja/g++.mike/eh3.C execution test
WARNING: program timed out.
FAIL: g++.old-deja/g++.mike/eh31.C execution test
WARNING: program timed out.
FAIL: g++.old-deja/g++.mike/eh33.C execution test
WARNING: program timed out.
FAIL: g++.old-deja/g++.mike/eh35.C execution test
WARNING: program timed out.
FAIL: g++.old-deja/g++.mike/eh36.C execution test
WARNING: program timed out.
FAIL: g++.old-deja/g++.mike/eh37.C execution test
WARNING: program timed out.
FAIL: g++.old-deja/g++.mike/eh38.C execution test
WARNING: program timed out.
FAIL: g++.old-deja/g++.mike/eh39.C execution test
WARNING: program timed out.
FAIL: g++.old-deja/g++.mike/eh40.C execution test
WARNING: program timed out.
FAIL: g++.old-deja/g++.mike/eh41.C execution test
WARNING: program timed out.
FAIL: g++.old-deja/g++.mike/eh42.C execution test
WARNING: program timed out.
FAIL: g++.old-deja/g++.mike/eh44.C execution test
WARNING: program timed out.
FAIL: g++.old-deja/g++.mike/eh47.C execution test
WARNING: program timed out.
FAIL: g++.old-deja/g++.mike/eh48.C execution test
WARNING: program timed out.
FAIL: g++.old-deja/g++.mike/eh49.C execution test
WARNING: program timed out.
FAIL: g++.old-deja/g++.mike/eh5.C execution test
WARNING: program timed out.
FAIL: g++.old-deja/g++.mike/eh50.C execution test
WARNING: program timed out.
FAIL: g++.old-deja/g++.mike/eh51.C execution test
WARNING: program timed out.
FAIL: g++.old-deja/g++.mike/eh6.C execution test
WARNING: program timed out.
FAIL: g++.old-deja/g++.mike/eh8.C execution test
WARNING: program timed out.
FAIL: g++.old-deja/g++.mike/init1.C execution test
WARNING: program timed out.
FAIL: g++.old-deja/g++.mike/leak1.C execution test
WARNING: program timed out.
FAIL: g++.old-deja/g++.mike/net34.C execution test
WARNING: program timed out.
FAIL: g++.old-deja/g++.mike/net46.C execution test
WARNING: program timed out.
FAIL: g++.old-deja/g++.mike/p2736.C execution test
WARNING: program timed out.
FAIL: g++.old-deja/g++.mike/p3041.C execution test
WARNING: program timed out.
FAIL: g++.old-deja/g++.mike/p658.C execution test
WARNING: program timed out.
FAIL: g++.old-deja/g++.mike/p7912.C execution test
WARNING: program timed out.
FAIL: g++.old-deja/g++.mike/p9706.C execution test
WARNING: program timed out.
FAIL: g++.old-deja/g++.other/array1.C execution test
WARNING: program timed out.
FAIL: g++.old-deja/g++.other/eh3.C execution test
WARNING: program timed out.
FAIL: g++.old-deja/g++.other/headers1.C execution test
WARNING: program timed out.
WARNING: program timed out.
WARNING: program timed out.
FAIL: g++.old-deja/g++.other/init7.C execution test
WARNING: program timed out.
FAIL: g++.old-deja/g++.other/new7.C execution test
WARNING: program timed out.
FAIL: g++.old-deja/g++.other/sibcall1.C execution test
WARNING: program timed out.
FAIL: g++.old-deja/g++.other/singleton.C execution test
WARNING: program timed out.
FAIL: g++.old-deja/g++.other/static7.C execution test
WARNING: program timed out.
FAIL: g++.old-deja/g++.other/unchanging1.C execution test
WARNING: program timed out.
FAIL: g++.old-deja/g++.other/vbase2.C execution test
WARNING: program timed out.
FAIL: g++.old-deja/g++.pt/fntry1.C execution test
WARNING: program timed out.
FAIL: g++.old-deja/g++.robertl/eb115.C execution test
WARNING: program timed out.
FAIL: g++.old-deja/g++.robertl/eb21.C execution test
WARNING: program timed out.
FAIL: g++.old-deja/g++.robertl/eb31.C execution test
WARNING: program timed out.
FAIL: g++.old-deja/g++.robertl/eb41.C execution test
WARNING: program timed out.
FAIL: g++.old-deja/g++.robertl/eb46.C execution test
WARNING: program timed out.
FAIL: g++.old-deja/g++.robertl/eb50.C execution test
WARNING: program timed out.
FAIL: g++.old-deja/g++.robertl/eb54.C execution test
WARNING: program timed out.
FAIL: g++.old-deja/g++.robertl/eb66.C execution test
WARNING: program timed out.
FAIL: g++.old-deja/g++.robertl/eb73.C execution test
WARNING: program timed out.
FAIL: g++.old-deja/g++.robertl/eb77.C execution test
WARNING: program timed out.
FAIL: g++.old-deja/g++.robertl/eb88.C execution test
WARNING: program timed out.
FAIL: g++.old-deja/g++.robertl/eh990323-1.C execution test
WARNING: program timed out.
FAIL: g++.old-deja/g++.robertl/eh990323-2.C execution test
WARNING: program timed out.
FAIL: g++.old-deja/g++.robertl/eh990323-3.C execution test
WARNING: program timed out.
FAIL: g++.old-deja/g++.robertl/eh990323-4.C execution test
WARNING: program timed out.
FAIL: g++.old-deja/g++.robertl/eh990323-5.C execution test
WARNING: program timed out.
FAIL: g++.old-deja/g++.robertl/ice990323-2.C execution test
=== g++ Summary ===
# of expected passes 18149
# of unexpected failures 227
# of expected failures 83
# of unresolved testcases 49
# of unsupported tests 161
/home/joel/work-gnat/svn/b-gcc1-powerpc/gcc/testsuite/g++/../../g++ version 4.4.0 20081014 (experimental) [trunk revision 141108] (GCC)
Compiler version: 4.4.0 20081014 (experimental) [trunk revision 141108] (GCC)
Platform: powerpc-unknown-rtems4.10
configure flags: --enable-threads=rtems --with-gnu-as --enable-multilib --enable-newlib-mb --enable-newlib-iconv --with-gnu-ld --with-newlib --verbose --with-system-zlib --disable-nls --enable-version-specific-runtime-libs --enable-languages=c,c++ --target=powerpc-rtems4.10 --prefix=/home/joel/work-gnat/svn//install