This is the mail archive of the gcc-testresults@gcc.gnu.org mailing list for the GCC project.


Index Nav: [Date Index] [Subject Index] [Author Index] [Thread Index]
Message Nav: [Date Prev] [Date Next] [Thread Prev] [Thread Next]
Other format: [Raw text]

Results for 4.3.2 (GCC) testsuite on hppa2.0w-hp-hpux11.00


This is an HP 9000/800/L1000-36
Bootstrapped with gcc 3.2.3.
as is from binutils-2.18 (FSF)
gmp is 4.2.2
mpfr is 2.3.1

C, C++, ObjC, and Fortran were built and tested.
LAST_UPDATED: Obtained from SVN: tags/gcc_4_3_2_release revision 139673

Native configuration is hppa2.0w-hp-hpux11.00

		=== g++ tests ===


Running target unix
XPASS: g++.old-deja/g++.pt/static6.C (test for excess errors)

		=== g++ Summary ===

# of expected passes		16489
# of unexpected successes	1
# of expected failures		84
# of unsupported tests		226
/remote/atg5/jbuck/gcc-4.3.2-hpbuild/gcc/testsuite/g++/../../g++  version 4.3.2 (GCC) 

		=== gcc tests ===


Running target unix
FAIL: gcc.dg/struct/wo_prof_malloc_size_var.c execution test

		=== gcc Summary ===

# of expected passes		44989
# of unexpected failures	1
# of expected failures		93
# of untested testcases		35
# of unsupported tests		468
/remote/atg5/jbuck/gcc-4.3.2-hpbuild/gcc/xgcc  version 4.3.2 (GCC) 

		=== gfortran tests ===


Running target unix
FAIL: gfortran.dg/nint_2.f90  -O0  execution test

		=== gfortran Summary ===

# of expected passes		23850
# of unexpected failures	1
# of expected failures		3
# of unsupported tests		162
/remote/atg5/jbuck/gcc-4.3.2-hpbuild/gcc/testsuite/gfortran/../../gfortran  version 4.3.2 (GCC) 

		=== objc tests ===


Running target unix

		=== objc Summary ===

# of expected passes		1806
# of expected failures		7
# of unsupported tests		27
/remote/atg5/jbuck/gcc-4.3.2-hpbuild/gcc/xgcc  version 4.3.2 (GCC) 

		=== libgomp tests ===


Running target unix
FAIL: libgomp.c++/ctor-8.C  -O3 -fomit-frame-pointer -funroll-all-loops -finline-functions  execution test
FAIL: libgomp.fortran/vla6.f90  -O3 -g  execution test

		=== libgomp Summary ===

# of expected passes		1747
# of unexpected failures	2
# of unsupported tests		7
		=== libstdc++ tests ===


Running target unix

		=== libstdc++ Summary ===

# of expected passes		4018
# of expected failures		57
# of unsupported tests		210

Compiler version: 4.3.2 (GCC) 
Platform: hppa2.0w-hp-hpux11.00
configure flags: --prefix=/u/jbuck/cvs.hp/4.3.2 --with-gnu-as --with-as=/u/jbuck/gnu.hp/bin/as --enable-languages=c,c++,objc,fortran --with-mpfr=/u/jbuck/gnu.hp --with-gmp=/u/jbuck/gnu.hp


Index Nav: [Date Index] [Subject Index] [Author Index] [Thread Index]
Message Nav: [Date Prev] [Date Next] [Thread Prev] [Thread Next]