This is the mail archive of the gcc-testresults@gcc.gnu.org mailing list for the GCC project.


Index Nav: [Date Index] [Subject Index] [Author Index] [Thread Index]
Message Nav: [Date Prev] [Date Next] [Thread Prev] [Thread Next]
Other format: [Raw text]

Results for 4.4.0 20080904 (experimental) [trunk revision 139986] (GCC) testsuite on i686-pc-linux-gnu


LAST_UPDATED: Thu Sep  4 15:10:54 UTC 2008 (revision 139986)

Native configuration is i686-pc-linux-gnu

		=== g++ tests ===


Running target unix
FAIL: g++.dg/other/PR23205.C scan-assembler .stabs.*foobar:c=i
WARNING: program timed out.
FAIL: g++.old-deja/g++.eh/ia64-1.C execution test

		=== g++ Summary ===

# of expected passes		18808
# of unexpected failures	2
# of expected failures		83
# of unsupported tests		91
/export/gnu/import/svn/gcc-test/bld/gcc/testsuite/g++/../../g++  version 4.4.0 20080904 (experimental) [trunk revision 139986] (GCC) 

		=== gcc tests ===


Running target unix
FAIL: gcc.dg/debug/dwarf2/dwarf-die3.c scan-assembler-not DW_AT_inline
FAIL: gcc.dg/array-init-1.c scan-assembler-not abcdefghi
FAIL: gcc.dg/array-init-1.c scan-assembler-times 7017280452245743464|7523094288207667809|6867666564636261|1684234849|64636261 2
FAIL: gcc.dg/fastmath-2.c execution test
FAIL: gcc.dg/pr30286.c execution test
FAIL: gcc.dg/pr33645-3.c scan-assembler-not var1_t
FAIL: gcc.dg/pch/valid-1b.c -O0 -g -I. (test for excess errors)
FAIL: gcc.dg/pch/valid-1b.c -O0 -g assembly comparison
FAIL: gcc.dg/pch/valid-1b.c  -O0  -I. (test for excess errors)
FAIL: gcc.dg/pch/valid-1b.c  -O0  assembly comparison
FAIL: gcc.dg/pch/valid-1b.c  -O1  -I. (test for excess errors)
FAIL: gcc.dg/pch/valid-1b.c  -O1  assembly comparison
FAIL: gcc.dg/pch/valid-1b.c  -O2  -I. (test for excess errors)
FAIL: gcc.dg/pch/valid-1b.c  -O2  assembly comparison
FAIL: gcc.dg/pch/valid-1b.c  -O3 -fomit-frame-pointer  -I. (test for excess errors)
FAIL: gcc.dg/pch/valid-1b.c  -O3 -fomit-frame-pointer  assembly comparison
FAIL: gcc.dg/pch/valid-1b.c  -O3 -g  -I. (test for excess errors)
FAIL: gcc.dg/pch/valid-1b.c  -O3 -g  assembly comparison
FAIL: gcc.dg/pch/valid-1b.c  -Os  -I. (test for excess errors)
FAIL: gcc.dg/pch/valid-1b.c  -Os  assembly comparison
FAIL: gcc.dg/vect/vect-67.c scan-tree-dump-times vect "vectorized 1 loops" 1
FAIL: gcc.dg/vect/no-scevccp-outer-13.c scan-tree-dump-times vect "OUTER LOOP VECTORIZED." 1
FAIL: gcc.dg/vect/no-scevccp-outer-7.c scan-tree-dump-times vect "OUTER LOOP VECTORIZED." 1

		=== gcc Summary ===

# of expected passes		54669
# of unexpected failures	23
# of expected failures		194
# of unsupported tests		440
/export/gnu/import/svn/gcc-test/bld/gcc/xgcc  version 4.4.0 20080904 (experimental) [trunk revision 139986] (GCC) 

		=== gfortran tests ===


Running target unix

		=== gfortran Summary ===

# of expected passes		27638
# of expected failures		9
# of unsupported tests		89
/export/gnu/import/svn/gcc-test/bld/gcc/testsuite/gfortran/../../gfortran  version 4.4.0 20080904 (experimental) [trunk revision 139986] (GCC) 

		=== objc tests ===


Running target unix

		=== objc Summary ===

# of expected passes		1814
# of expected failures		7
# of unsupported tests		24
/export/gnu/import/svn/gcc-test/bld/gcc/xgcc  version 4.4.0 20080904 (experimental) [trunk revision 139986] (GCC) 

		=== libffi tests ===


Running target unix

		=== libffi Summary ===

# of expected passes		1389
# of unsupported tests		10
		=== libgomp tests ===


Running target unix

		=== libgomp Summary ===

# of expected passes		2289
		=== libjava tests ===


Running target unix

		=== libjava Summary ===

# of expected passes		2574
		=== libmudflap tests ===


Running target unix
FAIL: libmudflap.c++/pass41-frag.cxx execution test
FAIL: libmudflap.c++/pass41-frag.cxx (-static) execution test
FAIL: libmudflap.c++/pass41-frag.cxx (-O2) execution test
FAIL: libmudflap.c++/pass41-frag.cxx (-O3) execution test

		=== libmudflap Summary ===

# of expected passes		1861
# of unexpected failures	4
		=== libstdc++ tests ===


Running target unix
FAIL: 21_strings/basic_string/numeric_conversions/char/stoi.cc execution test
FAIL: 21_strings/basic_string/numeric_conversions/char/stol.cc execution test
FAIL: 21_strings/basic_string/numeric_conversions/char/stoul.cc execution test
XPASS: 23_containers/unordered_multimap/init-list.cc (test for excess errors)
XPASS: 26_numerics/headers/cmath/c99_classification_macros_c.cc (test for excess errors)

		=== libstdc++ Summary ===

# of expected passes		6112
# of unexpected failures	3
# of unexpected successes	2
# of expected failures		70
# of unsupported tests		13

Compiler version: 4.4.0 20080904 (experimental) [trunk revision 139986] (GCC) 
Platform: i686-pc-linux-gnu
configure flags: --enable-checking=assert --enable-clocale=gnu --with-system-zlib --enable-shared --with-demangler-in-ld


Index Nav: [Date Index] [Subject Index] [Author Index] [Thread Index]
Message Nav: [Date Prev] [Date Next] [Thread Prev] [Thread Next]