This is the mail archive of the gcc-testresults@gcc.gnu.org mailing list for the GCC project.


Index Nav: [Date Index] [Subject Index] [Author Index] [Thread Index]
Message Nav: [Date Prev] [Date Next] [Thread Prev] [Thread Next]
Other format: [Raw text]

Results for 4.4.0 20080903 (experimental) [trunk revision 139926] (GCC) testsuite on x86_64-unknown-linux-gnu


LAST_UPDATED: Wed Sep  3 05:10:07 UTC 2008 (revision 139926)

Native configuration is x86_64-unknown-linux-gnu

		=== g++ tests ===


Running target unix/-m32
FAIL: g++.dg/other/PR23205.C scan-assembler .stabs.*foobar:c=i
WARNING: program timed out.
FAIL: g++.old-deja/g++.eh/ia64-1.C execution test

		=== g++ Summary for unix/-m32 ===

# of expected passes		18779
# of unexpected failures	2
# of expected failures		83
# of unsupported tests		91

Running target unix
FAIL: g++.dg/other/PR23205.C scan-assembler .stabs.*foobar:c=i

		=== g++ Summary for unix ===

# of expected passes		18467
# of unexpected failures	1
# of expected failures		83
# of unsupported tests		241

		=== g++ Summary ===

# of expected passes		37246
# of unexpected failures	3
# of expected failures		166
# of unsupported tests		332
/export/gnu/import/svn/gcc-test/bld/gcc/testsuite/g++/../../g++  version 4.4.0 20080903 (experimental) [trunk revision 139926] (GCC) 

		=== gcc tests ===


Running target unix/-m32
FAIL: gcc.dg/debug/dwarf2/dwarf-die3.c scan-assembler-not DW_AT_inline
FAIL: gcc.dg/array-init-1.c scan-assembler-not abcdefghi
FAIL: gcc.dg/array-init-1.c scan-assembler-times 7017280452245743464|7523094288207667809|6867666564636261|1684234849|64636261 2
FAIL: gcc.dg/fastmath-2.c execution test
FAIL: gcc.dg/pr30286.c execution test
FAIL: gcc.dg/pr33645-3.c scan-assembler-not var1_t
FAIL: gcc.dg/graphite/block-0.c (test for excess errors)
FAIL: gcc.dg/graphite/block-0.c scan-tree-dump-times graphite "Loop blocked" 1
FAIL: gcc.dg/graphite/block-1.c (test for excess errors)
FAIL: gcc.dg/graphite/block-1.c scan-tree-dump-times graphite "Loop blocked" 3
FAIL: gcc.dg/graphite/scop-0.c (test for excess errors)
FAIL: gcc.dg/graphite/scop-0.c scan-tree-dump-times graphite "number of SCoPs: 1" 1
FAIL: gcc.dg/graphite/scop-1.c (test for excess errors)
FAIL: gcc.dg/graphite/scop-1.c scan-tree-dump-times graphite "number of SCoPs: 3" 1
FAIL: gcc.dg/graphite/scop-10.c (test for excess errors)
FAIL: gcc.dg/graphite/scop-10.c scan-tree-dump-times graphite "number of SCoPs: 3" 1
FAIL: gcc.dg/graphite/scop-11.c (test for excess errors)
FAIL: gcc.dg/graphite/scop-11.c scan-tree-dump-times graphite "number of SCoPs: 3" 1
FAIL: gcc.dg/graphite/scop-12.c (test for excess errors)
FAIL: gcc.dg/graphite/scop-12.c scan-tree-dump-times graphite "number of SCoPs: 5" 1
FAIL: gcc.dg/graphite/scop-13.c (test for excess errors)
FAIL: gcc.dg/graphite/scop-13.c scan-tree-dump-times graphite "number of SCoPs: 2" 1
FAIL: gcc.dg/graphite/scop-14.c (test for excess errors)
FAIL: gcc.dg/graphite/scop-14.c scan-tree-dump-times graphite "number of SCoPs: 0" 1
FAIL: gcc.dg/graphite/scop-15.c (test for excess errors)
FAIL: gcc.dg/graphite/scop-15.c scan-tree-dump-times graphite "number of SCoPs: 0" 1
FAIL: gcc.dg/graphite/scop-16.c (test for excess errors)
FAIL: gcc.dg/graphite/scop-16.c scan-tree-dump-times graphite "Interchange valid for loops 0 and 1:" 2
FAIL: gcc.dg/graphite/scop-17.c (test for excess errors)
FAIL: gcc.dg/graphite/scop-17.c scan-tree-dump-times graphite "Interchange not valid for loops 0 and 1:" 1
FAIL: gcc.dg/graphite/scop-18.c (test for excess errors)
FAIL: gcc.dg/graphite/scop-18.c scan-tree-dump-times graphite "Strip Mining is not profitable" 3
FAIL: gcc.dg/graphite/scop-2.c (test for excess errors)
FAIL: gcc.dg/graphite/scop-2.c scan-tree-dump-times graphite "number of SCoPs: 4" 1
FAIL: gcc.dg/graphite/scop-3.c (test for excess errors)
FAIL: gcc.dg/graphite/scop-3.c scan-tree-dump-times graphite "number of SCoPs: 3" 1
FAIL: gcc.dg/graphite/scop-4.c (test for excess errors)
FAIL: gcc.dg/graphite/scop-4.c scan-tree-dump-times graphite "number of SCoPs: 2" 1
FAIL: gcc.dg/graphite/scop-5.c (test for excess errors)
FAIL: gcc.dg/graphite/scop-5.c scan-tree-dump-times graphite "number of SCoPs: 3" 1
FAIL: gcc.dg/graphite/scop-6.c (test for excess errors)
FAIL: gcc.dg/graphite/scop-6.c scan-tree-dump-times graphite "number of SCoPs: 3" 1
FAIL: gcc.dg/graphite/scop-7.c (test for excess errors)
FAIL: gcc.dg/graphite/scop-7.c scan-tree-dump-times graphite "number of SCoPs: 3" 1
FAIL: gcc.dg/graphite/scop-8.c (test for excess errors)
FAIL: gcc.dg/graphite/scop-8.c scan-tree-dump-times graphite "number of SCoPs: 2" 1
FAIL: gcc.dg/graphite/scop-9.c (test for excess errors)
FAIL: gcc.dg/graphite/scop-9.c scan-tree-dump-times graphite "number of SCoPs: 2" 1
FAIL: gcc.dg/graphite/scop-matmult.c (test for excess errors)
FAIL: gcc.dg/pch/valid-1b.c -O0 -g -I. (test for excess errors)
FAIL: gcc.dg/pch/valid-1b.c -O0 -g assembly comparison
FAIL: gcc.dg/pch/valid-1b.c  -O0  -I. (test for excess errors)
FAIL: gcc.dg/pch/valid-1b.c  -O0  assembly comparison
FAIL: gcc.dg/pch/valid-1b.c  -O1  -I. (test for excess errors)
FAIL: gcc.dg/pch/valid-1b.c  -O1  assembly comparison
FAIL: gcc.dg/pch/valid-1b.c  -O2  -I. (test for excess errors)
FAIL: gcc.dg/pch/valid-1b.c  -O2  assembly comparison
FAIL: gcc.dg/pch/valid-1b.c  -O3 -fomit-frame-pointer  -I. (test for excess errors)
FAIL: gcc.dg/pch/valid-1b.c  -O3 -fomit-frame-pointer  assembly comparison
FAIL: gcc.dg/pch/valid-1b.c  -O3 -g  -I. (test for excess errors)
FAIL: gcc.dg/pch/valid-1b.c  -O3 -g  assembly comparison
FAIL: gcc.dg/pch/valid-1b.c  -Os  -I. (test for excess errors)
FAIL: gcc.dg/pch/valid-1b.c  -Os  assembly comparison
FAIL: gcc.dg/vect/vect-67.c scan-tree-dump-times vect "vectorized 1 loops" 1
FAIL: gcc.dg/vect/no-scevccp-outer-13.c scan-tree-dump-times vect "OUTER LOOP VECTORIZED." 1
FAIL: gcc.dg/vect/no-scevccp-outer-7.c scan-tree-dump-times vect "OUTER LOOP VECTORIZED." 1
FAIL: gcc.target/i386/pr36222-1.c scan-assembler-not movdqa

		=== gcc Summary for unix/-m32 ===

# of expected passes		54676
# of unexpected failures	67
# of expected failures		195
# of unsupported tests		437

Running target unix
FAIL: gcc.dg/debug/dwarf2/dwarf-die3.c scan-assembler-not DW_AT_inline
FAIL: gcc.dg/pr33645-3.c scan-assembler-not var1_t
FAIL: gcc.dg/graphite/block-0.c (test for excess errors)
FAIL: gcc.dg/graphite/block-0.c scan-tree-dump-times graphite "Loop blocked" 1
FAIL: gcc.dg/graphite/block-1.c (test for excess errors)
FAIL: gcc.dg/graphite/block-1.c scan-tree-dump-times graphite "Loop blocked" 3
FAIL: gcc.dg/graphite/scop-0.c (test for excess errors)
FAIL: gcc.dg/graphite/scop-0.c scan-tree-dump-times graphite "number of SCoPs: 1" 1
FAIL: gcc.dg/graphite/scop-1.c (test for excess errors)
FAIL: gcc.dg/graphite/scop-1.c scan-tree-dump-times graphite "number of SCoPs: 3" 1
FAIL: gcc.dg/graphite/scop-10.c (test for excess errors)
FAIL: gcc.dg/graphite/scop-10.c scan-tree-dump-times graphite "number of SCoPs: 3" 1
FAIL: gcc.dg/graphite/scop-11.c (test for excess errors)
FAIL: gcc.dg/graphite/scop-11.c scan-tree-dump-times graphite "number of SCoPs: 3" 1
FAIL: gcc.dg/graphite/scop-12.c (test for excess errors)
FAIL: gcc.dg/graphite/scop-12.c scan-tree-dump-times graphite "number of SCoPs: 5" 1
FAIL: gcc.dg/graphite/scop-13.c (test for excess errors)
FAIL: gcc.dg/graphite/scop-13.c scan-tree-dump-times graphite "number of SCoPs: 2" 1
FAIL: gcc.dg/graphite/scop-14.c (test for excess errors)
FAIL: gcc.dg/graphite/scop-14.c scan-tree-dump-times graphite "number of SCoPs: 0" 1
FAIL: gcc.dg/graphite/scop-15.c (test for excess errors)
FAIL: gcc.dg/graphite/scop-15.c scan-tree-dump-times graphite "number of SCoPs: 0" 1
FAIL: gcc.dg/graphite/scop-16.c (test for excess errors)
FAIL: gcc.dg/graphite/scop-16.c scan-tree-dump-times graphite "Interchange valid for loops 0 and 1:" 2
FAIL: gcc.dg/graphite/scop-17.c (test for excess errors)
FAIL: gcc.dg/graphite/scop-17.c scan-tree-dump-times graphite "Interchange not valid for loops 0 and 1:" 1
FAIL: gcc.dg/graphite/scop-18.c (test for excess errors)
FAIL: gcc.dg/graphite/scop-18.c scan-tree-dump-times graphite "Strip Mining is not profitable" 3
FAIL: gcc.dg/graphite/scop-2.c (test for excess errors)
FAIL: gcc.dg/graphite/scop-2.c scan-tree-dump-times graphite "number of SCoPs: 4" 1
FAIL: gcc.dg/graphite/scop-3.c (test for excess errors)
FAIL: gcc.dg/graphite/scop-3.c scan-tree-dump-times graphite "number of SCoPs: 3" 1
FAIL: gcc.dg/graphite/scop-4.c (test for excess errors)
FAIL: gcc.dg/graphite/scop-4.c scan-tree-dump-times graphite "number of SCoPs: 2" 1
FAIL: gcc.dg/graphite/scop-5.c (test for excess errors)
FAIL: gcc.dg/graphite/scop-5.c scan-tree-dump-times graphite "number of SCoPs: 3" 1
FAIL: gcc.dg/graphite/scop-6.c (test for excess errors)
FAIL: gcc.dg/graphite/scop-6.c scan-tree-dump-times graphite "number of SCoPs: 3" 1
FAIL: gcc.dg/graphite/scop-7.c (test for excess errors)
FAIL: gcc.dg/graphite/scop-7.c scan-tree-dump-times graphite "number of SCoPs: 3" 1
FAIL: gcc.dg/graphite/scop-8.c (test for excess errors)
FAIL: gcc.dg/graphite/scop-8.c scan-tree-dump-times graphite "number of SCoPs: 2" 1
FAIL: gcc.dg/graphite/scop-9.c (test for excess errors)
FAIL: gcc.dg/graphite/scop-9.c scan-tree-dump-times graphite "number of SCoPs: 2" 1
FAIL: gcc.dg/graphite/scop-matmult.c (test for excess errors)
FAIL: gcc.dg/tree-prof/bb-reorg.c compilation,  -fprofile-use -D_PROFILE_USE
UNRESOLVED: gcc.dg/tree-prof/bb-reorg.c execution,    -fprofile-use -D_PROFILE_USE
FAIL: gcc.dg/tree-prof/pr34999.c compilation,  -fprofile-use -D_PROFILE_USE
UNRESOLVED: gcc.dg/tree-prof/pr34999.c execution,    -fprofile-use -D_PROFILE_USE
FAIL: gcc.dg/vect/vect-67.c scan-tree-dump-times vect "vectorized 1 loops" 1
FAIL: gcc.dg/vect/no-scevccp-outer-13.c scan-tree-dump-times vect "OUTER LOOP VECTORIZED." 1
FAIL: gcc.dg/vect/no-scevccp-outer-7.c scan-tree-dump-times vect "OUTER LOOP VECTORIZED." 1
FAIL: gcc.target/i386/pr34256.c scan-assembler-times mov 2
FAIL: gcc.target/i386/pr36222-1.c scan-assembler-not movdqa
FAIL: gcc.target/i386/pr36246.c scan-assembler-not movq

		=== gcc Summary for unix ===

# of expected passes		54272
# of unexpected failures	53
# of expected failures		195
# of unresolved testcases	2
# of unsupported tests		708

		=== gcc Summary ===

# of expected passes		108948
# of unexpected failures	120
# of expected failures		390
# of unresolved testcases	2
# of unsupported tests		1145
/export/gnu/import/svn/gcc-test/bld/gcc/xgcc  version 4.4.0 20080903 (experimental) [trunk revision 139926] (GCC) 

		=== gfortran tests ===


Running target unix/-m32
FAIL: gfortran.dg/graphite/block-1.f90  -O  (test for excess errors)
FAIL: gfortran.dg/graphite/block-2.f  -O  (test for excess errors)
FAIL: gfortran.dg/graphite/block-3.f90  -O  (test for excess errors)
FAIL: gfortran.dg/graphite/block-4.f90  -O  (test for excess errors)
FAIL: gfortran.dg/graphite/scop-1.f  -O  (test for excess errors)

		=== gfortran Summary for unix/-m32 ===

# of expected passes		27638
# of unexpected failures	5
# of expected failures		13
# of unsupported tests		89

Running target unix
FAIL: gfortran.dg/graphite/block-1.f90  -O  (test for excess errors)
FAIL: gfortran.dg/graphite/block-2.f  -O  (test for excess errors)
FAIL: gfortran.dg/graphite/block-3.f90  -O  (test for excess errors)
FAIL: gfortran.dg/graphite/block-4.f90  -O  (test for excess errors)
FAIL: gfortran.dg/graphite/scop-1.f  -O  (test for excess errors)

		=== gfortran Summary for unix ===

# of expected passes		27753
# of unexpected failures	5
# of expected failures		13
# of unsupported tests		34

		=== gfortran Summary ===

# of expected passes		55391
# of unexpected failures	10
# of expected failures		26
# of unsupported tests		123
/export/gnu/import/svn/gcc-test/bld/gcc/testsuite/gfortran/../../gfortran  version 4.4.0 20080903 (experimental) [trunk revision 139926] (GCC) 

		=== objc tests ===


Running target unix/-m32

		=== objc Summary for unix/-m32 ===

# of expected passes		1814
# of expected failures		7
# of unsupported tests		24

Running target unix

		=== objc Summary for unix ===

# of expected passes		1814
# of expected failures		7
# of unsupported tests		24

		=== objc Summary ===

# of expected passes		3628
# of expected failures		14
# of unsupported tests		48
/export/gnu/import/svn/gcc-test/bld/gcc/xgcc  version 4.4.0 20080903 (experimental) [trunk revision 139926] (GCC) 

		=== libffi tests ===


Running target unix/-m32

		=== libffi Summary for unix/-m32 ===

# of expected passes		1389
# of unsupported tests		10

Running target unix

		=== libffi Summary for unix ===

# of expected passes		1389
# of unsupported tests		10

		=== libffi Summary ===

# of expected passes		2778
# of unsupported tests		20
		=== libgomp tests ===


Running target unix/-m32
FAIL: libgomp.fortran/vla7.f90  -O3 -fomit-frame-pointer  execution test
FAIL: libgomp.fortran/vla7.f90  -O3 -fomit-frame-pointer -funroll-loops  execution test
FAIL: libgomp.fortran/vla7.f90  -O3 -fomit-frame-pointer -funroll-all-loops -finline-functions  execution test

		=== libgomp Summary for unix/-m32 ===

# of expected passes		2286
# of unexpected failures	3

Running target unix

		=== libgomp Summary for unix ===

# of expected passes		2289

		=== libgomp Summary ===

# of expected passes		4575
# of unexpected failures	3
		=== libjava tests ===


Running target unix/-m32

		=== libjava Summary for unix/-m32 ===

# of expected passes		2574

Running target unix

		=== libjava Summary for unix ===

# of expected passes		2574

		=== libjava Summary ===

# of expected passes		5148
		=== libmudflap tests ===


Running target unix/-m32
FAIL: libmudflap.c++/pass41-frag.cxx execution test
FAIL: libmudflap.c++/pass41-frag.cxx (-static) execution test
FAIL: libmudflap.c++/pass41-frag.cxx (-O2) execution test
FAIL: libmudflap.c++/pass41-frag.cxx (-O3) execution test
FAIL: libmudflap.cth/pass39-frag.c (rerun 5) execution test
FAIL: libmudflap.cth/pass39-frag.c (rerun 5) output pattern test
FAIL: libmudflap.cth/pass39-frag.c (-static -DSTATIC) (rerun 19) execution test
FAIL: libmudflap.cth/pass39-frag.c (-static -DSTATIC) (rerun 19) output pattern test
FAIL: libmudflap.cth/pass39-frag.c (-O3) execution test
FAIL: libmudflap.cth/pass39-frag.c (-O3) output pattern test
FAIL: libmudflap.cth/pass39-frag.c (-O3) (rerun 8) execution test
FAIL: libmudflap.cth/pass39-frag.c (-O3) (rerun 8) output pattern test
FAIL: libmudflap.cth/pass39-frag.c (-O3) (rerun 10) execution test
FAIL: libmudflap.cth/pass39-frag.c (-O3) (rerun 10) output pattern test
FAIL: libmudflap.cth/pass39-frag.c (-O3) (rerun 13) execution test
FAIL: libmudflap.cth/pass39-frag.c (-O3) (rerun 13) output pattern test

		=== libmudflap Summary for unix/-m32 ===

# of expected passes		1849
# of unexpected failures	16

Running target unix
FAIL: libmudflap.c++/pass41-frag.cxx execution test
FAIL: libmudflap.c++/pass41-frag.cxx (-static) execution test
FAIL: libmudflap.c++/pass41-frag.cxx (-O2) execution test
FAIL: libmudflap.c++/pass41-frag.cxx (-O3) execution test

		=== libmudflap Summary for unix ===

# of expected passes		1861
# of unexpected failures	4

		=== libmudflap Summary ===

# of expected passes		3710
# of unexpected failures	20
		=== libstdc++ tests ===


Running target unix/-m32
FAIL: 21_strings/basic_string/numeric_conversions/char/stoi.cc execution test
FAIL: 21_strings/basic_string/numeric_conversions/char/stol.cc execution test
FAIL: 21_strings/basic_string/numeric_conversions/char/stoul.cc execution test
XPASS: 23_containers/unordered_multimap/init-list.cc (test for excess errors)
XPASS: 26_numerics/headers/cmath/c99_classification_macros_c.cc (test for excess errors)

		=== libstdc++ Summary for unix/-m32 ===

# of expected passes		5997
# of unexpected failures	3
# of unexpected successes	2
# of expected failures		70
# of unsupported tests		13

Running target unix
XPASS: 23_containers/unordered_multimap/init-list.cc (test for excess errors)
XPASS: 26_numerics/headers/cmath/c99_classification_macros_c.cc (test for excess errors)

		=== libstdc++ Summary for unix ===

# of expected passes		6006
# of unexpected successes	2
# of expected failures		70
# of unsupported tests		10

		=== libstdc++ Summary ===

# of expected passes		12003
# of unexpected failures	3
# of unexpected successes	4
# of expected failures		140
# of unsupported tests		23

Compiler version: 4.4.0 20080903 (experimental) [trunk revision 139926] (GCC) 
Platform: x86_64-unknown-linux-gnu
configure flags: --enable-checking=assert --enable-clocale=gnu --with-system-zlib --enable-shared --with-demangler-in-ld


Index Nav: [Date Index] [Subject Index] [Author Index] [Thread Index]
Message Nav: [Date Prev] [Date Next] [Thread Prev] [Thread Next]