This is the mail archive of the
gcc-testresults@gcc.gnu.org
mailing list for the GCC project.
Results for 4.3.3 20080901 (prerelease) [gcc-4_3-branch revision 139872] (GCC) testsuite on hppa2.0w-hp-hpux11.11
- From: John David Anglin <dave at hiauly3 dot hia dot nrc dot ca>
- To: dave at hiauly3 dot hia dot nrc dot ca, gcc-testresults at gcc dot gnu dot org
- Date: Tue, 2 Sep 2008 11:02:48 -0400 (EDT)
- Subject: Results for 4.3.3 20080901 (prerelease) [gcc-4_3-branch revision 139872] (GCC) testsuite on hppa2.0w-hp-hpux11.11
LAST_UPDATED: Mon Sep 1 21:15:50 UTC 2008 (revision 139872)
=== acats tests ===
FAIL: cxf3a01
=== acats Summary ===
# of expected passes 2314
# of unexpected failures 1
Native configuration is hppa2.0w-hp-hpux11.11
=== g++ tests ===
Running target unix
XPASS: g++.old-deja/g++.pt/static6.C (test for excess errors)
=== g++ Summary ===
# of expected passes 16493
# of unexpected successes 1
# of expected failures 84
# of unsupported tests 226
/mnt/gnu/gcc/objdir/gcc/testsuite/g++/../../g++ version 4.3.3 20080901 (prerelease) [gcc-4_3-branch revision 139872] (GCC)
=== gcc tests ===
Running target unix
XPASS: gcc.dg/cpp/cmdlne-dI-M.c scan-file (^|\\\\n)cmdlne-dI-M.*:[^\\\\n]*cmdlne-dI-M.c
XPASS: gcc.dg/cpp/cmdlne-dM-M.c scan-file (^|\\\\n)cmdlne-dM-M[^\\\\n]*:[^\\\\n]*cmdlne-dM-M.c
FAIL: gcc.dg/struct/wo_prof_global_var.c execution test
FAIL: gcc.dg/struct/wo_prof_local_var.c execution test
FAIL: gcc.dg/struct/wo_prof_malloc_size_var.c execution test
FAIL: gcc.dg/struct/w_prof_global_var.c execution, -O3 -fwhole-program -combine -fipa-type-escape -fprofile-use -fipa-struct-reorg -fdump-ipa-all
FAIL: gcc.dg/struct/w_prof_local_var.c execution, -O3 -fwhole-program -combine -fipa-type-escape -fprofile-use -fipa-struct-reorg -fdump-ipa-all
=== gcc Summary ===
# of expected passes 45009
# of unexpected failures 5
# of unexpected successes 2
# of expected failures 91
# of untested testcases 35
# of unsupported tests 469
/mnt/gnu/gcc/objdir/gcc/xgcc version 4.3.3 20080901 (prerelease) [gcc-4_3-branch revision 139872] (GCC)
=== gfortran tests ===
Running target unix
FAIL: gfortran.dg/nint_2.f90 -O0 execution test
=== gfortran Summary ===
# of expected passes 23850
# of unexpected failures 1
# of expected failures 3
# of unsupported tests 162
/mnt/gnu/gcc/objdir/gcc/testsuite/gfortran/../../gfortran version 4.3.3 20080901 (prerelease) [gcc-4_3-branch revision 139872] (GCC)
=== gnat tests ===
Running target unix
=== gnat Summary ===
# of expected passes 366
# of expected failures 1
=== obj-c++ tests ===
Running target unix
WARNING: obj-c++.dg/lookup-2.mm compilation failed to produce executable
WARNING: obj-c++.dg/try-catch-2.mm compilation failed to produce executable
WARNING: obj-c++.dg/try-catch-9.mm compilation failed to produce executable
=== obj-c++ Summary ===
# of expected passes 435
# of expected failures 9
# of unsupported tests 14
/mnt/gnu/gcc/objdir/gcc/testsuite/obj-c++/../../g++ version 4.3.3 20080901 (prerelease) [gcc-4_3-branch revision 139872] (GCC)
=== objc tests ===
Running target unix
=== objc Summary ===
# of expected passes 1806
# of expected failures 7
# of unsupported tests 27
/mnt/gnu/gcc/objdir/gcc/xgcc version 4.3.3 20080901 (prerelease) [gcc-4_3-branch revision 139872] (GCC)
=== libffi tests ===
Running target unix
=== libffi Summary ===
# of expected passes 1389
# of unsupported tests 10
=== libgomp tests ===
Running target unix
FAIL: libgomp.fortran/threadprivate1.f90 -O3 -fomit-frame-pointer execution test
FAIL: libgomp.fortran/vla6.f90 -O2 execution test
=== libgomp Summary ===
# of expected passes 1747
# of unexpected failures 2
# of unsupported tests 7
=== libjava tests ===
Running target unix
FAIL: getallthreads run
FAIL: LargeFile execution - source compiled test
FAIL: LargeFile -findirect-dispatch execution - source compiled test
FAIL: LargeFile -O3 execution - source compiled test
FAIL: LargeFile -O3 -findirect-dispatch execution - source compiled test
FAIL: PR27908 execution - source compiled test
FAIL: PR27908 -findirect-dispatch execution - source compiled test
FAIL: PR27908 -O3 execution - source compiled test
FAIL: Thread_Wait_Interrupt -findirect-dispatch execution - source compiled test
FAIL: Thread_Wait_Interrupt -O3 -findirect-dispatch execution - source compiled test
=== libjava Summary ===
# of expected passes 2543
# of unexpected failures 10
# of untested testcases 10
=== libstdc++ tests ===
Running target unix
=== libstdc++ Summary ===
# of expected passes 4897
# of expected failures 59
# of unsupported tests 345
Compiler version: 4.3.3 20080901 (prerelease) [gcc-4_3-branch revision 139872] (GCC)
Platform: hppa2.0w-hp-hpux11.11
configure flags: --with-gnu-as --with-as=/opt/gnu/bin/as --enable-shared --with-local-prefix=/opt/gnu --prefix=/opt/gnu/gcc/gcc-4.3.2 --with-gmp=/opt/gnu/gcc/gcc-4.3.2 --enable-threads=posix --enable-debug=no --disable-nls --enable-checking=release --enable-languages=c,c++,objc,fortran,java,ada,obj-c++