This is the mail archive of the
gcc-testresults@gcc.gnu.org
mailing list for the GCC project.
Results for 4.4.0 20080821 (experimental) [trunk revision 139371] (GCC) testsuite on x86_64-unknown-linux-gnu
- From: guerby at gcc11 dot fsffrance dot org
- To: gcc-testresults at gcc dot gnu dot org
- Date: Fri, 22 Aug 2008 00:22:19 +0200
- Subject: Results for 4.4.0 20080821 (experimental) [trunk revision 139371] (GCC) testsuite on x86_64-unknown-linux-gnu
LAST_UPDATED: Thu Aug 21 06:01:54 UTC 2008 (revision 139371)
=== acats tests ===
FAIL: c460011
FAIL: ce3305a
FAIL: cxaa019
=== acats Summary ===
# of expected passes 2309
# of unexpected failures 3
Native configuration is x86_64-unknown-linux-gnu
=== gcc tests ===
Running target unix
FAIL: gcc.dg/debug/dwarf2/dwarf-die3.c scan-assembler-not DW_AT_inline
FAIL: gcc.dg/pr17506.c (test for warnings, line 11)
FAIL: gcc.dg/pr17506.c (test for warnings, line 21)
FAIL: gcc.dg/pr17506.c (test for excess errors)
FAIL: gcc.dg/uninit-15.c (test for warnings, line 6)
FAIL: gcc.dg/uninit-15.c (test for warnings, line 14)
FAIL: gcc.dg/uninit-15.c (test for excess errors)
FAIL: gcc.dg/matrix/transpose-3.c compilation, -fprofile-use -fipa-matrix-reorg -fdump-ipa-matrix-reorg -O3 -fwhole-program -combine (internal compiler error)
UNRESOLVED: gcc.dg/matrix/transpose-3.c execution, -fprofile-use -fipa-matrix-reorg -fdump-ipa-matrix-reorg -O3 -fwhole-program -combine
FAIL: gcc.dg/tree-prof/bb-reorg.c compilation, -fprofile-use -D_PROFILE_USE
UNRESOLVED: gcc.dg/tree-prof/bb-reorg.c execution, -fprofile-use -D_PROFILE_USE
FAIL: gcc.dg/tree-prof/pr34999.c compilation, -fprofile-use -D_PROFILE_USE
UNRESOLVED: gcc.dg/tree-prof/pr34999.c execution, -fprofile-use -D_PROFILE_USE
XPASS: gcc.dg/tree-ssa/data-dep-1.c scan-tree-dump-times ltrans "4, \\+, 1" 0
XPASS: gcc.dg/tree-ssa/ltrans-3.c scan-tree-dump-times ltrans "transformed loop" 1
XPASS: gcc.dg/tree-ssa/ssa-fre-13.c scan-tree-dump fre "Inserted .* &a"
XPASS: gcc.dg/tree-ssa/ssa-fre-13.c scan-tree-dump fre "Replaced tmp1_.\\(D\\)->data"
XPASS: gcc.dg/tree-ssa/ssa-fre-14.c scan-tree-dump fre "Inserted .* &a"
XPASS: gcc.dg/tree-ssa/ssa-fre-14.c scan-tree-dump fre "Replaced tmp1.data"
XPASS: gcc.dg/tree-ssa/ssa-fre-17.c scan-tree-dump fre "Replaced f.doms\\[0\\].dom with i_"
FAIL: gcc.dg/vect/vect-67.c scan-tree-dump-times vect "vectorized 1 loops" 1
FAIL: gcc.dg/vect/no-scevccp-outer-13.c scan-tree-dump-times vect "OUTER LOOP VECTORIZED." 1
FAIL: gcc.dg/vect/no-scevccp-outer-7.c scan-tree-dump-times vect "OUTER LOOP VECTORIZED." 1
=== gcc Summary ===
# of expected passes 52573
# of unexpected failures 13
# of unexpected successes 7
# of expected failures 192
# of unresolved testcases 3
# of unsupported tests 816
/home/guerby/build/gcc/xgcc version 4.4.0 20080821 (experimental) [trunk revision 139371] (GCC)
=== gfortran tests ===
Running target unix
=== gfortran Summary ===
# of expected passes 27397
# of expected failures 8
# of unsupported tests 34
/home/guerby/build/gcc/testsuite/gfortran/../../gfortran version 4.4.0 20080821 (experimental) [trunk revision 139371] (GCC)
=== g++ tests ===
Running target unix
FAIL: g++.dg/other/PR23205.C scan-assembler .stabs.*foobar:c=i
=== g++ Summary ===
# of expected passes 18315
# of unexpected failures 1
# of expected failures 80
# of unsupported tests 241
/home/guerby/build/gcc/testsuite/g++/../../g++ version 4.4.0 20080821 (experimental) [trunk revision 139371] (GCC)
=== gnat tests ===
Running target unix
=== gnat Summary ===
# of expected passes 567
# of expected failures 6
=== objc tests ===
Running target unix
=== objc Summary ===
# of expected passes 1814
# of expected failures 7
# of unsupported tests 24
/home/guerby/build/gcc/xgcc version 4.4.0 20080821 (experimental) [trunk revision 139371] (GCC)
=== libffi tests ===
Running target unix
=== libffi Summary ===
# of expected passes 1389
# of unsupported tests 10
=== libgomp tests ===
Running target unix
=== libgomp Summary ===
# of expected passes 2289
=== libjava tests ===
Running target unix
FAIL: Divide_1 -O3 compilation from source
FAIL: Divide_1 -O3 -findirect-dispatch compilation from source
=== libjava Summary ===
# of expected passes 2568
# of unexpected failures 2
# of untested testcases 4
=== libmudflap tests ===
Running target unix
WARNING: program timed out.
FAIL: libmudflap.c/heap-scalestress.c execution test
FAIL: libmudflap.c/heap-scalestress.c output pattern test
FAIL: libmudflap.c++/pass41-frag.cxx execution test
FAIL: libmudflap.c++/pass41-frag.cxx (-static) execution test
FAIL: libmudflap.c++/pass41-frag.cxx (-O2) execution test
FAIL: libmudflap.c++/pass41-frag.cxx (-O3) execution test
WARNING: program timed out.
FAIL: libmudflap.cth/pass37-frag.c (rerun 3) execution test
FAIL: libmudflap.cth/pass37-frag.c (rerun 3) output pattern test
WARNING: program timed out.
FAIL: libmudflap.cth/pass40-frag.c execution test
FAIL: libmudflap.cth/pass40-frag.c output pattern test
=== libmudflap Summary ===
# of expected passes 1855
# of unexpected failures 10
=== libstdc++ tests ===
Running target unix
FAIL: abi_check
XPASS: 23_containers/unordered_multimap/init-list.cc (test for excess errors)
XPASS: 26_numerics/headers/cmath/c99_classification_macros_c.cc (test for excess errors)
=== libstdc++ Summary ===
# of expected passes 5365
# of unexpected failures 1
# of unexpected successes 2
# of expected failures 70
# of unsupported tests 326
Compiler version: 4.4.0 20080821 (experimental) [trunk revision 139371] (GCC)
Platform: x86_64-unknown-linux-gnu
configure flags: --prefix=/n/11/guerby/install-trunk --enable-languages=all,ada --enable-__cxa_atexit --disable-nls --enable-threads=posix --disable-multilib --with-mpfr=/opt/cfarm/mpfr-2.3.1