This is the mail archive of the
gcc-testresults@gcc.gnu.org
mailing list for the GCC project.
Results for 4.4.0 20080722 (experimental) [trunk revision 138048] (GCC) testsuite on x86_64-unknown-linux-gnu
- From: guerby at gcc11 dot fsffrance dot org
- To: gcc-testresults at gcc dot gnu dot org
- Date: Tue, 22 Jul 2008 18:12:43 +0200
- Subject: Results for 4.4.0 20080722 (experimental) [trunk revision 138048] (GCC) testsuite on x86_64-unknown-linux-gnu
LAST_UPDATED: Tue Jul 22 04:21:18 UTC 2008 (revision 138048)
=== acats tests ===
FAIL: c460011
FAIL: c67003f
FAIL: cxg1004
=== acats Summary ===
# of expected passes 2309
# of unexpected failures 3
Native configuration is x86_64-unknown-linux-gnu
=== gcc tests ===
Running target unix
XPASS: gcc.dg/tree-ssa/ltrans-3.c scan-tree-dump-times ltrans "transformed loop" 1
FAIL: gcc.dg/vect/vect-67.c scan-tree-dump-times vect "vectorized 1 loops" 1
FAIL: gcc.dg/vect/no-scevccp-outer-13.c scan-tree-dump-times vect "OUTER LOOP VECTORIZED." 1
FAIL: gcc.dg/vect/no-scevccp-outer-7.c scan-tree-dump-times vect "OUTER LOOP VECTORIZED." 1
=== gcc Summary ===
# of expected passes 50299
# of unexpected failures 3
# of unexpected successes 1
# of expected failures 188
# of unsupported tests 626
/home/guerby/build/gcc/xgcc version 4.4.0 20080722 (experimental) [trunk revision 138048] (GCC)
=== gfortran tests ===
Running target unix
=== gfortran Summary ===
# of expected passes 27000
# of expected failures 8
# of unsupported tests 34
/home/guerby/build/gcc/testsuite/gfortran/../../gfortran version 4.4.0 20080722 (experimental) [trunk revision 138048] (GCC)
=== g++ tests ===
Running target unix
FAIL: g++.dg/other/PR23205.C scan-assembler .stabs.*foobar:c=i
XPASS: g++.dg/parse/error15.C bogus excess errors in declaration (test for bogus messages, line 17)
=== g++ Summary ===
# of expected passes 17839
# of unexpected failures 1
# of unexpected successes 1
# of expected failures 82
# of unsupported tests 124
/home/guerby/build/gcc/testsuite/g++/../../g++ version 4.4.0 20080722 (experimental) [trunk revision 138048] (GCC)
=== gnat tests ===
Running target unix
=== gnat Summary ===
# of expected passes 525
# of expected failures 6
=== objc tests ===
Running target unix
=== objc Summary ===
# of expected passes 1814
# of expected failures 7
# of unsupported tests 24
/home/guerby/build/gcc/xgcc version 4.4.0 20080722 (experimental) [trunk revision 138048] (GCC)
=== libffi tests ===
Running target unix
=== libffi Summary ===
# of expected passes 1389
# of unsupported tests 10
=== libgomp tests ===
Running target unix
=== libgomp Summary ===
# of expected passes 2289
=== libjava tests ===
Running target unix
FAIL: Array_3 -O3 execution - source compiled test
FAIL: Array_3 -O3 -findirect-dispatch execution - source compiled test
FAIL: StackTrace2 -O3 execution - source compiled test
=== libjava Summary ===
# of expected passes 2568
# of unexpected failures 3
# of untested testcases 3
=== libmudflap tests ===
Running target unix
WARNING: program timed out.
FAIL: libmudflap.cth/pass40-frag.c execution test
FAIL: libmudflap.cth/pass40-frag.c output pattern test
WARNING: program timed out.
FAIL: libmudflap.cth/pass40-frag.c (-O3) execution test
FAIL: libmudflap.cth/pass40-frag.c (-O3) output pattern test
=== libmudflap Summary ===
# of expected passes 1861
# of unexpected failures 4
=== libstdc++ tests ===
Running target unix
FAIL: abi_check
XPASS: 23_containers/unordered_multimap/init-list.cc (test for excess errors)
XPASS: 26_numerics/headers/cmath/c99_classification_macros_c.cc (test for excess errors)
FAIL: ext/pb_ds/regression/trie_no_data_map_rand.cc execution test
=== libstdc++ Summary ===
# of expected passes 5320
# of unexpected failures 2
# of unexpected successes 2
# of expected failures 79
# of unsupported tests 326
Compiler version: 4.4.0 20080722 (experimental) [trunk revision 138048] (GCC)
Platform: x86_64-unknown-linux-gnu
configure flags: --prefix=/n/11/guerby/install-trunk --enable-languages=all,ada --enable-__cxa_atexit --disable-nls --enable-threads=posix --disable-multilib --with-mpfr=/opt/cfarm/mpfr-2.3.1