This is the mail archive of the
gcc-testresults@gcc.gnu.org
mailing list for the GCC project.
Results for 4.4.0 20080718 (experimental) [trunk revision 137966] (GCC) testsuite on x86_64-unknown-linux-gnu
- From: guerby at gcc11 dot fsffrance dot org
- To: gcc-testresults at gcc dot gnu dot org
- Date: Sat, 19 Jul 2008 09:16:32 +0200
- Subject: Results for 4.4.0 20080718 (experimental) [trunk revision 137966] (GCC) testsuite on x86_64-unknown-linux-gnu
LAST_UPDATED: Fri Jul 18 20:42:47 UTC 2008 (revision 137966)
=== acats tests ===
FAIL: c460011
FAIL: c67003f
FAIL: ca11c02
FAIL: cxg1004
=== acats Summary ===
# of expected passes 2308
# of unexpected failures 4
Native configuration is x86_64-unknown-linux-gnu
=== gcc tests ===
Running target unix
FAIL: gcc.dg/Wstrict-aliasing-float-ptr-int-obj.c (test for warnings, line 14)
FAIL: gcc.dg/Wstrict-aliasing-float-ptr-int-obj.c (test for warnings, line 16)
FAIL: gcc.dg/utf-array-short-wchar.c (test for excess errors)
FAIL: gcc.dg/utf-array.c (test for excess errors)
FAIL: gcc.dg/tree-ssa/data-dep-1.c scan-tree-dump-times ltrans "4, \\+, 1" 0
XPASS: gcc.dg/tree-ssa/loadpre1.c scan-tree-dump-times pre "Eliminated: 1" 1
XPASS: gcc.dg/tree-ssa/ltrans-3.c scan-tree-dump-times ltrans "transformed loop" 1
FAIL: gcc.dg/tree-ssa/ssa-fre-13.c scan-tree-dump fre "Inserted .* &a"
FAIL: gcc.dg/tree-ssa/ssa-fre-13.c scan-tree-dump fre "Replaced tmp1_.\\(D\\)->data"
FAIL: gcc.dg/tree-ssa/ssa-fre-14.c scan-tree-dump fre "Inserted .* &a"
FAIL: gcc.dg/tree-ssa/ssa-fre-14.c scan-tree-dump fre "Replaced tmp1.data"
FAIL: gcc.dg/tree-ssa/ssa-fre-17.c scan-tree-dump fre "Replaced f.doms\\[0\\].dom with i_"
FAIL: gcc.dg/tree-ssa/ssa-fre-7.c scan-tree-dump-times fre "Inserted pretmp" 1
FAIL: gcc.dg/tree-ssa/ssa-fre-7.c scan-tree-dump-times fre "Replaced a.u.f with pretmp" 3
FAIL: gcc.dg/tree-ssa/ssa-fre-7.c scan-tree-dump-times fre "Replaced a.u.k with j" 1
FAIL: gcc.dg/tree-ssa/ssa-fre-7.c scan-tree-dump fre "= VIEW_CONVERT_EXPR<float>\\(j_"
FAIL: gcc.dg/tree-ssa/ssa-fre-7.c scan-tree-dump optimized "return j"
FAIL: gcc.dg/tree-ssa/ssa-fre-8.c scan-tree-dump-times fre "Replaced u.f with pretmp" 2
FAIL: gcc.dg/tree-ssa/ssa-fre-8.c scan-tree-dump-times fre "Inserted pretmp" 2
FAIL: gcc.dg/tree-ssa/ssa-fre-9.c scan-tree-dump-times fre "Eliminated: 1" 2
FAIL: gcc.dg/tree-ssa/ssa-fre-9.c scan-tree-dump-times fre "Insertions: 1" 2
FAIL: gcc.dg/tree-ssa/ssa-pre-15.c scan-tree-dump optimized "= 0;"
FAIL: gcc.dg/vect/vect-67.c scan-tree-dump-times vect "vectorized 1 loops" 1
FAIL: gcc.dg/vect/no-scevccp-outer-13.c scan-tree-dump-times vect "OUTER LOOP VECTORIZED." 1
FAIL: gcc.dg/vect/no-scevccp-outer-7.c scan-tree-dump-times vect "OUTER LOOP VECTORIZED." 1
=== gcc Summary ===
# of expected passes 50304
# of unexpected failures 23
# of unexpected successes 2
# of expected failures 170
# of unsupported tests 626
/home/guerby/build/gcc/xgcc version 4.4.0 20080718 (experimental) [trunk revision 137966] (GCC)
=== gfortran tests ===
Running target unix
=== gfortran Summary ===
# of expected passes 26964
# of expected failures 8
# of unsupported tests 34
/home/guerby/build/gcc/testsuite/gfortran/../../gfortran version 4.4.0 20080718 (experimental) [trunk revision 137966] (GCC)
=== g++ tests ===
Running target unix
FAIL: g++.dg/ext/utf-array-short-wchar.C (test for errors, line 43)
FAIL: g++.dg/ext/utf-array-short-wchar.C (test for errors, line 44)
FAIL: g++.dg/ext/utf-array-short-wchar.C (test for errors, line 45)
FAIL: g++.dg/ext/utf-array-short-wchar.C (test for errors, line 47)
FAIL: g++.dg/ext/utf-array-short-wchar.C (test for errors, line 49)
FAIL: g++.dg/ext/utf-array-short-wchar.C (test for errors, line 50)
FAIL: g++.dg/ext/utf-array-short-wchar.C (test for warnings, line 52)
FAIL: g++.dg/ext/utf-array-short-wchar.C (test for warnings, line 53)
FAIL: g++.dg/ext/utf-array-short-wchar.C (test for warnings, line 54)
FAIL: g++.dg/ext/utf-array-short-wchar.C (test for errors, line 58)
FAIL: g++.dg/ext/utf-array-short-wchar.C (test for errors, line 59)
FAIL: g++.dg/ext/utf-array-short-wchar.C (test for errors, line 61)
FAIL: g++.dg/ext/utf-array-short-wchar.C (test for warnings, line 63)
FAIL: g++.dg/ext/utf-array-short-wchar.C (test for warnings, line 64)
FAIL: g++.dg/ext/utf-array-short-wchar.C (test for warnings, line 65)
FAIL: g++.dg/ext/utf-array-short-wchar.C (test for errors, line 69)
FAIL: g++.dg/ext/utf-array-short-wchar.C (test for errors, line 70)
FAIL: g++.dg/ext/utf-array-short-wchar.C (test for errors, line 71)
FAIL: g++.dg/ext/utf-array-short-wchar.C (test for excess errors)
FAIL: g++.dg/ext/utf-array.C (test for errors, line 43)
FAIL: g++.dg/ext/utf-array.C (test for errors, line 44)
FAIL: g++.dg/ext/utf-array.C (test for errors, line 45)
FAIL: g++.dg/ext/utf-array.C (test for errors, line 47)
FAIL: g++.dg/ext/utf-array.C (test for errors, line 49)
FAIL: g++.dg/ext/utf-array.C (test for errors, line 50)
FAIL: g++.dg/ext/utf-array.C (test for warnings, line 52)
FAIL: g++.dg/ext/utf-array.C (test for warnings, line 53)
FAIL: g++.dg/ext/utf-array.C (test for warnings, line 54)
FAIL: g++.dg/ext/utf-array.C (test for errors, line 58)
FAIL: g++.dg/ext/utf-array.C (test for errors, line 59)
FAIL: g++.dg/ext/utf-array.C (test for errors, line 61)
FAIL: g++.dg/ext/utf-array.C (test for warnings, line 63)
FAIL: g++.dg/ext/utf-array.C (test for warnings, line 64)
FAIL: g++.dg/ext/utf-array.C (test for warnings, line 65)
FAIL: g++.dg/ext/utf-array.C (test for errors, line 69)
FAIL: g++.dg/ext/utf-array.C (test for errors, line 70)
FAIL: g++.dg/ext/utf-array.C (test for errors, line 71)
FAIL: g++.dg/ext/utf-array.C (test for excess errors)
FAIL: g++.dg/other/PR23205.C scan-assembler .stabs.*foobar:c=i
XPASS: g++.dg/parse/error15.C bogus excess errors in declaration (test for bogus messages, line 17)
FAIL: g++.dg/tree-ssa/pr19637.C scan-tree-dump-times dom1 "return 1;" 3
=== g++ Summary ===
# of expected passes 17819
# of unexpected failures 40
# of unexpected successes 1
# of expected failures 81
# of unsupported tests 124
/home/guerby/build/gcc/testsuite/g++/../../g++ version 4.4.0 20080718 (experimental) [trunk revision 137966] (GCC)
=== gnat tests ===
Running target unix
=== gnat Summary ===
# of expected passes 520
# of expected failures 6
=== objc tests ===
Running target unix
=== objc Summary ===
# of expected passes 1814
# of expected failures 7
# of unsupported tests 24
/home/guerby/build/gcc/xgcc version 4.4.0 20080718 (experimental) [trunk revision 137966] (GCC)
=== libffi tests ===
Running target unix
=== libffi Summary ===
# of expected passes 1389
# of unsupported tests 10
=== libgomp tests ===
Running target unix
=== libgomp Summary ===
# of expected passes 2289
=== libjava tests ===
Running target unix
FAIL: Array_3 -O3 execution - source compiled test
FAIL: Array_3 -O3 -findirect-dispatch execution - source compiled test
FAIL: StackTrace2 -O3 execution - source compiled test
=== libjava Summary ===
# of expected passes 2568
# of unexpected failures 3
# of untested testcases 3
=== libmudflap tests ===
Running target unix
WARNING: program timed out.
FAIL: libmudflap.cth/pass40-frag.c execution test
FAIL: libmudflap.cth/pass40-frag.c output pattern test
WARNING: program timed out.
FAIL: libmudflap.cth/pass40-frag.c (-static -DSTATIC) execution test
FAIL: libmudflap.cth/pass40-frag.c (-static -DSTATIC) output pattern test
=== libmudflap Summary ===
# of expected passes 1861
# of unexpected failures 4
=== libstdc++ tests ===
Running target unix
FAIL: abi_check
XPASS: 26_numerics/headers/cmath/c99_classification_macros_c.cc (test for excess errors)
FAIL: ext/pb_ds/regression/trie_data_map_rand.cc execution test
=== libstdc++ Summary ===
# of expected passes 5291
# of unexpected failures 2
# of unexpected successes 1
# of expected failures 79
# of unsupported tests 326
Compiler version: 4.4.0 20080718 (experimental) [trunk revision 137966] (GCC)
Platform: x86_64-unknown-linux-gnu
configure flags: --prefix=/n/11/guerby/install-trunk --enable-languages=all,ada --enable-__cxa_atexit --disable-nls --enable-threads=posix --disable-multilib --with-mpfr=/opt/cfarm/mpfr-2.3.1