This is the mail archive of the
gcc-testresults@gcc.gnu.org
mailing list for the GCC project.
Results for 4.4.0 20080713 (experimental) [trunk revision 137757] (GCC) testsuite on hppa-unknown-linux-gnu
- From: dave at hiauly6 dot hia dot nrc dot ca (John David Anglin)
- To: dave at hiauly6 dot hia dot nrc dot ca, gcc-testresults at gcc dot gnu dot org
- Date: Mon, 14 Jul 2008 18:45:56 -0400 (EDT)
- Subject: Results for 4.4.0 20080713 (experimental) [trunk revision 137757] (GCC) testsuite on hppa-unknown-linux-gnu
LAST_UPDATED: Sun Jul 13 22:36:23 UTC 2008 (revision 137757)
=== acats tests ===
FAIL: cxf3a01
=== acats Summary ===
# of expected passes 2314
# of unexpected failures 1
Native configuration is hppa-unknown-linux-gnu
=== g++ tests ===
Running target unix
WARNING: program timed out.
FAIL: g++.dg/eh/cleanup1.C (test for excess errors)
FAIL: g++.dg/other/PR23205.C scan-assembler .stabs.*foobar:c=i
XPASS: g++.dg/parse/error15.C bogus excess errors in declaration (test for bogus messages, line 17)
FAIL: g++.dg/tree-ssa/pr19637.C scan-tree-dump-times dom1 "return 1;" 3
WARNING: program timed out.
FAIL: g++.dg/torture/pr31863.C -O1 (test for excess errors)
WARNING: program timed out.
FAIL: g++.dg/torture/pr31863.C -O2 (test for excess errors)
WARNING: program timed out.
FAIL: g++.dg/torture/pr31863.C -O3 -fomit-frame-pointer (test for excess errors)
WARNING: program timed out.
FAIL: g++.dg/torture/pr31863.C -O3 -g (test for excess errors)
WARNING: program timed out.
FAIL: g++.dg/torture/pr31863.C -Os (test for excess errors)
=== g++ Summary ===
# of expected passes 17734
# of unexpected failures 8
# of unexpected successes 1
# of expected failures 81
# of unsupported tests 143
/home/dave/gnu/gcc-4.4/objdir/gcc/testsuite/g++/../../g++ version 4.4.0 20080713 (experimental) [trunk revision 137757] (GCC)
=== gcc tests ===
Running target unix
WARNING: program timed out.
FAIL: gcc.c-torture/compile/20001226-1.c -O0 (test for excess errors)
WARNING: program timed out.
FAIL: gcc.c-torture/compile/20001226-1.c -O1 (test for excess errors)
WARNING: program timed out.
FAIL: gcc.c-torture/compile/20001226-1.c -O2 (test for excess errors)
WARNING: program timed out.
FAIL: gcc.c-torture/compile/20001226-1.c -O3 -fomit-frame-pointer (test for excess errors)
WARNING: program timed out.
FAIL: gcc.c-torture/compile/20001226-1.c -O3 -g (test for excess errors)
WARNING: program timed out.
FAIL: gcc.c-torture/compile/20001226-1.c -Os (test for excess errors)
FAIL: gcc.c-torture/compile/pr11832.c -O0 (internal compiler error)
FAIL: gcc.c-torture/compile/pr11832.c -O1 (internal compiler error)
FAIL: gcc.c-torture/compile/pr11832.c -O2 (internal compiler error)
FAIL: gcc.c-torture/compile/pr11832.c -O3 -fomit-frame-pointer (internal compiler error)
FAIL: gcc.c-torture/compile/pr11832.c -O3 -fomit-frame-pointer -funroll-loops (internal compiler error)
FAIL: gcc.c-torture/compile/pr11832.c -O3 -fomit-frame-pointer -funroll-all-loops -finline-functions (internal compiler error)
FAIL: gcc.c-torture/compile/pr11832.c -O3 -g (internal compiler error)
FAIL: gcc.c-torture/compile/pr11832.c -Os (internal compiler error)
FAIL: gcc.c-torture/compile/pr33009.c -O0 (internal compiler error)
FAIL: gcc.c-torture/compile/pr33009.c -O1 (internal compiler error)
FAIL: gcc.c-torture/compile/pr33009.c -O2 (internal compiler error)
FAIL: gcc.c-torture/compile/pr33009.c -O3 -fomit-frame-pointer (internal compiler error)
FAIL: gcc.c-torture/compile/pr33009.c -O3 -fomit-frame-pointer -funroll-loops (internal compiler error)
FAIL: gcc.c-torture/compile/pr33009.c -O3 -fomit-frame-pointer -funroll-all-loops -finline-functions (internal compiler error)
FAIL: gcc.c-torture/compile/pr33009.c -O3 -g (internal compiler error)
FAIL: gcc.c-torture/compile/pr33009.c -Os (internal compiler error)
FAIL: gcc.dg/debug/dwarf2/var1.c scan-assembler xyzzy[^\\\\n\\\\r]+DW_AT_name
FAIL: gcc.dg/Wstrict-aliasing-float-ptr-int-obj.c (test for warnings, line 14)
FAIL: gcc.dg/Wstrict-aliasing-float-ptr-int-obj.c (test for warnings, line 16)
FAIL: gcc.dg/pr35729.c scan-rtl-dump-times loop2_invariant "Decided to move invariant" 0
FAIL: gcc.dg/tree-ssa/data-dep-1.c scan-tree-dump-times ltrans "4, \\+, 1" 0
XPASS: gcc.dg/tree-ssa/loadpre1.c scan-tree-dump-times pre "Eliminated: 1" 1
XPASS: gcc.dg/tree-ssa/loop-1.c scan-assembler-times foo 5
XPASS: gcc.dg/tree-ssa/ltrans-3.c scan-tree-dump-times ltrans "transformed loop" 1
FAIL: gcc.dg/tree-ssa/ssa-fre-13.c scan-tree-dump fre "Inserted .* &a"
FAIL: gcc.dg/tree-ssa/ssa-fre-13.c scan-tree-dump fre "Replaced tmp1_.\\(D\\)->data"
FAIL: gcc.dg/tree-ssa/ssa-fre-14.c scan-tree-dump fre "Inserted .* &a"
FAIL: gcc.dg/tree-ssa/ssa-fre-14.c scan-tree-dump fre "Replaced tmp1.data"
FAIL: gcc.dg/tree-ssa/ssa-fre-7.c scan-tree-dump-times fre "Inserted pretmp" 1
FAIL: gcc.dg/tree-ssa/ssa-fre-7.c scan-tree-dump-times fre "Replaced a.u.f with pretmp" 3
FAIL: gcc.dg/tree-ssa/ssa-fre-7.c scan-tree-dump-times fre "Replaced a.u.k with j" 1
FAIL: gcc.dg/tree-ssa/ssa-fre-7.c scan-tree-dump fre "= VIEW_CONVERT_EXPR<float>\\(j_"
FAIL: gcc.dg/tree-ssa/ssa-fre-7.c scan-tree-dump optimized "return j"
FAIL: gcc.dg/tree-ssa/ssa-fre-8.c scan-tree-dump-times fre "Replaced u.f with pretmp" 2
FAIL: gcc.dg/tree-ssa/ssa-fre-8.c scan-tree-dump-times fre "Inserted pretmp" 2
FAIL: gcc.dg/tree-ssa/ssa-fre-9.c scan-tree-dump-times fre "Eliminated: 1" 2
FAIL: gcc.dg/tree-ssa/ssa-fre-9.c scan-tree-dump-times fre "Insertions: 1" 2
FAIL: gcc.dg/tree-ssa/ssa-pre-15.c scan-tree-dump optimized "= 0;"
=== gcc Summary ===
# of expected passes 46825
# of unexpected failures 41
# of unexpected successes 3
# of expected failures 93
# of unsupported tests 500
/home/dave/gnu/gcc-4.4/objdir/gcc/xgcc version 4.4.0 20080713 (experimental) [trunk revision 137757] (GCC)
=== gfortran tests ===
Running target unix
FAIL: gfortran.dg/ldist-1.f90 -O scan-tree-dump-times ldist "distributed: split to 4 loops" 1
FAIL: gfortran.dg/parameter_array_init_4.f90 -O0 (test for excess errors)
FAIL: gfortran.dg/parameter_array_init_4.f90 -O1 (test for excess errors)
FAIL: gfortran.dg/parameter_array_init_4.f90 -O2 (test for excess errors)
FAIL: gfortran.dg/parameter_array_init_4.f90 -O3 -fomit-frame-pointer (test for excess errors)
FAIL: gfortran.dg/parameter_array_init_4.f90 -O3 -fomit-frame-pointer -funroll-loops (test for excess errors)
FAIL: gfortran.dg/parameter_array_init_4.f90 -O3 -fomit-frame-pointer -funroll-all-loops -finline-functions (test for excess errors)
FAIL: gfortran.dg/parameter_array_init_4.f90 -O3 -g (test for excess errors)
FAIL: gfortran.dg/parameter_array_init_4.f90 -Os (test for excess errors)
=== gfortran Summary ===
# of expected passes 25983
# of unexpected failures 9
# of expected failures 8
# of unsupported tests 246
/home/dave/gnu/gcc-4.4/objdir/gcc/testsuite/gfortran/../../gfortran version 4.4.0 20080713 (experimental) [trunk revision 137757] (GCC)
=== gnat tests ===
Running target unix
=== gnat Summary ===
# of expected passes 516
# of expected failures 6
=== obj-c++ tests ===
Running target unix
FAIL: obj-c++.dg/bad-receiver-type.mm (internal compiler error)
FAIL: obj-c++.dg/bad-receiver-type.mm (test for excess errors)
FAIL: obj-c++.dg/basic.mm (internal compiler error)
FAIL: obj-c++.dg/basic.mm (test for excess errors)
UNRESOLVED: obj-c++.dg/basic.mm compilation failed to produce executable
XPASS: obj-c++.dg/bitfield-1.mm (test for warnings, line 26)
FAIL: obj-c++.dg/bitfield-1.mm (test for excess errors)
UNRESOLVED: obj-c++.dg/bitfield-1.mm compilation failed to produce executable
FAIL: obj-c++.dg/bitfield-2.mm (internal compiler error)
FAIL: obj-c++.dg/bitfield-2.mm (test for excess errors)
UNRESOLVED: obj-c++.dg/bitfield-2.mm compilation failed to produce executable
FAIL: obj-c++.dg/bitfield-4.mm (test for excess errors)
UNRESOLVED: obj-c++.dg/bitfield-4.mm compilation failed to produce executable
FAIL: obj-c++.dg/bitfield-5.mm (internal compiler error)
FAIL: obj-c++.dg/bitfield-5.mm (test for excess errors)
FAIL: obj-c++.dg/class-protocol-1.mm (internal compiler error)
FAIL: obj-c++.dg/class-protocol-1.mm (test for excess errors)
FAIL: obj-c++.dg/comp-types-1.mm (internal compiler error)
FAIL: obj-c++.dg/comp-types-1.mm (test for excess errors)
FAIL: obj-c++.dg/comp-types-11.mm (internal compiler error)
FAIL: obj-c++.dg/comp-types-11.mm (test for excess errors)
FAIL: obj-c++.dg/comp-types-12.mm (test for excess errors)
FAIL: obj-c++.dg/comp-types-2.mm (test for excess errors)
FAIL: obj-c++.dg/comp-types-3.mm (test for excess errors)
FAIL: obj-c++.dg/comp-types-4.mm (test for excess errors)
FAIL: obj-c++.dg/comp-types-5.mm (test for excess errors)
FAIL: obj-c++.dg/comp-types-6.mm (test for excess errors)
FAIL: obj-c++.dg/comp-types-7.mm (test for excess errors)
FAIL: obj-c++.dg/comp-types-8.mm (internal compiler error)
FAIL: obj-c++.dg/comp-types-8.mm (test for excess errors)
FAIL: obj-c++.dg/comp-types-9.mm (internal compiler error)
FAIL: obj-c++.dg/comp-types-9.mm (test for excess errors)
FAIL: obj-c++.dg/const-str-1.mm (test for excess errors)
FAIL: obj-c++.dg/const-str-5.mm (internal compiler error)
FAIL: obj-c++.dg/const-str-5.mm (test for excess errors)
FAIL: obj-c++.dg/const-str-6.mm (test for excess errors)
FAIL: obj-c++.dg/cxx-class-1.mm (test for excess errors)
FAIL: obj-c++.dg/cxx-ivars-1.mm (internal compiler error)
FAIL: obj-c++.dg/cxx-ivars-1.mm (test for excess errors)
UNRESOLVED: obj-c++.dg/cxx-ivars-1.mm compilation failed to produce executable
FAIL: obj-c++.dg/cxx-ivars-2.mm (internal compiler error)
FAIL: obj-c++.dg/cxx-ivars-2.mm (test for excess errors)
UNRESOLVED: obj-c++.dg/cxx-ivars-2.mm compilation failed to produce executable
FAIL: obj-c++.dg/cxx-scope-1.mm (internal compiler error)
FAIL: obj-c++.dg/cxx-scope-1.mm (test for excess errors)
UNRESOLVED: obj-c++.dg/cxx-scope-1.mm compilation failed to produce executable
FAIL: obj-c++.dg/cxx-scope-2.mm (internal compiler error)
FAIL: obj-c++.dg/cxx-scope-2.mm (test for excess errors)
FAIL: obj-c++.dg/defs.mm (internal compiler error)
FAIL: obj-c++.dg/defs.mm (test for excess errors)
UNRESOLVED: obj-c++.dg/defs.mm compilation failed to produce executable
FAIL: obj-c++.dg/dwarf-2.mm (test for excess errors)
ERROR: obj-c++.dg/dwarf-2.mm: error executing dg-final: couldn't open "dwarf-2.s": no such file or directory
UNRESOLVED: obj-c++.dg/dwarf-2.mm: error executing dg-final: couldn't open "dwarf-2.s": no such file or directory
FAIL: obj-c++.dg/empty-private-1.mm (test for excess errors)
FAIL: obj-c++.dg/encode-1.mm (internal compiler error)
FAIL: obj-c++.dg/encode-1.mm (test for excess errors)
ERROR: obj-c++.dg/encode-1.mm: error executing dg-final: couldn't open "encode-1.s": no such file or directory
UNRESOLVED: obj-c++.dg/encode-1.mm: error executing dg-final: couldn't open "encode-1.s": no such file or directory
FAIL: obj-c++.dg/encode-2.mm (test for excess errors)
ERROR: obj-c++.dg/encode-2.mm: error executing dg-final: couldn't open "encode-2.s": no such file or directory
UNRESOLVED: obj-c++.dg/encode-2.mm: error executing dg-final: couldn't open "encode-2.s": no such file or directory
FAIL: obj-c++.dg/encode-3.mm (test for excess errors)
UNRESOLVED: obj-c++.dg/encode-3.mm compilation failed to produce executable
FAIL: obj-c++.dg/encode-4.mm (internal compiler error)
FAIL: obj-c++.dg/encode-4.mm (test for excess errors)
UNRESOLVED: obj-c++.dg/encode-4.mm compilation failed to produce executable
FAIL: obj-c++.dg/encode-5.mm (internal compiler error)
FAIL: obj-c++.dg/encode-5.mm (test for excess errors)
UNRESOLVED: obj-c++.dg/encode-5.mm compilation failed to produce executable
FAIL: obj-c++.dg/encode-6.mm (internal compiler error)
FAIL: obj-c++.dg/encode-6.mm (test for excess errors)
UNRESOLVED: obj-c++.dg/encode-6.mm compilation failed to produce executable
FAIL: obj-c++.dg/encode-7.mm (internal compiler error)
FAIL: obj-c++.dg/encode-7.mm (test for excess errors)
FAIL: obj-c++.dg/encode-8.mm (test for excess errors)
UNRESOLVED: obj-c++.dg/encode-8.mm compilation failed to produce executable
FAIL: obj-c++.dg/except-1.mm (internal compiler error)
FAIL: obj-c++.dg/except-1.mm (test for excess errors)
UNRESOLVED: obj-c++.dg/except-1.mm compilation failed to produce executable
FAIL: obj-c++.dg/extern-c-1.mm (internal compiler error)
FAIL: obj-c++.dg/extern-c-1.mm (test for excess errors)
FAIL: obj-c++.dg/extra-semi.mm (test for excess errors)
FAIL: obj-c++.dg/gnu-runtime-1.mm (internal compiler error)
FAIL: obj-c++.dg/gnu-runtime-1.mm (test for excess errors)
FAIL: obj-c++.dg/gnu-runtime-2.mm (internal compiler error)
FAIL: obj-c++.dg/gnu-runtime-2.mm (test for excess errors)
FAIL: obj-c++.dg/gnu-runtime-3.mm (internal compiler error)
FAIL: obj-c++.dg/gnu-runtime-3.mm (test for excess errors)
UNRESOLVED: obj-c++.dg/gnu-runtime-3.mm compilation failed to produce executable
FAIL: obj-c++.dg/isa-field-1.mm (test for excess errors)
FAIL: obj-c++.dg/ivar-list-semi.mm (test for excess errors)
FAIL: obj-c++.dg/layout-1.mm (test for excess errors)
FAIL: obj-c++.dg/local-decl-1.mm (internal compiler error)
FAIL: obj-c++.dg/local-decl-1.mm (test for excess errors)
FAIL: obj-c++.dg/lookup-1.mm (test for excess errors)
FAIL: obj-c++.dg/lookup-2.mm (test for excess errors)
UNRESOLVED: obj-c++.dg/lookup-2.mm compilation failed to produce executable
FAIL: obj-c++.dg/method-1.mm (internal compiler error)
FAIL: obj-c++.dg/method-1.mm (test for excess errors)
FAIL: obj-c++.dg/method-10.mm (internal compiler error)
FAIL: obj-c++.dg/method-10.mm (test for excess errors)
UNRESOLVED: obj-c++.dg/method-10.mm compilation failed to produce executable
FAIL: obj-c++.dg/method-11.mm (internal compiler error)
FAIL: obj-c++.dg/method-11.mm (test for excess errors)
ERROR: obj-c++.dg/method-11.mm: error executing dg-final: couldn't open "method-11.s": no such file or directory
UNRESOLVED: obj-c++.dg/method-11.mm: error executing dg-final: couldn't open "method-11.s": no such file or directory
FAIL: obj-c++.dg/method-12.mm (internal compiler error)
FAIL: obj-c++.dg/method-12.mm (test for excess errors)
FAIL: obj-c++.dg/method-13.mm (internal compiler error)
FAIL: obj-c++.dg/method-13.mm (test for excess errors)
FAIL: obj-c++.dg/method-14.mm (internal compiler error)
FAIL: obj-c++.dg/method-14.mm (test for excess errors)
FAIL: obj-c++.dg/method-15.mm (internal compiler error)
FAIL: obj-c++.dg/method-15.mm (test for excess errors)
FAIL: obj-c++.dg/method-16.mm (internal compiler error)
FAIL: obj-c++.dg/method-16.mm (test for excess errors)
FAIL: obj-c++.dg/method-17.mm (internal compiler error)
FAIL: obj-c++.dg/method-17.mm (test for excess errors)
UNRESOLVED: obj-c++.dg/method-17.mm compilation failed to produce executable
FAIL: obj-c++.dg/method-18.mm (internal compiler error)
FAIL: obj-c++.dg/method-18.mm (test for excess errors)
FAIL: obj-c++.dg/method-19.mm (internal compiler error)
FAIL: obj-c++.dg/method-19.mm (test for excess errors)
UNRESOLVED: obj-c++.dg/method-19.mm compilation failed to produce executable
FAIL: obj-c++.dg/method-2.mm (internal compiler error)
FAIL: obj-c++.dg/method-2.mm (test for excess errors)
FAIL: obj-c++.dg/method-20.mm (internal compiler error)
FAIL: obj-c++.dg/method-20.mm (test for excess errors)
ERROR: obj-c++.dg/method-20.mm: error executing dg-final: couldn't open "method-20.s": no such file or directory
UNRESOLVED: obj-c++.dg/method-20.mm: error executing dg-final: couldn't open "method-20.s": no such file or directory
FAIL: obj-c++.dg/method-21.mm (internal compiler error)
FAIL: obj-c++.dg/method-21.mm (test for excess errors)
FAIL: obj-c++.dg/method-3.mm (internal compiler error)
FAIL: obj-c++.dg/method-3.mm (test for excess errors)
FAIL: obj-c++.dg/method-4.mm (internal compiler error)
FAIL: obj-c++.dg/method-4.mm (test for excess errors)
FAIL: obj-c++.dg/method-5.mm (internal compiler error)
FAIL: obj-c++.dg/method-5.mm (test for excess errors)
FAIL: obj-c++.dg/method-6.mm (internal compiler error)
FAIL: obj-c++.dg/method-6.mm (test for excess errors)
FAIL: obj-c++.dg/method-7.mm (internal compiler error)
FAIL: obj-c++.dg/method-7.mm (test for excess errors)
FAIL: obj-c++.dg/method-8.mm (internal compiler error)
FAIL: obj-c++.dg/method-8.mm (test for excess errors)
FAIL: obj-c++.dg/method-9.mm (internal compiler error)
FAIL: obj-c++.dg/method-9.mm (test for excess errors)
FAIL: obj-c++.dg/no-extra-load.mm (internal compiler error)
FAIL: obj-c++.dg/no-extra-load.mm (test for excess errors)
ERROR: obj-c++.dg/no-extra-load.mm: error executing dg-final: couldn't open "no-extra-load.s": no such file or directory
UNRESOLVED: obj-c++.dg/no-extra-load.mm: error executing dg-final: couldn't open "no-extra-load.s": no such file or directory
FAIL: obj-c++.dg/overload-1.mm (test for excess errors)
FAIL: obj-c++.dg/pragma-1.mm (test for excess errors)
FAIL: obj-c++.dg/pragma-2.mm (internal compiler error)
FAIL: obj-c++.dg/pragma-2.mm (test for excess errors)
FAIL: obj-c++.dg/private-1.mm (internal compiler error)
FAIL: obj-c++.dg/private-1.mm (test for excess errors)
FAIL: obj-c++.dg/private-2.mm (internal compiler error)
FAIL: obj-c++.dg/private-2.mm (test for excess errors)
FAIL: obj-c++.dg/proto-error-1.mm (test for excess errors)
FAIL: obj-c++.dg/proto-lossage-1.mm (internal compiler error)
FAIL: obj-c++.dg/proto-lossage-1.mm (test for excess errors)
FAIL: obj-c++.dg/proto-lossage-2.mm (internal compiler error)
FAIL: obj-c++.dg/proto-lossage-2.mm (test for excess errors)
FAIL: obj-c++.dg/proto-lossage-3.mm (internal compiler error)
FAIL: obj-c++.dg/proto-lossage-3.mm (test for excess errors)
UNRESOLVED: obj-c++.dg/proto-lossage-3.mm compilation failed to produce executable
FAIL: obj-c++.dg/proto-lossage-4.mm (internal compiler error)
FAIL: obj-c++.dg/proto-lossage-4.mm (test for excess errors)
FAIL: obj-c++.dg/proto-lossage-5.mm (internal compiler error)
FAIL: obj-c++.dg/proto-lossage-5.mm (test for excess errors)
FAIL: obj-c++.dg/proto-lossage-6.mm (internal compiler error)
FAIL: obj-c++.dg/proto-lossage-6.mm (test for excess errors)
FAIL: obj-c++.dg/proto-qual-1.mm (internal compiler error)
FAIL: obj-c++.dg/proto-qual-1.mm (test for excess errors)
UNRESOLVED: obj-c++.dg/proto-qual-1.mm compilation failed to produce executable
FAIL: obj-c++.dg/qual-types-1.mm (internal compiler error)
FAIL: obj-c++.dg/qual-types-1.mm (test for excess errors)
UNRESOLVED: obj-c++.dg/qual-types-1.mm compilation failed to produce executable
FAIL: obj-c++.dg/selector-1.mm (internal compiler error)
FAIL: obj-c++.dg/selector-1.mm (test for excess errors)
ERROR: obj-c++.dg/selector-1.mm: error executing dg-final: couldn't open "selector-1.s": no such file or directory
UNRESOLVED: obj-c++.dg/selector-1.mm: error executing dg-final: couldn't open "selector-1.s": no such file or directory
FAIL: obj-c++.dg/selector-2.mm (internal compiler error)
FAIL: obj-c++.dg/selector-2.mm (test for warnings, line )
FAIL: obj-c++.dg/selector-2.mm (test for excess errors)
FAIL: obj-c++.dg/selector-3.mm (internal compiler error)
FAIL: obj-c++.dg/selector-3.mm (test for warnings, line 25)
FAIL: obj-c++.dg/selector-3.mm (test for excess errors)
FAIL: obj-c++.dg/selector-4.mm (internal compiler error)
FAIL: obj-c++.dg/selector-4.mm (test for warnings, line 23)
FAIL: obj-c++.dg/selector-4.mm (test for excess errors)
FAIL: obj-c++.dg/selector-5.mm (internal compiler error)
FAIL: obj-c++.dg/selector-5.mm (test for excess errors)
ERROR: obj-c++.dg/selector-5.mm: error executing dg-final: couldn't open "selector-5.s": no such file or directory
UNRESOLVED: obj-c++.dg/selector-5.mm: error executing dg-final: couldn't open "selector-5.s": no such file or directory
FAIL: obj-c++.dg/selector-6.mm (internal compiler error)
FAIL: obj-c++.dg/selector-6.mm (test for excess errors)
ERROR: obj-c++.dg/selector-6.mm: error executing dg-final: couldn't open "selector-6.s": no such file or directory
UNRESOLVED: obj-c++.dg/selector-6.mm: error executing dg-final: couldn't open "selector-6.s": no such file or directory
FAIL: obj-c++.dg/super-class-1.mm (internal compiler error)
FAIL: obj-c++.dg/super-class-1.mm (test for excess errors)
FAIL: obj-c++.dg/super-class-2.mm (test for excess errors)
FAIL: obj-c++.dg/super-dealloc-1.mm (internal compiler error)
FAIL: obj-c++.dg/super-dealloc-1.mm (test for excess errors)
FAIL: obj-c++.dg/super-dealloc-2.mm (internal compiler error)
FAIL: obj-c++.dg/super-dealloc-2.mm (test for excess errors)
FAIL: obj-c++.dg/template-1.mm (internal compiler error)
FAIL: obj-c++.dg/template-1.mm (test for excess errors)
UNRESOLVED: obj-c++.dg/template-1.mm compilation failed to produce executable
FAIL: obj-c++.dg/template-2.mm (test for excess errors)
FAIL: obj-c++.dg/template-3.mm (internal compiler error)
FAIL: obj-c++.dg/template-3.mm (test for excess errors)
UNRESOLVED: obj-c++.dg/template-3.mm compilation failed to produce executable
FAIL: obj-c++.dg/template-4.mm (internal compiler error)
FAIL: obj-c++.dg/template-4.mm (test for excess errors)
UNRESOLVED: obj-c++.dg/template-4.mm compilation failed to produce executable
FAIL: obj-c++.dg/template-5.mm (test for excess errors)
ERROR: obj-c++.dg/template-5.mm: error executing dg-final: couldn't open "template-5.s": no such file or directory
UNRESOLVED: obj-c++.dg/template-5.mm: error executing dg-final: couldn't open "template-5.s": no such file or directory
FAIL: obj-c++.dg/template-6.mm (test for excess errors)
ERROR: obj-c++.dg/template-6.mm: error executing dg-final: couldn't open "template-6.s": no such file or directory
UNRESOLVED: obj-c++.dg/template-6.mm: error executing dg-final: couldn't open "template-6.s": no such file or directory
FAIL: obj-c++.dg/try-catch-1.mm (internal compiler error)
FAIL: obj-c++.dg/try-catch-1.mm (test for excess errors)
FAIL: obj-c++.dg/try-catch-10.mm (test for excess errors)
FAIL: obj-c++.dg/try-catch-11.mm (internal compiler error)
FAIL: obj-c++.dg/try-catch-11.mm (test for excess errors)
FAIL: obj-c++.dg/try-catch-2.mm (test for excess errors)
UNRESOLVED: obj-c++.dg/try-catch-2.mm compilation failed to produce executable
FAIL: obj-c++.dg/try-catch-3.mm (internal compiler error)
FAIL: obj-c++.dg/try-catch-3.mm (test for excess errors)
FAIL: obj-c++.dg/try-catch-4.mm (test for excess errors)
FAIL: obj-c++.dg/try-catch-6.mm (test for excess errors)
FAIL: obj-c++.dg/try-catch-7.mm (internal compiler error)
FAIL: obj-c++.dg/try-catch-7.mm (test for excess errors)
FAIL: obj-c++.dg/try-catch-8.mm (internal compiler error)
FAIL: obj-c++.dg/try-catch-8.mm (test for excess errors)
UNRESOLVED: obj-c++.dg/try-catch-9.mm compilation failed to produce executable
FAIL: obj-c++.dg/typedef-alias-1.mm (test for excess errors)
FAIL: obj-c++.dg/va-meth-1.mm (internal compiler error)
FAIL: obj-c++.dg/va-meth-1.mm (test for excess errors)
UNRESOLVED: obj-c++.dg/va-meth-1.mm compilation failed to produce executable
=== obj-c++ Summary ===
# of expected passes 286
# of unexpected failures 192
# of unexpected successes 1
# of expected failures 5
# of unresolved testcases 39
# of unsupported tests 13
/home/dave/gnu/gcc-4.4/objdir/gcc/testsuite/obj-c++/../../g++ version 4.4.0 20080713 (experimental) [trunk revision 137757] (GCC)
=== objc tests ===
Running target unix
=== objc Summary ===
# of expected passes 1814
# of expected failures 7
# of unsupported tests 24
/home/dave/gnu/gcc-4.4/objdir/gcc/xgcc version 4.4.0 20080713 (experimental) [trunk revision 137757] (GCC)
=== libffi tests ===
Running target unix
=== libffi Summary ===
# of expected passes 1389
# of unsupported tests 10
=== libgomp tests ===
Running target unix
FAIL: libgomp.fortran/vla6.f90 -O1 execution test
=== libgomp Summary ===
# of expected passes 2274
# of unexpected failures 1
# of unsupported tests 7
=== libjava tests ===
Running target unix
FAIL: /home/dave/gnu/gcc-4.4/gcc/libjava/testsuite/libjava.jar/TestClosureGC.jar output - gij test
FAIL: /home/dave/gnu/gcc-4.4/gcc/libjava/testsuite/libjava.jar/simple.jar output - gij test
FAIL: PR15133 output - gij test
FAIL: PR18116 output - gij test
FAIL: PR28178 output - gij test
FAIL: bytebuffer output - gij test
FAIL: calls output - gij test
FAIL: cxxtest output - gij test
FAIL: directbuffer output - gij test
FAIL: field output - gij test
FAIL: final_method output - gij test
FAIL: findclass output - gij test
FAIL: findclass2 output - gij test
FAIL: iface output - gij test
FAIL: init output - gij test
FAIL: invoke output - gij test
FAIL: jniutf output - gij test
FAIL: martin output - gij test
FAIL: noclass output - gij test
FAIL: overload output - gij test
FAIL: pr11951 output - gij test
FAIL: pr18278 output - gij test
FAIL: pr23739 output - gij test
FAIL: register output - gij test
FAIL: register2 output - gij test
FAIL: simple_int output - gij test
FAIL: throwit output - gij test
FAIL: virtual output - gij test
FAIL: pr29812 output - gij test
FAIL: getargssize output
FAIL: getlocalvartable output
FAIL: getstacktrace output
FAIL: Array_3 -O3 execution - source compiled test
FAIL: Array_3 -O3 -findirect-dispatch execution - source compiled test
=== libjava Summary ===
# of expected passes 2538
# of unexpected failures 34
# of untested testcases 2
=== libmudflap tests ===
Running target unix
=== libmudflap Summary ===
# of expected passes 1865
=== libstdc++ tests ===
Running target unix
FAIL: abi_check
FAIL: 22_locale/time_get/get_date/wchar_t/4.cc execution test
XPASS: 26_numerics/headers/cmath/c99_classification_macros_c.cc (test for excess errors)
FAIL: ext/pb_ds/regression/trie_data_map_rand.cc execution test
FAIL: ext/pb_ds/regression/trie_no_data_map_rand.cc execution test
=== libstdc++ Summary ===
# of expected passes 5895
# of unexpected failures 4
# of unexpected successes 1
# of expected failures 78
# of unsupported tests 10
Compiler version: 4.4.0 20080713 (experimental) [trunk revision 137757] (GCC)
Platform: hppa-unknown-linux-gnu
configure flags: --with-gnu-as --with-gnu-ld --enable-shared --prefix=/home/dave/opt/gnu/gcc/gcc-4.4.0 --with-local-prefix=/home/dave/opt/gnu --enable-threads=posix --enable-__cxa_atexit --build=hppa-linux --enable-clocale=gnu --enable-java-gc=boehm --enable-languages=c,c++,objc,fortran,obj-c++,java,ada