This is the mail archive of the
gcc-testresults@gcc.gnu.org
mailing list for the GCC project.
Results for 4.4.0 20080613 (experimental) [trunk revision 136760] (GCC) testsuite on mips-sgi-irix5.3
- From: ro at techfak dot uni-bielefeld dot de
- To: gcc-testresults at gcc dot gnu dot org
- Date: Fri, 4 Jul 2008 14:11:25 +0200 (MEST)
- Subject: Results for 4.4.0 20080613 (experimental) [trunk revision 136760] (GCC) testsuite on mips-sgi-irix5.3
LAST_UPDATED: Fri Jun 13 18:43:56 UTC 2008 (revision 136760)
=== acats tests ===
FAIL: c41328a
=== acats Summary ===
# of expected passes 1958
# of unexpected failures 1
# of unsupported tests 356
Native configuration is mips-sgi-irix5.3
=== g++ tests ===
Running target unix
WARNING: Could not compile g++.dg/compat/struct-layout-1 generator
FAIL: g++.dg/debug/const1.C -gstabs1 (test for excess errors)
FAIL: g++.dg/debug/const1.C -gstabs1 -O2 (test for excess errors)
FAIL: g++.dg/debug/const1.C -gstabs1 -O3 (test for excess errors)
FAIL: g++.dg/debug/const1.C -gstabs (test for excess errors)
FAIL: g++.dg/debug/const1.C -gstabs -O2 (test for excess errors)
FAIL: g++.dg/debug/const1.C -gstabs -O3 (test for excess errors)
FAIL: g++.dg/debug/const1.C -gstabs3 (test for excess errors)
FAIL: g++.dg/debug/const1.C -gstabs3 -O2 (test for excess errors)
FAIL: g++.dg/debug/const1.C -gstabs3 -O3 (test for excess errors)
FAIL: g++.dg/debug/const1.C -gstabs+1 (test for excess errors)
FAIL: g++.dg/debug/const1.C -gstabs+1 -O2 (test for excess errors)
FAIL: g++.dg/debug/const1.C -gstabs+1 -O3 (test for excess errors)
FAIL: g++.dg/debug/const1.C -gstabs+ (test for excess errors)
FAIL: g++.dg/debug/const1.C -gstabs+ -O2 (test for excess errors)
FAIL: g++.dg/debug/const1.C -gstabs+ -O3 (test for excess errors)
FAIL: g++.dg/debug/const1.C -gstabs+3 (test for excess errors)
FAIL: g++.dg/debug/const1.C -gstabs+3 -O2 (test for excess errors)
FAIL: g++.dg/debug/const1.C -gstabs+3 -O3 (test for excess errors)
FAIL: g++.dg/debug/debug4.C -gstabs1 (test for excess errors)
FAIL: g++.dg/debug/debug4.C -gstabs1 -O2 (test for excess errors)
FAIL: g++.dg/debug/debug4.C -gstabs1 -O3 (test for excess errors)
FAIL: g++.dg/debug/debug4.C -gstabs (test for excess errors)
FAIL: g++.dg/debug/debug4.C -gstabs -O2 (test for excess errors)
FAIL: g++.dg/debug/debug4.C -gstabs -O3 (test for excess errors)
FAIL: g++.dg/debug/debug4.C -gstabs3 (test for excess errors)
FAIL: g++.dg/debug/debug4.C -gstabs3 -O2 (test for excess errors)
FAIL: g++.dg/debug/debug4.C -gstabs3 -O3 (test for excess errors)
FAIL: g++.dg/debug/debug4.C -gstabs+1 (test for excess errors)
FAIL: g++.dg/debug/debug4.C -gstabs+1 -O2 (test for excess errors)
FAIL: g++.dg/debug/debug4.C -gstabs+1 -O3 (test for excess errors)
FAIL: g++.dg/debug/debug4.C -gstabs+ (test for excess errors)
FAIL: g++.dg/debug/debug4.C -gstabs+ -O2 (test for excess errors)
FAIL: g++.dg/debug/debug4.C -gstabs+ -O3 (test for excess errors)
FAIL: g++.dg/debug/debug4.C -gstabs+3 (test for excess errors)
FAIL: g++.dg/debug/debug4.C -gstabs+3 -O2 (test for excess errors)
FAIL: g++.dg/debug/debug4.C -gstabs+3 -O3 (test for excess errors)
FAIL: g++.dg/debug/debug9.C -gstabs1 (test for excess errors)
FAIL: g++.dg/debug/debug9.C -gstabs1 -O2 (test for excess errors)
FAIL: g++.dg/debug/debug9.C -gstabs1 -O3 (test for excess errors)
FAIL: g++.dg/debug/debug9.C -gstabs (test for excess errors)
FAIL: g++.dg/debug/debug9.C -gstabs -O2 (test for excess errors)
FAIL: g++.dg/debug/debug9.C -gstabs -O3 (test for excess errors)
FAIL: g++.dg/debug/debug9.C -gstabs3 (test for excess errors)
FAIL: g++.dg/debug/debug9.C -gstabs3 -O2 (test for excess errors)
FAIL: g++.dg/debug/debug9.C -gstabs3 -O3 (test for excess errors)
FAIL: g++.dg/debug/debug9.C -gstabs+1 (test for excess errors)
FAIL: g++.dg/debug/debug9.C -gstabs+1 -O2 (test for excess errors)
FAIL: g++.dg/debug/debug9.C -gstabs+1 -O3 (test for excess errors)
FAIL: g++.dg/debug/debug9.C -gstabs+ (test for excess errors)
FAIL: g++.dg/debug/debug9.C -gstabs+ -O2 (test for excess errors)
FAIL: g++.dg/debug/debug9.C -gstabs+ -O3 (test for excess errors)
FAIL: g++.dg/debug/debug9.C -gstabs+3 (test for excess errors)
FAIL: g++.dg/debug/debug9.C -gstabs+3 -O2 (test for excess errors)
FAIL: g++.dg/debug/debug9.C -gstabs+3 -O3 (test for excess errors)
FAIL: g++.dg/debug/pr27657.C -gstabs1 (test for excess errors)
FAIL: g++.dg/debug/pr27657.C -gstabs1 -O2 (test for excess errors)
FAIL: g++.dg/debug/pr27657.C -gstabs1 -O3 (test for excess errors)
FAIL: g++.dg/debug/pr27657.C -gstabs (test for excess errors)
FAIL: g++.dg/debug/pr27657.C -gstabs -O2 (test for excess errors)
FAIL: g++.dg/debug/pr27657.C -gstabs -O3 (test for excess errors)
FAIL: g++.dg/debug/pr27657.C -gstabs3 (test for excess errors)
FAIL: g++.dg/debug/pr27657.C -gstabs3 -O2 (test for excess errors)
FAIL: g++.dg/debug/pr27657.C -gstabs3 -O3 (test for excess errors)
FAIL: g++.dg/debug/pr27657.C -gstabs+1 (test for excess errors)
FAIL: g++.dg/debug/pr27657.C -gstabs+1 -O2 (test for excess errors)
FAIL: g++.dg/debug/pr27657.C -gstabs+1 -O3 (test for excess errors)
FAIL: g++.dg/debug/pr27657.C -gstabs+ (test for excess errors)
FAIL: g++.dg/debug/pr27657.C -gstabs+ -O2 (test for excess errors)
FAIL: g++.dg/debug/pr27657.C -gstabs+ -O3 (test for excess errors)
FAIL: g++.dg/debug/pr27657.C -gstabs+3 (test for excess errors)
FAIL: g++.dg/debug/pr27657.C -gstabs+3 -O2 (test for excess errors)
FAIL: g++.dg/debug/pr27657.C -gstabs+3 -O3 (test for excess errors)
FAIL: g++.dg/debug/trivial.C -gstabs1 (test for excess errors)
FAIL: g++.dg/debug/trivial.C -gstabs1 -O2 (test for excess errors)
FAIL: g++.dg/debug/trivial.C -gstabs1 -O3 (test for excess errors)
FAIL: g++.dg/debug/trivial.C -gstabs (test for excess errors)
FAIL: g++.dg/debug/trivial.C -gstabs -O2 (test for excess errors)
FAIL: g++.dg/debug/trivial.C -gstabs -O3 (test for excess errors)
FAIL: g++.dg/debug/trivial.C -gstabs3 (test for excess errors)
FAIL: g++.dg/debug/trivial.C -gstabs3 -O2 (test for excess errors)
FAIL: g++.dg/debug/trivial.C -gstabs3 -O3 (test for excess errors)
FAIL: g++.dg/debug/trivial.C -gstabs+1 (test for excess errors)
WARNING: g++.dg/debug/trivial.C -gstabs+1 compilation failed to produce executable
FAIL: g++.dg/debug/trivial.C -gstabs+1 -O2 (test for excess errors)
WARNING: g++.dg/debug/trivial.C -gstabs+1 -O2 compilation failed to produce executable
FAIL: g++.dg/debug/trivial.C -gstabs+1 -O3 (test for excess errors)
WARNING: g++.dg/debug/trivial.C -gstabs+1 -O3 compilation failed to produce executable
FAIL: g++.dg/debug/trivial.C -gstabs+ (test for excess errors)
WARNING: g++.dg/debug/trivial.C -gstabs+ compilation failed to produce executable
FAIL: g++.dg/debug/trivial.C -gstabs+ -O2 (test for excess errors)
WARNING: g++.dg/debug/trivial.C -gstabs+ -O2 compilation failed to produce executable
FAIL: g++.dg/debug/trivial.C -gstabs+ -O3 (test for excess errors)
WARNING: g++.dg/debug/trivial.C -gstabs+ -O3 compilation failed to produce executable
FAIL: g++.dg/debug/trivial.C -gstabs+3 (test for excess errors)
WARNING: g++.dg/debug/trivial.C -gstabs+3 compilation failed to produce executable
FAIL: g++.dg/debug/trivial.C -gstabs+3 -O2 (test for excess errors)
WARNING: g++.dg/debug/trivial.C -gstabs+3 -O2 compilation failed to produce executable
FAIL: g++.dg/debug/trivial.C -gstabs+3 -O3 (test for excess errors)
WARNING: g++.dg/debug/trivial.C -gstabs+3 -O3 compilation failed to produce executable
FAIL: g++.dg/cdce3.C (test for excess errors)
WARNING: g++.dg/cdce3.C compilation failed to produce executable
FAIL: g++.dg/cdce3.C scan-tree-dump cdce "cdce3.C:68: note: function call is shrink-wrapped into error conditions.": dump file does not exist
FAIL: g++.dg/cdce3.C scan-tree-dump cdce "cdce3.C:69: note: function call is shrink-wrapped into error conditions.": dump file does not exist
FAIL: g++.dg/cdce3.C scan-tree-dump cdce "cdce3.C:70: note: function call is shrink-wrapped into error conditions.": dump file does not exist
FAIL: g++.dg/cdce3.C scan-tree-dump cdce "cdce3.C:71: note: function call is shrink-wrapped into error conditions.": dump file does not exist
FAIL: g++.dg/cdce3.C scan-tree-dump cdce "cdce3.C:72: note: function call is shrink-wrapped into error conditions.": dump file does not exist
FAIL: g++.dg/cdce3.C scan-tree-dump cdce "cdce3.C:73: note: function call is shrink-wrapped into error conditions.": dump file does not exist
FAIL: g++.dg/cdce3.C scan-tree-dump cdce "cdce3.C:74: note: function call is shrink-wrapped into error conditions.": dump file does not exist
FAIL: g++.dg/cdce3.C scan-tree-dump cdce "cdce3.C:75: note: function call is shrink-wrapped into error conditions.": dump file does not exist
FAIL: g++.dg/cdce3.C scan-tree-dump cdce "cdce3.C:76: note: function call is shrink-wrapped into error conditions.": dump file does not exist
FAIL: g++.dg/cdce3.C scan-tree-dump cdce "cdce3.C:77: note: function call is shrink-wrapped into error conditions.": dump file does not exist
FAIL: g++.dg/cdce3.C scan-tree-dump cdce "cdce3.C:78: note: function call is shrink-wrapped into error conditions.": dump file does not exist
FAIL: g++.dg/cdce3.C scan-tree-dump cdce "cdce3.C:79: note: function call is shrink-wrapped into error conditions.": dump file does not exist
FAIL: g++.dg/cdce3.C scan-tree-dump cdce "cdce3.C:80: note: function call is shrink-wrapped into error conditions.": dump file does not exist
FAIL: g++.dg/cdce3.C scan-tree-dump cdce "cdce3.C:81: note: function call is shrink-wrapped into error conditions.": dump file does not exist
FAIL: g++.dg/cdce3.C scan-tree-dump cdce "cdce3.C:82: note: function call is shrink-wrapped into error conditions.": dump file does not exist
FAIL: g++.dg/cdce3.C scan-tree-dump cdce "cdce3.C:83: note: function call is shrink-wrapped into error conditions.": dump file does not exist
FAIL: g++.dg/cpp/_Pragma1.C (test for excess errors)
WARNING: program timed out.
FAIL: g++.dg/eh/cleanup1.C (test for excess errors)
FAIL: g++.dg/eh/simd-2.C (test for excess errors)
WARNING: g++.dg/eh/simd-2.C compilation failed to produce executable
FAIL: g++.dg/other/anon5.C undefined (test for errors, line )
FAIL: g++.dg/other/anon5.C (test for excess errors)
FAIL: g++.dg/tree-ssa/pr19637.C scan-tree-dump-times dom1 "return 1;" 3
FAIL: g++.dg/warn/miss-format-1.C scanf attribute warning (test for warnings, line 25)
FAIL: g++.dg/warn/miss-format-1.C (test for excess errors)
FAIL: g++.dg/special/conpr-1.C execution test
FAIL: g++.dg/special/conpr-2.C execution test
FAIL: g++.dg/special/conpr-3.C execution test
FAIL: g++.dg/special/conpr-4.C execution test
FAIL: g++.dg/special/initp1.C execution test
FAIL: g++.dg/special/initpri1.C execution test
WARNING: program timed out.
FAIL: g++.dg/torture/pr31863.C -O0 (test for excess errors)
WARNING: program timed out.
FAIL: g++.dg/torture/pr31863.C -O1 (test for excess errors)
WARNING: program timed out.
FAIL: g++.dg/torture/pr31863.C -O2 (test for excess errors)
WARNING: program timed out.
FAIL: g++.dg/torture/pr31863.C -O3 -fomit-frame-pointer (test for excess errors)
WARNING: program timed out.
FAIL: g++.dg/torture/pr31863.C -O3 -g (test for excess errors)
WARNING: program timed out.
FAIL: g++.dg/torture/pr31863.C -Os (test for excess errors)
XPASS: g++.old-deja/g++.other/init19.C execution test
=== g++ Summary ===
# of expected passes 16791
# of unexpected failures 127
# of unexpected successes 1
# of expected failures 82
# of unsupported tests 210
/amnt/galeras/export/vol/gccsrc/obj/irix5/gcc-4.4.0-20080613/5.3-gcc/gcc/testsuite/g++/../../g++ version 4.4.0 20080613 (experimental) [trunk revision 136760] (GCC)
=== gcc tests ===
Running target unix
WARNING: program timed out.
FAIL: gcc.c-torture/compile/20001226-1.c -O1 (test for excess errors)
WARNING: program timed out.
FAIL: gcc.c-torture/compile/20001226-1.c -O2 (test for excess errors)
WARNING: program timed out.
FAIL: gcc.c-torture/compile/20001226-1.c -O3 -fomit-frame-pointer (test for excess errors)
WARNING: program timed out.
FAIL: gcc.c-torture/compile/20001226-1.c -O3 -g (test for excess errors)
WARNING: program timed out.
FAIL: gcc.c-torture/compile/20001226-1.c -Os (test for excess errors)
WARNING: program timed out.
FAIL: gcc.c-torture/compile/limits-fnargs.c -O1 (test for excess errors)
WARNING: program timed out.
FAIL: gcc.c-torture/compile/limits-fnargs.c -O2 (test for excess errors)
WARNING: program timed out.
FAIL: gcc.c-torture/compile/limits-fnargs.c -O3 -fomit-frame-pointer (test for excess errors)
WARNING: program timed out.
FAIL: gcc.c-torture/compile/limits-fnargs.c -O3 -g (test for excess errors)
WARNING: program timed out.
FAIL: gcc.c-torture/compile/limits-fnargs.c -Os (test for excess errors)
WARNING: program timed out.
FAIL: gcc.c-torture/compile/limits-fndefn.c -O3 -g (test for excess errors)
FAIL: gcc.c-torture/compile/limits-structnest.c -O2 (test for excess errors)
FAIL: gcc.c-torture/compile/limits-structnest.c -O3 -fomit-frame-pointer (test for excess errors)
FAIL: gcc.c-torture/compile/limits-structnest.c -O3 -g (test for excess errors)
FAIL: gcc.c-torture/compile/limits-structnest.c -Os (test for excess errors)
FAIL: gcc.c-torture/execute/20040709-2.c execution, -O1
FAIL: gcc.c-torture/execute/20040709-2.c execution, -O2
FAIL: gcc.c-torture/execute/20040709-2.c execution, -O3 -fomit-frame-pointer
FAIL: gcc.c-torture/execute/20040709-2.c execution, -O3 -fomit-frame-pointer -funroll-loops
FAIL: gcc.c-torture/execute/20040709-2.c execution, -O3 -fomit-frame-pointer -funroll-all-loops -finline-functions
FAIL: gcc.c-torture/execute/20040709-2.c execution, -O3 -g
FAIL: gcc.c-torture/execute/20040709-2.c execution, -Os
WARNING: Could not compile gcc.dg/compat/struct-layout-1 generator
FAIL: gcc.dg/cpp/_Pragma6.c (test for excess errors)
FAIL: gcc.dg/debug/20020220-1.c -gstabs1 (test for excess errors)
FAIL: gcc.dg/debug/20020220-1.c -gstabs1 -O (test for excess errors)
FAIL: gcc.dg/debug/20020220-1.c -gstabs1 -O3 (test for excess errors)
FAIL: gcc.dg/debug/20020220-1.c -gstabs (test for excess errors)
FAIL: gcc.dg/debug/20020220-1.c -gstabs -O (test for excess errors)
FAIL: gcc.dg/debug/20020220-1.c -gstabs -O3 (test for excess errors)
FAIL: gcc.dg/debug/20020220-1.c -gstabs3 (test for excess errors)
FAIL: gcc.dg/debug/20020220-1.c -gstabs3 -O (test for excess errors)
FAIL: gcc.dg/debug/20020220-1.c -gstabs3 -O3 (test for excess errors)
FAIL: gcc.dg/debug/20020220-1.c -gstabs+1 (test for excess errors)
WARNING: gcc.dg/debug/20020220-1.c -gstabs+1 compilation failed to produce executable
FAIL: gcc.dg/debug/20020220-1.c -gstabs+1 -O (test for excess errors)
WARNING: gcc.dg/debug/20020220-1.c -gstabs+1 -O compilation failed to produce executable
FAIL: gcc.dg/debug/20020220-1.c -gstabs+1 -O3 (test for excess errors)
WARNING: gcc.dg/debug/20020220-1.c -gstabs+1 -O3 compilation failed to produce executable
FAIL: gcc.dg/debug/20020220-1.c -gstabs+ (test for excess errors)
WARNING: gcc.dg/debug/20020220-1.c -gstabs+ compilation failed to produce executable
FAIL: gcc.dg/debug/20020220-1.c -gstabs+ -O (test for excess errors)
WARNING: gcc.dg/debug/20020220-1.c -gstabs+ -O compilation failed to produce executable
FAIL: gcc.dg/debug/20020220-1.c -gstabs+ -O3 (test for excess errors)
WARNING: gcc.dg/debug/20020220-1.c -gstabs+ -O3 compilation failed to produce executable
FAIL: gcc.dg/debug/20020220-1.c -gstabs+3 (test for excess errors)
WARNING: gcc.dg/debug/20020220-1.c -gstabs+3 compilation failed to produce executable
FAIL: gcc.dg/debug/20020220-1.c -gstabs+3 -O (test for excess errors)
WARNING: gcc.dg/debug/20020220-1.c -gstabs+3 -O compilation failed to produce executable
FAIL: gcc.dg/debug/20020220-1.c -gstabs+3 -O3 (test for excess errors)
WARNING: gcc.dg/debug/20020220-1.c -gstabs+3 -O3 compilation failed to produce executable
FAIL: gcc.dg/debug/20020327-1.c -gstabs1 (test for excess errors)
FAIL: gcc.dg/debug/20020327-1.c -gstabs1 -O (test for excess errors)
FAIL: gcc.dg/debug/20020327-1.c -gstabs1 -O3 (test for excess errors)
FAIL: gcc.dg/debug/20020327-1.c -gstabs (test for excess errors)
FAIL: gcc.dg/debug/20020327-1.c -gstabs -O (test for excess errors)
FAIL: gcc.dg/debug/20020327-1.c -gstabs -O3 (test for excess errors)
FAIL: gcc.dg/debug/20020327-1.c -gstabs3 (test for excess errors)
FAIL: gcc.dg/debug/20020327-1.c -gstabs3 -O (test for excess errors)
FAIL: gcc.dg/debug/20020327-1.c -gstabs3 -O3 (test for excess errors)
FAIL: gcc.dg/debug/20020327-1.c -gstabs+1 (test for excess errors)
FAIL: gcc.dg/debug/20020327-1.c -gstabs+1 -O (test for excess errors)
FAIL: gcc.dg/debug/20020327-1.c -gstabs+1 -O3 (test for excess errors)
FAIL: gcc.dg/debug/20020327-1.c -gstabs+ (test for excess errors)
FAIL: gcc.dg/debug/20020327-1.c -gstabs+ -O (test for excess errors)
FAIL: gcc.dg/debug/20020327-1.c -gstabs+ -O3 (test for excess errors)
FAIL: gcc.dg/debug/20020327-1.c -gstabs+3 (test for excess errors)
FAIL: gcc.dg/debug/20020327-1.c -gstabs+3 -O (test for excess errors)
FAIL: gcc.dg/debug/20020327-1.c -gstabs+3 -O3 (test for excess errors)
FAIL: gcc.dg/debug/20050907-1.c -gstabs1 (test for excess errors)
FAIL: gcc.dg/debug/20050907-1.c -gstabs1 -O (test for excess errors)
FAIL: gcc.dg/debug/20050907-1.c -gstabs1 -O3 (test for excess errors)
FAIL: gcc.dg/debug/20050907-1.c -gstabs (test for excess errors)
FAIL: gcc.dg/debug/20050907-1.c -gstabs -O (test for excess errors)
FAIL: gcc.dg/debug/20050907-1.c -gstabs -O3 (test for excess errors)
FAIL: gcc.dg/debug/20050907-1.c -gstabs3 (test for excess errors)
FAIL: gcc.dg/debug/20050907-1.c -gstabs3 -O (test for excess errors)
FAIL: gcc.dg/debug/20050907-1.c -gstabs3 -O3 (test for excess errors)
FAIL: gcc.dg/debug/20050907-1.c -gstabs+1 (test for excess errors)
FAIL: gcc.dg/debug/20050907-1.c -gstabs+1 -O (test for excess errors)
FAIL: gcc.dg/debug/20050907-1.c -gstabs+1 -O3 (test for excess errors)
FAIL: gcc.dg/debug/20050907-1.c -gstabs+ (test for excess errors)
FAIL: gcc.dg/debug/20050907-1.c -gstabs+ -O (test for excess errors)
FAIL: gcc.dg/debug/20050907-1.c -gstabs+ -O3 (test for excess errors)
FAIL: gcc.dg/debug/20050907-1.c -gstabs+3 (test for excess errors)
FAIL: gcc.dg/debug/20050907-1.c -gstabs+3 -O (test for excess errors)
FAIL: gcc.dg/debug/20050907-1.c -gstabs+3 -O3 (test for excess errors)
FAIL: gcc.dg/debug/trivial.c -gstabs1 (test for excess errors)
FAIL: gcc.dg/debug/trivial.c -gstabs1 -O (test for excess errors)
FAIL: gcc.dg/debug/trivial.c -gstabs1 -O3 (test for excess errors)
FAIL: gcc.dg/debug/trivial.c -gstabs (test for excess errors)
FAIL: gcc.dg/debug/trivial.c -gstabs -O (test for excess errors)
FAIL: gcc.dg/debug/trivial.c -gstabs -O3 (test for excess errors)
FAIL: gcc.dg/debug/trivial.c -gstabs3 (test for excess errors)
FAIL: gcc.dg/debug/trivial.c -gstabs3 -O (test for excess errors)
FAIL: gcc.dg/debug/trivial.c -gstabs3 -O3 (test for excess errors)
FAIL: gcc.dg/debug/trivial.c -gstabs+1 (test for excess errors)
WARNING: gcc.dg/debug/trivial.c -gstabs+1 compilation failed to produce executable
FAIL: gcc.dg/debug/trivial.c -gstabs+1 -O (test for excess errors)
WARNING: gcc.dg/debug/trivial.c -gstabs+1 -O compilation failed to produce executable
FAIL: gcc.dg/debug/trivial.c -gstabs+1 -O3 (test for excess errors)
WARNING: gcc.dg/debug/trivial.c -gstabs+1 -O3 compilation failed to produce executable
FAIL: gcc.dg/debug/trivial.c -gstabs+ (test for excess errors)
WARNING: gcc.dg/debug/trivial.c -gstabs+ compilation failed to produce executable
FAIL: gcc.dg/debug/trivial.c -gstabs+ -O (test for excess errors)
WARNING: gcc.dg/debug/trivial.c -gstabs+ -O compilation failed to produce executable
FAIL: gcc.dg/debug/trivial.c -gstabs+ -O3 (test for excess errors)
WARNING: gcc.dg/debug/trivial.c -gstabs+ -O3 compilation failed to produce executable
FAIL: gcc.dg/debug/trivial.c -gstabs+3 (test for excess errors)
WARNING: gcc.dg/debug/trivial.c -gstabs+3 compilation failed to produce executable
FAIL: gcc.dg/debug/trivial.c -gstabs+3 -O (test for excess errors)
WARNING: gcc.dg/debug/trivial.c -gstabs+3 -O compilation failed to produce executable
FAIL: gcc.dg/debug/trivial.c -gstabs+3 -O3 (test for excess errors)
WARNING: gcc.dg/debug/trivial.c -gstabs+3 -O3 compilation failed to produce executable
FAIL: gcc.dg/20061124-1.c (test for excess errors)
WARNING: gcc.dg/20061124-1.c compilation failed to produce executable
FAIL: gcc.dg/Wstrict-aliasing-float-ptr-int-obj.c (test for warnings, line 14)
FAIL: gcc.dg/Wstrict-aliasing-float-ptr-int-obj.c (test for warnings, line 16)
FAIL: gcc.dg/cdce1.c scan-tree-dump cdce "cdce1.c:16: note: function call is shrink-wrapped into error conditions."
FAIL: gcc.dg/cdce2.c scan-tree-dump cdce "cdce2.c:16: note: function call is shrink-wrapped into error conditions."
FAIL: gcc.dg/ia64-sync-1.c (test for excess errors)
WARNING: gcc.dg/ia64-sync-1.c compilation failed to produce executable
FAIL: gcc.dg/ia64-sync-2.c (test for excess errors)
WARNING: gcc.dg/ia64-sync-2.c compilation failed to produce executable
FAIL: gcc.dg/ia64-sync-3.c (test for excess errors)
WARNING: gcc.dg/ia64-sync-3.c compilation failed to produce executable
FAIL: gcc.dg/initpri1.c execution test
FAIL: gcc.dg/pr27095.c scan-assembler-not (?n)strlen(.*\\n)+.*strlen
FAIL: gcc.dg/pr35729.c scan-rtl-dump-times loop2_invariant "Decided to move invariant" 0
FAIL: gcc.dg/sync-2.c (test for excess errors)
WARNING: gcc.dg/sync-2.c compilation failed to produce executable
FAIL: gcc.dg/sync-3.c (test for excess errors)
WARNING: gcc.dg/sync-3.c compilation failed to produce executable
FAIL: largefile.c -O0 -g -I. (test for excess errors)
FAIL: gcc.dg/pch/largefile.c -O0 -g assembly comparison
FAIL: largefile.c -O0 -I. (test for excess errors)
FAIL: gcc.dg/pch/largefile.c -O0 assembly comparison
FAIL: largefile.c -O1 -I. (test for excess errors)
FAIL: gcc.dg/pch/largefile.c -O1 assembly comparison
FAIL: largefile.c -O2 -I. (test for excess errors)
FAIL: gcc.dg/pch/largefile.c -O2 assembly comparison
FAIL: largefile.c -O3 -fomit-frame-pointer -I. (test for excess errors)
FAIL: gcc.dg/pch/largefile.c -O3 -fomit-frame-pointer assembly comparison
FAIL: largefile.c -O3 -g -I. (test for excess errors)
FAIL: gcc.dg/pch/largefile.c -O3 -g assembly comparison
FAIL: largefile.c -Os -I. (test for excess errors)
FAIL: gcc.dg/pch/largefile.c -Os assembly comparison
FAIL: gcc.dg/tls/opt-2.c (test for excess errors)
FAIL: gcc.dg/torture/builtin-math-4.c -O0 (test for excess errors)
FAIL: gcc.dg/torture/builtin-math-4.c -O1 (test for excess errors)
FAIL: gcc.dg/torture/builtin-math-4.c -O2 (test for excess errors)
FAIL: gcc.dg/torture/builtin-math-4.c -O3 -fomit-frame-pointer (test for excess errors)
FAIL: gcc.dg/torture/builtin-math-4.c -O3 -fomit-frame-pointer -funroll-loops (test for excess errors)
FAIL: gcc.dg/torture/builtin-math-4.c -O3 -fomit-frame-pointer -funroll-all-loops -finline-functions (test for excess errors)
FAIL: gcc.dg/torture/builtin-math-4.c -O3 -g (test for excess errors)
FAIL: gcc.dg/torture/builtin-math-4.c -Os (test for excess errors)
XPASS: gcc.dg/tree-ssa/loadpre1.c scan-tree-dump-times pre "Eliminated: 1" 1
FAIL: gcc.dg/tree-ssa/loop-1.c scan-assembler-times foo 5
XPASS: gcc.dg/tree-ssa/ltrans-3.c scan-tree-dump-times ltrans "transformed loop" 1
FAIL: gcc.dg/tree-ssa/ssa-store-ccp-3.c scan-tree-dump-times optimized "conststaticvariable" 1
FAIL: gcc.target/mips/save-restore-5.c (test for excess errors)
=== gcc Summary ===
# of expected passes 46150
# of unexpected failures 134
# of unexpected successes 2
# of expected failures 105
# of unsupported tests 562
/amnt/galeras/export/vol/gccsrc/obj/irix5/gcc-4.4.0-20080613/5.3-gcc/gcc/xgcc version 4.4.0 20080613 (experimental) [trunk revision 136760] (GCC)
=== gfortran tests ===
Running target unix
FAIL: gfortran.dg/bessel_2.f90 -O (test for excess errors)
WARNING: program timed out.
FAIL: gfortran.dg/cray_pointers_2.f90 -O0 (test for excess errors)
WARNING: gfortran.dg/cray_pointers_2.f90 -O0 compilation failed to produce executable
WARNING: program timed out.
FAIL: gfortran.dg/cray_pointers_2.f90 -O1 (test for excess errors)
WARNING: gfortran.dg/cray_pointers_2.f90 -O1 compilation failed to produce executable
WARNING: program timed out.
FAIL: gfortran.dg/cray_pointers_2.f90 -O2 (test for excess errors)
WARNING: gfortran.dg/cray_pointers_2.f90 -O2 compilation failed to produce executable
WARNING: program timed out.
FAIL: gfortran.dg/cray_pointers_2.f90 -O3 -fomit-frame-pointer (test for excess errors)
WARNING: gfortran.dg/cray_pointers_2.f90 -O3 -fomit-frame-pointer compilation failed to produce executable
WARNING: program timed out.
FAIL: gfortran.dg/cray_pointers_2.f90 -O3 -fomit-frame-pointer -funroll-loops (test for excess errors)
WARNING: gfortran.dg/cray_pointers_2.f90 -O3 -fomit-frame-pointer -funroll-loops compilation failed to produce executable
WARNING: program timed out.
FAIL: gfortran.dg/cray_pointers_2.f90 -O3 -fomit-frame-pointer -funroll-all-loops -finline-functions (test for excess errors)
WARNING: gfortran.dg/cray_pointers_2.f90 -O3 -fomit-frame-pointer -funroll-all-loops -finline-functions compilation failed to produce executable
WARNING: program timed out.
FAIL: gfortran.dg/cray_pointers_2.f90 -O3 -g (test for excess errors)
WARNING: gfortran.dg/cray_pointers_2.f90 -O3 -g compilation failed to produce executable
WARNING: program timed out.
FAIL: gfortran.dg/cray_pointers_2.f90 -Os (test for excess errors)
WARNING: gfortran.dg/cray_pointers_2.f90 -Os compilation failed to produce executable
FAIL: gfortran.dg/namelist_42.f90 -O0 execution test
FAIL: gfortran.dg/namelist_42.f90 -O1 execution test
FAIL: gfortran.dg/namelist_42.f90 -O2 execution test
FAIL: gfortran.dg/namelist_42.f90 -O3 -fomit-frame-pointer execution test
FAIL: gfortran.dg/namelist_42.f90 -O3 -fomit-frame-pointer -funroll-loops execution test
FAIL: gfortran.dg/namelist_42.f90 -O3 -fomit-frame-pointer -funroll-all-loops -finline-functions execution test
FAIL: gfortran.dg/namelist_42.f90 -O3 -g execution test
FAIL: gfortran.dg/namelist_42.f90 -Os execution test
FAIL: gfortran.dg/namelist_43.f90 -O0 execution test
FAIL: gfortran.dg/namelist_43.f90 -O1 execution test
FAIL: gfortran.dg/namelist_43.f90 -O2 execution test
FAIL: gfortran.dg/namelist_43.f90 -O3 -fomit-frame-pointer execution test
FAIL: gfortran.dg/namelist_43.f90 -O3 -fomit-frame-pointer -funroll-loops execution test
FAIL: gfortran.dg/namelist_43.f90 -O3 -fomit-frame-pointer -funroll-all-loops -finline-functions execution test
FAIL: gfortran.dg/namelist_43.f90 -O3 -g execution test
FAIL: gfortran.dg/namelist_43.f90 -Os execution test
FAIL: gfortran.dg/nan_3.f90 -O0 execution test
FAIL: gfortran.dg/nan_3.f90 -O1 execution test
FAIL: gfortran.dg/nan_3.f90 -O2 execution test
FAIL: gfortran.dg/nan_3.f90 -O3 -fomit-frame-pointer execution test
FAIL: gfortran.dg/nan_3.f90 -O3 -fomit-frame-pointer -funroll-loops execution test
FAIL: gfortran.dg/nan_3.f90 -O3 -fomit-frame-pointer -funroll-all-loops -finline-functions execution test
FAIL: gfortran.dg/nan_3.f90 -O3 -g execution test
FAIL: gfortran.dg/nan_3.f90 -Os execution test
FAIL: gfortran.dg/nearest_3.f90 -O0 execution test
FAIL: gfortran.dg/nearest_3.f90 -O1 execution test
FAIL: gfortran.dg/nearest_3.f90 -O2 execution test
FAIL: gfortran.dg/nearest_3.f90 -O3 -fomit-frame-pointer execution test
FAIL: gfortran.dg/nearest_3.f90 -O3 -fomit-frame-pointer -funroll-loops execution test
FAIL: gfortran.dg/nearest_3.f90 -O3 -fomit-frame-pointer -funroll-all-loops -finline-functions execution test
FAIL: gfortran.dg/nearest_3.f90 -O3 -g execution test
FAIL: gfortran.dg/nearest_3.f90 -Os execution test
FAIL: gfortran.dg/nint_2.f90 -O0 execution test
FAIL: gfortran.dg/open_errors.f90 -O0 execution test
FAIL: gfortran.dg/open_errors.f90 -O1 execution test
FAIL: gfortran.dg/open_errors.f90 -O2 execution test
FAIL: gfortran.dg/open_errors.f90 -O3 -fomit-frame-pointer execution test
FAIL: gfortran.dg/open_errors.f90 -O3 -fomit-frame-pointer -funroll-loops execution test
FAIL: gfortran.dg/open_errors.f90 -O3 -fomit-frame-pointer -funroll-all-loops -finline-functions execution test
FAIL: gfortran.dg/open_errors.f90 -O3 -g execution test
FAIL: gfortran.dg/open_errors.f90 -Os execution test
FAIL: gfortran.dg/parameter_array_init_4.f90 -O0 (test for excess errors)
FAIL: gfortran.dg/parameter_array_init_4.f90 -O1 (test for excess errors)
FAIL: gfortran.dg/parameter_array_init_4.f90 -O2 (test for excess errors)
FAIL: gfortran.dg/parameter_array_init_4.f90 -O3 -fomit-frame-pointer (test for excess errors)
FAIL: gfortran.dg/parameter_array_init_4.f90 -O3 -fomit-frame-pointer -funroll-loops (test for excess errors)
FAIL: gfortran.dg/parameter_array_init_4.f90 -O3 -fomit-frame-pointer -funroll-all-loops -finline-functions (test for excess errors)
FAIL: gfortran.dg/parameter_array_init_4.f90 -O3 -g (test for excess errors)
FAIL: gfortran.dg/parameter_array_init_4.f90 -Os (test for excess errors)
FAIL: gfortran.dg/pr15959.f90 -Os (test for excess errors)
WARNING: gfortran.dg/pr15959.f90 -Os compilation failed to produce executable
FAIL: gfortran.dg/stat_1.f90 -O0 execution test
FAIL: gfortran.dg/stat_1.f90 -O1 execution test
FAIL: gfortran.dg/stat_1.f90 -O2 execution test
FAIL: gfortran.dg/stat_1.f90 -O3 -fomit-frame-pointer execution test
FAIL: gfortran.dg/stat_1.f90 -O3 -fomit-frame-pointer -funroll-loops execution test
FAIL: gfortran.dg/stat_1.f90 -O3 -fomit-frame-pointer -funroll-all-loops -finline-functions execution test
FAIL: gfortran.dg/stat_1.f90 -O3 -g execution test
FAIL: gfortran.dg/stat_1.f90 -Os execution test
FAIL: gfortran.dg/stat_2.f90 -O0 execution test
FAIL: gfortran.dg/stat_2.f90 -O1 execution test
FAIL: gfortran.dg/stat_2.f90 -O2 execution test
FAIL: gfortran.dg/stat_2.f90 -O3 -fomit-frame-pointer execution test
FAIL: gfortran.dg/stat_2.f90 -O3 -fomit-frame-pointer -funroll-loops execution test
FAIL: gfortran.dg/stat_2.f90 -O3 -fomit-frame-pointer -funroll-all-loops -finline-functions execution test
FAIL: gfortran.dg/stat_2.f90 -O3 -g execution test
FAIL: gfortran.dg/stat_2.f90 -Os execution test
WARNING: program timed out.
FAIL: gfortran.dg/zero_sized_1.f90 -O3 -fomit-frame-pointer -funroll-all-loops -finline-functions (test for excess errors)
WARNING: gfortran.dg/zero_sized_1.f90 -O3 -fomit-frame-pointer -funroll-all-loops -finline-functions compilation failed to produce executable
WARNING: program timed out.
FAIL: gfortran.dg/zero_sized_1.f90 -O3 -g (test for excess errors)
WARNING: gfortran.dg/zero_sized_1.f90 -O3 -g compilation failed to produce executable
=== gfortran Summary ===
# of expected passes 25083
# of unexpected failures 77
# of expected failures 5
# of unsupported tests 262
/amnt/galeras/export/vol/gccsrc/obj/irix5/gcc-4.4.0-20080613/5.3-gcc/gcc/testsuite/gfortran/../../gfortran version 4.4.0 20080613 (experimental) [trunk revision 136760] (GCC)
=== gnat tests ===
Running target unix
FAIL: gnat.dg/curr_task.adb execution test
FAIL: gnat.dg/entry_queues.adb execution test
FAIL: gnat.dg/interface2.adb execution test
FAIL: gnat.dg/iprot_test.adb execution test
FAIL: gnat.dg/prot_def.adb execution test
FAIL: gnat.dg/requeue1.adb execution test
FAIL: gnat.dg/socket1.adb (test for excess errors)
WARNING: gnat.dg/socket1.adb compilation failed to produce executable
FAIL: gnat.dg/test_delay.adb execution test
FAIL: gnat.dg/test_image.adb execution test
FAIL: gnat.dg/test_prio.adb execution test
FAIL: gnat.dg/timing_events.adb execution test
=== gnat Summary ===
# of expected passes 492
# of unexpected failures 11
# of expected failures 6
=== objc tests ===
Running target unix
FAIL: objc.dg/stabs-1.m scan-assembler (.SUBSPA.*[\$]CODE[\$]|.text"?)\\n\\t.stabs.*100,0,0,([.\$])?L?L[\$]?etext[0-9]*\\n([.\$])?L?L[\$]?etext
WARNING: Could not compile objc.dg/gnu-encoding/struct-layout-encoding-1 generator
=== objc Summary ===
# of expected passes 1758
# of unexpected failures 1
# of unsupported tests 24
/amnt/galeras/export/vol/gccsrc/obj/irix5/gcc-4.4.0-20080613/5.3-gcc/gcc/xgcc version 4.4.0 20080613 (experimental) [trunk revision 136760] (GCC)
=== libstdc++ tests ===
Running target unix
FAIL: 21_strings/headers/cwctype/macros.cc (test for excess errors)
FAIL: 22_locale/time_put/put/char/1.cc execution test
FAIL: 23_containers/vector/resize/1.cc execution test
FAIL: 27_io/ios_base/storage/2.cc execution test
WARNING: program timed out.
FAIL: ext/pb_ds/regression/hash_data_map_rand.cc (test for excess errors)
WARNING: ext/pb_ds/regression/hash_data_map_rand.cc compilation failed to produce executable
WARNING: program timed out.
FAIL: ext/pb_ds/regression/hash_no_data_map_rand.cc (test for excess errors)
WARNING: ext/pb_ds/regression/hash_no_data_map_rand.cc compilation failed to produce executable
WARNING: program timed out.
FAIL: ext/pb_ds/regression/list_update_data_map_rand.cc (test for excess errors)
WARNING: ext/pb_ds/regression/list_update_data_map_rand.cc compilation failed to produce executable
WARNING: program timed out.
FAIL: ext/pb_ds/regression/list_update_no_data_map_rand.cc (test for excess errors)
WARNING: ext/pb_ds/regression/list_update_no_data_map_rand.cc compilation failed to produce executable
WARNING: program timed out.
FAIL: ext/pb_ds/regression/priority_queue_rand.cc (test for excess errors)
WARNING: ext/pb_ds/regression/priority_queue_rand.cc compilation failed to produce executable
WARNING: program timed out.
FAIL: ext/pb_ds/regression/tree_data_map_rand.cc (test for excess errors)
WARNING: ext/pb_ds/regression/tree_data_map_rand.cc compilation failed to produce executable
WARNING: program timed out.
FAIL: ext/pb_ds/regression/tree_no_data_map_rand.cc (test for excess errors)
WARNING: ext/pb_ds/regression/tree_no_data_map_rand.cc compilation failed to produce executable
WARNING: program timed out.
FAIL: ext/pb_ds/regression/trie_data_map_rand.cc (test for excess errors)
WARNING: ext/pb_ds/regression/trie_data_map_rand.cc compilation failed to produce executable
WARNING: program timed out.
FAIL: ext/pb_ds/regression/trie_no_data_map_rand.cc (test for excess errors)
WARNING: ext/pb_ds/regression/trie_no_data_map_rand.cc compilation failed to produce executable
WARNING: program timed out.
FAIL: tr1/5_numerical_facilities/special_functions/17_hyperg/check_value.cc (test for excess errors)
WARNING: tr1/5_numerical_facilities/special_functions/17_hyperg/check_value.cc compilation failed to produce executable
=== libstdc++ Summary ===
# of expected passes 4118
# of unexpected failures 14
# of expected failures 71
# of unsupported tests 199
Compiler version: 4.4.0 20080613 (experimental) [trunk revision 136760] (GCC)
Platform: mips-sgi-irix5.3
configure flags: --prefix=/vol/gcc --with-local-prefix=/vol/gcc --disable-nls --with-gnu-as --with-as=/vol/gcc/lib/gas-2.17 --with-gmp=/vol/gcc --with-mpfr=/vol/gcc --enable-languages=c,c++,fortran,objc,ada --disable-libmudflap
BOOT_CFLAGS=-g -O2
-----------------------------------------------------------------------------
Rainer Orth, Faculty of Technology, Bielefeld University