This is the mail archive of the
gcc-testresults@gcc.gnu.org
mailing list for the GCC project.
Results for 4.4.0 20080702 (experimental) [trunk revision 137392] (GCC) gcc testsuite on avr-unknown-none
- From: Mike Stein <mstein dot lists at googlemail dot com>
- To: gcc-testresults at gcc dot gnu dot org
- Date: Thu, 3 Jul 2008 23:55:05 +0200
- Subject: Results for 4.4.0 20080702 (experimental) [trunk revision 137392] (GCC) gcc testsuite on avr-unknown-none
- Reply-to: gcc at gcc dot gnu dot org
Debian 4 on x86_64
cross tool versions:
GNU assembler (GNU Binutils) 2.18.50.20080628
GNU gdb 6.4
GNU ld (GNU Binutils) 2.18.50.20080628
GNU Make 3.81
expect version 5.43.0
host gcc version: gcc (GCC) 4.4.0 20080618 (experimental) [trunk revision 136921]
LAST_UPDATED: Wed Jul 2 22:03:12 UTC 2008 (revision 137392)
Target is avr-unknown-none
Host is x86_64-unknown-linux-gnu
=== gcc tests ===
Running target avrtest-m128-sim
FAIL: gcc.c-torture/compile/20080625-1.c -O0 (test for excess errors)
FAIL: gcc.c-torture/compile/20080625-1.c -O1 (test for excess errors)
FAIL: gcc.c-torture/compile/20080625-1.c -O2 (test for excess errors)
FAIL: gcc.c-torture/compile/20080625-1.c -O3 -fomit-frame-pointer (test for excess errors)
FAIL: gcc.c-torture/compile/20080625-1.c -O3 -g (test for excess errors)
FAIL: gcc.c-torture/compile/20080625-1.c -Os (test for excess errors)
FAIL: gcc.c-torture/execute/20010122-1.c execution, -O0
FAIL: gcc.c-torture/execute/20010122-1.c execution, -O1
FAIL: gcc.c-torture/execute/20010122-1.c execution, -O2
FAIL: gcc.c-torture/execute/20010122-1.c execution, -O3 -g
FAIL: gcc.c-torture/execute/20010122-1.c execution, -Os
FAIL: gcc.c-torture/execute/pr17377.c execution, -O0
FAIL: gcc.c-torture/execute/pr17377.c execution, -O1
FAIL: gcc.c-torture/execute/pr17377.c execution, -O2
FAIL: gcc.c-torture/execute/pr17377.c execution, -O3 -fomit-frame-pointer
FAIL: gcc.c-torture/execute/pr17377.c execution, -O3 -g
FAIL: gcc.c-torture/execute/pr17377.c execution, -Os
FAIL: gcc.c-torture/execute/pr22493-1.c execution, -O1
FAIL: gcc.c-torture/execute/pr22493-1.c execution, -O2
FAIL: gcc.c-torture/execute/pr22493-1.c execution, -Os
FAIL: gcc.dg/compat/struct-by-value-16 c_compat_x_tst.o-c_compat_y_tst.o link
UNRESOLVED: gcc.dg/compat/struct-by-value-16 c_compat_x_tst.o-c_compat_y_tst.o execute "-Os -mcall-prologues","-Os -mcall-prologues"
FAIL: gcc.dg/compat/struct-by-value-17 c_compat_x_tst.o-c_compat_y_tst.o link
UNRESOLVED: gcc.dg/compat/struct-by-value-17 c_compat_x_tst.o-c_compat_y_tst.o execute "-Os -mcall-prologues","-Os -mcall-prologues"
FAIL: gcc.dg/compat/struct-by-value-18 c_compat_x_tst.o-c_compat_y_tst.o link
UNRESOLVED: gcc.dg/compat/struct-by-value-18 c_compat_x_tst.o-c_compat_y_tst.o execute "-Os -mcall-prologues","-Os -mcall-prologues"
FAIL: gcc.dg/compat/struct-by-value-1 c_compat_x_tst.o-c_compat_y_tst.o execute "-Os -mcall-prologues","-Os -mcall-prologues"
FAIL: gcc.dg/compat/struct-by-value-2 c_compat_x_tst.o-c_compat_y_tst.o execute "-Os -mcall-prologues","-Os -mcall-prologues"
ERROR: tcl error sourcing /home/mstein/svn/trunk/gcc/testsuite/gcc.dg/compat/compat.exp.
ERROR: child killed: kill signal
FAIL: gcc.dg/debug/dwarf2/var1.c scan-assembler xyzzy[^\\\\n\\\\r]+DW_AT_name
FAIL: gcc.dg/Wstrict-aliasing-float-ptr-int-obj.c (test for warnings, line 14)
FAIL: gcc.dg/Wstrict-aliasing-float-ptr-int-obj.c (test for warnings, line 16)
FAIL: gcc.dg/alias-11.c (test for excess errors)
UNRESOLVED: gcc.dg/alias-11.c compilation failed to produce executable
FAIL: gcc.dg/builtins-8.c (test for excess errors)
UNRESOLVED: gcc.dg/builtins-8.c compilation failed to produce executable
FAIL: gcc.dg/cleanup-12.c (test for excess errors)
UNRESOLVED: gcc.dg/cleanup-12.c compilation failed to produce executable
FAIL: gcc.dg/cleanup-5.c (test for excess errors)
UNRESOLVED: gcc.dg/cleanup-5.c compilation failed to produce executable
FAIL: gcc.dg/pr26719.c execution test
FAIL: gcc.dg/pr36227.c (test for excess errors)
FAIL: gcc.dg/struct-by-value-1.c execution test
FAIL: gcc.dg/struct/wo_prof_array_field.c scan-ipa-dump ipa_struct_reorg "Number of structures to transform is 1"
FAIL: gcc.dg/struct/wo_prof_array_through_pointer.c execution test
XPASS: gcc.dg/struct/wo_prof_array_through_pointer.c scan-ipa-dump ipa_struct_reorg "Number of structures to transform is 1"
FAIL: gcc.dg/struct/wo_prof_double_malloc.c scan-ipa-dump ipa_struct_reorg "Number of structures to transform is 1"
ERROR: tcl error sourcing /home/mstein/svn/trunk/gcc/testsuite/gcc.dg/struct/struct-reorg.exp.
ERROR: child killed: kill signal
FAIL: gcc.dg/torture/pr36373-10.c -O0 (test for excess errors)
FAIL: gcc.dg/torture/pr36373-10.c -O1 (test for excess errors)
FAIL: gcc.dg/torture/pr36373-10.c -O2 (test for excess errors)
FAIL: gcc.dg/torture/pr36373-10.c -O3 -fomit-frame-pointer (test for excess errors)
FAIL: gcc.dg/torture/pr36373-10.c -O3 -g (test for excess errors)
FAIL: gcc.dg/torture/pr36373-10.c -Os (test for excess errors)
XPASS: gcc.dg/tree-ssa/20040204-1.c scan-tree-dump-times optimized "link_error" 0
FAIL: gcc.dg/tree-ssa/gen-vect-11.c scan-tree-dump-times vect "vectorized 1 loops" 1
FAIL: gcc.dg/tree-ssa/gen-vect-11a.c scan-tree-dump-times vect "vectorized 1 loops" 1
FAIL: gcc.dg/tree-ssa/gen-vect-2.c scan-tree-dump-times vect "vectorized 1 loops" 1
FAIL: gcc.dg/tree-ssa/gen-vect-25.c scan-tree-dump-times vect "vectorized 2 loops" 1
FAIL: gcc.dg/tree-ssa/gen-vect-26.c scan-tree-dump-times vect "vectorized 1 loops" 1
FAIL: gcc.dg/tree-ssa/gen-vect-26.c scan-tree-dump-times vect "Alignment of access forced using peeling" 1
FAIL: gcc.dg/tree-ssa/gen-vect-28.c scan-tree-dump-times vect "vectorized 1 loops" 1
FAIL: gcc.dg/tree-ssa/gen-vect-28.c scan-tree-dump-times vect "Alignment of access forced using peeling" 1
FAIL: gcc.dg/tree-ssa/gen-vect-32.c scan-tree-dump-times vect "vectorized 1 loops" 1
XPASS: gcc.dg/tree-ssa/loadpre1.c scan-tree-dump-times pre "Eliminated: 1" 1
FAIL: gcc.dg/tree-ssa/loadpre8.c scan-tree-dump-times pre "Eliminated: 1" 1
FAIL: gcc.dg/tree-ssa/predcom-2.c execution test
FAIL: gcc.dg/tree-ssa/predcom-4.c execution test
FAIL: gcc.dg/tree-ssa/predcom-5.c execution test
FAIL: compiler driver --coverage option(s) (linker options)
=== gcc Summary ===
# of expected passes 44065
# of unexpected failures 58
# of unexpected successes 3
# of expected failures 104
# of unresolved testcases 7
# of unsupported tests 1610
/home/mstein/sim/trunk/avr/build/gcc/xgcc version 4.4.0 20080702 (experimental) [trunk revision 137392] (GCC)
Compiler version: 4.4.0 20080702 (experimental) [trunk revision 137392] (GCC) gcc
Platform: avr-unknown-none
configure flags: --target=avr --prefix=/home/mstein/cross-local/avr --enable-languages=c --disable-nls --disable-build-warnings --with-sysroot=/home/mstein/cross-local/avr --with-build-sysroot=/home/mstein/cross-local/avr --with-ld=/home/mstein/cross-local/avr/usr/bin/ld --with-as=/home/mstein/cross-local/avr/usr/bin/as --disable-libssp --with-mpfr=/opt/cfarm/mpfr-2.3.1