This is the mail archive of the gcc-testresults@gcc.gnu.org mailing list for the GCC project.


Index Nav: [Date Index] [Subject Index] [Author Index] [Thread Index]
Message Nav: [Date Prev] [Date Next] [Thread Prev] [Thread Next]
Other format: [Raw text]

Results for 4.4.0 20080613 (experimental) (gimple-tuples-branch merged with rev 136757) testsuite on i686-pc-linux-gnu


LAST_UPDATED: 
Native configuration is i686-pc-linux-gnu

		=== g++ tests ===


Running target unix
FAIL: g++.dg/eh/init-temp2.C (test for excess errors)
FAIL: g++.dg/init/new17.C scan-tree-dump-times final_cleanup "= 0.0" 1
FAIL: g++.dg/init/new19.C scan-tree-dump pre "Replaced.*->ai\\[0\\]"
FAIL: g++.dg/opt/pr30965.C scan-tree-dump-times optimized "variable = v" 2
FAIL: g++.dg/opt/ptrmem6.C (internal compiler error)
FAIL: g++.dg/opt/ptrmem6.C (test for excess errors)
FAIL: g++.dg/other/str_empty.C  (test for warnings, line 13)
FAIL: g++.dg/tree-ssa/pr14814.C scan-tree-dump-times forwprop2 "&this" 0: dump file does not exist
FAIL: g++.dg/tree-ssa/pr14814.C scan-tree-dump-times forwprop2 "&r" 0: dump file does not exist
FAIL: g++.dg/tree-ssa/pr18178.C scan-tree-dump-times vrp1 "if " 1
FAIL: g++.dg/tree-ssa/pr19637.C scan-tree-dump-times dom1 "return 1;" 3
FAIL: g++.dg/tree-ssa/pr19807.C scan-tree-dump-times optimized "&a\\[.* \\+ -1\\]" 1
FAIL: g++.dg/tree-ssa/pr19807.C scan-tree-dump-times optimized "&a\\[.* \\+ 1\\]" 1
FAIL: g++.dg/tree-ssa/pr21463.C scan-tree-dump-times phiopt1 "MIN_EXPR" 2
FAIL: g++.dg/tree-ssa/pr21463.C scan-tree-dump-times phiopt1 "MAX_EXPR" 2
FAIL: g++.dg/tree-ssa/pr23948.C scan-tree-dump-times recip " / " 1
FAIL: g++.dg/tree-ssa/pr26406.C scan-tree-dump-not optimized "if"
FAIL: g++.dg/tree-ssa/pr27090.C scan-tree-dump optimized "return f->x;"
FAIL: g++.dg/tree-ssa/pr30738.C scan-tree-dump phiopt1 "MIN_EXPR"
FAIL: g++.dg/tree-ssa/pr31146-2.C scan-tree-dump forwprop1 "Replaced .*iftmp.* != 0B. with .1": dump file does not exist
FAIL: g++.dg/tree-ssa/pr31146.C scan-tree-dump forwprop2 "i\\[j.*\\] = 1;": dump file does not exist
FAIL: g++.dg/tree-ssa/pr33604.C scan-tree-dump-times forwprop1 "D\\.....\\..hs\\.m =" 2: dump file does not exist
FAIL: g++.dg/warn/Wreturn-type-2.C (test for excess errors)
FAIL: g++.dg/warn/pr33738.C  (test for warnings, line 18)
FAIL: g++.dg/warn/pr33738.C  (test for warnings, line 21)
FAIL: g++.dg/warn/pr33738.C (test for excess errors)
WARNING: g++.dg/warn/pr33738.C compilation failed to produce executable
FAIL: g++.dg/warn/unused-result1.C  (test for warnings, line 9)
FAIL: 102:is -:should be 1
FAIL: 141:is 8:should be 5
FAIL: 143:is 6:should be 3
FAIL: 150:is 3:should be 2
FAIL: g++.dg/gcov/gcov-1.C gcov: 4 failures in line counts, 0 in branch percentages, 0 in return percentages
FAIL: g++.dg/torture/pr34850.C  -O0   (test for warnings, line 14)
FAIL: g++.dg/torture/pr34850.C  -O1   (test for warnings, line 14)
FAIL: g++.dg/torture/pr34850.C  -O2   (test for warnings, line 14)
FAIL: g++.dg/torture/pr34850.C  -O3 -fomit-frame-pointer   (test for warnings, line 14)
FAIL: g++.dg/torture/pr34850.C  -O3 -g   (test for warnings, line 14)
FAIL: g++.dg/torture/pr34850.C  -Os   (test for warnings, line 14)
FAIL: g++.old-deja/g++.mike/p5469.C execution test
FAIL: g++.old-deja/g++.mike/p5469a.C execution test

		=== g++ Summary ===

# of expected passes		17739
# of unexpected failures	40
# of expected failures		82
# of unsupported tests		90
/usr/local/google/dnovillo/perf/sbox/tuples/local.x86_64/bld/gcc/testsuite/g++/../../g++  version 4.4.0 20080613 (experimental) (gimple-tuples-branch merged with rev 136757) 

		=== gcc tests ===


Running target unix
FAIL: gcc.dg/autopar/parallelization-1.c scan-tree-dump-times parloops "SUCCESS: may be parallelized" 1
FAIL: gcc.dg/autopar/parallelization-1.c scan-tree-dump-times final_cleanup "loopfn" 5
FAIL: gcc.dg/autopar/reduc-1.c scan-tree-dump-times parloops "Detected reduction" 3
FAIL: gcc.dg/autopar/reduc-1.c scan-tree-dump-times parloops "SUCCESS: may be parallelized" 3
FAIL: gcc.dg/autopar/reduc-1char.c scan-tree-dump-times parloops "Detected reduction" 3
FAIL: gcc.dg/autopar/reduc-1char.c scan-tree-dump-times parloops "SUCCESS: may be parallelized" 3
FAIL: gcc.dg/autopar/reduc-1short.c scan-tree-dump-times parloops "Detected reduction" 3
FAIL: gcc.dg/autopar/reduc-1short.c scan-tree-dump-times parloops "SUCCESS: may be parallelized" 3
FAIL: gcc.dg/autopar/reduc-2.c scan-tree-dump-times parloops "Detected reduction" 3
FAIL: gcc.dg/autopar/reduc-2.c scan-tree-dump-times parloops "SUCCESS: may be parallelized" 3
FAIL: gcc.dg/autopar/reduc-2char.c scan-tree-dump-times parloops "Detected reduction" 2
FAIL: gcc.dg/autopar/reduc-2char.c scan-tree-dump-times parloops "SUCCESS: may be parallelized" 2
FAIL: gcc.dg/autopar/reduc-2short.c scan-tree-dump-times parloops "Detected reduction" 2
FAIL: gcc.dg/autopar/reduc-2short.c scan-tree-dump-times parloops "SUCCESS: may be parallelized" 2
FAIL: gcc.dg/autopar/reduc-3.c scan-tree-dump-times parloops "Detected reduction" 1
FAIL: gcc.dg/autopar/reduc-3.c scan-tree-dump-times parloops "SUCCESS: may be parallelized" 1
FAIL: gcc.dg/autopar/reduc-6.c scan-tree-dump-times parloops "FAILED: it is not a part of reduction" 3
FAIL: gcc.dg/autopar/reduc-7.c scan-tree-dump-times parloops "Detected reduction" 2
FAIL: gcc.dg/autopar/reduc-7.c scan-tree-dump-times parloops "SUCCESS: may be parallelized" 2
FAIL: gcc.dg/autopar/reduc-8.c scan-tree-dump-times parloops "Detected reduction" 2
FAIL: gcc.dg/autopar/reduc-8.c scan-tree-dump-times parloops "SUCCESS: may be parallelized" 2
FAIL: gcc.dg/autopar/reduc-9.c scan-tree-dump-times parloops "Detected reduction" 2
FAIL: gcc.dg/autopar/reduc-9.c scan-tree-dump-times parloops "SUCCESS: may be parallelized" 2
FAIL: gcc.dg/debug/debug-1.c -gdwarf-2 scan-assembler xyzzy
FAIL: gcc.dg/debug/debug-1.c -gdwarf-2 -O scan-assembler xyzzy
FAIL: gcc.dg/debug/debug-1.c -gdwarf-2 -O3 scan-assembler xyzzy
FAIL: gcc.dg/debug/debug-1.c -gdwarf-23 scan-assembler xyzzy
FAIL: gcc.dg/debug/debug-1.c -gdwarf-23 -O scan-assembler xyzzy
FAIL: gcc.dg/debug/debug-1.c -gdwarf-23 -O3 scan-assembler xyzzy
FAIL: gcc.dg/debug/debug-1.c -gstabs scan-assembler xyzzy
FAIL: gcc.dg/debug/debug-1.c -gstabs3 scan-assembler xyzzy
FAIL: gcc.dg/debug/debug-1.c -gstabs+ scan-assembler xyzzy
FAIL: gcc.dg/debug/debug-1.c -gstabs+3 scan-assembler xyzzy
FAIL: gcc.dg/debug/debug-2.c -gdwarf-2 scan-assembler xyzzy
FAIL: gcc.dg/debug/debug-2.c -gdwarf-2 -O scan-assembler xyzzy
FAIL: gcc.dg/debug/debug-2.c -gdwarf-2 -O3 scan-assembler xyzzy
FAIL: gcc.dg/debug/debug-2.c -gdwarf-23 scan-assembler xyzzy
FAIL: gcc.dg/debug/debug-2.c -gdwarf-23 -O scan-assembler xyzzy
FAIL: gcc.dg/debug/debug-2.c -gdwarf-23 -O3 scan-assembler xyzzy
FAIL: gcc.dg/debug/debug-2.c -gstabs scan-assembler xyzzy
FAIL: gcc.dg/debug/debug-2.c -gstabs3 scan-assembler xyzzy
FAIL: gcc.dg/debug/debug-2.c -gstabs+ scan-assembler xyzzy
FAIL: gcc.dg/debug/debug-2.c -gstabs+3 scan-assembler xyzzy
FAIL: gcc.dg/debug/debug-6.c -gdwarf-2 scan-assembler xyzzy
FAIL: gcc.dg/debug/debug-6.c -gdwarf-2 -O scan-assembler xyzzy
FAIL: gcc.dg/debug/debug-6.c -gdwarf-2 -O3 scan-assembler xyzzy
FAIL: gcc.dg/debug/debug-6.c -gdwarf-23 scan-assembler xyzzy
FAIL: gcc.dg/debug/debug-6.c -gdwarf-23 -O scan-assembler xyzzy
FAIL: gcc.dg/debug/debug-6.c -gdwarf-23 -O3 scan-assembler xyzzy
FAIL: gcc.dg/debug/debug-6.c -gstabs scan-assembler xyzzy
FAIL: gcc.dg/debug/debug-6.c -gstabs -O scan-assembler xyzzy
FAIL: gcc.dg/debug/debug-6.c -gstabs -O3 scan-assembler xyzzy
FAIL: gcc.dg/debug/debug-6.c -gstabs3 scan-assembler xyzzy
FAIL: gcc.dg/debug/debug-6.c -gstabs3 -O scan-assembler xyzzy
FAIL: gcc.dg/debug/debug-6.c -gstabs3 -O3 scan-assembler xyzzy
FAIL: gcc.dg/debug/debug-6.c -gstabs+ scan-assembler xyzzy
FAIL: gcc.dg/debug/debug-6.c -gstabs+ -O scan-assembler xyzzy
FAIL: gcc.dg/debug/debug-6.c -gstabs+ -O3 scan-assembler xyzzy
FAIL: gcc.dg/debug/debug-6.c -gstabs+3 scan-assembler xyzzy
FAIL: gcc.dg/debug/debug-6.c -gstabs+3 -O scan-assembler xyzzy
FAIL: gcc.dg/debug/debug-6.c -gstabs+3 -O3 scan-assembler xyzzy
FAIL: gcc.dg/20010516-1.c (test for excess errors)
FAIL: gcc.dg/Wstrict-aliasing-float-ptr-int-obj.c  (test for warnings, line 14)
FAIL: gcc.dg/Wstrict-aliasing-float-ptr-int-obj.c  (test for warnings, line 16)
FAIL: gcc.dg/Wstrict-overflow-12.c correct warning (test for warnings, line 13)
FAIL: gcc.dg/Wstrict-overflow-13.c correct warning (test for warnings, line 14)
FAIL: gcc.dg/Wstrict-overflow-21.c correct warning (test for warnings, line 8)
FAIL: gcc.dg/asm-7.c (test for excess errors)
FAIL: gcc.dg/builtins-61.c scan-tree-dump optimized "return 0.0"
FAIL: gcc.dg/complex-5.c execution test
FAIL: gcc.dg/fold-alloca-1.c scan-tree-dump-times useless "link_error" 0
FAIL: gcc.dg/fold-compare-2.c scan-tree-dump-times vrp1 "Removing basic block" 2
FAIL: gcc.dg/pr30286.c execution test
FAIL: gcc.dg/uninit-13.c unconditional (test for warnings, line 8)
FAIL: gcc.dg/va-arg-pack-1.c  (test for errors, line 10)
FAIL: gcc.dg/format/bitfld-1.c   (test for excess errors)
FAIL: gcc.dg/format/bitfld-1.c  -DWIDE  (test for excess errors)
FAIL: gcc.dg/gomp/complex-1.c (internal compiler error)
FAIL: gcc.dg/gomp/complex-1.c (test for excess errors)
FAIL: gcc.dg/matrix/matrix-1.c scan-ipa-dump-times matrix-reorg "Flattened 3 dimensions" 1: dump file does not exist
FAIL: gcc.dg/matrix/matrix-2.c scan-ipa-dump-times matrix-reorg "Flattened 2 dimensions" 1: dump file does not exist
FAIL: gcc.dg/matrix/matrix-3.c scan-ipa-dump-times matrix-reorg "Flattened 2 dimensions" 1: dump file does not exist
FAIL: gcc.dg/matrix/matrix-4.c scan-ipa-dump-times matrix-reorg "Flattened" 0: dump file does not exist
FAIL: gcc.dg/matrix/matrix-5.c scan-ipa-dump-times matrix-reorg "Flattened" 0: dump file does not exist
FAIL: gcc.dg/matrix/matrix-6.c scan-ipa-dump-times matrix-reorg "Flattened 2 dimensions" 1: dump file does not exist
FAIL: gcc.dg/matrix/transpose-1.c scan-ipa-dump-times matrix-reorg "Flattened 3 dimensions" 1: dump file does not exist
FAIL: gcc.dg/matrix/transpose-1.c scan-ipa-dump-times matrix-reorg "Transposed" 3: dump file does not exist
FAIL: gcc.dg/matrix/transpose-2.c scan-ipa-dump-times matrix-reorg "Flattened 3 dimensions" 1: dump file does not exist
FAIL: gcc.dg/matrix/transpose-2.c scan-ipa-dump-times matrix-reorg "Transposed" 0: dump file does not exist
FAIL: gcc.dg/matrix/transpose-3.c scan-ipa-dump-times matrix-reorg "Flattened 2 dimensions" 1: dump file does not exist
FAIL: gcc.dg/matrix/transpose-3.c scan-ipa-dump-times matrix-reorg "Transposed" 2: dump file does not exist
FAIL: gcc.dg/matrix/transpose-4.c scan-ipa-dump-times matrix-reorg "Flattened 3 dimensions" 1: dump file does not exist
FAIL: gcc.dg/matrix/transpose-4.c scan-ipa-dump-times matrix-reorg "Transposed" 2: dump file does not exist
FAIL: gcc.dg/matrix/transpose-5.c scan-ipa-dump-times matrix-reorg "Flattened 3 dimensions" 1: dump file does not exist
FAIL: gcc.dg/matrix/transpose-5.c scan-ipa-dump-times matrix-reorg "Transposed" 0: dump file does not exist
FAIL: gcc.dg/matrix/transpose-6.c scan-ipa-dump-times matrix-reorg "Flattened 3 dimensions" 1: dump file does not exist
FAIL: gcc.dg/matrix/transpose-6.c scan-ipa-dump-times matrix-reorg "Transposed" 0: dump file does not exist
FAIL: gcc.dg/tls/asm-1.c (test for excess errors)
FAIL: gcc.dg/tree-prof/stringop-1.c scan-tree-dump optimized "a.0. = b.0."
FAIL: gcc.dg/tree-ssa/20030709-2.c scan-tree-dump-times cddce ".rtmem" 0
FAIL: gcc.dg/tree-ssa/20030709-2.c scan-tree-dump-times cddce "if " 1
FAIL: gcc.dg/tree-ssa/20030711-2.c scan-tree-dump-times dom3 "rtmem" 1
FAIL: gcc.dg/tree-ssa/20030714-2.c scan-tree-dump-times dom3 "if " 3
FAIL: gcc.dg/tree-ssa/20030730-1.c scan-tree-dump-times dom3 "if " 0
FAIL: gcc.dg/tree-ssa/20030730-2.c scan-tree-dump-times dom3 "if " 0
FAIL: gcc.dg/tree-ssa/20030807-2.c scan-tree-dump-times dom3 "if " 0
FAIL: gcc.dg/tree-ssa/20030807-6.c scan-tree-dump-times vrp1 "ABS_EXPR " 0
FAIL: gcc.dg/tree-ssa/20030807-7.c scan-tree-dump-times vrp1 "if " 1
FAIL: gcc.dg/tree-ssa/20030824-2.c scan-tree-dump-times optimized "return [xy] \\+ [xy]" 1
FAIL: gcc.dg/tree-ssa/20030922-1.c scan-tree-dump-times dom3 "if " 0
FAIL: gcc.dg/tree-ssa/20031106-4.c scan-tree-dump-times optimized "link_error" 0
FAIL: gcc.dg/tree-ssa/20040305-1.c scan-tree-dump-times forwprop1 "Replaced" 1: dump file does not exist
FAIL: gcc.dg/tree-ssa/20040305-1.c scan-tree-dump-times cddce "if " 2
FAIL: gcc.dg/tree-ssa/20040513-1.c scan-tree-dump-times forwprop1 "\\(_Bool\\)" 0: dump file does not exist
FAIL: gcc.dg/tree-ssa/20040513-2.c scan-tree-dump-times dom2 "link_error" 0
FAIL: gcc.dg/tree-ssa/20040517-1.c scan-tree-dump-times alias "VDEF" 2
FAIL: gcc.dg/tree-ssa/alias-10.c scan-tree-dump optimized "return 3;"
FAIL: gcc.dg/tree-ssa/alias-11.c scan-tree-dump optimized "return \\*p\\.a \\+ a.0.;"
FAIL: gcc.dg/tree-ssa/alias-18.c scan-tree-dump fre "with 0": dump file does not exist
FAIL: gcc.dg/tree-ssa/alias-18.c scan-tree-dump fre "with 4": dump file does not exist
FAIL: gcc.dg/tree-ssa/alias-18.c scan-tree-dump fre "with 5": dump file does not exist
FAIL: gcc.dg/tree-ssa/alias-2.c scan-tree-dump-times optimized "link_error" 0
FAIL: gcc.dg/tree-ssa/alias-3.c scan-tree-dump optimized "return 1;"
FAIL: gcc.dg/tree-ssa/alias-4.c scan-tree-dump optimized "return 1;"
FAIL: gcc.dg/tree-ssa/alias-5.c scan-tree-dump optimized "return 1;"
FAIL: gcc.dg/tree-ssa/alias-6.c scan-tree-dump optimized "return \\*p\\.a \\+ a.0.;"
FAIL: gcc.dg/tree-ssa/asm-3.c scan-tree-dump-times optimized "bar [(]t[)]" 1
FAIL: gcc.dg/tree-ssa/builtin-expect-5.c scan-tree-dump-times forwprop1 " if " 2: dump file does not exist
FAIL: gcc.dg/tree-ssa/builtin-expect-5.c scan-tree-dump forwprop1 "builtin_expect[^\\n]*, 0\\);\\n[^\\n]*if": dump file does not exist
FAIL: gcc.dg/tree-ssa/builtin-expect-5.c scan-tree-dump forwprop1 "builtin_expect[^\\n]*, 1\\);\\n[^\\n]*if": dump file does not exist
FAIL: gcc.dg/tree-ssa/forwprop-1.c scan-tree-dump forwprop1 "t\\[i.*\\] = 1;": dump file does not exist
FAIL: gcc.dg/tree-ssa/forwprop-2.c scan-tree-dump forwprop1 "t\\[i.*\\] = 1;": dump file does not exist
FAIL: gcc.dg/tree-ssa/forwprop-3.c scan-tree-dump forwprop1 "Replaced .p_. < q_.. with .1.": dump file does not exist
FAIL: gcc.dg/tree-ssa/forwprop-4.c scan-tree-dump-not forwprop1 "link_error": dump file does not exist
FAIL: gcc.dg/tree-ssa/forwprop-5.c scan-tree-dump-times forwprop1 "VIEW_CONVERT_EXPR" 1: dump file does not exist
FAIL: gcc.dg/tree-ssa/forwprop-6.c scan-tree-dump-times forwprop1 "VIEW_CONVERT_EXPR" 1: dump file does not exist
FAIL: gcc.dg/tree-ssa/forwprop-7.c scan-tree-dump-times forwprop1 "VIEW_CONVERT_EXPR" 0: dump file does not exist
FAIL: gcc.dg/tree-ssa/forwprop-7.c scan-tree-dump-times forwprop1 "volatile int" 2: dump file does not exist
FAIL: gcc.dg/tree-ssa/forwprop-8.c scan-tree-dump-times forwprop1 "pointer" 0: dump file does not exist
FAIL: gcc.dg/tree-ssa/forwprop-8.c scan-tree-dump forwprop1 "->a\\[0\\]": dump file does not exist
FAIL: gcc.dg/tree-ssa/forwprop-9.c scan-tree-dump-times final_cleanup " = 1" 2
FAIL: gcc.dg/tree-ssa/gen-vect-11.c scan-tree-dump-times vect "vectorized 1 loops" 1: dump file does not exist
FAIL: gcc.dg/tree-ssa/gen-vect-11a.c scan-tree-dump-times vect "vectorized 1 loops" 1: dump file does not exist
FAIL: gcc.dg/tree-ssa/gen-vect-11b.c scan-tree-dump-times vect "vectorized 0 loops" 1: dump file does not exist
FAIL: gcc.dg/tree-ssa/gen-vect-11c.c scan-tree-dump-times vect "vectorized 0 loops" 1: dump file does not exist
FAIL: gcc.dg/tree-ssa/gen-vect-2.c scan-tree-dump-times vect "vectorized 1 loops" 1: dump file does not exist
FAIL: gcc.dg/tree-ssa/gen-vect-2.c scan-tree-dump-times vect "Vectorizing an unaligned access" 0: dump file does not exist
FAIL: gcc.dg/tree-ssa/gen-vect-25.c scan-tree-dump-times vect "vectorized 2 loops" 1: dump file does not exist
FAIL: gcc.dg/tree-ssa/gen-vect-25.c scan-tree-dump-times vect "Vectorizing an unaligned access" 0: dump file does not exist
FAIL: gcc.dg/tree-ssa/gen-vect-26.c scan-tree-dump-times vect "vectorized 1 loops" 1: dump file does not exist
FAIL: gcc.dg/tree-ssa/gen-vect-26.c scan-tree-dump-times vect "Vectorizing an unaligned access" 0: dump file does not exist
FAIL: gcc.dg/tree-ssa/gen-vect-26.c scan-tree-dump-times vect "Alignment of access forced using peeling" 1: dump file does not exist
FAIL: gcc.dg/tree-ssa/gen-vect-28.c scan-tree-dump-times vect "vectorized 1 loops" 1: dump file does not exist
FAIL: gcc.dg/tree-ssa/gen-vect-28.c scan-tree-dump-times vect "Vectorizing an unaligned access" 0: dump file does not exist
FAIL: gcc.dg/tree-ssa/gen-vect-28.c scan-tree-dump-times vect "Alignment of access forced using peeling" 1: dump file does not exist
FAIL: gcc.dg/tree-ssa/gen-vect-32.c scan-tree-dump-times vect "vectorized 1 loops" 1: dump file does not exist
FAIL: gcc.dg/tree-ssa/gen-vect-32.c scan-tree-dump-times vect "Vectorizing an unaligned access" 0: dump file does not exist
FAIL: gcc.dg/tree-ssa/ifc-20040816-1.c scan-tree-dump-times ifcvt "Applying if-conversion" 1
FAIL: gcc.dg/tree-ssa/ifc-20040816-2.c scan-tree-dump-times ifcvt "Applying if-conversion" 1
FAIL: gcc.dg/tree-ssa/ldist-1.c scan-tree-dump-times ldist "distributed: split to 2 loops" 0: dump file does not exist
FAIL: gcc.dg/tree-ssa/ldist-10.c scan-tree-dump-times ldist "distributed: split to 2 loops" 0: dump file does not exist
FAIL: gcc.dg/tree-ssa/ldist-11.c scan-tree-dump-times ldist "distributed: split to 2 loops" 1: dump file does not exist
FAIL: gcc.dg/tree-ssa/ldist-11.c scan-tree-dump-times ldist "generated memset zero" 1: dump file does not exist
FAIL: gcc.dg/tree-ssa/ldist-12.c scan-tree-dump-times ldist "distributed: split to 2 loops" 1: dump file does not exist
FAIL: gcc.dg/tree-ssa/ldist-1a.c scan-tree-dump-times ldist "distributed: split to 2 loops" 0: dump file does not exist
FAIL: gcc.dg/tree-ssa/ldist-2.c scan-tree-dump-times ldist "distributed: split to 2 loops" 0: dump file does not exist
FAIL: gcc.dg/tree-ssa/ldist-3.c scan-tree-dump-times ldist "distributed: split to 3 loops" 0: dump file does not exist
FAIL: gcc.dg/tree-ssa/ldist-4.c scan-tree-dump-times ldist "distributed: split to 2 loops" 0: dump file does not exist
FAIL: gcc.dg/tree-ssa/ldist-6.c scan-tree-dump-times ldist "distributed: split to 2 loops" 0: dump file does not exist
FAIL: gcc.dg/tree-ssa/ldist-7.c scan-tree-dump-times ldist "distributed" 0: dump file does not exist
FAIL: gcc.dg/tree-ssa/ldist-8.c scan-tree-dump-times ldist "distributed: split to 2 loops" 0: dump file does not exist
FAIL: gcc.dg/tree-ssa/ldist-9.c scan-tree-dump-times ldist "distributed: split to 2 loops" 0: dump file does not exist
FAIL: gcc.dg/tree-ssa/loadpre10.c scan-tree-dump-times pre "Eliminated: 1" 1
FAIL: gcc.dg/tree-ssa/loadpre11.c scan-tree-dump-times pre "Eliminated: 1" 1
FAIL: gcc.dg/tree-ssa/loadpre12.c scan-tree-dump-times pre "Eliminated: 1" 1
FAIL: gcc.dg/tree-ssa/loadpre13.c scan-tree-dump-times pre "Eliminated: 1" 1
FAIL: gcc.dg/tree-ssa/loadpre14.c scan-tree-dump-times pre "Eliminated: 1" 1
FAIL: gcc.dg/tree-ssa/loadpre15.c scan-tree-dump-times pre "Eliminated: 1" 1
FAIL: gcc.dg/tree-ssa/loadpre16.c scan-tree-dump-times pre "Eliminated: 1" 1
FAIL: gcc.dg/tree-ssa/loadpre17.c scan-tree-dump-times pre "Eliminated: 1" 1
FAIL: gcc.dg/tree-ssa/loadpre19.c scan-tree-dump-times pre "Eliminated: 1" 1
FAIL: gcc.dg/tree-ssa/loadpre2.c scan-tree-dump-times pre "Eliminated: 1" 1
FAIL: gcc.dg/tree-ssa/loadpre20.c scan-tree-dump-times pre "Eliminated: 1" 1
FAIL: gcc.dg/tree-ssa/loadpre21.c scan-tree-dump-times pre "Eliminated: 1" 1
FAIL: gcc.dg/tree-ssa/loadpre22.c scan-tree-dump-times pre "Eliminated: 1" 1
FAIL: gcc.dg/tree-ssa/loadpre23.c scan-tree-dump-times pre "Eliminated: 1" 1
FAIL: gcc.dg/tree-ssa/loadpre25.c scan-tree-dump-times pre "Eliminated: 1" 1
FAIL: gcc.dg/tree-ssa/loadpre3.c scan-tree-dump-times pre "Eliminated: 2" 1
FAIL: gcc.dg/tree-ssa/loadpre4.c scan-tree-dump-times pre "Eliminated: 1" 1
FAIL: gcc.dg/tree-ssa/loadpre5.c scan-tree-dump-times pre "Eliminated: 1" 1
FAIL: gcc.dg/tree-ssa/loadpre6.c scan-tree-dump-times pre "Eliminated: 2" 1
FAIL: gcc.dg/tree-ssa/loop-15.c scan-tree-dump-times optimized "n \\* n" 1
FAIL: gcc.dg/tree-ssa/loop-17.c scan-tree-dump sccp "set_nb_iterations_in_loop = 1"
XPASS: gcc.dg/tree-ssa/loop-25.c scan-tree-dump-times profile "Found latch edge" 5
XPASS: gcc.dg/tree-ssa/loop-25.c scan-tree-dump-times profile "Merged latch edges" 2
XPASS: gcc.dg/tree-ssa/loop-25.c scan-tree-dump-times profile "4 loops found" 2
XPASS: gcc.dg/tree-ssa/loop-25.c scan-tree-dump-times profile "3 loops found" 2
XPASS: gcc.dg/tree-ssa/loop-25.c scan-tree-dump-times profile "2 loops found" 1
FAIL: gcc.dg/tree-ssa/loop-33.c scan-tree-dump-times lim "Executing store motion of" 4
FAIL: gcc.dg/tree-ssa/loop-35.c scan-tree-dump-times lim "Executing store motion of" 8
FAIL: gcc.dg/tree-ssa/loop-36.c scan-tree-dump-not dce2 "c.array"
FAIL: gcc.dg/tree-ssa/loop-5.c scan-tree-dump-times optimized "jter" 0
FAIL: gcc.dg/tree-ssa/pr14814.c scan-tree-dump-times forwprop2 "&" 0: dump file does not exist
FAIL: gcc.dg/tree-ssa/pr16721.c scan-tree-dump-times optimized "->addr" 1
FAIL: gcc.dg/tree-ssa/pr17141-1.c scan-tree-dump forwprop1 "locp.*->i =": dump file does not exist
FAIL: gcc.dg/tree-ssa/pr17141-2.c scan-tree-dump-times optimized "&" 0
FAIL: gcc.dg/tree-ssa/pr17141-2.c scan-tree-dump-times optimized "abort" 0
FAIL: gcc.dg/tree-ssa/pr18134.c scan-tree-dump-times optimized "return.*a != 0" 1
FAIL: gcc.dg/tree-ssa/pr20139.c scan-tree-dump-times final_cleanup "link_error" 0
FAIL: gcc.dg/tree-ssa/pr20657.c scan-tree-dump-times vrp1 "Folding predicate" 1
FAIL: gcc.dg/tree-ssa/pr20701.c scan-tree-dump-times vrp2 "Folding predicate.*to 0" 1
FAIL: gcc.dg/tree-ssa/pr20702.c scan-tree-dump-times vrp1 "Folding predicate" 1
FAIL: gcc.dg/tree-ssa/pr21001.c scan-tree-dump-times vrp1 "Folding predicate" 1
FAIL: gcc.dg/tree-ssa/pr21031.c scan-tree-dump-times forwprop1 "Replaced" 2: dump file does not exist
FAIL: gcc.dg/tree-ssa/pr21086.c scan-tree-dump-times vrp1 "Folding predicate " 1
FAIL: gcc.dg/tree-ssa/pr21090.c scan-tree-dump-times vrp1 "Folding predicate.*to 1" 1
FAIL: gcc.dg/tree-ssa/pr21294.c scan-tree-dump-times vrp1 "Folding predicate" 1
FAIL: gcc.dg/tree-ssa/pr21417.c scan-tree-dump-times dom3 "Threaded jump" 1
FAIL: gcc.dg/tree-ssa/pr21458.c scan-tree-dump-times vrp1 "Folding predicate.*to 1" 1
FAIL: gcc.dg/tree-ssa/pr21559.c scan-tree-dump-times vrp1 "Threaded jump" 3
FAIL: gcc.dg/tree-ssa/pr21563.c scan-tree-dump-times vrp1 "Folding predicate" 1
FAIL: gcc.dg/tree-ssa/pr21574.c scan-tree-dump fre "Replaced \\*p_.\\(D\\) with 0": dump file does not exist
FAIL: gcc.dg/tree-ssa/pr22051-1.c scan-tree-dump-times optimized "if \\(\\(void \\(\\*<.*>\\) \\(void\\)\\) p" 1
FAIL: gcc.dg/tree-ssa/pr22051-2.c scan-tree-dump-times optimized "if \\(\\(int\\).*q" 1
FAIL: gcc.dg/tree-ssa/pr22117.c scan-tree-dump-times vrp1 "Folding predicate r_.* != 0B to 0" 1
FAIL: gcc.dg/tree-ssa/pr23294.c scan-tree-dump-times optimized "\\) \\* 2" 3
FAIL: gcc.dg/tree-ssa/pr23744.c scan-tree-dump-times vrp1 "Folding predicate.*to 1" 1
FAIL: gcc.dg/tree-ssa/pr25382.c scan-tree-dump-times vrp1 "Folding predicate b_.* > 300 to 0" 1
FAIL: gcc.dg/tree-ssa/pr30978.c scan-tree-dump optimized "return a > 0;"
FAIL: gcc.dg/tree-ssa/pr32901.c scan-tree-dump-times gimple "thefoo.* = {}" 1
FAIL: gcc.dg/tree-ssa/predcom-1.c scan-tree-dump-times pcom "looparound ref" 1
FAIL: gcc.dg/tree-ssa/prefetch-7.c scan-assembler-times movnti 2
FAIL: gcc.dg/tree-ssa/reassoc-1.c scan-tree-dump-times optimized "b \\+ a" 1
FAIL: gcc.dg/tree-ssa/recip-7.c scan-tree-dump-times recip " / " 1
FAIL: gcc.dg/tree-ssa/scev-cast.c scan-tree-dump-times optimized "\\(int\\) \\(unsigned char\\)" 1
FAIL: gcc.dg/tree-ssa/scev-cast.c scan-tree-dump-times optimized "\\(int\\) \\(char\\)" 1
FAIL: gcc.dg/tree-ssa/sra-4.c scan-tree-dump-times optimized "st" 0
FAIL: gcc.dg/tree-ssa/ssa-ccp-19.c scan-tree-dump ccp1 "= a.i;"
FAIL: gcc.dg/tree-ssa/ssa-copyprop-1.c scan-tree-dump optimized "return i"
FAIL: gcc.dg/tree-ssa/ssa-dom-cse-1.c scan-tree-dump-times fre "Replaced.* t " 1: dump file does not exist
FAIL: gcc.dg/tree-ssa/ssa-fre-1.c scan-tree-dump fre "Replaced \\(int \\*\\) b_.*with a_": dump file does not exist
FAIL: gcc.dg/tree-ssa/ssa-fre-1.c scan-tree-dump fre "Replaced \\*c_.*with t_": dump file does not exist
FAIL: gcc.dg/tree-ssa/ssa-fre-11.c scan-tree-dump fre "Replaced S\\[5\\].x with 4": dump file does not exist
FAIL: gcc.dg/tree-ssa/ssa-fre-12.c scan-tree-dump fre "Replaced S\\[5\\].x with 4": dump file does not exist
FAIL: gcc.dg/tree-ssa/ssa-fre-13.c scan-tree-dump fre "Inserted .* &a": dump file does not exist
FAIL: gcc.dg/tree-ssa/ssa-fre-13.c scan-tree-dump fre "Replaced tmp1_.\\(D\\)->data": dump file does not exist
FAIL: gcc.dg/tree-ssa/ssa-fre-14.c scan-tree-dump fre "Inserted .* &a": dump file does not exist
FAIL: gcc.dg/tree-ssa/ssa-fre-14.c scan-tree-dump fre "Replaced tmp1.data": dump file does not exist
FAIL: gcc.dg/tree-ssa/ssa-fre-15.c scan-tree-dump fre "Replaced": dump file does not exist
FAIL: gcc.dg/tree-ssa/ssa-fre-16.c scan-tree-dump-not fre "link_error": dump file does not exist
FAIL: gcc.dg/tree-ssa/ssa-fre-17.c scan-tree-dump fre "Replaced f.doms\\[0\\].dom with i_": dump file does not exist
FAIL: gcc.dg/tree-ssa/ssa-fre-2.c scan-tree-dump fre "Replaced \\(short int\\) c_.*with b_": dump file does not exist
FAIL: gcc.dg/tree-ssa/ssa-fre-3.c scan-tree-dump fre "Replaced \\(int\\) aa_.*with a_": dump file does not exist
FAIL: gcc.dg/tree-ssa/ssa-fre-4.c scan-tree-dump fre "Replaced \\(char\\) .*with ": dump file does not exist
FAIL: gcc.dg/tree-ssa/ssa-fre-5.c scan-tree-dump fre "Replaced \\(unsigned int\\) a_.*with t_": dump file does not exist
FAIL: gcc.dg/tree-ssa/ssa-fre-6.c scan-tree-dump-times fre "Replaced " 5: dump file does not exist
FAIL: gcc.dg/tree-ssa/ssa-fre-7.c scan-tree-dump-times fre "Inserted pretmp" 1: dump file does not exist
FAIL: gcc.dg/tree-ssa/ssa-fre-7.c scan-tree-dump-times fre "Replaced a.u.f with pretmp" 3: dump file does not exist
FAIL: gcc.dg/tree-ssa/ssa-fre-7.c scan-tree-dump-times fre "Replaced a.u.k with j" 1: dump file does not exist
FAIL: gcc.dg/tree-ssa/ssa-fre-7.c scan-tree-dump fre "= VIEW_CONVERT_EXPR<float>\\(j_": dump file does not exist
FAIL: gcc.dg/tree-ssa/ssa-fre-7.c scan-tree-dump optimized "return j"
FAIL: gcc.dg/tree-ssa/ssa-fre-8.c scan-tree-dump-times fre "Replaced u.f with pretmp" 2: dump file does not exist
FAIL: gcc.dg/tree-ssa/ssa-fre-8.c scan-tree-dump-times fre "Inserted pretmp" 2: dump file does not exist
FAIL: gcc.dg/tree-ssa/ssa-fre-9.c scan-tree-dump-times fre "Eliminated: 1" 2: dump file does not exist
FAIL: gcc.dg/tree-ssa/ssa-fre-9.c scan-tree-dump-times fre "Insertions: 1" 2: dump file does not exist
FAIL: gcc.dg/tree-ssa/ssa-ifcombine-1.c scan-tree-dump optimized "\\|"
FAIL: gcc.dg/tree-ssa/ssa-ifcombine-3.c scan-tree-dump optimized ">="
FAIL: gcc.dg/tree-ssa/ssa-ifcombine-5.c scan-tree-dump optimized ">="
FAIL: gcc.dg/tree-ssa/ssa-ifcombine-6.c scan-tree-dump ifcombine "optimizing bits or bits test"
FAIL: gcc.dg/tree-ssa/ssa-ifcombine-6.c scan-tree-dump ifcombine "optimizing double bit test"
FAIL: gcc.dg/tree-ssa/ssa-lim-1.c scan-tree-dump-times lim "1 <<" 3
FAIL: gcc.dg/tree-ssa/ssa-lim-2.c scan-tree-dump-times lim "1 <<" 3
FAIL: gcc.dg/tree-ssa/ssa-pre-1.c scan-tree-dump-times pre "Eliminated: 1" 1
FAIL: gcc.dg/tree-ssa/ssa-pre-10.c scan-tree-dump-times fre "Eliminated: 1" 1: dump file does not exist
FAIL: gcc.dg/tree-ssa/ssa-pre-11.c scan-tree-dump-times pre "Eliminated: 1" 1
FAIL: gcc.dg/tree-ssa/ssa-pre-12.c scan-tree-dump-times pre "Eliminated: 1" 1
FAIL: gcc.dg/tree-ssa/ssa-pre-13.c scan-tree-dump-times pre "Eliminated: 1" 1
FAIL: gcc.dg/tree-ssa/ssa-pre-15.c scan-tree-dump optimized "= 0;"
FAIL: gcc.dg/tree-ssa/ssa-pre-16.c scan-tree-dump-times pre "Eliminated: 1" 1
FAIL: gcc.dg/tree-ssa/ssa-pre-17.c scan-tree-dump pre "Eliminated: 1"
FAIL: gcc.dg/tree-ssa/ssa-pre-2.c scan-tree-dump-times pre "Eliminated: 2" 1
FAIL: gcc.dg/tree-ssa/ssa-pre-3.c scan-tree-dump-times pre "Eliminated: 2" 1
FAIL: gcc.dg/tree-ssa/ssa-pre-4.c scan-tree-dump-times pre "Eliminated: 1" 1
FAIL: gcc.dg/tree-ssa/ssa-pre-5.c scan-tree-dump-times pre "Constified: 1" 1
FAIL: gcc.dg/tree-ssa/ssa-pre-6.c scan-tree-dump-times pre "Eliminated: 1" 1
FAIL: gcc.dg/tree-ssa/ssa-pre-7.c scan-tree-dump-times fre "Eliminated: 2" 1: dump file does not exist
FAIL: gcc.dg/tree-ssa/ssa-pre-8.c scan-tree-dump-times fre "Eliminated: 3" 1: dump file does not exist
FAIL: gcc.dg/tree-ssa/ssa-pre-9.c scan-tree-dump-times fre "return 0;" 0: dump file does not exist
FAIL: gcc.dg/tree-ssa/ssa-sccvn-1.c scan-tree-dump-times fre "Eliminated: 2" 1: dump file does not exist
FAIL: gcc.dg/tree-ssa/ssa-sccvn-2.c scan-tree-dump-times fre "Eliminated: 3" 1: dump file does not exist
FAIL: gcc.dg/tree-ssa/ssa-sccvn-3.c scan-tree-dump-times fre "Eliminated: 1" 1: dump file does not exist
FAIL: gcc.dg/tree-ssa/ssa-sccvn-4.c scan-tree-dump-times fre "Eliminated: 5" 1: dump file does not exist
FAIL: gcc.dg/tree-ssa/structopt-2.c scan-tree-dump-times optimized "a.e" 0
FAIL: gcc.dg/tree-ssa/structopt-2.c scan-tree-dump-times optimized "a.f" 0
FAIL: gcc.dg/tree-ssa/structopt-2.c scan-tree-dump-times optimized "a.g" 0
FAIL: gcc.dg/tree-ssa/structopt-3.c scan-tree-dump-times optimized "return 11" 1
FAIL: gcc.dg/tree-ssa/vrp01.c scan-tree-dump-times vrp1 "Folding predicate p_.*to 1" 1
FAIL: gcc.dg/tree-ssa/vrp02.c scan-tree-dump-times vrp1 "Folding predicate p_.*to 1" 1
FAIL: gcc.dg/tree-ssa/vrp03.c scan-tree-dump-times vrp1 "Folding predicate q_.*to 1" 1
FAIL: gcc.dg/tree-ssa/vrp03.c scan-tree-dump-times vrp1 "Folding predicate r_.*to 1" 1
FAIL: gcc.dg/tree-ssa/vrp04.c scan-tree-dump-times vrp1 "Folding predicate a_.*to 1" 1
FAIL: gcc.dg/tree-ssa/vrp05.c scan-tree-dump-times vrp1 "Folding predicate j_.*to 1" 1
FAIL: gcc.dg/tree-ssa/vrp06.c scan-tree-dump-times vrp1 "Folding predicate i_.*to 0" 1
FAIL: gcc.dg/tree-ssa/vrp06.c scan-tree-dump-times vrp1 "Folding predicate j_.*to 1" 1
FAIL: gcc.dg/tree-ssa/vrp06.c scan-tree-dump-times vrp1 "Folding predicate i_.*to 0" 1
FAIL: gcc.dg/tree-ssa/vrp07.c scan-tree-dump-times vrp1 "Folding predicate p_.*to 1" 1
FAIL: gcc.dg/tree-ssa/vrp07.c scan-tree-dump-times vrp1 "Folding predicate p_.*to 0" 1
FAIL: gcc.dg/tree-ssa/vrp08.c scan-tree-dump-times vrp1 "Folding predicate p_.*to 1" 1
FAIL: gcc.dg/tree-ssa/vrp09.c scan-tree-dump-times vrp1 "Folding predicate p_.. != 0B to 1" 2
FAIL: gcc.dg/tree-ssa/vrp11.c scan-tree-dump-times vrp1 "Folding predicate.*to 1" 1
FAIL: gcc.dg/tree-ssa/vrp12.c (test for excess errors)
FAIL: gcc.dg/tree-ssa/vrp13.c (test for excess errors)
WARNING: gcc.dg/tree-ssa/vrp13.c compilation failed to produce executable
FAIL: gcc.dg/tree-ssa/vrp15.c scan-tree-dump-times vrp1 "tree_code_length.42." 1
FAIL: gcc.dg/tree-ssa/vrp16.c scan-tree-dump-times vrp1 "Folding predicate .*to 0" 1
FAIL: gcc.dg/tree-ssa/vrp17.c scan-tree-dump-times vrp1 "Simplified relational" 1
FAIL: gcc.dg/tree-ssa/vrp19.c scan-tree-dump vrp1 "Folding predicate a_. < 0 to 0"
FAIL: gcc.dg/tree-ssa/vrp19.c scan-tree-dump vrp1 "Folding predicate b_. >= 0 to 1"
FAIL: gcc.dg/tree-ssa/vrp20.c scan-tree-dump vrp1 "Folding predicate a_. == 0 to 0"
FAIL: gcc.dg/tree-ssa/vrp20.c scan-tree-dump vrp1 "Folding predicate b_. != 0 to 1"
FAIL: gcc.dg/tree-ssa/vrp21.c scan-tree-dump-times vrp1 "link_error" 0
FAIL: gcc.dg/tree-ssa/vrp22.c scan-tree-dump-times vrp1 "link_error" 0
FAIL: gcc.dg/tree-ssa/vrp25.c scan-tree-dump-times vrp1 "Folding predicate" 2
FAIL: gcc.dg/tree-ssa/vrp28.c scan-tree-dump-times vrp1 "if " 0
FAIL: gcc.dg/tree-ssa/vrp33.c scan-tree-dump vrp1 "Folding predicate.*== 1 to 0"
FAIL: gcc.dg/tree-ssa/vrp34.c scan-tree-dump vrp1 "Folding predicate a_. > 2 to 1"
FAIL: gcc.dg/tree-ssa/vrp34.c scan-tree-dump vrp1 "Folding predicate a_. <= 5 to 1"
FAIL: gcc.dg/tree-ssa/vrp35.c scan-tree-dump vrp1 "Folding predicate j_.* == 10 to 0"
FAIL: gcc.dg/tree-ssa/vrp36.c scan-tree-dump vrp1 "Folding predicate i_.* == 1 to 0"
FAIL: gcc.dg/tree-ssa/vrp39.c (test for excess errors)
FAIL: gcc.dg/tree-ssa/vrp44.c (test for excess errors)
FAIL: gcc.dg/tree-ssa/vrp45.c (test for excess errors)
FAIL: gcc.dg/vect/costmodel/i386/costmodel-vect-31.c scan-tree-dump-times vect "vectorization not profitable" 1: dump file does not exist
FAIL: gcc.dg/vect/costmodel/i386/costmodel-vect-31.c scan-tree-dump-times vect "vectorized 3 loops" 1: dump file does not exist
FAIL: gcc.dg/vect/costmodel/i386/costmodel-vect-33.c scan-tree-dump-times vect "vectorization not profitable" 1: dump file does not exist
FAIL: gcc.dg/vect/costmodel/i386/costmodel-vect-68.c scan-tree-dump-times vect "vectorized 4 loops" 1: dump file does not exist
FAIL: gcc.dg/vect/costmodel/i386/costmodel-vect-reduc-1char.c scan-tree-dump-times vect "vectorized 3 loops" 1: dump file does not exist
FAIL: gcc.dg/vect/costmodel/i386/costmodel-vect-reduc-1char.c scan-tree-dump-times vect "vectorization not profitable" 0: dump file does not exist
FAIL: gcc.dg/vect/costmodel/i386/costmodel-fast-math-vect-pr29925.c scan-tree-dump-times vect "vectorized 1 loops" 1: dump file does not exist
FAIL: gcc.dg/vect/pr16105.c scan-tree-dump-times vect "vectorized 1 loops" 1: dump file does not exist
FAIL: gcc.dg/vect/pr18400.c scan-tree-dump-times vect "vectorized 1 loops" 1: dump file does not exist
FAIL: gcc.dg/vect/pr18425.c scan-tree-dump-times vect "vectorized 1 loops" 1: dump file does not exist
FAIL: gcc.dg/vect/pr18536.c scan-tree-dump-times vect "vectorized 1 loops" 1: dump file does not exist
FAIL: gcc.dg/vect/pr20122.c scan-tree-dump-times vect "vectorized 1 loops" 3: dump file does not exist
FAIL: gcc.dg/vect/pr21591.c scan-tree-dump-times vect "vectorized 2 loops" 1: dump file does not exist
FAIL: gcc.dg/vect/pr25413.c scan-tree-dump-times vect "vectorized 1 loops" 0: dump file does not exist
FAIL: gcc.dg/vect/pr25413.c scan-tree-dump-times vect "vector alignment may not be reachable" 1: dump file does not exist
FAIL: gcc.dg/vect/pr25413.c scan-tree-dump-times vect "not vectorized: unsupported unaligned store" 1: dump file does not exist
FAIL: gcc.dg/vect/pr25413a.c scan-tree-dump-times vect "vectorized 1 loops" 1: dump file does not exist
FAIL: gcc.dg/vect/pr30771.c scan-tree-dump-times vect "vectorized 1 loops" 1: dump file does not exist
FAIL: gcc.dg/vect/pr30795.c scan-tree-dump-times vect "vectorized 1 loops" 1: dump file does not exist
FAIL: gcc.dg/vect/pr30843.c scan-tree-dump-times vect "vectorized 1 loops" 1: dump file does not exist
FAIL: gcc.dg/vect/pr30858.c scan-tree-dump-times vect "vectorized 0 loops" 1: dump file does not exist
FAIL: gcc.dg/vect/pr30858.c scan-tree-dump-times vect "Unknown def-use cycle pattern." 1: dump file does not exist
FAIL: gcc.dg/vect/pr31699.c scan-tree-dump-times vect "vectorized 1 loops" 2: dump file does not exist
FAIL: gcc.dg/vect/pr33804.c scan-tree-dump-times vect "vectorized 1 loops" 1: dump file does not exist
FAIL: gcc.dg/vect/pr33804.c scan-tree-dump-times vect "vectorizing stmts using SLP" 1: dump file does not exist
FAIL: gcc.dg/vect/pr33866.c scan-tree-dump-times vect "vectorized 1 loops" 1: dump file does not exist
FAIL: gcc.dg/vect/pr33953.c scan-tree-dump-times vect "vectorized 1 loops" 1: dump file does not exist
FAIL: gcc.dg/vect/pr33953.c scan-tree-dump-times vect "vectorizing stmts using SLP" 1: dump file does not exist
FAIL: gcc.dg/vect/pr36228.c scan-tree-dump-times vect "versioning for alias required" 0: dump file does not exist
FAIL: gcc.dg/vect/vect-1.c scan-tree-dump-times vect "vectorized 3 loops" 1: dump file does not exist
FAIL: gcc.dg/vect/vect-10.c scan-tree-dump-times vect "vectorized 0 loops" 1: dump file does not exist
FAIL: gcc.dg/vect/vect-100.c scan-tree-dump-times vect "vectorized 2 loops" 0: dump file does not exist
FAIL: gcc.dg/vect/vect-103.c scan-tree-dump-times vect "vectorized 1 loops" 1: dump file does not exist
FAIL: gcc.dg/vect/vect-103.c scan-tree-dump-times vect "dependence distance modulo vf == 0" 1: dump file does not exist
FAIL: gcc.dg/vect/vect-104.c scan-tree-dump-times vect "vectorized 1 loops" 0: dump file does not exist
FAIL: gcc.dg/vect/vect-104.c scan-tree-dump-times vect "possible dependence between data-refs" 1: dump file does not exist
FAIL: gcc.dg/vect/vect-105.c scan-tree-dump-times vect "vectorized 1 loops" 1: dump file does not exist
FAIL: gcc.dg/vect/vect-105.c scan-tree-dump-times vect "possible dependence between data-refs" 0: dump file does not exist
FAIL: gcc.dg/vect/vect-106.c scan-tree-dump-times vect "vectorized 2 loops" 1: dump file does not exist
FAIL: gcc.dg/vect/vect-107.c scan-tree-dump-times vect "vectorized 0 loops" 1: dump file does not exist
FAIL: gcc.dg/vect/vect-108.c scan-tree-dump-times vect "vectorized 1 loops" 1: dump file does not exist
FAIL: gcc.dg/vect/vect-109.c scan-tree-dump-times vect "vectorized 0 loops" 2: dump file does not exist
FAIL: gcc.dg/vect/vect-109.c scan-tree-dump-times vect "not vectorized: unsupported unaligned store" 2: dump file does not exist
FAIL: gcc.dg/vect/vect-11.c scan-tree-dump-times vect "vectorized 1 loops" 1: dump file does not exist
FAIL: gcc.dg/vect/vect-110.c scan-tree-dump-times vect "vectorized 0 loops" 1: dump file does not exist
FAIL: gcc.dg/vect/vect-112.c scan-tree-dump-times vect "vectorized 0 loops" 1: dump file does not exist
FAIL: gcc.dg/vect/vect-113.c scan-tree-dump-times vect "vectorized 1 loops" 1: dump file does not exist
FAIL: gcc.dg/vect/vect-114.c scan-tree-dump-times vect "vectorized 0 loops" 1: dump file does not exist
FAIL: gcc.dg/vect/vect-115.c scan-tree-dump-times vect "vectorized 2 loops" 1: dump file does not exist
FAIL: gcc.dg/vect/vect-117.c scan-tree-dump-times vect "vectorized 1 loops" 1: dump file does not exist
FAIL: gcc.dg/vect/vect-117.c scan-tree-dump-times vect "possible dependence between data-refs" 0: dump file does not exist
FAIL: gcc.dg/vect/vect-11a.c scan-tree-dump-times vect "vectorized 1 loops" 2: dump file does not exist
FAIL: gcc.dg/vect/vect-13.c scan-tree-dump-times vect "vectorized 1 loops" 1: dump file does not exist
FAIL: gcc.dg/vect/vect-13.c scan-tree-dump-times vect "Vectorizing an unaligned access" 0: dump file does not exist
FAIL: gcc.dg/vect/vect-14.c scan-tree-dump-times vect "vectorized 1 loops" 1: dump file does not exist
FAIL: gcc.dg/vect/vect-17.c scan-tree-dump-times vect "vectorized 3 loops" 1: dump file does not exist
FAIL: gcc.dg/vect/vect-17.c scan-tree-dump-times vect "Vectorizing an unaligned access" 0: dump file does not exist
FAIL: gcc.dg/vect/vect-18.c scan-tree-dump-times vect "vectorized 3 loops" 1: dump file does not exist
FAIL: gcc.dg/vect/vect-18.c scan-tree-dump-times vect "Vectorizing an unaligned access" 0: dump file does not exist
FAIL: gcc.dg/vect/vect-19.c scan-tree-dump-times vect "vectorized 3 loops" 1: dump file does not exist
FAIL: gcc.dg/vect/vect-19.c scan-tree-dump-times vect "Vectorizing an unaligned access" 0: dump file does not exist
FAIL: gcc.dg/vect/vect-2.c scan-tree-dump-times vect "vectorized 1 loops" 1: dump file does not exist
FAIL: gcc.dg/vect/vect-2.c scan-tree-dump-times vect "Vectorizing an unaligned access" 0: dump file does not exist
FAIL: gcc.dg/vect/vect-20.c scan-tree-dump-times vect "vectorized 3 loops" 1: dump file does not exist
FAIL: gcc.dg/vect/vect-20.c scan-tree-dump-times vect "Vectorizing an unaligned access" 0: dump file does not exist
FAIL: gcc.dg/vect/vect-21.c scan-tree-dump-times vect "Vectorizing an unaligned access" 0: dump file does not exist
FAIL: gcc.dg/vect/vect-22.c scan-tree-dump-times vect "vectorized 4 loops" 1: dump file does not exist
FAIL: gcc.dg/vect/vect-22.c scan-tree-dump-times vect "Vectorizing an unaligned access" 0: dump file does not exist
FAIL: gcc.dg/vect/vect-23.c scan-tree-dump-times vect "Vectorizing an unaligned access" 0: dump file does not exist
FAIL: gcc.dg/vect/vect-24.c scan-tree-dump-times vect "Vectorizing an unaligned access" 0: dump file does not exist
FAIL: gcc.dg/vect/vect-25.c scan-tree-dump-times vect "vectorized 2 loops" 1: dump file does not exist
FAIL: gcc.dg/vect/vect-25.c scan-tree-dump-times vect "Vectorizing an unaligned access" 0: dump file does not exist
FAIL: gcc.dg/vect/vect-26.c scan-tree-dump-times vect "vectorized 1 loops" 1: dump file does not exist
FAIL: gcc.dg/vect/vect-26.c scan-tree-dump-times vect "Vectorizing an unaligned access" 0: dump file does not exist
FAIL: gcc.dg/vect/vect-26.c scan-tree-dump-times vect "Alignment of access forced using peeling" 1: dump file does not exist
FAIL: gcc.dg/vect/vect-27.c scan-tree-dump-times vect "vectorized 2 loops" 1: dump file does not exist
FAIL: gcc.dg/vect/vect-27.c scan-tree-dump-times vect "Vectorizing an unaligned access" 1: dump file does not exist
FAIL: gcc.dg/vect/vect-27.c scan-tree-dump-times vect "Alignment of access forced using peeling" 0: dump file does not exist
FAIL: gcc.dg/vect/vect-28.c scan-tree-dump-times vect "vectorized 1 loops" 1: dump file does not exist
FAIL: gcc.dg/vect/vect-28.c scan-tree-dump-times vect "Vectorizing an unaligned access" 0: dump file does not exist
FAIL: gcc.dg/vect/vect-28.c scan-tree-dump-times vect "Alignment of access forced using peeling" 1: dump file does not exist
FAIL: gcc.dg/vect/vect-29.c scan-tree-dump-times vect "vectorized 2 loops" 1: dump file does not exist
FAIL: gcc.dg/vect/vect-29.c scan-tree-dump-times vect "Vectorizing an unaligned access" 1: dump file does not exist
FAIL: gcc.dg/vect/vect-29.c scan-tree-dump-times vect "Alignment of access forced using peeling" 0: dump file does not exist
FAIL: gcc.dg/vect/vect-3.c scan-tree-dump-times vect "vectorized 1 loops" 1: dump file does not exist
FAIL: gcc.dg/vect/vect-3.c scan-tree-dump-times vect "Vectorizing an unaligned access" 0: dump file does not exist
FAIL: gcc.dg/vect/vect-30.c scan-tree-dump-times vect "vectorized 1 loops" 2: dump file does not exist
FAIL: gcc.dg/vect/vect-31.c scan-tree-dump-times vect "vectorized 4 loops" 1: dump file does not exist
FAIL: gcc.dg/vect/vect-32.c scan-tree-dump-times vect "vectorized 1 loops" 1: dump file does not exist
FAIL: gcc.dg/vect/vect-32.c scan-tree-dump-times vect "Vectorizing an unaligned access" 0: dump file does not exist
FAIL: gcc.dg/vect/vect-33.c scan-tree-dump-times vect "vectorized 1 loops" 1: dump file does not exist
FAIL: gcc.dg/vect/vect-33.c scan-tree-dump-times vect "Vectorizing an unaligned access" 0: dump file does not exist
FAIL: gcc.dg/vect/vect-33.c scan-tree-dump-times vect "Alignment of access forced using peeling" 1: dump file does not exist
FAIL: gcc.dg/vect/vect-34.c scan-tree-dump-times vect "vectorized 1 loops" 1: dump file does not exist
FAIL: gcc.dg/vect/vect-35.c scan-tree-dump-times vect "vectorized 1 loops" 1: dump file does not exist
FAIL: gcc.dg/vect/vect-35.c scan-tree-dump-times vect "can't determine dependence between" 1: dump file does not exist
FAIL: gcc.dg/vect/vect-36.c scan-tree-dump-times vect "vectorized 1 loops" 1: dump file does not exist
FAIL: gcc.dg/vect/vect-38.c scan-tree-dump-times vect "vectorized 1 loops" 1: dump file does not exist
FAIL: gcc.dg/vect/vect-4.c scan-tree-dump-times vect "vectorized 1 loops" 1: dump file does not exist
FAIL: gcc.dg/vect/vect-4.c scan-tree-dump-times vect "Vectorizing an unaligned access" 0: dump file does not exist
FAIL: gcc.dg/vect/vect-40.c scan-tree-dump-times vect "vectorized 1 loops" 1: dump file does not exist
FAIL: gcc.dg/vect/vect-40.c scan-tree-dump-times vect "Vectorizing an unaligned access" 0: dump file does not exist
FAIL: gcc.dg/vect/vect-42.c scan-tree-dump-times vect "vectorized 1 loops" 1: dump file does not exist
FAIL: gcc.dg/vect/vect-42.c scan-tree-dump-times vect "Vectorizing an unaligned access" 2: dump file does not exist
FAIL: gcc.dg/vect/vect-42.c scan-tree-dump-times vect "Alignment of access forced using peeling" 1: dump file does not exist
FAIL: gcc.dg/vect/vect-44.c scan-tree-dump-times vect "vectorized 1 loops" 1: dump file does not exist
FAIL: gcc.dg/vect/vect-44.c scan-tree-dump-times vect "Vectorizing an unaligned access" 2: dump file does not exist
FAIL: gcc.dg/vect/vect-44.c scan-tree-dump-times vect "Alignment of access forced using peeling" 1: dump file does not exist
FAIL: gcc.dg/vect/vect-46.c scan-tree-dump-times vect "vectorized 1 loops" 1: dump file does not exist
FAIL: gcc.dg/vect/vect-46.c scan-tree-dump-times vect "Vectorizing an unaligned access" 0: dump file does not exist
FAIL: gcc.dg/vect/vect-48.c scan-tree-dump-times vect "vectorized 1 loops" 1: dump file does not exist
FAIL: gcc.dg/vect/vect-48.c scan-tree-dump-times vect "Vectorizing an unaligned access" 2: dump file does not exist
FAIL: gcc.dg/vect/vect-48.c scan-tree-dump-times vect "Alignment of access forced using peeling" 0: dump file does not exist
FAIL: gcc.dg/vect/vect-5.c scan-tree-dump-times vect "vectorized 2 loops" 1: dump file does not exist
FAIL: gcc.dg/vect/vect-5.c scan-tree-dump-times vect "Vectorizing an unaligned access" 0: dump file does not exist
FAIL: gcc.dg/vect/vect-50.c scan-tree-dump-times vect "vectorized 1 loops" 1: dump file does not exist
FAIL: gcc.dg/vect/vect-50.c scan-tree-dump-times vect "Vectorizing an unaligned access" 2: dump file does not exist
FAIL: gcc.dg/vect/vect-50.c scan-tree-dump-times vect "Alignment of access forced using peeling" 1: dump file does not exist
FAIL: gcc.dg/vect/vect-52.c scan-tree-dump-times vect "vectorized 1 loops" 1: dump file does not exist
FAIL: gcc.dg/vect/vect-52.c scan-tree-dump-times vect "Vectorizing an unaligned access" 2: dump file does not exist
FAIL: gcc.dg/vect/vect-52.c scan-tree-dump-times vect "Alignment of access forced using peeling" 0: dump file does not exist
FAIL: gcc.dg/vect/vect-54.c scan-tree-dump-times vect "vectorized 1 loops" 1: dump file does not exist
FAIL: gcc.dg/vect/vect-54.c scan-tree-dump-times vect "Vectorizing an unaligned access" 0: dump file does not exist
FAIL: gcc.dg/vect/vect-54.c scan-tree-dump-times vect "Alignment of access forced using peeling" 1: dump file does not exist
FAIL: gcc.dg/vect/vect-56.c scan-tree-dump-times vect "vectorized 1 loops" 1: dump file does not exist
FAIL: gcc.dg/vect/vect-56.c scan-tree-dump-times vect "Vectorizing an unaligned access" 2: dump file does not exist
FAIL: gcc.dg/vect/vect-56.c scan-tree-dump-times vect "Alignment of access forced using peeling" 0: dump file does not exist
FAIL: gcc.dg/vect/vect-58.c scan-tree-dump-times vect "vectorized 1 loops" 1: dump file does not exist
FAIL: gcc.dg/vect/vect-58.c scan-tree-dump-times vect "Vectorizing an unaligned access" 0: dump file does not exist
FAIL: gcc.dg/vect/vect-58.c scan-tree-dump-times vect "Alignment of access forced using peeling" 1: dump file does not exist
FAIL: gcc.dg/vect/vect-6.c scan-tree-dump-times vect "vectorized 2 loops" 1: dump file does not exist
FAIL: gcc.dg/vect/vect-6.c scan-tree-dump-times vect "Vectorizing an unaligned access" 0: dump file does not exist
FAIL: gcc.dg/vect/vect-60.c scan-tree-dump-times vect "vectorized 1 loops" 1: dump file does not exist
FAIL: gcc.dg/vect/vect-60.c scan-tree-dump-times vect "Vectorizing an unaligned access" 2: dump file does not exist
FAIL: gcc.dg/vect/vect-60.c scan-tree-dump-times vect "Alignment of access forced using peeling" 0: dump file does not exist
FAIL: gcc.dg/vect/vect-62.c scan-tree-dump-times vect "vectorized 1 loops" 1: dump file does not exist
FAIL: gcc.dg/vect/vect-62.c scan-tree-dump-times vect "Vectorizing an unaligned access" 0: dump file does not exist
FAIL: gcc.dg/vect/vect-64.c scan-tree-dump-times vect "vectorized 3 loops" 1: dump file does not exist
FAIL: gcc.dg/vect/vect-65.c scan-tree-dump-times vect "vectorized 2 loops" 1: dump file does not exist
FAIL: gcc.dg/vect/vect-66.c scan-tree-dump-times vect "vectorized 1 loops" 3: dump file does not exist
FAIL: gcc.dg/vect/vect-67.c scan-tree-dump-times vect "vectorized 1 loops" 1: dump file does not exist
FAIL: gcc.dg/vect/vect-67.c scan-tree-dump-times vect "Vectorizing an unaligned access" 0: dump file does not exist
FAIL: gcc.dg/vect/vect-68.c scan-tree-dump-times vect "vectorized 4 loops" 1: dump file does not exist
FAIL: gcc.dg/vect/vect-7.c scan-tree-dump-times vect "Vectorizing an unaligned access" 0: dump file does not exist
FAIL: gcc.dg/vect/vect-70.c scan-tree-dump-times vect "vectorized 1 loops" 1: dump file does not exist
FAIL: gcc.dg/vect/vect-70.c scan-tree-dump-times vect "Vectorizing an unaligned access" 0: dump file does not exist
FAIL: gcc.dg/vect/vect-70.c scan-tree-dump-times vect "Alignment of access forced using peeling" 1: dump file does not exist
FAIL: gcc.dg/vect/vect-72.c scan-tree-dump-times vect "vectorized 1 loops" 1: dump file does not exist
FAIL: gcc.dg/vect/vect-72.c scan-tree-dump-times vect "Vectorizing an unaligned access" 1: dump file does not exist
FAIL: gcc.dg/vect/vect-72.c scan-tree-dump-times vect "Alignment of access forced using peeling" 0: dump file does not exist
FAIL: gcc.dg/vect/vect-73.c scan-tree-dump-times vect "vectorized 1 loops" 1: dump file does not exist
FAIL: gcc.dg/vect/vect-73.c scan-tree-dump-times vect "Vectorizing an unaligned access" 0: dump file does not exist
FAIL: gcc.dg/vect/vect-74.c scan-tree-dump-times vect "vectorized 1 loops" 1: dump file does not exist
FAIL: gcc.dg/vect/vect-75.c scan-tree-dump-times vect "vectorized 1 loops" 1: dump file does not exist
FAIL: gcc.dg/vect/vect-75.c scan-tree-dump-times vect "Vectorizing an unaligned access" 1: dump file does not exist
FAIL: gcc.dg/vect/vect-76.c scan-tree-dump-times vect "vectorized 3 loops" 1: dump file does not exist
FAIL: gcc.dg/vect/vect-77-alignchecks.c scan-tree-dump-times vect "vectorized 1 loops" 1: dump file does not exist
FAIL: gcc.dg/vect/vect-77-alignchecks.c scan-tree-dump-times vect "Vectorizing an unaligned access" 1: dump file does not exist
FAIL: gcc.dg/vect/vect-77-alignchecks.c scan-tree-dump-times vect "Alignment of access forced using peeling" 1: dump file does not exist
FAIL: gcc.dg/vect/vect-77-global.c scan-tree-dump-times vect "vectorized 1 loops" 1: dump file does not exist
FAIL: gcc.dg/vect/vect-77-global.c scan-tree-dump-times vect "Vectorizing an unaligned access" 1: dump file does not exist
FAIL: gcc.dg/vect/vect-77-global.c scan-tree-dump-times vect "Alignment of access forced using peeling" 0: dump file does not exist
FAIL: gcc.dg/vect/vect-77.c scan-tree-dump-times vect "vectorized 1 loops" 1: dump file does not exist
FAIL: gcc.dg/vect/vect-78-alignchecks.c scan-tree-dump-times vect "vectorized 1 loops" 1: dump file does not exist
FAIL: gcc.dg/vect/vect-78-alignchecks.c scan-tree-dump-times vect "Vectorizing an unaligned access" 1: dump file does not exist
FAIL: gcc.dg/vect/vect-78-alignchecks.c scan-tree-dump-times vect "Alignment of access forced using peeling" 1: dump file does not exist
FAIL: gcc.dg/vect/vect-78-global.c scan-tree-dump-times vect "vectorized 1 loops" 1: dump file does not exist
FAIL: gcc.dg/vect/vect-78-global.c scan-tree-dump-times vect "Vectorizing an unaligned access" 1: dump file does not exist
FAIL: gcc.dg/vect/vect-78-global.c scan-tree-dump-times vect "Alignment of access forced using peeling" 0: dump file does not exist
FAIL: gcc.dg/vect/vect-78.c scan-tree-dump-times vect "vectorized 1 loops" 1: dump file does not exist
FAIL: gcc.dg/vect/vect-8.c scan-tree-dump-times vect "vectorized 1 loops" 1: dump file does not exist
FAIL: gcc.dg/vect/vect-80.c scan-tree-dump-times vect "vectorized 1 loops" 1: dump file does not exist
FAIL: gcc.dg/vect/vect-85.c scan-tree-dump-times vect "vectorized 1 loops" 1: dump file does not exist
FAIL: gcc.dg/vect/vect-86.c scan-tree-dump-times vect "vectorized 1 loops" 1: dump file does not exist
FAIL: gcc.dg/vect/vect-86.c scan-tree-dump-times vect "Vectorizing an unaligned access" 0: dump file does not exist
FAIL: gcc.dg/vect/vect-86.c scan-tree-dump-times vect "Alignment of access forced using peeling" 0: dump file does not exist
FAIL: gcc.dg/vect/vect-87.c scan-tree-dump-times vect "vectorized 1 loops" 1: dump file does not exist
FAIL: gcc.dg/vect/vect-87.c scan-tree-dump-times vect "Vectorizing an unaligned access" 0: dump file does not exist
FAIL: gcc.dg/vect/vect-87.c scan-tree-dump-times vect "Alignment of access forced using peeling" 1: dump file does not exist
FAIL: gcc.dg/vect/vect-88.c scan-tree-dump-times vect "vectorized 1 loops" 1: dump file does not exist
FAIL: gcc.dg/vect/vect-88.c scan-tree-dump-times vect "Vectorizing an unaligned access" 0: dump file does not exist
FAIL: gcc.dg/vect/vect-88.c scan-tree-dump-times vect "Alignment of access forced using peeling" 1: dump file does not exist
FAIL: gcc.dg/vect/vect-89.c scan-tree-dump-times vect "vectorized 1 loops" 1: dump file does not exist
FAIL: gcc.dg/vect/vect-89.c scan-tree-dump-times vect "Vectorizing an unaligned access" 0: dump file does not exist
FAIL: gcc.dg/vect/vect-89.c scan-tree-dump-times vect "Alignment of access forced using peeling" 1: dump file does not exist
FAIL: gcc.dg/vect/vect-9.c scan-tree-dump-times vect "vectorized 1 loops" 1: dump file does not exist
FAIL: gcc.dg/vect/vect-91.c scan-tree-dump-times vect "vectorized 1 loops" 3: dump file does not exist
FAIL: gcc.dg/vect/vect-91.c scan-tree-dump-times vect "accesses have the same alignment." 3: dump file does not exist
FAIL: gcc.dg/vect/vect-91.c scan-tree-dump-times vect "Alignment of access forced using peeling" 3: dump file does not exist
FAIL: gcc.dg/vect/vect-92.c scan-tree-dump-times vect "vectorized 1 loops" 3: dump file does not exist
FAIL: gcc.dg/vect/vect-92.c scan-tree-dump-times vect "Vectorizing an unaligned access" 0: dump file does not exist
FAIL: gcc.dg/vect/vect-92.c scan-tree-dump-times vect "Alignment of access forced using peeling" 3: dump file does not exist
FAIL: gcc.dg/vect/vect-93.c scan-tree-dump-times vect "vectorized 2 loops" 2: dump file does not exist
FAIL: gcc.dg/vect/vect-93.c scan-tree-dump-times vect "Alignment of access forced using peeling" 3: dump file does not exist
FAIL: gcc.dg/vect/vect-93.c scan-tree-dump-times vect "Vectorizing an unaligned access" 1: dump file does not exist
FAIL: gcc.dg/vect/vect-95.c scan-tree-dump-times vect "vectorized 1 loops" 1: dump file does not exist
FAIL: gcc.dg/vect/vect-95.c scan-tree-dump-times vect "Alignment of access forced using peeling" 0: dump file does not exist
FAIL: gcc.dg/vect/vect-95.c scan-tree-dump-times vect "Vectorizing an unaligned access" 2: dump file does not exist
FAIL: gcc.dg/vect/vect-95.c scan-tree-dump-times vect "Alignment of access forced using versioning" 2: dump file does not exist
FAIL: gcc.dg/vect/vect-96.c scan-tree-dump-times vect "vectorized 1 loops" 1: dump file does not exist
FAIL: gcc.dg/vect/vect-96.c scan-tree-dump-times vect "Vectorizing an unaligned access" 1: dump file does not exist
FAIL: gcc.dg/vect/vect-96.c scan-tree-dump-times vect "Alignment of access forced using peeling" 1: dump file does not exist
FAIL: gcc.dg/vect/vect-97.c scan-tree-dump-times vect "vectorized 2 loops" 1: dump file does not exist
FAIL: gcc.dg/vect/vect-97.c scan-tree-dump-times vect "Vectorizing an unaligned access" 0: dump file does not exist
FAIL: gcc.dg/vect/vect-98.c scan-tree-dump-times vect "vectorized 1 loops" 0: dump file does not exist
FAIL: gcc.dg/vect/vect-99.c scan-tree-dump-times vect "vectorized 1 loops" 1: dump file does not exist
FAIL: gcc.dg/vect/vect-align-1.c scan-tree-dump-times vect "Alignment of access forced using versioning" 1: dump file does not exist
FAIL: gcc.dg/vect/vect-align-1.c scan-tree-dump-times vect "vectorized 1 loops" 1: dump file does not exist
FAIL: gcc.dg/vect/vect-align-2.c scan-tree-dump-times vect "Alignment of access forced using peeling" 0: dump file does not exist
FAIL: gcc.dg/vect/vect-align-2.c scan-tree-dump-times vect "Alignment of access forced using versioning" 1: dump file does not exist
FAIL: gcc.dg/vect/vect-align-2.c scan-tree-dump-times vect "vectorized 1 loops" 1: dump file does not exist
FAIL: gcc.dg/vect/vect-all.c scan-tree-dump-times vect "vectorized 10 loops" 1: dump file does not exist
FAIL: gcc.dg/vect/vect-all.c scan-tree-dump-times vect "Vectorizing an unaligned access" 0: dump file does not exist
FAIL: gcc.dg/vect/vect-all.c scan-tree-dump-times vect "Alignment of access forced using peeling" 0: dump file does not exist
FAIL: gcc.dg/vect/vect-float-extend-1.c scan-tree-dump-times vect "vectorized 1 loops" 1: dump file does not exist
FAIL: gcc.dg/vect/vect-float-truncate-1.c scan-tree-dump-times vect "vectorized 1 loops" 1: dump file does not exist
FAIL: gcc.dg/vect/vect-floatint-conversion-1.c scan-tree-dump-times vect "vectorized 1 loops" 1: dump file does not exist
FAIL: gcc.dg/vect/vect-floatint-conversion-2.c scan-tree-dump-times vect "vectorized 1 loops" 1: dump file does not exist
FAIL: gcc.dg/vect/vect-ifcvt-16.c scan-tree-dump-times vect "vectorized 1 loops" 1: dump file does not exist
FAIL: gcc.dg/vect/vect-ifcvt-17.c scan-tree-dump-times vect "vectorized 1 loops" 1: dump file does not exist
FAIL: gcc.dg/vect/vect-ifcvt-2.c scan-tree-dump-times vect "vectorized 1 loops" 1: dump file does not exist
FAIL: gcc.dg/vect/vect-ifcvt-3.c scan-tree-dump-times vect "vectorized 1 loops" 1: dump file does not exist
FAIL: gcc.dg/vect/vect-ifcvt-4.c scan-tree-dump-times vect "vectorized 1 loops" 1: dump file does not exist
FAIL: gcc.dg/vect/vect-ifcvt-5.c scan-tree-dump-times vect "vectorized 1 loops" 1: dump file does not exist
FAIL: gcc.dg/vect/vect-ifcvt-6.c scan-tree-dump-times vect "vectorized 1 loops" 1: dump file does not exist
FAIL: gcc.dg/vect/vect-ifcvt-7.c scan-tree-dump-times vect "vectorized 1 loops" 1: dump file does not exist
FAIL: gcc.dg/vect/vect-ifcvt-9.c scan-tree-dump-times vect "vectorized 1 loops" 2: dump file does not exist
FAIL: gcc.dg/vect/vect-intfloat-conversion-1.c scan-tree-dump-times vect "vectorized 1 loops" 1: dump file does not exist
FAIL: gcc.dg/vect/vect-intfloat-conversion-2.c scan-tree-dump-times vect "vectorized 1 loops" 1: dump file does not exist
FAIL: gcc.dg/vect/vect-intfloat-conversion-3.c scan-tree-dump-times vect "vectorized 1 loops" 1: dump file does not exist
FAIL: gcc.dg/vect/vect-intfloat-conversion-4a.c scan-tree-dump-times vect "vectorized 1 loops" 1: dump file does not exist
FAIL: gcc.dg/vect/vect-intfloat-conversion-4b.c scan-tree-dump-times vect "vectorized 1 loops" 1: dump file does not exist
FAIL: gcc.dg/vect/vect-iv-1.c scan-tree-dump-times vect "vectorized 1 loops" 1: dump file does not exist
FAIL: gcc.dg/vect/vect-iv-10.c scan-tree-dump-times vect "vectorized 1 loops" 1: dump file does not exist
FAIL: gcc.dg/vect/vect-iv-11.c scan-tree-dump-times vect "vectorized 1 loops" 1: dump file does not exist
FAIL: gcc.dg/vect/vect-iv-2.c scan-tree-dump-times vect "vectorized 1 loops" 1: dump file does not exist
FAIL: gcc.dg/vect/vect-iv-3.c scan-tree-dump-times vect "vectorized 1 loops" 1: dump file does not exist
FAIL: gcc.dg/vect/vect-iv-4.c scan-tree-dump-times vect "vectorized 1 loops" 1: dump file does not exist
FAIL: gcc.dg/vect/vect-iv-6.c scan-tree-dump-times vect "vectorized 1 loops" 1: dump file does not exist
FAIL: gcc.dg/vect/vect-iv-8a.c scan-tree-dump-times vect "vectorized 1 loops" 1: dump file does not exist
FAIL: gcc.dg/vect/vect-iv-9.c scan-tree-dump-times vect "vectorized 1 loops" 2: dump file does not exist
FAIL: gcc.dg/vect/vect-multitypes-1.c scan-tree-dump-times vect "vectorized 1 loops" 1: dump file does not exist
FAIL: gcc.dg/vect/vect-multitypes-1.c scan-tree-dump-times vect "Alignment of access forced using peeling" 1: dump file does not exist
FAIL: gcc.dg/vect/vect-multitypes-1.c scan-tree-dump-times vect "Vectorizing an unaligned access" 2: dump file does not exist
FAIL: gcc.dg/vect/vect-multitypes-10.c scan-tree-dump-times vect "vectorized 1 loops" 2: dump file does not exist
FAIL: gcc.dg/vect/vect-multitypes-11.c scan-tree-dump-times vect "vectorized 1 loops" 2: dump file does not exist
FAIL: gcc.dg/vect/vect-multitypes-2.c scan-tree-dump-times vect "vectorized 1 loops" 1: dump file does not exist
FAIL: gcc.dg/vect/vect-multitypes-3.c scan-tree-dump-times vect "vectorized 1 loops" 1: dump file does not exist
FAIL: gcc.dg/vect/vect-multitypes-3.c scan-tree-dump-times vect "Vectorizing an unaligned access" 3: dump file does not exist
FAIL: gcc.dg/vect/vect-multitypes-4.c scan-tree-dump-times vect "vectorized 1 loops" 1: dump file does not exist
FAIL: gcc.dg/vect/vect-multitypes-4.c scan-tree-dump-times vect "Alignment of access forced using peeling" 1: dump file does not exist
FAIL: gcc.dg/vect/vect-multitypes-4.c scan-tree-dump-times vect "Vectorizing an unaligned access" 4: dump file does not exist
FAIL: gcc.dg/vect/vect-multitypes-5.c scan-tree-dump-times vect "vectorized 1 loops" 1: dump file does not exist
FAIL: gcc.dg/vect/vect-multitypes-6.c scan-tree-dump-times vect "vectorized 1 loops" 1: dump file does not exist
FAIL: gcc.dg/vect/vect-multitypes-6.c scan-tree-dump-times vect "Vectorizing an unaligned access" 6: dump file does not exist
FAIL: gcc.dg/vect/vect-multitypes-7.c scan-tree-dump-times vect "vectorized 1 loops" 1: dump file does not exist
FAIL: gcc.dg/vect/vect-multitypes-8.c scan-tree-dump-times vect "vectorized 1 loops" 1: dump file does not exist
FAIL: gcc.dg/vect/vect-multitypes-9.c scan-tree-dump-times vect "vectorized 1 loops" 2: dump file does not exist
FAIL: gcc.dg/vect/vect-outer-1.c scan-tree-dump-times vect "strided access in outer loop" 1: dump file does not exist
FAIL: gcc.dg/vect/vect-outer-1a.c scan-tree-dump-times vect "unexpected pattern" 1: dump file does not exist
FAIL: gcc.dg/vect/vect-outer-1b.c scan-tree-dump-times vect "strided access in outer loop" 1: dump file does not exist
FAIL: gcc.dg/vect/vect-outer-2.c scan-tree-dump-times vect "OUTER LOOP VECTORIZED" 1: dump file does not exist
FAIL: gcc.dg/vect/vect-outer-2a.c scan-tree-dump-times vect "OUTER LOOP VECTORIZED" 1: dump file does not exist
FAIL: gcc.dg/vect/vect-outer-2b.c scan-tree-dump-times vect "strided access in outer loop." 1: dump file does not exist
FAIL: gcc.dg/vect/vect-outer-2c.c scan-tree-dump-times vect "OUTER LOOP VECTORIZED" 1: dump file does not exist
FAIL: gcc.dg/vect/vect-outer-2d.c scan-tree-dump-times vect "OUTER LOOP VECTORIZED" 0: dump file does not exist
FAIL: gcc.dg/vect/vect-outer-3.c scan-tree-dump-times vect "OUTER LOOP VECTORIZED" 1: dump file does not exist
FAIL: gcc.dg/vect/vect-outer-3a.c scan-tree-dump-times vect "OUTER LOOP VECTORIZED" 1: dump file does not exist
FAIL: gcc.dg/vect/vect-outer-3a.c scan-tree-dump-times vect "step doesn't divide the vector-size" 2: dump file does not exist
FAIL: gcc.dg/vect/vect-outer-3b.c scan-tree-dump-times vect "strided access in outer loop" 2: dump file does not exist
FAIL: gcc.dg/vect/vect-outer-3c.c scan-tree-dump-times vect "OUTER LOOP VECTORIZED" 1: dump file does not exist
FAIL: gcc.dg/vect/vect-outer-4.c scan-tree-dump-times vect "OUTER LOOP VECTORIZED" 1: dump file does not exist
FAIL: gcc.dg/vect/vect-outer-4.c scan-tree-dump-times vect "zero step in outer loop." 1: dump file does not exist
FAIL: gcc.dg/vect/vect-outer-4a.c scan-tree-dump-times vect "zero step in outer loop." 1: dump file does not exist
FAIL: gcc.dg/vect/vect-outer-4b.c scan-tree-dump-times vect "zero step in outer loop." 1: dump file does not exist
FAIL: gcc.dg/vect/vect-outer-4c.c scan-tree-dump-times vect "OUTER LOOP VECTORIZED" 1: dump file does not exist
FAIL: gcc.dg/vect/vect-outer-4c.c scan-tree-dump-times vect "zero step in outer loop." 1: dump file does not exist
FAIL: gcc.dg/vect/vect-outer-4d.c scan-tree-dump-times vect "OUTER LOOP VECTORIZED" 1: dump file does not exist
FAIL: gcc.dg/vect/vect-outer-4f.c scan-tree-dump-times vect "vect_recog_widen_sum_pattern: not allowed" 1: dump file does not exist
FAIL: gcc.dg/vect/vect-outer-4g.c scan-tree-dump-times vect "vect_recog_widen_sum_pattern: not allowed" 1: dump file does not exist
FAIL: gcc.dg/vect/vect-outer-4k.c scan-tree-dump-times vect "vect_recog_widen_sum_pattern: not allowed" 1: dump file does not exist
FAIL: gcc.dg/vect/vect-outer-4l.c scan-tree-dump-times vect "vect_recog_widen_sum_pattern: not allowed" 1: dump file does not exist
FAIL: gcc.dg/vect/vect-outer-5.c scan-tree-dump-times vect "OUTER LOOP VECTORIZED" 1: dump file does not exist
FAIL: gcc.dg/vect/vect-outer-5.c scan-tree-dump-times vect "zero step in outer loop." 1: dump file does not exist
FAIL: gcc.dg/vect/vect-outer-6.c scan-tree-dump-times vect "OUTER LOOP VECTORIZED" 1: dump file does not exist
FAIL: gcc.dg/vect/vect-outer-6.c scan-tree-dump-times vect "zero step in outer loop." 1: dump file does not exist
FAIL: gcc.dg/vect/vect-outer-fir-lb.c scan-tree-dump-times vect "OUTER LOOP VECTORIZED" 1: dump file does not exist
FAIL: gcc.dg/vect/vect-outer-fir.c scan-tree-dump-times vect "OUTER LOOP VECTORIZED" 1: dump file does not exist
FAIL: gcc.dg/vect/vect-reduc-1.c scan-tree-dump-times vect "vectorized 3 loops" 1: dump file does not exist
FAIL: gcc.dg/vect/vect-reduc-1char.c scan-tree-dump-times vect "vectorized 3 loops" 1: dump file does not exist
FAIL: gcc.dg/vect/vect-reduc-1short.c scan-tree-dump-times vect "vectorized 3 loops" 1: dump file does not exist
FAIL: gcc.dg/vect/vect-reduc-2.c scan-tree-dump-times vect "vectorized 3 loops" 1: dump file does not exist
FAIL: gcc.dg/vect/vect-reduc-3.c scan-tree-dump-times vect "vectorized 1 loops" 1: dump file does not exist
FAIL: gcc.dg/vect/vect-reduc-6.c scan-tree-dump-times vect "vectorized 0 loops" 1: dump file does not exist
FAIL: gcc.dg/vect/vect-reduc-dot-s16a.c scan-tree-dump-times vect "vect_recog_dot_prod_pattern: detected" 1: dump file does not exist
FAIL: gcc.dg/vect/vect-reduc-dot-s16a.c scan-tree-dump-times vect "vectorized 1 loops" 1: dump file does not exist
FAIL: gcc.dg/vect/vect-reduc-dot-s16a.c scan-tree-dump-times vect "vectorized 1 loops" 1: dump file does not exist
FAIL: gcc.dg/vect/vect-reduc-dot-s16b.c scan-tree-dump-times vect "vectorized 1 loops" 1: dump file does not exist
FAIL: gcc.dg/vect/vect-reduc-dot-s8a.c scan-tree-dump-times vect "vect_recog_dot_prod_pattern: detected" 1: dump file does not exist
FAIL: gcc.dg/vect/vect-reduc-dot-s8a.c scan-tree-dump-times vect "vect_recog_widen_mult_pattern: detected" 1: dump file does not exist
FAIL: gcc.dg/vect/vect-reduc-dot-s8a.c scan-tree-dump-times vect "vectorized 1 loops" 1: dump file does not exist
FAIL: gcc.dg/vect/vect-reduc-dot-s8b.c scan-tree-dump-times vect "vect_recog_widen_mult_pattern: detected" 1: dump file does not exist
FAIL: gcc.dg/vect/vect-reduc-dot-u16a.c scan-tree-dump-times vect "vectorized 1 loops" 2: dump file does not exist
FAIL: gcc.dg/vect/vect-reduc-dot-u16b.c scan-tree-dump-times vect "vectorized 1 loops" 1: dump file does not exist
FAIL: gcc.dg/vect/vect-reduc-dot-u8a.c scan-tree-dump-times vect "vect_recog_dot_prod_pattern: detected" 1: dump file does not exist
FAIL: gcc.dg/vect/vect-reduc-dot-u8b.c scan-tree-dump-times vect "vect_recog_dot_prod_pattern: detected" 1: dump file does not exist
FAIL: gcc.dg/vect/vect-reduc-dot-u8b.c scan-tree-dump-times vect "vectorized 1 loops" 1: dump file does not exist
FAIL: gcc.dg/vect/vect-reduc-pattern-1a.c scan-tree-dump-times vect "vect_recog_widen_sum_pattern: detected" 1: dump file does not exist
FAIL: gcc.dg/vect/vect-reduc-pattern-1a.c scan-tree-dump-times vect "vectorized 1 loops" 1: dump file does not exist
FAIL: gcc.dg/vect/vect-reduc-pattern-1b.c scan-tree-dump-times vect "vect_recog_widen_sum_pattern: detected" 1: dump file does not exist
FAIL: gcc.dg/vect/vect-reduc-pattern-1b.c scan-tree-dump-times vect "vectorized 1 loops" 0: dump file does not exist
FAIL: gcc.dg/vect/vect-reduc-pattern-1c.c scan-tree-dump-times vect "vect_recog_widen_sum_pattern: detected" 1: dump file does not exist
FAIL: gcc.dg/vect/vect-reduc-pattern-1c.c scan-tree-dump-times vect "vectorized 1 loops" 1: dump file does not exist
FAIL: gcc.dg/vect/vect-reduc-pattern-2a.c scan-tree-dump-times vect "vect_recog_widen_sum_pattern: detected" 1: dump file does not exist
FAIL: gcc.dg/vect/vect-reduc-pattern-2a.c scan-tree-dump-times vect "vectorized 1 loops" 1: dump file does not exist
FAIL: gcc.dg/vect/vect-reduc-pattern-2b.c scan-tree-dump-times vect "vect_recog_widen_sum_pattern: detected" 1: dump file does not exist
FAIL: gcc.dg/vect/vect-reduc-pattern-2b.c scan-tree-dump-times vect "vectorized 1 loops" 0: dump file does not exist
FAIL: gcc.dg/vect/vect-shift-1.c scan-tree-dump-times vect "vectorized 1 loops" 1: dump file does not exist
FAIL: gcc.dg/vect/vect-strided-float.c scan-tree-dump-times vect "vectorized 0 loops" 1: dump file does not exist
FAIL: gcc.dg/vect/vect-strided-store-a-u8-i2.c scan-tree-dump-times vect "vectorized 1 loops" 1: dump file does not exist
FAIL: gcc.dg/vect/vect-strided-store-u16-i4.c scan-tree-dump-times vect "vectorized 1 loops" 2: dump file does not exist
FAIL: gcc.dg/vect/vect-strided-store-u32-i2.c scan-tree-dump-times vect "vectorized 1 loops" 1: dump file does not exist
FAIL: gcc.dg/vect/vect-vfa-01.c scan-tree-dump-times vect "vectorized 1 loops" 1: dump file does not exist
FAIL: gcc.dg/vect/vect-vfa-02.c scan-tree-dump-times vect "vectorized 1 loops" 1: dump file does not exist
FAIL: gcc.dg/vect/vect-vfa-03.c scan-tree-dump-times vect "vectorized 1 loops" 0: dump file does not exist
FAIL: gcc.dg/vect/vect-vfa-04.c scan-tree-dump-times vect "vectorized 1 loops" 1: dump file does not exist
FAIL: gcc.dg/vect/vect-vfa-slp.c scan-tree-dump-times vect "vectorized 1 loops" 1: dump file does not exist
FAIL: gcc.dg/vect/vect-widen-mult-s16.c scan-tree-dump-times vect "vectorized 1 loops" 1: dump file does not exist
FAIL: gcc.dg/vect/vect-widen-mult-s8.c scan-tree-dump-times vect "vectorized 1 loops" 1: dump file does not exist
FAIL: gcc.dg/vect/vect-widen-mult-sum.c scan-tree-dump-times vect "vectorized 1 loops" 1: dump file does not exist
FAIL: gcc.dg/vect/vect-widen-mult-sum.c scan-tree-dump-times vect "vect_recog_widen_mult_pattern: detected" 1: dump file does not exist
FAIL: gcc.dg/vect/vect-widen-mult-u16.c scan-tree-dump-times vect "vectorized 1 loops" 1: dump file does not exist
FAIL: gcc.dg/vect/vect-widen-mult-u8.c scan-tree-dump-times vect "vectorized 1 loops" 1: dump file does not exist
FAIL: gcc.dg/vect/slp-1.c scan-tree-dump-times vect "vectorized 4 loops" 1: dump file does not exist
FAIL: gcc.dg/vect/slp-1.c scan-tree-dump-times vect "vectorizing stmts using SLP" 4: dump file does not exist
FAIL: gcc.dg/vect/slp-10.c scan-tree-dump-times vect "vectorized 3 loops" 1: dump file does not exist
FAIL: gcc.dg/vect/slp-10.c scan-tree-dump-times vect "vectorizing stmts using SLP" 3: dump file does not exist
FAIL: gcc.dg/vect/slp-11.c scan-tree-dump-times vect "vectorized 0 loops" 1: dump file does not exist
FAIL: gcc.dg/vect/slp-11.c scan-tree-dump-times vect "vectorizing stmts using SLP" 0: dump file does not exist
FAIL: gcc.dg/vect/slp-12a.c scan-tree-dump-times vect "vectorized 1 loops" 1: dump file does not exist
FAIL: gcc.dg/vect/slp-12a.c scan-tree-dump-times vect "vectorizing stmts using SLP" 1: dump file does not exist
FAIL: gcc.dg/vect/slp-12b.c scan-tree-dump-times vect "vectorized 0 loops" 1: dump file does not exist
FAIL: gcc.dg/vect/slp-12b.c scan-tree-dump-times vect "vectorizing stmts using SLP" 0: dump file does not exist
FAIL: gcc.dg/vect/slp-13.c scan-tree-dump-times vect "vectorizing stmts using SLP" 1: dump file does not exist
FAIL: gcc.dg/vect/slp-14.c scan-tree-dump-times vect "vectorized 0 loops" 1: dump file does not exist
FAIL: gcc.dg/vect/slp-14.c scan-tree-dump-times vect "vectorizing stmts using SLP" 0: dump file does not exist
FAIL: gcc.dg/vect/slp-15.c scan-tree-dump-times vect "vectorized 1 loops" 1: dump file does not exist
FAIL: gcc.dg/vect/slp-15.c scan-tree-dump-times vect "vectorizing stmts using SLP" 2: dump file does not exist
FAIL: gcc.dg/vect/slp-16.c scan-tree-dump-times vect "vectorized 1 loops" 1: dump file does not exist
FAIL: gcc.dg/vect/slp-16.c scan-tree-dump-times vect "vectorizing stmts using SLP" 2: dump file does not exist
FAIL: gcc.dg/vect/slp-17.c scan-tree-dump-times vect "vectorized 1 loops" 1: dump file does not exist
FAIL: gcc.dg/vect/slp-17.c scan-tree-dump-times vect "vectorizing stmts using SLP" 2: dump file does not exist
FAIL: gcc.dg/vect/slp-19.c scan-tree-dump-times vect "vectorized 1 loops" 1: dump file does not exist
FAIL: gcc.dg/vect/slp-19.c scan-tree-dump-times vect "vectorizing stmts using SLP" 1: dump file does not exist
FAIL: gcc.dg/vect/slp-2.c scan-tree-dump-times vect "vectorized 4 loops" 1: dump file does not exist
FAIL: gcc.dg/vect/slp-2.c scan-tree-dump-times vect "vectorizing stmts using SLP" 4: dump file does not exist
FAIL: gcc.dg/vect/slp-20.c scan-tree-dump-times vect "vectorized 2 loops" 1: dump file does not exist
FAIL: gcc.dg/vect/slp-20.c scan-tree-dump-times vect "vectorizing stmts using SLP" 4: dump file does not exist
FAIL: gcc.dg/vect/slp-21.c scan-tree-dump-times vect "vectorized 1 loops" 1: dump file does not exist
FAIL: gcc.dg/vect/slp-21.c scan-tree-dump-times vect "vectorizing stmts using SLP" 0: dump file does not exist
FAIL: gcc.dg/vect/slp-22.c scan-tree-dump-times vect "vectorized 2 loops" 1: dump file does not exist
FAIL: gcc.dg/vect/slp-22.c scan-tree-dump-times vect "vectorizing stmts using SLP" 6: dump file does not exist
FAIL: gcc.dg/vect/slp-23.c scan-tree-dump-times vect "vectorized 1 loops" 1: dump file does not exist
FAIL: gcc.dg/vect/slp-23.c scan-tree-dump-times vect "vectorizing stmts using SLP" 1: dump file does not exist
FAIL: gcc.dg/vect/slp-24.c scan-tree-dump-times vect "vectorized 1 loops" 1: dump file does not exist
FAIL: gcc.dg/vect/slp-24.c scan-tree-dump-times vect "vectorizing stmts using SLP" 2: dump file does not exist
FAIL: gcc.dg/vect/slp-25.c scan-tree-dump-times vect "vectorized 2 loops" 1: dump file does not exist
FAIL: gcc.dg/vect/slp-25.c scan-tree-dump-times vect "Vectorizing an unaligned access" 0: dump file does not exist
FAIL: gcc.dg/vect/slp-25.c scan-tree-dump-times vect "Alignment of access forced using peeling" 2: dump file does not exist
FAIL: gcc.dg/vect/slp-26.c scan-tree-dump-times vect "vectorized 0 loops" 1: dump file does not exist
FAIL: gcc.dg/vect/slp-26.c scan-tree-dump-times vect "vectorizing stmts using SLP" 0: dump file does not exist
FAIL: gcc.dg/vect/slp-28.c scan-tree-dump-times vect "vectorized 1 loops" 1: dump file does not exist
FAIL: gcc.dg/vect/slp-28.c scan-tree-dump-times vect "vectorizing stmts using SLP" 1: dump file does not exist
FAIL: gcc.dg/vect/slp-3.c scan-tree-dump-times vect "vectorized 3 loops" 1: dump file does not exist
FAIL: gcc.dg/vect/slp-3.c scan-tree-dump-times vect "vectorizing stmts using SLP" 3: dump file does not exist
FAIL: gcc.dg/vect/slp-33.c scan-tree-dump-times vect "vectorized 3 loops" 1: dump file does not exist
FAIL: gcc.dg/vect/slp-33.c scan-tree-dump-times vect "vectorizing stmts using SLP" 3: dump file does not exist
FAIL: gcc.dg/vect/slp-34.c scan-tree-dump-times vect "vectorized 1 loops" 1: dump file does not exist
FAIL: gcc.dg/vect/slp-34.c scan-tree-dump-times vect "vectorizing stmts using SLP" 2: dump file does not exist
FAIL: gcc.dg/vect/slp-35.c scan-tree-dump-times vect "vectorized 1 loops" 1: dump file does not exist
FAIL: gcc.dg/vect/slp-35.c scan-tree-dump-times vect "vectorizing stmts using SLP" 1: dump file does not exist
FAIL: gcc.dg/vect/slp-37.c scan-tree-dump-times vect "vectorized 1 loops" 0: dump file does not exist
FAIL: gcc.dg/vect/slp-37.c scan-tree-dump-times vect "vectorizing stmts using SLP" 0: dump file does not exist
FAIL: gcc.dg/vect/slp-4.c scan-tree-dump-times vect "vectorized 3 loops" 1: dump file does not exist
FAIL: gcc.dg/vect/slp-4.c scan-tree-dump-times vect "vectorizing stmts using SLP" 3: dump file does not exist
FAIL: gcc.dg/vect/slp-5.c scan-tree-dump-times vect "vectorized 2 loops" 1: dump file does not exist
FAIL: gcc.dg/vect/slp-5.c scan-tree-dump-times vect "vectorizing stmts using SLP" 2: dump file does not exist
FAIL: gcc.dg/vect/slp-6.c scan-tree-dump-times vect "vectorized 3 loops" 1: dump file does not exist
FAIL: gcc.dg/vect/slp-6.c scan-tree-dump-times vect "vectorizing stmts using SLP" 3: dump file does not exist
FAIL: gcc.dg/vect/slp-7.c scan-tree-dump-times vect "vectorized 3 loops" 1: dump file does not exist
FAIL: gcc.dg/vect/slp-7.c scan-tree-dump-times vect "vectorizing stmts using SLP" 3: dump file does not exist
FAIL: gcc.dg/vect/slp-8.c scan-tree-dump-times vect "vectorized 1 loops" 1: dump file does not exist
FAIL: gcc.dg/vect/slp-8.c scan-tree-dump-times vect "vectorizing stmts using SLP" 1: dump file does not exist
FAIL: gcc.dg/vect/slp-9.c scan-tree-dump-times vect "vectorizing stmts using SLP" 0: dump file does not exist
FAIL: gcc.dg/vect/no-vfa-pr29145.c scan-tree-dump-times vect "vectorized 0 loops" 2: dump file does not exist
FAIL: gcc.dg/vect/no-vfa-pr29145.c scan-tree-dump-times vect "vectorized 1 loops" 1: dump file does not exist
FAIL: gcc.dg/vect/no-vfa-vect-101.c scan-tree-dump-times vect "vectorized 1 loops" 0: dump file does not exist
FAIL: gcc.dg/vect/no-vfa-vect-101.c scan-tree-dump-times vect "can't determine dependence" 1: dump file does not exist
FAIL: gcc.dg/vect/no-vfa-vect-102.c scan-tree-dump-times vect "vectorized 1 loops" 0: dump file does not exist
FAIL: gcc.dg/vect/no-vfa-vect-102.c scan-tree-dump-times vect "possible dependence between data-refs" 1: dump file does not exist
FAIL: gcc.dg/vect/no-vfa-vect-102a.c scan-tree-dump-times vect "vectorized 1 loops" 0: dump file does not exist
FAIL: gcc.dg/vect/no-vfa-vect-102a.c scan-tree-dump-times vect "possible dependence between data-refs" 1: dump file does not exist
FAIL: gcc.dg/vect/no-vfa-vect-37.c scan-tree-dump-times vect "can't determine dependence between" 2: dump file does not exist
FAIL: gcc.dg/vect/no-vfa-vect-43.c scan-tree-dump-times vect "vectorized 1 loops" 1: dump file does not exist
FAIL: gcc.dg/vect/no-vfa-vect-79.c scan-tree-dump-times vect "can't determine dependence between" 1: dump file does not exist
FAIL: gcc.dg/vect/no-vfa-vect-depend-1.c scan-tree-dump-times vect "vectorized 1 loops" 1: dump file does not exist
FAIL: gcc.dg/vect/no-vfa-vect-depend-1.c scan-tree-dump-times vect "dependence distance >= VF or negative" 1: dump file does not exist
FAIL: gcc.dg/vect/no-vfa-vect-dv-2.c scan-tree-dump-times vect "vectorized 3 loops" 1: dump file does not exist
FAIL: gcc.dg/vect/no-vfa-vect-dv-2.c scan-tree-dump-times vect "accesses have the same alignment." 2: dump file does not exist
FAIL: gcc.dg/vect/fast-math-pr35982.c scan-tree-dump-times vect "vectorized 0 loops" 1: dump file does not exist
FAIL: gcc.dg/vect/fast-math-vect-pow-1.c scan-tree-dump vect "vectorized 1 loops": dump file does not exist
FAIL: gcc.dg/vect/fast-math-vect-pr29925.c scan-tree-dump-times vect "vectorized 1 loops" 1: dump file does not exist
FAIL: gcc.dg/vect/fast-math-vect-reduc-5.c scan-tree-dump-times vect "vectorized 3 loops" 1: dump file does not exist
FAIL: gcc.dg/vect/fast-math-vect-reduc-7.c scan-tree-dump-times vect "vectorized 3 loops" 1: dump file does not exist
FAIL: gcc.dg/vect/no-math-errno-slp-32.c scan-tree-dump vect "pattern recognized": dump file does not exist
FAIL: gcc.dg/vect/no-math-errno-vect-pow-1.c scan-tree-dump vect "pattern recognized": dump file does not exist
FAIL: gcc.dg/vect/wrapv-vect-7.c scan-tree-dump-times vect "vectorized 2 loops" 1: dump file does not exist
FAIL: gcc.dg/vect/wrapv-vect-7.c scan-tree-dump-times vect "Vectorizing an unaligned access" 0: dump file does not exist
FAIL: gcc.dg/vect/wrapv-vect-reduc-2char.c scan-tree-dump-times vect "vectorized 3 loops" 1: dump file does not exist
FAIL: gcc.dg/vect/wrapv-vect-reduc-2short.c scan-tree-dump-times vect "vectorized 3 loops" 1: dump file does not exist
FAIL: gcc.dg/vect/wrapv-vect-reduc-dot-s8b.c scan-tree-dump-times vect "vect_recog_dot_prod_pattern: detected" 1: dump file does not exist
FAIL: gcc.dg/vect/wrapv-vect-reduc-dot-s8b.c scan-tree-dump-times vect "vect_recog_widen_mult_pattern: detected" 1: dump file does not exist
FAIL: gcc.dg/vect/wrapv-vect-reduc-dot-s8b.c scan-tree-dump-times vect "vectorized 1 loops" 1: dump file does not exist
FAIL: gcc.dg/vect/wrapv-vect-reduc-pattern-2c.c scan-tree-dump-times vect "vect_recog_widen_sum_pattern: detected" 1: dump file does not exist
FAIL: gcc.dg/vect/wrapv-vect-reduc-pattern-2c.c scan-tree-dump-times vect "vectorized 1 loops" 1: dump file does not exist
FAIL: gcc.dg/vect/trapv-vect-reduc-4.c scan-tree-dump-times vect "vectorized 0 loops" 1: dump file does not exist
FAIL: gcc.dg/vect/dump-tree-dceloop-pr26359.c scan-tree-dump-times dceloop2 "Deleting : vect_" 0: dump file does not exist
FAIL: gcc.dg/vect/no-section-anchors-vect-31.c scan-tree-dump-times vect "vectorized 4 loops" 1: dump file does not exist
FAIL: gcc.dg/vect/no-section-anchors-vect-31.c scan-tree-dump-times vect "Vectorizing an unaligned access" 0: dump file does not exist
FAIL: gcc.dg/vect/no-section-anchors-vect-31.c scan-tree-dump-times vect "Alignment of access forced using peeling" 2: dump file does not exist
FAIL: gcc.dg/vect/no-section-anchors-vect-34.c scan-tree-dump-times vect "vectorized 1 loops" 1: dump file does not exist
FAIL: gcc.dg/vect/no-section-anchors-vect-34.c scan-tree-dump-times vect "Vectorizing an unaligned access" 0: dump file does not exist
FAIL: gcc.dg/vect/no-section-anchors-vect-36.c scan-tree-dump-times vect "vectorized 1 loops" 1: dump file does not exist
FAIL: gcc.dg/vect/no-section-anchors-vect-36.c scan-tree-dump-times vect "Vectorizing an unaligned access" 0: dump file does not exist
FAIL: gcc.dg/vect/no-section-anchors-vect-36.c scan-tree-dump-times vect "Alignment of access forced using peeling" 0: dump file does not exist
FAIL: gcc.dg/vect/no-section-anchors-vect-64.c scan-tree-dump-times vect "vectorized 3 loops" 1: dump file does not exist
FAIL: gcc.dg/vect/no-section-anchors-vect-64.c scan-tree-dump-times vect "Vectorizing an unaligned access" 0: dump file does not exist
FAIL: gcc.dg/vect/no-section-anchors-vect-64.c scan-tree-dump-times vect "Alignment of access forced using peeling" 2: dump file does not exist
FAIL: gcc.dg/vect/no-section-anchors-vect-65.c scan-tree-dump-times vect "vectorized 2 loops" 1: dump file does not exist
FAIL: gcc.dg/vect/no-section-anchors-vect-65.c scan-tree-dump-times vect "Vectorizing an unaligned access" 0: dump file does not exist
FAIL: gcc.dg/vect/no-section-anchors-vect-66.c scan-tree-dump-times vect "vectorized 3 loops" 1: dump file does not exist
FAIL: gcc.dg/vect/no-section-anchors-vect-66.c scan-tree-dump-times vect "Vectorizing an unaligned access" 0: dump file does not exist
FAIL: gcc.dg/vect/no-section-anchors-vect-66.c scan-tree-dump-times vect "Alignment of access forced using peeling" 1: dump file does not exist
FAIL: gcc.dg/vect/no-section-anchors-vect-68.c scan-tree-dump-times vect "vectorized 4 loops" 1: dump file does not exist
FAIL: gcc.dg/vect/no-section-anchors-vect-68.c scan-tree-dump-times vect "Vectorizing an unaligned access" 0: dump file does not exist
FAIL: gcc.dg/vect/no-section-anchors-vect-68.c scan-tree-dump-times vect "Alignment of access forced using peeling" 2: dump file does not exist
FAIL: gcc.dg/vect/no-section-anchors-vect-69.c scan-tree-dump-times vect "vectorized 4 loops" 1: dump file does not exist
FAIL: gcc.dg/vect/no-section-anchors-vect-69.c scan-tree-dump-times vect "Vectorizing an unaligned access" 0: dump file does not exist
FAIL: gcc.dg/vect/no-section-anchors-vect-69.c scan-tree-dump-times vect "Alignment of access forced using peeling" 2: dump file does not exist
FAIL: gcc.dg/vect/no-section-anchors-vect-outer-4h.c scan-tree-dump-times vect "OUTER LOOP VECTORIZED" 1: dump file does not exist
FAIL: gcc.dg/vect/no-trapping-math-2.c scan-tree-dump-times vect "vectorized 1 loops" 1: dump file does not exist
FAIL: gcc.dg/vect/no-trapping-math-vect-111.c scan-tree-dump-times vect "vectorized 1 loops" 1: dump file does not exist
FAIL: gcc.dg/vect/no-trapping-math-vect-ifcvt-11.c scan-tree-dump-times vect "vectorized 1 loops" 1: dump file does not exist
FAIL: gcc.dg/vect/no-trapping-math-vect-ifcvt-12.c scan-tree-dump-times vect "vectorized 1 loops" 1: dump file does not exist
FAIL: gcc.dg/vect/no-trapping-math-vect-ifcvt-13.c scan-tree-dump-times vect "vectorized 1 loops" 1: dump file does not exist
FAIL: gcc.dg/vect/no-trapping-math-vect-ifcvt-14.c scan-tree-dump-times vect "vectorized 1 loops" 1: dump file does not exist
FAIL: gcc.dg/vect/no-trapping-math-vect-ifcvt-15.c scan-tree-dump-times vect "vectorized 1 loops" 1: dump file does not exist
FAIL: gcc.dg/vect/no-scevccp-vect-iv-1.c scan-tree-dump-times vect "vectorized 1 loops" 1: dump file does not exist
FAIL: gcc.dg/vect/no-scevccp-vect-iv-3.c scan-tree-dump-times vect "vectorized 1 loops" 1: dump file does not exist
FAIL: gcc.dg/vect/no-scevccp-vect-iv-3.c scan-tree-dump-times vect "vect_recog_widen_sum_pattern: detected" 1: dump file does not exist
FAIL: gcc.dg/vect/no-scevccp-outer-13.c scan-tree-dump-times vect "OUTER LOOP VECTORIZED." 1: dump file does not exist
FAIL: gcc.dg/vect/no-scevccp-outer-14.c scan-tree-dump-times vect "OUTER LOOP VECTORIZED." 1: dump file does not exist
FAIL: gcc.dg/vect/no-scevccp-outer-15.c scan-tree-dump-times vect "OUTER LOOP VECTORIZED." 1: dump file does not exist
FAIL: gcc.dg/vect/no-scevccp-outer-16.c scan-tree-dump-times vect "OUTER LOOP VECTORIZED." 1: dump file does not exist
FAIL: gcc.dg/vect/no-scevccp-outer-17.c scan-tree-dump-times vect "OUTER LOOP VECTORIZED." 1: dump file does not exist
FAIL: gcc.dg/vect/no-scevccp-outer-18.c scan-tree-dump-times vect "OUTER LOOP VECTORIZED." 1: dump file does not exist
FAIL: gcc.dg/vect/no-scevccp-outer-19.c scan-tree-dump-times vect "OUTER LOOP VECTORIZED." 1: dump file does not exist
FAIL: gcc.dg/vect/no-scevccp-outer-21.c scan-tree-dump-times vect "OUTER LOOP VECTORIZED." 1: dump file does not exist
FAIL: gcc.dg/vect/no-scevccp-outer-22.c scan-tree-dump-times vect "OUTER LOOP VECTORIZED." 1: dump file does not exist
FAIL: gcc.dg/vect/no-scevccp-outer-3.c scan-tree-dump-times vect "OUTER LOOP VECTORIZED." 1: dump file does not exist
FAIL: gcc.dg/vect/no-scevccp-outer-5.c scan-tree-dump-times vect "OUTER LOOP VECTORIZED." 1: dump file does not exist
FAIL: gcc.dg/vect/no-scevccp-outer-7.c scan-tree-dump-times vect "OUTER LOOP VECTORIZED." 1: dump file does not exist
FAIL: gcc.dg/vect/no-scevccp-outer-7.c scan-tree-dump-times vect "vect_recog_widen_mult_pattern: detected" 1: dump file does not exist
FAIL: gcc.dg/vect/no-scevccp-outer-9a.c scan-tree-dump-times vect "OUTER LOOP VECTORIZED." 1: dump file does not exist
FAIL: gcc.dg/vect/no-scevccp-outer-9b.c scan-tree-dump-times vect "OUTER LOOP VECTORIZED." 1: dump file does not exist
FAIL: gcc.dg/vect/no-scevccp-noreassoc-outer-3.c scan-tree-dump-times vect "OUTER LOOP VECTORIZED." 1: dump file does not exist
FAIL: gcc.dg/vect/no-scevccp-noreassoc-outer-4.c scan-tree-dump-times vect "OUTER LOOP VECTORIZED." 1: dump file does not exist
FAIL: gcc.dg/vect/no-scevccp-noreassoc-outer-5.c scan-tree-dump-times vect "OUTER LOOP VECTORIZED." 1: dump file does not exist
FAIL: gcc.dg/vect/no-scevccp-slp-30.c scan-tree-dump-times vect "vectorized 1 loops" 1: dump file does not exist
FAIL: gcc.dg/vect/no-scevccp-slp-30.c scan-tree-dump-times vect "vectorizing stmts using SLP" 1: dump file does not exist
FAIL: gcc.dg/vect/no-scevccp-slp-31.c scan-tree-dump-times vect "vectorized 1 loops" 1: dump file does not exist
FAIL: gcc.dg/vect/no-scevccp-slp-31.c scan-tree-dump-times vect "vectorizing stmts using SLP" 0: dump file does not exist
FAIL: gcc.dg/vect/no-tree-pre-slp-29.c scan-tree-dump-times vect "vectorized 1 loops" 2: dump file does not exist
FAIL: gcc.dg/vect/no-tree-pre-slp-29.c scan-tree-dump-times vect "vectorizing stmts using SLP" 2: dump file does not exist
FAIL: gcc.dg/vect/Os-vect-95.c scan-tree-dump-times vect "vectorized 0 loops" 2: dump file does not exist
FAIL: gcc.dg/vect/Os-vect-95.c scan-tree-dump-times vect "Vectorizing an unaligned access" 0: dump file does not exist
FAIL: gcc.dg/vect/Os-vect-95.c scan-tree-dump-times vect "Alignment of access forced using versioning" 0: dump file does not exist
FAIL: gcc.dg/vect/O3-vect-pr34223.c scan-tree-dump-times vect "vectorized 1 loops" 1: dump file does not exist
FAIL: 96:is -:should be 1
FAIL: 132:is 8:should be 5
FAIL: 133:is 6:should be 3
FAIL: 138:is 3:should be 2
FAIL: gcc.misc-tests/gcov-4.c gcov: 4 failures in line counts, 0 in branch percentages, 0 in return percentages
FAIL: gcc.target/i386/movq-2.c scan-assembler movzbl[ \\t]*123
FAIL: gcc.target/i386/movq-2.c scan-assembler mov(zb)?l[ \\t]*120
FAIL: gcc.target/i386/pr30970.c scan-assembler-times pxor 1
FAIL: gcc.target/i386/recip-vec-divf.c scan-assembler rcpps
FAIL: gcc.target/i386/recip-vec-sqrtf.c scan-assembler-times rsqrtps 3
FAIL: gcc.target/i386/ssefp-1.c scan-assembler minsd
FAIL: gcc.target/i386/ssefp-2.c scan-assembler maxsd
FAIL: gcc.target/i386/vectorize1.c scan-tree-dump vect "vect_cst": dump file does not exist
FAIL: gcc.target/i386/vectorize2.c scan-assembler cvtpd2dq
FAIL: gcc.target/i386/vectorize3.c scan-assembler cvtps2dq
FAIL: gcc.target/i386/vectorize4.c scan-assembler sqrtpd
FAIL: gcc.target/i386/vectorize6.c scan-assembler vmldSin2

		=== gcc Summary ===

# of expected passes		49348
# of unexpected failures	831
# of unexpected successes	5
# of expected failures		169
# of unsupported tests		425
/usr/local/google/dnovillo/perf/sbox/tuples/local.x86_64/bld/gcc/xgcc  version 4.4.0 20080613 (experimental) (gimple-tuples-branch merged with rev 136757) 

		=== gfortran tests ===


Running target unix
FAIL: gfortran.dg/debug/pr35154-dwarf2.f -gdwarf-2 scan-assembler (DIE.*DW_TAG_common_block)
FAIL: gfortran.dg/debug/pr35154-dwarf2.f -gdwarf-2 scan-assembler DW_AT_name: "__BLNK__"
FAIL: gfortran.dg/debug/pr35154-dwarf2.f -gdwarf-2 scan-assembler (DIE.*DW_TAG_member)
FAIL: gfortran.dg/debug/pr35154-dwarf2.f -gdwarf-2 scan-assembler "j.*".*DW_AT_name
FAIL: gfortran.dg/debug/pr35154-dwarf2.f -gdwarf-2 scan-assembler (DIE.*DW_TAG_common_block)
FAIL: gfortran.dg/debug/pr35154-dwarf2.f -gdwarf-2 scan-assembler DW_AT_name: "label"
FAIL: gfortran.dg/debug/pr35154-dwarf2.f -gdwarf-2 scan-assembler (DIE.*DW_TAG_member)
FAIL: gfortran.dg/debug/pr35154-dwarf2.f -gdwarf-2 scan-assembler "m.*".*DW_AT_name
FAIL: gfortran.dg/debug/pr35154-stabs.f -gstabs scan-assembler .stabs.*"__BLNK__",226
FAIL: gfortran.dg/debug/pr35154-stabs.f -gstabs scan-assembler .stabs.*"i:V.*",.*,0
FAIL: gfortran.dg/debug/pr35154-stabs.f -gstabs scan-assembler .stabs.*"j:V.*",.*,4
FAIL: gfortran.dg/debug/pr35154-stabs.f -gstabs scan-assembler .stabs.*"__BLNK__",228
FAIL: gfortran.dg/debug/pr35154-stabs.f -gstabs scan-assembler .stabs.*"label_",226
FAIL: gfortran.dg/debug/pr35154-stabs.f -gstabs scan-assembler .stabs.*"l:V.*",.*,0
FAIL: gfortran.dg/debug/pr35154-stabs.f -gstabs scan-assembler .stabs.*"m:V.*",.*,4
FAIL: gfortran.dg/debug/pr35154-stabs.f -gstabs scan-assembler .stabs.*"label_",228
FAIL: gfortran.dg/allocate_stat_1.f90  -O0  execution test
FAIL: gfortran.dg/allocate_stat_1.f90  -O1  execution test
FAIL: gfortran.dg/allocate_stat_1.f90  -O2  execution test
FAIL: gfortran.dg/allocate_stat_1.f90  -O3 -fomit-frame-pointer  execution test
FAIL: gfortran.dg/allocate_stat_1.f90  -O3 -fomit-frame-pointer -funroll-loops  execution test
FAIL: gfortran.dg/allocate_stat_1.f90  -O3 -fomit-frame-pointer -funroll-all-loops -finline-functions  execution test
FAIL: gfortran.dg/allocate_stat_1.f90  -O3 -g  execution test
FAIL: gfortran.dg/allocate_stat_1.f90  -Os  execution test
FAIL: gfortran.dg/csqrt_2.f  -O0  execution test
FAIL: gfortran.dg/csqrt_2.f  -O1  execution test
FAIL: gfortran.dg/csqrt_2.f  -O2  execution test
FAIL: gfortran.dg/csqrt_2.f  -O3 -fomit-frame-pointer  execution test
FAIL: gfortran.dg/csqrt_2.f  -O3 -fomit-frame-pointer -funroll-loops  execution test
FAIL: gfortran.dg/csqrt_2.f  -O3 -fomit-frame-pointer -funroll-all-loops -finline-functions  execution test
FAIL: gfortran.dg/csqrt_2.f  -O3 -g  execution test
FAIL: gfortran.dg/csqrt_2.f  -Os  execution test
FAIL: gfortran.dg/default_initialization_3.f90  -O3 -g  (internal compiler error)
FAIL: gfortran.dg/default_initialization_3.f90  -O3 -g  (test for excess errors)
WARNING: gfortran.dg/default_initialization_3.f90  -O3 -g  compilation failed to produce executable
FAIL: gfortran.dg/ldist-1.f90  -O  scan-tree-dump-times ldist "distributed: split to 4 loops" 1: dump file does not exist
FAIL: gfortran.dg/ltrans-7.f90  -O  scan-tree-dump-times ltrans "transformed loop" 1
FAIL: gfortran.dg/parameter_array_init_4.f90  -O0  (test for excess errors)
FAIL: gfortran.dg/parameter_array_init_4.f90  -O1  (test for excess errors)
FAIL: gfortran.dg/parameter_array_init_4.f90  -O2  (test for excess errors)
FAIL: gfortran.dg/parameter_array_init_4.f90  -O3 -fomit-frame-pointer  (test for excess errors)
FAIL: gfortran.dg/parameter_array_init_4.f90  -O3 -fomit-frame-pointer -funroll-loops  (test for excess errors)
FAIL: gfortran.dg/parameter_array_init_4.f90  -O3 -fomit-frame-pointer -funroll-all-loops -finline-functions  (test for excess errors)
FAIL: gfortran.dg/parameter_array_init_4.f90  -O3 -g  (test for excess errors)
FAIL: gfortran.dg/parameter_array_init_4.f90  -Os  (test for excess errors)
FAIL: gfortran.dg/reassoc_1.f90  -O  scan-tree-dump optimized "\\+ 5.*\\)\\) - 5"
FAIL: gfortran.dg/reassoc_3.f90  -O  scan-tree-dump optimized "return .a"
FAIL: gfortran.dg/vect/vect-1.f90  -O  scan-tree-dump-times vect "vectorized 3 loops" 1: dump file does not exist
FAIL: gfortran.dg/vect/vect-2.f90  -O  scan-tree-dump-times vect "vectorized 3 loops" 1: dump file does not exist
FAIL: gfortran.dg/vect/vect-2.f90  -O  scan-tree-dump-times vect "Alignment of access forced using peeling" 3: dump file does not exist
FAIL: gfortran.dg/vect/vect-2.f90  -O  scan-tree-dump-times vect "Vectorizing an unaligned access" 2: dump file does not exist
FAIL: gfortran.dg/vect/vect-3.f90  -O  scan-tree-dump-times vect "Alignment of access forced using peeling" 1: dump file does not exist
FAIL: gfortran.dg/vect/vect-3.f90  -O  scan-tree-dump-times vect "Vectorizing an unaligned access" 1: dump file does not exist
FAIL: gfortran.dg/vect/vect-4.f90  -O  scan-tree-dump-times vect "vectorized 1 loops" 1: dump file does not exist
FAIL: gfortran.dg/vect/vect-4.f90  -O  scan-tree-dump-times vect "Alignment of access forced using peeling" 1: dump file does not exist
FAIL: gfortran.dg/vect/vect-4.f90  -O  scan-tree-dump-times vect "Vectorizing an unaligned access" 1: dump file does not exist
FAIL: gfortran.dg/vect/vect-4.f90  -O  scan-tree-dump-times vect "accesses have the same alignment." 1: dump file does not exist
FAIL: gfortran.dg/vect/vect-5.f90  -O  scan-tree-dump-times vect "vectorized 1 loops" 1: dump file does not exist
FAIL: gfortran.dg/vect/vect-5.f90  -O  scan-tree-dump-times vect "Alignment of access forced using peeling" 1: dump file does not exist
FAIL: gfortran.dg/vect/vect-5.f90  -O  scan-tree-dump-times vect "Vectorizing an unaligned access" 1: dump file does not exist
FAIL: gfortran.dg/vect/pr19049.f90  -O  scan-tree-dump-times vect "vectorized 1 loops" 0: dump file does not exist
FAIL: gfortran.dg/vect/pr19049.f90  -O  scan-tree-dump-times vect "complicated access pattern" 1: dump file does not exist
FAIL: gfortran.dg/vect/pr32377.f90  -O  scan-tree-dump-times vect "vectorized 2 loops" 1: dump file does not exist
FAIL: gfortran.dg/vect/no-vfa-pr32377.f90 scan-tree-dump-times vect "vectorized 2 loops" 1: dump file does not exist
FAIL: gfortran.dg/vect/no-vfa-pr32457.f90 scan-tree-dump-times vect "vectorized 0 loops" 1: dump file does not exist

		=== gfortran Summary ===

# of expected passes		26259
# of unexpected failures	64
# of expected failures		8
# of unsupported tests		89
/usr/local/google/dnovillo/perf/sbox/tuples/local.x86_64/bld/gcc/testsuite/gfortran/../../gfortran  version 4.4.0 20080613 (experimental) (gimple-tuples-branch merged with rev 136757) 

		=== objc tests ===


Running target unix

		=== objc Summary ===

# of expected passes		1814
# of expected failures		7
# of unsupported tests		24
/usr/local/google/dnovillo/perf/sbox/tuples/local.x86_64/bld/gcc/xgcc  version 4.4.0 20080613 (experimental) (gimple-tuples-branch merged with rev 136757) 

		=== libffi tests ===


Running target unix

		=== libffi Summary ===

# of expected passes		1389
# of unsupported tests		10
		=== libgomp tests ===


Running target unix
WARNING: program timed out.
FAIL: libgomp.c/ordered-3.c execution test

		=== libgomp Summary ===

# of expected passes		2266
# of unexpected failures	1
		=== libjava tests ===


Running target unix
FAIL: TestClosureGC run
FAIL: Array_3 execution - source compiled test
FAIL: Array_3 -findirect-dispatch execution - source compiled test
FAIL: Array_3 -O3 execution - source compiled test
FAIL: Array_3 -O3 -findirect-dispatch execution - source compiled test
FAIL: Divide_1 execution - source compiled test
FAIL: Divide_1 -findirect-dispatch execution - source compiled test
FAIL: Divide_1 -O3 execution - source compiled test
FAIL: Divide_1 -O3 -findirect-dispatch execution - source compiled test
FAIL: Invoke_1 execution - source compiled test
FAIL: Invoke_1 -findirect-dispatch execution - source compiled test
FAIL: Invoke_1 -O3 execution - source compiled test
FAIL: Invoke_1 -O3 -findirect-dispatch execution - source compiled test
FAIL: pr83 -findirect-dispatch execution - source compiled test
FAIL: pr83 -O3 -findirect-dispatch execution - source compiled test

		=== libjava Summary ===

# of expected passes		2545
# of unexpected failures	15
# of untested testcases		15
		=== libstdc++ tests ===


Running target unix
FAIL: abi_check
WARNING: program timed out.
FAIL: 23_containers/deque/invalidation/4.cc execution test
FAIL: 23_containers/list/modifiers/swap/2.cc (test for excess errors)
WARNING: 23_containers/list/modifiers/swap/2.cc compilation failed to produce executable
FAIL: 23_containers/list/modifiers/swap/3.cc (test for excess errors)
WARNING: 23_containers/list/modifiers/swap/3.cc compilation failed to produce executable
FAIL: 23_containers/list/operations/5.cc (test for excess errors)
WARNING: 23_containers/list/operations/5.cc compilation failed to produce executable
FAIL: 23_containers/map/modifiers/swap/2.cc (test for excess errors)
WARNING: 23_containers/map/modifiers/swap/2.cc compilation failed to produce executable
FAIL: 23_containers/map/modifiers/swap/3.cc (test for excess errors)
WARNING: 23_containers/map/modifiers/swap/3.cc compilation failed to produce executable
FAIL: 23_containers/multimap/modifiers/swap/2.cc (test for excess errors)
WARNING: 23_containers/multimap/modifiers/swap/2.cc compilation failed to produce executable
FAIL: 23_containers/multimap/modifiers/swap/3.cc (test for excess errors)
WARNING: 23_containers/multimap/modifiers/swap/3.cc compilation failed to produce executable
FAIL: 23_containers/multiset/modifiers/swap/2.cc (test for excess errors)
WARNING: 23_containers/multiset/modifiers/swap/2.cc compilation failed to produce executable
FAIL: 23_containers/multiset/modifiers/swap/3.cc (test for excess errors)
WARNING: 23_containers/multiset/modifiers/swap/3.cc compilation failed to produce executable
FAIL: 23_containers/set/modifiers/swap/2.cc (test for excess errors)
WARNING: 23_containers/set/modifiers/swap/2.cc compilation failed to produce executable
FAIL: 23_containers/set/modifiers/swap/3.cc (test for excess errors)
WARNING: 23_containers/set/modifiers/swap/3.cc compilation failed to produce executable
FAIL: 23_containers/vector/bool/modifiers/swap/1.cc (test for excess errors)
WARNING: 23_containers/vector/bool/modifiers/swap/1.cc compilation failed to produce executable
FAIL: 23_containers/vector/bool/modifiers/swap/2.cc (test for excess errors)
WARNING: 23_containers/vector/bool/modifiers/swap/2.cc compilation failed to produce executable
FAIL: 23_containers/vector/modifiers/swap/2.cc (test for excess errors)
WARNING: 23_containers/vector/modifiers/swap/2.cc compilation failed to produce executable
FAIL: 23_containers/vector/modifiers/swap/3.cc (test for excess errors)
WARNING: 23_containers/vector/modifiers/swap/3.cc compilation failed to produce executable
XPASS: 26_numerics/headers/cmath/c99_classification_macros_c.cc (test for excess errors)
FAIL: ext/is_heap/check_type.cc (test for excess errors)
FAIL: tr1/6_containers/unordered_set/23465.cc (test for excess errors)
WARNING: tr1/6_containers/unordered_set/23465.cc compilation failed to produce executable
FAIL: tr1/7_regular_expressions/basic_regex/assign/char/cstring.cc (test for excess errors)
FAIL: tr1/7_regular_expressions/basic_regex/assign/char/cstring_op.cc (test for excess errors)
FAIL: tr1/7_regular_expressions/basic_regex/assign/char/pstring.cc (test for excess errors)
FAIL: tr1/7_regular_expressions/basic_regex/assign/char/range.cc (test for excess errors)
FAIL: tr1/7_regular_expressions/basic_regex/assign/char/string.cc (test for excess errors)
FAIL: tr1/7_regular_expressions/basic_regex/assign/char/string_op.cc (test for excess errors)
FAIL: tr1/7_regular_expressions/basic_regex/assign/wchar_t/cstring.cc (test for excess errors)
FAIL: tr1/7_regular_expressions/basic_regex/assign/wchar_t/cstring_op.cc (test for excess errors)
FAIL: tr1/7_regular_expressions/basic_regex/assign/wchar_t/pstring.cc (test for excess errors)
FAIL: tr1/7_regular_expressions/basic_regex/assign/wchar_t/range.cc (test for excess errors)
FAIL: tr1/7_regular_expressions/basic_regex/assign/wchar_t/string.cc (test for excess errors)
FAIL: tr1/7_regular_expressions/basic_regex/assign/wchar_t/string_op.cc (test for excess errors)

		=== libstdc++ Summary ===

# of expected passes		5096
# of unexpected failures	31
# of unexpected successes	1
# of expected failures		75
# of unsupported tests		326

Compiler version: 4.4.0 20080613 (experimental) (gimple-tuples-branch merged with rev 136757) 
Platform: i686-pc-linux-gnu
configure flags: --prefix=/home/dnovillo/perf/sbox/tuples/local.x86_64/inst --srcdir=/home/dnovillo/perf/sbox/tuples/local.x86_64/src --with-gmp=/home/dnovillo/i686 --with-mpfr=/home/dnovillo/i686 --build=i686-pc-linux-gnu --disable-libmudflap --enable-checking=yes,types


Index Nav: [Date Index] [Subject Index] [Author Index] [Thread Index]
Message Nav: [Date Prev] [Date Next] [Thread Prev] [Thread Next]