This is the mail archive of the
gcc-testresults@gcc.gnu.org
mailing list for the GCC project.
Results for 4.4.0 20080621 (experimental) (GCC) testsuite on i686-pc-linux-gnu
- From: CodeSourcery Automatic Testing System <gcc at codesourcery dot com>
- To: gcc-testresults at gcc dot gnu dot org
- Date: Sat, 21 Jun 2008 18:00:38 -0700
- Subject: Results for 4.4.0 20080621 (experimental) (GCC) testsuite on i686-pc-linux-gnu
LAST_UPDATED: Sat Jun 21 07:16:52 UTC 2008 (/trunk revision 136998)
Native configuration is i686-pc-linux-gnu
=== g++ tests ===
Running target localhost
FAIL: g++.dg/other/PR23205.C scan-assembler .stabs.*foobar:c=i
FAIL: g++.dg/tree-ssa/pr19637.C scan-tree-dump-times dom1 "return 1;" 3
=== g++ Summary ===
# of expected passes 17774
# of unexpected failures 2
# of expected failures 82
# of unsupported tests 89
/scratch/gcc/nightly-2008-06-21-mainline/i686-pc-linux-gnu/obj/test-mainline-0-i686-pc-linux-gnu/host-i686-pc-linux-gnu/fsf-mainline/bin/i686-pc-linux-gnu-g++ version 4.4.0 20080621 (experimental) (GCC)
=== gcc tests ===
Running target localhost
FAIL: gcc.dg/debug/dwarf2/var1.c scan-assembler xyzzy[^\\\\n\\\\r]+DW_AT_name
FAIL: gcc.dg/Wstrict-aliasing-float-ptr-int-obj.c (test for warnings, line 14)
FAIL: gcc.dg/Wstrict-aliasing-float-ptr-int-obj.c (test for warnings, line 16)
FAIL: gcc.dg/pr30286.c execution test
XPASS: gcc.dg/tree-ssa/loadpre1.c scan-tree-dump-times pre "Eliminated: 1" 1
XPASS: gcc.dg/tree-ssa/ltrans-3.c scan-tree-dump-times ltrans "transformed loop" 1
=== gcc Summary ===
# of expected passes 50240
# of unexpected failures 4
# of unexpected successes 2
# of expected failures 172
# of unsupported tests 413
/scratch/gcc/nightly-2008-06-21-mainline/i686-pc-linux-gnu/obj/test-mainline-0-i686-pc-linux-gnu/host-i686-pc-linux-gnu/fsf-mainline/bin/i686-pc-linux-gnu-gcc version 4.4.0 20080621 (experimental) (GCC)
=== libstdc++ tests ===
Running target localhost
=== libstdc++ Summary ===
# of expected passes 5796
# of expected failures 76
# of unsupported tests 12
=== g++ tests ===
Running target localhost/-m64
FAIL: g++.dg/other/PR23205.C scan-assembler .stabs.*foobar:c=i
FAIL: g++.dg/tree-ssa/pr19637.C scan-tree-dump-times dom1 "return 1;" 3
=== g++ Summary ===
# of expected passes 17682
# of unexpected failures 2
# of expected failures 82
# of unsupported tests 121
/scratch/gcc/nightly-2008-06-21-mainline/i686-pc-linux-gnu/obj/test-mainline-0-i686-pc-linux-gnu/host-i686-pc-linux-gnu/fsf-mainline/bin/i686-pc-linux-gnu-g++ version 4.4.0 20080621 (experimental) (GCC)
=== gcc tests ===
Running target localhost/-m64
FAIL: gcc.dg/debug/dwarf2/var1.c scan-assembler xyzzy[^\\\\n\\\\r]+DW_AT_name
FAIL: gcc.dg/Wstrict-aliasing-float-ptr-int-obj.c (test for warnings, line 14)
FAIL: gcc.dg/Wstrict-aliasing-float-ptr-int-obj.c (test for warnings, line 16)
FAIL: gcc.dg/tree-prof/pr34999.c compilation, -fprofile-use -D_PROFILE_USE
UNRESOLVED: gcc.dg/tree-prof/pr34999.c execution, -fprofile-use -D_PROFILE_USE
XPASS: gcc.dg/tree-ssa/loadpre1.c scan-tree-dump-times pre "Eliminated: 1" 1
XPASS: gcc.dg/tree-ssa/ltrans-3.c scan-tree-dump-times ltrans "transformed loop" 1
=== gcc Summary ===
# of expected passes 50115
# of unexpected failures 4
# of unexpected successes 2
# of expected failures 172
# of unresolved testcases 1
# of unsupported tests 519
/scratch/gcc/nightly-2008-06-21-mainline/i686-pc-linux-gnu/obj/test-mainline-0-i686-pc-linux-gnu/host-i686-pc-linux-gnu/fsf-mainline/bin/i686-pc-linux-gnu-gcc version 4.4.0 20080621 (experimental) (GCC)
=== libstdc++ tests ===
Running target localhost/-m64
=== libstdc++ Summary ===
# of expected passes 5796
# of expected failures 76
# of unsupported tests 12
Compiler version: 4.4.0 20080621 (experimental) (GCC)
Platform: i686-pc-linux-gnu
configure flags: --build=i686-pc-linux-gnu --host=i686-pc-linux-gnu --target=i686-pc-linux-gnu --enable-threads --disable-libmudflap --disable-libssp --disable-libgomp --disable-libstdcxx-pch --enable-targets=all --with-gnu-as --with-gnu-ld --enable-languages=c,c++ --enable-shared --disable-nls --prefix=/opt/codesourcery --with-gmp=/scratch/gcc/nightly-2008-06-21-mainline/i686-pc-linux-gnu/obj/host-libs-mainline-0-i686-pc-linux-gnu-i686-pc-linux-gnu/usr --with-mpfr=/scratch/gcc/nightly-2008-06-21-mainline/i686-pc-linux-gnu/obj/host-libs-mainline-0-i686-pc-linux-gnu-i686-pc-linux-gnu/usr --with-build-time-tools=/scratch/gcc/nightly-2008-06-21-mainline/i686-pc-linux-gnu/install/i686-pc-linux-gnu/bin --with-build-time-tools=/scratch/gcc/nightly-2008-06-21-mainline/i686-pc-linux-gnu/install/i686-pc-linux-gnu/bin